The Swift Package Index logo.Swift Package Index

Build Information

Failed to build SwiftyTM1637, reference develop (846db6), with Swift 6.4 for tvOS using Xcode 27.0 on 16 Sep 2026 04:20:00 UTC.

Build Command

env DEVELOPER_DIR=/Applications/Xcode-27.0.0-Release.Candidate.app xcrun xcodebuild -IDEClonedSourcePackagesDirPathOverride=$PWD/.dependencies -skipMacroValidation -skipPackagePluginValidation -derivedDataPath $PWD/.derivedData build -scheme SwiftyTM1637-Package -destination generic/platform=tvOS

Build Log

========================================
RunAll
========================================
Builder version: 5.1.0
Interrupt handler set up.
========================================
Checkout
========================================
Clone URL: https://github.com/SwiftyLinkerKit/SwiftyTM1637.git
Reference: develop
Initialized empty Git repository in /Users/admin/builder/spi-builder-workspace/.git/
From https://github.com/SwiftyLinkerKit/SwiftyTM1637
 * branch            develop    -> FETCH_HEAD
 * [new branch]      develop    -> origin/develop
HEAD is now at 846db67 Add description to 7-segment
Cloned https://github.com/SwiftyLinkerKit/SwiftyTM1637.git
Revision (git rev-parse @):
846db6704179a4b3f2fa25bc4a8bf4de69a8237b
SUCCESS checkout https://github.com/SwiftyLinkerKit/SwiftyTM1637.git at develop
========================================
Build
========================================
Selected platform:         tvOS
Swift version:             6.4
Building package at path:  $PWD
https://github.com/SwiftyLinkerKit/SwiftyTM1637.git
Command line invocation:
    /Applications/Xcode-27.0.0-Release.Candidate.app/Contents/Developer/usr/bin/xcodebuild -IDEClonedSourcePackagesDirPathOverride=/Users/admin/builder/spi-builder-workspace/.dependencies -resolvePackageDependencies
Resolve Package Graph
Fetching from https://github.com/uraimo/SwiftyGPIO.git
Creating working copy of package ‘SwiftyGPIO’
Checking out 1.4.4 of package ‘SwiftyGPIO’
Resolve Package Graph
Resolved source packages:
  SwiftyTM1637: /Users/admin/builder/spi-builder-workspace
  SwiftyGPIO: https://github.com/uraimo/SwiftyGPIO.git @ 1.4.4
resolved source packages: SwiftyTM1637, SwiftyGPIO
2026-09-16 00:19:08.026 xcodebuild[529:3032] [MT] IDERunDestination: Supported platforms for the buildables in the current scheme is empty.
{
  "dependencies" : [
    {
      "identity" : "swiftygpio",
      "requirement" : {
        "range" : [
          {
            "lower_bound" : "1.0.0",
            "upper_bound" : "2.0.0"
          }
        ]
      },
      "type" : "sourceControl",
      "url" : "https://github.com/uraimo/SwiftyGPIO.git"
    }
  ],
  "manifest_display_name" : "SwiftyTM1637",
  "name" : "SwiftyTM1637",
  "path" : "/Users/admin/builder/spi-builder-workspace",
  "platforms" : [
  ],
  "products" : [
    {
      "name" : "SwiftyTM1637",
      "targets" : [
        "SwiftyTM1637"
      ],
      "type" : {
        "library" : [
          "automatic"
        ]
      }
    },
    {
      "name" : "Clock",
      "targets" : [
        "Clock"
      ],
      "type" : {
        "executable" : null
      }
    }
  ],
  "targets" : [
    {
      "c99name" : "SwiftyTM1637Tests",
      "module_type" : "SwiftTarget",
      "name" : "SwiftyTM1637Tests",
      "path" : "Tests/SwiftyTM1637Tests",
      "sources" : [
        "SwiftyTM1637Tests.swift"
      ],
      "target_dependencies" : [
        "SwiftyTM1637"
      ],
      "type" : "test"
    },
    {
      "c99name" : "SwiftyTM1637",
      "module_type" : "SwiftTarget",
      "name" : "SwiftyTM1637",
      "path" : "Sources/SwiftyTM1637",
      "product_dependencies" : [
        "SwiftyGPIO"
      ],
      "product_memberships" : [
        "SwiftyTM1637",
        "Clock"
      ],
      "sources" : [
        "SevenSegment.swift",
        "SevenSegmentHexDigits.swift",
        "SevenSegmentLetters.swift",
        "SevenSegmentRepresentable.swift",
        "SwiftyTM1637.swift"
      ],
      "type" : "library"
    },
    {
      "c99name" : "Clock",
      "module_type" : "SwiftTarget",
      "name" : "Clock",
      "path" : "Sources/Clock",
      "product_dependencies" : [
        "SwiftyGPIO"
      ],
      "product_memberships" : [
        "Clock"
      ],
      "sources" : [
        "main.swift"
      ],
      "target_dependencies" : [
        "SwiftyTM1637"
      ],
      "type" : "executable"
    }
  ],
  "tools_version" : "4.0"
}
{
  "workspace" : {
    "name" : "SwiftyTM1637",
    "schemes" : [
      "Clock",
      "SwiftyTM1637",
      "SwiftyTM1637-Package"
    ]
  }
}
2026-09-16 00:19:49.462 xcodebuild[684:4349] [MT] IDERunDestination: Supported platforms for the buildables in the current scheme is empty.
Running build ...
env DEVELOPER_DIR=/Applications/Xcode-27.0.0-Release.Candidate.app xcrun xcodebuild -IDEClonedSourcePackagesDirPathOverride=$PWD/.dependencies -skipMacroValidation -skipPackagePluginValidation -derivedDataPath $PWD/.derivedData build -scheme SwiftyTM1637-Package -destination generic/platform=tvOS
Command line invocation:
    /Applications/Xcode-27.0.0-Release.Candidate.app/Contents/Developer/usr/bin/xcodebuild -IDEClonedSourcePackagesDirPathOverride=/Users/admin/builder/spi-builder-workspace/.dependencies -skipMacroValidation -skipPackagePluginValidation -derivedDataPath /Users/admin/builder/spi-builder-workspace/.derivedData build -scheme SwiftyTM1637-Package -destination generic/platform=tvOS
Resolve Package Graph
Resolve Package Graph
Resolved source packages:
  SwiftyTM1637: /Users/admin/builder/spi-builder-workspace
  SwiftyGPIO: https://github.com/uraimo/SwiftyGPIO.git @ 1.4.4
ComputePackagePrebuildTargetDependencyGraph
Prepare packages
CreateBuildRequest
SendProjectDescription
CreateBuildOperation
ComputeTargetDependencyGraph
note: Building targets in dependency order
note: Target dependency graph (5 targets)
    Target 'Clock-product' in project 'SwiftyTM1637'
        ➜ Explicit dependency on target 'SwiftyTM1637' in project 'SwiftyTM1637'
        ➜ Explicit dependency on target 'SwiftyGPIO-product' in project 'SwiftyGPIO'
    Target 'SwiftyTM1637-product' in project 'SwiftyTM1637'
        ➜ Explicit dependency on target 'SwiftyTM1637' in project 'SwiftyTM1637'
        ➜ Explicit dependency on target 'SwiftyGPIO-product' in project 'SwiftyGPIO'
    Target 'SwiftyTM1637' in project 'SwiftyTM1637'
        ➜ Explicit dependency on target 'SwiftyGPIO-product' in project 'SwiftyGPIO'
    Target 'SwiftyGPIO-product' in project 'SwiftyGPIO'
        ➜ Explicit dependency on target 'SwiftyGPIO' in project 'SwiftyGPIO'
    Target 'SwiftyGPIO' in project 'SwiftyGPIO' (no dependencies)
GatherProvisioningInputs
CreateBuildDescription
ExecuteExternalTool /Applications/Xcode-27.0.0-Release.Candidate.app/Contents/Developer/Toolchains/XcodeDefault.xctoolchain/usr/bin/clang -v -E -dM -isysroot /Applications/Xcode-27.0.0-Release.Candidate.app/Contents/Developer/Platforms/AppleTVOS.platform/Developer/SDKs/AppleTVOS27.0.sdk -x c -c /dev/null
ExecuteExternalTool /Applications/Xcode-27.0.0-Release.Candidate.app/Contents/Developer/Toolchains/XcodeDefault.xctoolchain/usr/bin/swiftc --version
ExecuteExternalTool /Applications/Xcode-27.0.0-Release.Candidate.app/Contents/Developer/Toolchains/XcodeDefault.xctoolchain/usr/bin/ld -version_details
Build description signature: 75e36567454f429457b44785859d3ac9
Build description path: /Users/admin/builder/spi-builder-workspace/.derivedData/Build/Intermediates.noindex/XCBuildData/75e36567454f429457b44785859d3ac9.xcbuilddata
CreateBuildDirectory /Users/admin/builder/spi-builder-workspace/.derivedData/SDKExplicitPrecompiledModules
    cd /Users/admin/builder/spi-builder-workspace/.swiftpm/xcode
    builtin-create-build-directory /Users/admin/builder/spi-builder-workspace/.derivedData/SDKExplicitPrecompiledModules
CreateBuildDirectory /Users/admin/builder/spi-builder-workspace/.derivedData/CompilationCache.noindex
    cd /Users/admin/builder/spi-builder-workspace/.swiftpm/xcode
    builtin-create-build-directory /Users/admin/builder/spi-builder-workspace/.derivedData/CompilationCache.noindex
CreateBuildDirectory /Users/admin/builder/spi-builder-workspace/.derivedData/ModuleCache.noindex
    cd /Users/admin/builder/spi-builder-workspace/.swiftpm/xcode
    builtin-create-build-directory /Users/admin/builder/spi-builder-workspace/.derivedData/ModuleCache.noindex
CreateBuildDirectory /Users/admin/builder/spi-builder-workspace/.derivedData/Build/Intermediates.noindex
    cd /Users/admin/builder/spi-builder-workspace/.swiftpm/xcode
    builtin-create-build-directory /Users/admin/builder/spi-builder-workspace/.derivedData/Build/Intermediates.noindex
CreateBuildDirectory /Users/admin/builder/spi-builder-workspace/.derivedData/Build/Products
    cd /Users/admin/builder/spi-builder-workspace/.swiftpm/xcode
    builtin-create-build-directory /Users/admin/builder/spi-builder-workspace/.derivedData/Build/Products
ClangStatCache /Applications/Xcode-27.0.0-Release.Candidate.app/Contents/Developer/Toolchains/XcodeDefault.xctoolchain/usr/bin/clang-stat-cache /Applications/Xcode-27.0.0-Release.Candidate.app/Contents/Developer/Platforms/AppleTVOS.platform/Developer/SDKs/AppleTVOS27.0.sdk /Users/admin/builder/spi-builder-workspace/.derivedData/SDKStatCaches.noindex/appletvos27.0-24J360-e829b21a6f8c9b70876ba0858053c044b32bfd8d43560033f8d89884cdb90028.sdkstatcache
    cd /Users/admin/builder/spi-builder-workspace/.swiftpm/xcode
    /Applications/Xcode-27.0.0-Release.Candidate.app/Contents/Developer/Toolchains/XcodeDefault.xctoolchain/usr/bin/clang-stat-cache /Applications/Xcode-27.0.0-Release.Candidate.app/Contents/Developer/Platforms/AppleTVOS.platform/Developer/SDKs/AppleTVOS27.0.sdk -o /Users/admin/builder/spi-builder-workspace/.derivedData/SDKStatCaches.noindex/appletvos27.0-24J360-e829b21a6f8c9b70876ba0858053c044b32bfd8d43560033f8d89884cdb90028.sdkstatcache
CreateBuildDirectory /Users/admin/builder/spi-builder-workspace/.derivedData/Build/Intermediates.noindex/SwiftExplicitPrecompiledModules
    cd /Users/admin/builder/spi-builder-workspace/.swiftpm/xcode
    builtin-create-build-directory /Users/admin/builder/spi-builder-workspace/.derivedData/Build/Intermediates.noindex/SwiftExplicitPrecompiledModules
CreateBuildDirectory /Users/admin/builder/spi-builder-workspace/.derivedData/Build/Intermediates.noindex/PrecompiledHeaders
    cd /Users/admin/builder/spi-builder-workspace/.swiftpm/xcode
    builtin-create-build-directory /Users/admin/builder/spi-builder-workspace/.derivedData/Build/Intermediates.noindex/PrecompiledHeaders
CreateBuildDirectory /Users/admin/builder/spi-builder-workspace/.derivedData/Build/Intermediates.noindex/ExplicitPrecompiledModules
    cd /Users/admin/builder/spi-builder-workspace/.swiftpm/xcode
    builtin-create-build-directory /Users/admin/builder/spi-builder-workspace/.derivedData/Build/Intermediates.noindex/ExplicitPrecompiledModules
CreateBuildDirectory /Users/admin/builder/spi-builder-workspace/.derivedData/Build/Products/Debug-appletvos
    cd /Users/admin/builder/spi-builder-workspace/.swiftpm/xcode
    builtin-create-build-directory /Users/admin/builder/spi-builder-workspace/.derivedData/Build/Products/Debug-appletvos
CreateBuildDirectory /Users/admin/builder/spi-builder-workspace/.derivedData/Build/Intermediates.noindex/EagerLinkingTBDs/Debug-appletvos
    cd /Users/admin/builder/spi-builder-workspace/.swiftpm/xcode
    builtin-create-build-directory /Users/admin/builder/spi-builder-workspace/.derivedData/Build/Intermediates.noindex/EagerLinkingTBDs/Debug-appletvos
CreateBuildDirectory /Users/admin/builder/spi-builder-workspace/.derivedData/Build/Products/Debug-appletvos/PackageFrameworks
    cd /Users/admin/builder/spi-builder-workspace/.swiftpm/xcode
    builtin-create-build-directory /Users/admin/builder/spi-builder-workspace/.derivedData/Build/Products/Debug-appletvos/PackageFrameworks
WriteAuxiliaryFile /Users/admin/builder/spi-builder-workspace/.derivedData/Build/Intermediates.noindex/SwiftyTM1637.build/Debug-appletvos/SwiftyTM1637-t.build/SwiftyTM1637.DependencyMetadataFileList (in target 'SwiftyTM1637' from project 'SwiftyTM1637')
    cd /Users/admin/builder/spi-builder-workspace
    write-file /Users/admin/builder/spi-builder-workspace/.derivedData/Build/Intermediates.noindex/SwiftyTM1637.build/Debug-appletvos/SwiftyTM1637-t.build/SwiftyTM1637.DependencyMetadataFileList
WriteAuxiliaryFile /Users/admin/builder/spi-builder-workspace/.derivedData/Build/Intermediates.noindex/SwiftyTM1637.build/Debug-appletvos/SwiftyTM1637-t.build/SwiftyTM1637.DependencyStaticMetadataFileList (in target 'SwiftyTM1637' from project 'SwiftyTM1637')
    cd /Users/admin/builder/spi-builder-workspace
    write-file /Users/admin/builder/spi-builder-workspace/.derivedData/Build/Intermediates.noindex/SwiftyTM1637.build/Debug-appletvos/SwiftyTM1637-t.build/SwiftyTM1637.DependencyStaticMetadataFileList
WriteAuxiliaryFile /Users/admin/builder/spi-builder-workspace/.derivedData/Build/Intermediates.noindex/SwiftyTM1637.build/Debug-appletvos/SwiftyTM1637-t.build/SwiftyTM1637.modulemap (in target 'SwiftyTM1637' from project 'SwiftyTM1637')
    cd /Users/admin/builder/spi-builder-workspace
    write-file /Users/admin/builder/spi-builder-workspace/.derivedData/Build/Intermediates.noindex/SwiftyTM1637.build/Debug-appletvos/SwiftyTM1637-t.build/SwiftyTM1637.modulemap
WriteAuxiliaryFile /Users/admin/builder/spi-builder-workspace/.derivedData/Build/Intermediates.noindex/SwiftyGPIO.build/Debug-appletvos/SwiftyGPIO-t.build/SwiftyGPIO.modulemap (in target 'SwiftyGPIO' from project 'SwiftyGPIO')
    cd /Users/admin/builder/spi-builder-workspace/.dependencies/checkouts/SwiftyGPIO
    write-file /Users/admin/builder/spi-builder-workspace/.derivedData/Build/Intermediates.noindex/SwiftyGPIO.build/Debug-appletvos/SwiftyGPIO-t.build/SwiftyGPIO.modulemap
WriteAuxiliaryFile /Users/admin/builder/spi-builder-workspace/.derivedData/Build/Intermediates.noindex/SwiftyTM1637.build/Debug-appletvos/SwiftyTM1637-t.build/Objects-normal/arm64/SwiftyTM1637.SwiftFileList (in target 'SwiftyTM1637' from project 'SwiftyTM1637')
    cd /Users/admin/builder/spi-builder-workspace
    write-file /Users/admin/builder/spi-builder-workspace/.derivedData/Build/Intermediates.noindex/SwiftyTM1637.build/Debug-appletvos/SwiftyTM1637-t.build/Objects-normal/arm64/SwiftyTM1637.SwiftFileList
WriteAuxiliaryFile /Users/admin/builder/spi-builder-workspace/.derivedData/Build/Intermediates.noindex/SwiftyTM1637.build/Debug-appletvos/SwiftyTM1637-t.build/Objects-normal/arm64/SwiftyTM1637_const_extract_protocols.json (in target 'SwiftyTM1637' from project 'SwiftyTM1637')
    cd /Users/admin/builder/spi-builder-workspace
    write-file /Users/admin/builder/spi-builder-workspace/.derivedData/Build/Intermediates.noindex/SwiftyTM1637.build/Debug-appletvos/SwiftyTM1637-t.build/Objects-normal/arm64/SwiftyTM1637_const_extract_protocols.json
WriteAuxiliaryFile /Users/admin/builder/spi-builder-workspace/.derivedData/Build/Intermediates.noindex/SwiftyGPIO.build/Debug-appletvos/SwiftyGPIO-t.build/Objects-normal/arm64/SwiftyGPIO.LinkFileList (in target 'SwiftyGPIO' from project 'SwiftyGPIO')
    cd /Users/admin/builder/spi-builder-workspace/.dependencies/checkouts/SwiftyGPIO
    write-file /Users/admin/builder/spi-builder-workspace/.derivedData/Build/Intermediates.noindex/SwiftyGPIO.build/Debug-appletvos/SwiftyGPIO-t.build/Objects-normal/arm64/SwiftyGPIO.LinkFileList
WriteAuxiliaryFile /Users/admin/builder/spi-builder-workspace/.derivedData/Build/Intermediates.noindex/SwiftyGPIO.build/Debug-appletvos/SwiftyGPIO-t.build/Objects-normal/arm64/SwiftyGPIO_const_extract_protocols.json (in target 'SwiftyGPIO' from project 'SwiftyGPIO')
    cd /Users/admin/builder/spi-builder-workspace/.dependencies/checkouts/SwiftyGPIO
    write-file /Users/admin/builder/spi-builder-workspace/.derivedData/Build/Intermediates.noindex/SwiftyGPIO.build/Debug-appletvos/SwiftyGPIO-t.build/Objects-normal/arm64/SwiftyGPIO_const_extract_protocols.json
WriteAuxiliaryFile /Users/admin/builder/spi-builder-workspace/.derivedData/Build/Intermediates.noindex/SwiftyGPIO.build/Debug-appletvos/SwiftyGPIO-t.build/Objects-normal/arm64/SwiftyGPIO.SwiftConstValuesFileList (in target 'SwiftyGPIO' from project 'SwiftyGPIO')
    cd /Users/admin/builder/spi-builder-workspace/.dependencies/checkouts/SwiftyGPIO
    write-file /Users/admin/builder/spi-builder-workspace/.derivedData/Build/Intermediates.noindex/SwiftyGPIO.build/Debug-appletvos/SwiftyGPIO-t.build/Objects-normal/arm64/SwiftyGPIO.SwiftConstValuesFileList
WriteAuxiliaryFile /Users/admin/builder/spi-builder-workspace/.derivedData/Build/Intermediates.noindex/SwiftyTM1637.build/Debug-appletvos/SwiftyTM1637-t.build/Objects-normal/arm64/SwiftyTM1637.SwiftConstValuesFileList (in target 'SwiftyTM1637' from project 'SwiftyTM1637')
    cd /Users/admin/builder/spi-builder-workspace
    write-file /Users/admin/builder/spi-builder-workspace/.derivedData/Build/Intermediates.noindex/SwiftyTM1637.build/Debug-appletvos/SwiftyTM1637-t.build/Objects-normal/arm64/SwiftyTM1637.SwiftConstValuesFileList
WriteAuxiliaryFile /Users/admin/builder/spi-builder-workspace/.derivedData/Build/Intermediates.noindex/SwiftyTM1637.build/Debug-appletvos/SwiftyTM1637-t.build/Objects-normal/arm64/SwiftyTM1637.LinkFileList (in target 'SwiftyTM1637' from project 'SwiftyTM1637')
    cd /Users/admin/builder/spi-builder-workspace
    write-file /Users/admin/builder/spi-builder-workspace/.derivedData/Build/Intermediates.noindex/SwiftyTM1637.build/Debug-appletvos/SwiftyTM1637-t.build/Objects-normal/arm64/SwiftyTM1637.LinkFileList
WriteAuxiliaryFile /Users/admin/builder/spi-builder-workspace/.derivedData/Build/Intermediates.noindex/SwiftyTM1637.build/Debug-appletvos/SwiftyTM1637-t.build/Objects-normal/arm64/SwiftyTM1637-OutputFileMap.json (in target 'SwiftyTM1637' from project 'SwiftyTM1637')
    cd /Users/admin/builder/spi-builder-workspace
    write-file /Users/admin/builder/spi-builder-workspace/.derivedData/Build/Intermediates.noindex/SwiftyTM1637.build/Debug-appletvos/SwiftyTM1637-t.build/Objects-normal/arm64/SwiftyTM1637-OutputFileMap.json
WriteAuxiliaryFile /Users/admin/builder/spi-builder-workspace/.derivedData/Build/Intermediates.noindex/SwiftyGPIO.build/Debug-appletvos/SwiftyGPIO-t.build/SwiftyGPIO.DependencyStaticMetadataFileList (in target 'SwiftyGPIO' from project 'SwiftyGPIO')
    cd /Users/admin/builder/spi-builder-workspace/.dependencies/checkouts/SwiftyGPIO
    write-file /Users/admin/builder/spi-builder-workspace/.derivedData/Build/Intermediates.noindex/SwiftyGPIO.build/Debug-appletvos/SwiftyGPIO-t.build/SwiftyGPIO.DependencyStaticMetadataFileList
WriteAuxiliaryFile /Users/admin/builder/spi-builder-workspace/.derivedData/Build/Intermediates.noindex/SwiftyGPIO.build/Debug-appletvos/SwiftyGPIO-t.build/SwiftyGPIO.DependencyMetadataFileList (in target 'SwiftyGPIO' from project 'SwiftyGPIO')
    cd /Users/admin/builder/spi-builder-workspace/.dependencies/checkouts/SwiftyGPIO
    write-file /Users/admin/builder/spi-builder-workspace/.derivedData/Build/Intermediates.noindex/SwiftyGPIO.build/Debug-appletvos/SwiftyGPIO-t.build/SwiftyGPIO.DependencyMetadataFileList
WriteAuxiliaryFile /Users/admin/builder/spi-builder-workspace/.derivedData/Build/Intermediates.noindex/SwiftyGPIO.build/Debug-appletvos/SwiftyGPIO-t.build/Objects-normal/arm64/SwiftyGPIO.SwiftFileList (in target 'SwiftyGPIO' from project 'SwiftyGPIO')
    cd /Users/admin/builder/spi-builder-workspace/.dependencies/checkouts/SwiftyGPIO
    write-file /Users/admin/builder/spi-builder-workspace/.derivedData/Build/Intermediates.noindex/SwiftyGPIO.build/Debug-appletvos/SwiftyGPIO-t.build/Objects-normal/arm64/SwiftyGPIO.SwiftFileList
WriteAuxiliaryFile /Users/admin/builder/spi-builder-workspace/.derivedData/Build/Intermediates.noindex/SwiftyGPIO.build/Debug-appletvos/SwiftyGPIO-t.build/Objects-normal/arm64/SwiftyGPIO-OutputFileMap.json (in target 'SwiftyGPIO' from project 'SwiftyGPIO')
    cd /Users/admin/builder/spi-builder-workspace/.dependencies/checkouts/SwiftyGPIO
    write-file /Users/admin/builder/spi-builder-workspace/.derivedData/Build/Intermediates.noindex/SwiftyGPIO.build/Debug-appletvos/SwiftyGPIO-t.build/Objects-normal/arm64/SwiftyGPIO-OutputFileMap.json
Copy /Users/admin/builder/spi-builder-workspace/.derivedData/Build/Intermediates.noindex/GeneratedModuleMaps-appletvos/SwiftyGPIO.modulemap /Users/admin/builder/spi-builder-workspace/.derivedData/Build/Intermediates.noindex/SwiftyGPIO.build/Debug-appletvos/SwiftyGPIO-t.build/SwiftyGPIO.modulemap (in target 'SwiftyGPIO' from project 'SwiftyGPIO')
    cd /Users/admin/builder/spi-builder-workspace/.dependencies/checkouts/SwiftyGPIO
    builtin-copy -exclude .DS_Store -exclude CVS -exclude .svn -exclude .git -exclude .hg -resolve-src-symlinks /Users/admin/builder/spi-builder-workspace/.derivedData/Build/Intermediates.noindex/SwiftyGPIO.build/Debug-appletvos/SwiftyGPIO-t.build/SwiftyGPIO.modulemap /Users/admin/builder/spi-builder-workspace/.derivedData/Build/Intermediates.noindex/GeneratedModuleMaps-appletvos
Copy /Users/admin/builder/spi-builder-workspace/.derivedData/Build/Intermediates.noindex/GeneratedModuleMaps-appletvos/SwiftyTM1637.modulemap /Users/admin/builder/spi-builder-workspace/.derivedData/Build/Intermediates.noindex/SwiftyTM1637.build/Debug-appletvos/SwiftyTM1637-t.build/SwiftyTM1637.modulemap (in target 'SwiftyTM1637' from project 'SwiftyTM1637')
    cd /Users/admin/builder/spi-builder-workspace
    builtin-copy -exclude .DS_Store -exclude CVS -exclude .svn -exclude .git -exclude .hg -resolve-src-symlinks /Users/admin/builder/spi-builder-workspace/.derivedData/Build/Intermediates.noindex/SwiftyTM1637.build/Debug-appletvos/SwiftyTM1637-t.build/SwiftyTM1637.modulemap /Users/admin/builder/spi-builder-workspace/.derivedData/Build/Intermediates.noindex/GeneratedModuleMaps-appletvos
WriteAuxiliaryFile /Users/admin/builder/spi-builder-workspace/.derivedData/Build/Intermediates.noindex/SwiftyTM1637.build/Debug-appletvos/Clock-p.build/Objects-normal/arm64/Clock_const_extract_protocols.json (in target 'Clock-product' from project 'SwiftyTM1637')
    cd /Users/admin/builder/spi-builder-workspace
    write-file /Users/admin/builder/spi-builder-workspace/.derivedData/Build/Intermediates.noindex/SwiftyTM1637.build/Debug-appletvos/Clock-p.build/Objects-normal/arm64/Clock_const_extract_protocols.json
WriteAuxiliaryFile /Users/admin/builder/spi-builder-workspace/.derivedData/Build/Intermediates.noindex/SwiftyTM1637.build/Debug-appletvos/Clock-p.build/Objects-normal/arm64/Clock.SwiftFileList (in target 'Clock-product' from project 'SwiftyTM1637')
    cd /Users/admin/builder/spi-builder-workspace
    write-file /Users/admin/builder/spi-builder-workspace/.derivedData/Build/Intermediates.noindex/SwiftyTM1637.build/Debug-appletvos/Clock-p.build/Objects-normal/arm64/Clock.SwiftFileList
WriteAuxiliaryFile /Users/admin/builder/spi-builder-workspace/.derivedData/Build/Intermediates.noindex/SwiftyTM1637.build/Debug-appletvos/Clock-p.build/Objects-normal/arm64/Clock.LinkFileList (in target 'Clock-product' from project 'SwiftyTM1637')
    cd /Users/admin/builder/spi-builder-workspace
    write-file /Users/admin/builder/spi-builder-workspace/.derivedData/Build/Intermediates.noindex/SwiftyTM1637.build/Debug-appletvos/Clock-p.build/Objects-normal/arm64/Clock.LinkFileList
WriteAuxiliaryFile /Users/admin/builder/spi-builder-workspace/.derivedData/Build/Intermediates.noindex/SwiftyTM1637.build/Debug-appletvos/Clock-p.build/Objects-normal/arm64/Clock-OutputFileMap.json (in target 'Clock-product' from project 'SwiftyTM1637')
    cd /Users/admin/builder/spi-builder-workspace
    write-file /Users/admin/builder/spi-builder-workspace/.derivedData/Build/Intermediates.noindex/SwiftyTM1637.build/Debug-appletvos/Clock-p.build/Objects-normal/arm64/Clock-OutputFileMap.json
WriteAuxiliaryFile /Users/admin/builder/spi-builder-workspace/.derivedData/Build/Intermediates.noindex/SwiftyTM1637.build/Debug-appletvos/Clock-p.build/Clock.DependencyStaticMetadataFileList (in target 'Clock-product' from project 'SwiftyTM1637')
    cd /Users/admin/builder/spi-builder-workspace
    write-file /Users/admin/builder/spi-builder-workspace/.derivedData/Build/Intermediates.noindex/SwiftyTM1637.build/Debug-appletvos/Clock-p.build/Clock.DependencyStaticMetadataFileList
WriteAuxiliaryFile /Users/admin/builder/spi-builder-workspace/.derivedData/Build/Intermediates.noindex/SwiftyTM1637.build/Debug-appletvos/Clock-p.build/Clock.DependencyMetadataFileList (in target 'Clock-product' from project 'SwiftyTM1637')
    cd /Users/admin/builder/spi-builder-workspace
    write-file /Users/admin/builder/spi-builder-workspace/.derivedData/Build/Intermediates.noindex/SwiftyTM1637.build/Debug-appletvos/Clock-p.build/Clock.DependencyMetadataFileList
SwiftDriver SwiftyGPIO normal arm64 com.apple.xcode.tools.swift.compiler (in target 'SwiftyGPIO' from project 'SwiftyGPIO')
    cd /Users/admin/builder/spi-builder-workspace/.swiftpm/xcode
    builtin-SwiftDriver -- /Applications/Xcode-27.0.0-Release.Candidate.app/Contents/Developer/Toolchains/XcodeDefault.xctoolchain/usr/bin/swiftc -parse-as-library -module-name SwiftyGPIO -Onone @/Users/admin/builder/spi-builder-workspace/.derivedData/Build/Intermediates.noindex/SwiftyGPIO.build/Debug-appletvos/SwiftyGPIO-t.build/Objects-normal/arm64/SwiftyGPIO.SwiftFileList -DSWIFT_PACKAGE -DDEBUG -DSWIFT_MODULE_RESOURCE_BUNDLE_UNAVAILABLE -DXcode -plugin-path /Applications/Xcode-27.0.0-Release.Candidate.app/Contents/Developer/Toolchains/XcodeDefault.xctoolchain/usr/lib/swift/host/plugins/testing -enable-experimental-feature DebugDescriptionMacro -sdk /Applications/Xcode-27.0.0-Release.Candidate.app/Contents/Developer/Platforms/AppleTVOS.platform/Developer/SDKs/AppleTVOS27.0.sdk -target arm64-apple-tvos15.0 -g -module-cache-path /Users/admin/builder/spi-builder-workspace/.derivedData/ModuleCache.noindex -Xfrontend -serialize-debugging-options -profile-coverage-mapping -profile-generate -enable-testing -suppress-warnings -index-store-path /Users/admin/builder/spi-builder-workspace/.derivedData/Index.noindex/DataStore -Xcc -D_LIBCPP_HARDENING_MODE\=_LIBCPP_HARDENING_MODE_DEBUG -swift-version 5 -I /Users/admin/builder/spi-builder-workspace/.derivedData/Build/Products/Debug-appletvos -Isystem /Applications/Xcode-27.0.0-Release.Candidate.app/Contents/Developer/Platforms/AppleTVOS.platform/Developer/usr/lib -F /Users/admin/builder/spi-builder-workspace/.derivedData/Build/Products/Debug-appletvos -F /Applications/Xcode-27.0.0-Release.Candidate.app/Contents/Developer/Platforms/AppleTVOS.platform/Developer/Library/Frameworks -F /Applications/Xcode-27.0.0-Release.Candidate.app/Contents/Developer/Platforms/AppleTVOS.platform/Developer/SDKs/AppleTVOS27.0.sdk/Developer/Library/Frameworks -c -j10 -enable-batch-mode -incremental -Xcc -ivfsstatcache -Xcc /Users/admin/builder/spi-builder-workspace/.derivedData/SDKStatCaches.noindex/appletvos27.0-24J360-e829b21a6f8c9b70876ba0858053c044b32bfd8d43560033f8d89884cdb90028.sdkstatcache -output-file-map /Users/admin/builder/spi-builder-workspace/.derivedData/Build/Intermediates.noindex/SwiftyGPIO.build/Debug-appletvos/SwiftyGPIO-t.build/Objects-normal/arm64/SwiftyGPIO-OutputFileMap.json -save-temps -no-color-diagnostics -explicit-module-build -module-cache-path /Users/admin/builder/spi-builder-workspace/.derivedData/Build/Intermediates.noindex/SwiftExplicitPrecompiledModules -clang-scanner-module-cache-path /Users/admin/builder/spi-builder-workspace/.derivedData/ModuleCache.noindex -sdk-module-cache-path /Users/admin/builder/spi-builder-workspace/.derivedData/SDKExplicitPrecompiledModules -emit-dependencies -emit-module -emit-module-path /Users/admin/builder/spi-builder-workspace/.derivedData/Build/Intermediates.noindex/SwiftyGPIO.build/Debug-appletvos/SwiftyGPIO-t.build/Objects-normal/arm64/SwiftyGPIO.swiftmodule -serialize-diagnostics -dependency-scan-serialize-diagnostics-path /Users/admin/builder/spi-builder-workspace/.derivedData/Build/Intermediates.noindex/SwiftyGPIO.build/Debug-appletvos/SwiftyGPIO-t.build/Objects-normal/arm64/SwiftyGPIO-dependency-scan.dia -validate-clang-modules-once -clang-build-session-file /Users/admin/builder/spi-builder-workspace/.derivedData/ModuleCache.noindex/Session.modulevalidation -Xcc -fmodules-prune-interval\=86400 -Xcc -fmodules-prune-after\=345600 -emit-const-values -const-gather-protocols-list /Users/admin/builder/spi-builder-workspace/.derivedData/Build/Intermediates.noindex/SwiftyGPIO.build/Debug-appletvos/SwiftyGPIO-t.build/Objects-normal/arm64/SwiftyGPIO_const_extract_protocols.json -Xcc -I/Users/admin/builder/spi-builder-workspace/.derivedData/Build/Products/Debug-appletvos/include -Xcc -I/Users/admin/builder/spi-builder-workspace/.derivedData/Build/Intermediates.noindex/SwiftyGPIO.build/Debug-appletvos/SwiftyGPIO-t.build/DerivedSources-normal/arm64 -Xcc -I/Users/admin/builder/spi-builder-workspace/.derivedData/Build/Intermediates.noindex/SwiftyGPIO.build/Debug-appletvos/SwiftyGPIO-t.build/DerivedSources/arm64 -Xcc -I/Users/admin/builder/spi-builder-workspace/.derivedData/Build/Intermediates.noindex/SwiftyGPIO.build/Debug-appletvos/SwiftyGPIO-t.build/DerivedSources -Xcc -DSWIFT_PACKAGE -Xcc -DDEBUG\=1 -emit-objc-header -emit-objc-header-path /Users/admin/builder/spi-builder-workspace/.derivedData/Build/Intermediates.noindex/SwiftyGPIO.build/Debug-appletvos/SwiftyGPIO-t.build/Objects-normal/arm64/SwiftyGPIO-Swift.h -working-directory /Users/admin/builder/spi-builder-workspace/.swiftpm/xcode -experimental-emit-module-separately -disable-cmo
SwiftExplicitDependencyGeneratePcm arm64 /Users/admin/builder/spi-builder-workspace/.derivedData/SDKExplicitPrecompiledModules/_Builtin_stdarg-BO2OCAUYVAXDRVQWQ8ISKGNUQ.pcm
SwiftExplicitDependencyGeneratePcm arm64 /Users/admin/builder/spi-builder-workspace/.derivedData/SDKExplicitPrecompiledModules/_Builtin_stdbool-AHRDH5EKLY6D04C5E42F3VCQI.pcm
SwiftExplicitDependencyGeneratePcm arm64 /Users/admin/builder/spi-builder-workspace/.derivedData/SDKExplicitPrecompiledModules/_SwiftConcurrencyShims-BY5PD8KF1L5KF6F4Q69HE3TJ4.pcm
SwiftExplicitDependencyGeneratePcm arm64 /Users/admin/builder/spi-builder-workspace/.derivedData/SDKExplicitPrecompiledModules/ptrauth-8X2KEPL7CTRPS40TUB9APHPK6.pcm
SwiftExplicitDependencyGeneratePcm arm64 /Users/admin/builder/spi-builder-workspace/.derivedData/SDKExplicitPrecompiledModules/_AvailabilityInternal-BV2EDDP0MI5QJDDPEEV4D9D3V.pcm
SwiftExplicitDependencyGeneratePcm arm64 /Users/admin/builder/spi-builder-workspace/.derivedData/SDKExplicitPrecompiledModules/_Builtin_float-8ZJAYZ85YBOAOP52Y9H6IUNP3.pcm
SwiftExplicitDependencyGeneratePcm arm64 /Users/admin/builder/spi-builder-workspace/.derivedData/SDKExplicitPrecompiledModules/ptrcheck-2AZ6B5IBYD3RRRTFWN2ONASY3.pcm
SwiftExplicitDependencyGeneratePcm arm64 /Users/admin/builder/spi-builder-workspace/.derivedData/SDKExplicitPrecompiledModules/SwiftShims-8N4EXJ4RUJTR8K9OO3CMOH1EP.pcm
SwiftExplicitDependencyGeneratePcm arm64 /Users/admin/builder/spi-builder-workspace/.derivedData/SDKExplicitPrecompiledModules/_Builtin_stddef-9ZJZ6FDEZNKTZU8YLPMFT9RAQ.pcm
SwiftExplicitDependencyGeneratePcm arm64 /Users/admin/builder/spi-builder-workspace/.derivedData/SDKExplicitPrecompiledModules/_DarwinFoundation1-JOTYMOA1YZCIJ2NON6FQ848O.pcm
SwiftExplicitDependencyGeneratePcm arm64 /Users/admin/builder/spi-builder-workspace/.derivedData/SDKExplicitPrecompiledModules/_Builtin_limits-7JU2HP127LIT1X9E2V3D8WZ1.pcm
SwiftExplicitDependencyGeneratePcm arm64 /Users/admin/builder/spi-builder-workspace/.derivedData/SDKExplicitPrecompiledModules/_DarwinFoundation2-AOGAN1O02NKXRJN5V73AV3V3M.pcm
SwiftExplicitDependencyGeneratePcm arm64 /Users/admin/builder/spi-builder-workspace/.derivedData/SDKExplicitPrecompiledModules/sys_types-8GCAV1YMG5UUGHUID3CA20TCH.pcm
SwiftExplicitDependencyGeneratePcm arm64 /Users/admin/builder/spi-builder-workspace/.derivedData/SDKExplicitPrecompiledModules/_Builtin_stdint-6NFTB6IBKS143IVPGT1EKB7HO.pcm
SwiftExplicitDependencyGeneratePcm arm64 /Users/admin/builder/spi-builder-workspace/.derivedData/SDKExplicitPrecompiledModules/string_h-6EVHP7A717OUS5DMC78F79HWO.pcm
SwiftExplicitDependencyGeneratePcm arm64 /Users/admin/builder/spi-builder-workspace/.derivedData/SDKExplicitPrecompiledModules/_DarwinFoundation3-8SR3855WDFHQPR6G9GHOI2C07.pcm
SwiftExplicitDependencyGeneratePcm arm64 /Users/admin/builder/spi-builder-workspace/.derivedData/SDKExplicitPrecompiledModules/_Builtin_inttypes-6X1IQ3QK9KEVKXOK9Y79EW7J3.pcm
SwiftExplicitDependencyGeneratePcm arm64 /Users/admin/builder/spi-builder-workspace/.derivedData/SDKExplicitPrecompiledModules/Darwin-DBSQAVBBPC3D2OMU5ZI2RXMST.pcm
SwiftExplicitDependencyGeneratePcm arm64 /Users/admin/builder/spi-builder-workspace/.derivedData/SDKExplicitPrecompiledModules/ObjectiveC-5250FDCE56N8508OR6XUYDKZM.pcm
SwiftExplicitDependencyGeneratePcm arm64 /Users/admin/builder/spi-builder-workspace/.derivedData/SDKExplicitPrecompiledModules/os_object-E2DGZ0SX0TULQHULZRPO6OKNW.pcm
SwiftExplicitDependencyGeneratePcm arm64 /Users/admin/builder/spi-builder-workspace/.derivedData/SDKExplicitPrecompiledModules/os_workgroup-DBUFF7811DKMX7VPBOJPGGF1U.pcm
SwiftExplicitDependencyGeneratePcm arm64 /Users/admin/builder/spi-builder-workspace/.derivedData/SDKExplicitPrecompiledModules/Dispatch-1QL58A0V50C39KVAIC6C38SHL.pcm
SwiftExplicitDependencyGeneratePcm arm64 /Users/admin/builder/spi-builder-workspace/.derivedData/SDKExplicitPrecompiledModules/CoreFoundation-7TPJ7ENDC4L1A1ESHYI9TXS0D.pcm
SwiftExplicitDependencyGeneratePcm arm64 /Users/admin/builder/spi-builder-workspace/.derivedData/SDKExplicitPrecompiledModules/XPC-6O2DJFT3QUJ7QKTD3SNUB6PCR.pcm
SwiftExplicitDependencyGeneratePcm arm64 /Users/admin/builder/spi-builder-workspace/.derivedData/SDKExplicitPrecompiledModules/CFNetwork-2CUR2VK9S3S3WPFXPNXNUWYGN.pcm
SwiftExplicitDependencyGeneratePcm arm64 /Users/admin/builder/spi-builder-workspace/.derivedData/SDKExplicitPrecompiledModules/Security-8VMXEKVDA3MHUH9AOTP905DID.pcm
SwiftExplicitDependencyGeneratePcm arm64 /Users/admin/builder/spi-builder-workspace/.derivedData/SDKExplicitPrecompiledModules/Foundation-BSSIP64DIGUKMAYJOG1WPQ78X.pcm
SwiftEmitModule normal arm64 Emitting\ module\ for\ SwiftyGPIO (in target 'SwiftyGPIO' from project 'SwiftyGPIO')
SwiftCompile normal arm64 (in target 'SwiftyGPIO' from project 'SwiftyGPIO')
    cd /Users/admin/builder/spi-builder-workspace/.swiftpm/xcode

SwiftCompile normal arm64 Compiling\ Presets.swift /Users/admin/builder/spi-builder-workspace/.dependencies/checkouts/SwiftyGPIO/Sources/Presets.swift (in target 'SwiftyGPIO' from project 'SwiftyGPIO')
SwiftCompile normal arm64 /Users/admin/builder/spi-builder-workspace/.dependencies/checkouts/SwiftyGPIO/Sources/Presets.swift (in target 'SwiftyGPIO' from project 'SwiftyGPIO')
    cd /Users/admin/builder/spi-builder-workspace/.swiftpm/xcode
    builtin-SwiftPerFileCompile Presets.swift
SwiftCompile normal arm64 Compiling\ PWM.swift /Users/admin/builder/spi-builder-workspace/.dependencies/checkouts/SwiftyGPIO/Sources/PWM.swift (in target 'SwiftyGPIO' from project 'SwiftyGPIO')
SwiftCompile normal arm64 /Users/admin/builder/spi-builder-workspace/.dependencies/checkouts/SwiftyGPIO/Sources/PWM.swift (in target 'SwiftyGPIO' from project 'SwiftyGPIO')
    cd /Users/admin/builder/spi-builder-workspace/.swiftpm/xcode
    builtin-SwiftPerFileCompile PWM.swift
SwiftCompile normal arm64 Compiling\ Mailbox.swift /Users/admin/builder/spi-builder-workspace/.dependencies/checkouts/SwiftyGPIO/Sources/Mailbox.swift (in target 'SwiftyGPIO' from project 'SwiftyGPIO')
SwiftCompile normal arm64 /Users/admin/builder/spi-builder-workspace/.dependencies/checkouts/SwiftyGPIO/Sources/Mailbox.swift (in target 'SwiftyGPIO' from project 'SwiftyGPIO')
    cd /Users/admin/builder/spi-builder-workspace/.swiftpm/xcode
    builtin-SwiftPerFileCompile Mailbox.swift
SwiftCompile normal arm64 Compiling\ SPI.swift /Users/admin/builder/spi-builder-workspace/.dependencies/checkouts/SwiftyGPIO/Sources/SPI.swift (in target 'SwiftyGPIO' from project 'SwiftyGPIO')
SwiftCompile normal arm64 /Users/admin/builder/spi-builder-workspace/.dependencies/checkouts/SwiftyGPIO/Sources/SPI.swift (in target 'SwiftyGPIO' from project 'SwiftyGPIO')
    cd /Users/admin/builder/spi-builder-workspace/.swiftpm/xcode
    builtin-SwiftPerFileCompile SPI.swift
SwiftCompile normal arm64 Compiling\ SwiftyGPIO.swift /Users/admin/builder/spi-builder-workspace/.dependencies/checkouts/SwiftyGPIO/Sources/SwiftyGPIO.swift (in target 'SwiftyGPIO' from project 'SwiftyGPIO')
SwiftCompile normal arm64 /Users/admin/builder/spi-builder-workspace/.dependencies/checkouts/SwiftyGPIO/Sources/SwiftyGPIO.swift (in target 'SwiftyGPIO' from project 'SwiftyGPIO')
    cd /Users/admin/builder/spi-builder-workspace/.swiftpm/xcode
    builtin-SwiftPerFileCompile SwiftyGPIO.swift
SwiftCompile normal arm64 Compiling\ SunXi.swift /Users/admin/builder/spi-builder-workspace/.dependencies/checkouts/SwiftyGPIO/Sources/SunXi.swift (in target 'SwiftyGPIO' from project 'SwiftyGPIO')
SwiftCompile normal arm64 /Users/admin/builder/spi-builder-workspace/.dependencies/checkouts/SwiftyGPIO/Sources/SunXi.swift (in target 'SwiftyGPIO' from project 'SwiftyGPIO')
    cd /Users/admin/builder/spi-builder-workspace/.swiftpm/xcode
    builtin-SwiftPerFileCompile SunXi.swift
SwiftCompile normal arm64 Compiling\ ADC.swift /Users/admin/builder/spi-builder-workspace/.dependencies/checkouts/SwiftyGPIO/Sources/ADC.swift (in target 'SwiftyGPIO' from project 'SwiftyGPIO')
SwiftCompile normal arm64 /Users/admin/builder/spi-builder-workspace/.dependencies/checkouts/SwiftyGPIO/Sources/ADC.swift (in target 'SwiftyGPIO' from project 'SwiftyGPIO')
    cd /Users/admin/builder/spi-builder-workspace/.swiftpm/xcode
    builtin-SwiftPerFileCompile ADC.swift
SwiftCompile normal arm64 Compiling\ I2C.swift /Users/admin/builder/spi-builder-workspace/.dependencies/checkouts/SwiftyGPIO/Sources/I2C.swift (in target 'SwiftyGPIO' from project 'SwiftyGPIO')
SwiftCompile normal arm64 /Users/admin/builder/spi-builder-workspace/.dependencies/checkouts/SwiftyGPIO/Sources/I2C.swift (in target 'SwiftyGPIO' from project 'SwiftyGPIO')
    cd /Users/admin/builder/spi-builder-workspace/.swiftpm/xcode
    builtin-SwiftPerFileCompile I2C.swift
SwiftCompile normal arm64 Compiling\ UART.swift /Users/admin/builder/spi-builder-workspace/.dependencies/checkouts/SwiftyGPIO/Sources/UART.swift (in target 'SwiftyGPIO' from project 'SwiftyGPIO')
/Users/admin/builder/spi-builder-workspace/.dependencies/checkouts/SwiftyGPIO/Sources/UART.swift:72:28: error: cannot convert value of type 'UInt32' to expected argument type 'UInt'
 70 |         switch self {
 71 |         case .None:
 72 |             cfg.c_cflag &= ~UInt32(PARENB | PARODD)
    |                            `- error: cannot convert value of type 'UInt32' to expected argument type 'UInt'
 73 |         case .Even:
 74 |             cfg.c_cflag &= ~UInt32(PARENB | PARODD)
/Users/admin/builder/spi-builder-workspace/.dependencies/checkouts/SwiftyGPIO/Sources/UART.swift:74:28: error: cannot convert value of type 'UInt32' to expected argument type 'UInt'
 72 |             cfg.c_cflag &= ~UInt32(PARENB | PARODD)
 73 |         case .Even:
 74 |             cfg.c_cflag &= ~UInt32(PARENB | PARODD)
    |                            `- error: cannot convert value of type 'UInt32' to expected argument type 'UInt'
 75 |             cfg.c_cflag |= UInt32(PARENB)
 76 |         case .Odd:
/Users/admin/builder/spi-builder-workspace/.dependencies/checkouts/SwiftyGPIO/Sources/UART.swift:75:28: error: cannot convert value of type 'UInt32' to expected argument type 'UInt'
 73 |         case .Even:
 74 |             cfg.c_cflag &= ~UInt32(PARENB | PARODD)
 75 |             cfg.c_cflag |= UInt32(PARENB)
    |                            `- error: cannot convert value of type 'UInt32' to expected argument type 'UInt'
 76 |         case .Odd:
 77 |             cfg.c_cflag |= UInt32(PARENB | PARODD)
/Users/admin/builder/spi-builder-workspace/.dependencies/checkouts/SwiftyGPIO/Sources/UART.swift:77:28: error: cannot convert value of type 'UInt32' to expected argument type 'UInt'
 75 |             cfg.c_cflag |= UInt32(PARENB)
 76 |         case .Odd:
 77 |             cfg.c_cflag |= UInt32(PARENB | PARODD)
    |                            `- error: cannot convert value of type 'UInt32' to expected argument type 'UInt'
 78 |         }
 79 |     }
/Users/admin/builder/spi-builder-workspace/.dependencies/checkouts/SwiftyGPIO/Sources/UART.swift:88:38: error: cannot convert value of type 'UInt32' to expected argument type 'UInt'
 86 |
 87 |     public func configure(_ cfg: inout termios) {
 88 |         cfg.c_cflag = (cfg.c_cflag & ~UInt32(CSIZE))
    |                                      `- error: cannot convert value of type 'UInt32' to expected argument type 'UInt'
 89 |         switch self {
 90 |         case .Eight:
/Users/admin/builder/spi-builder-workspace/.dependencies/checkouts/SwiftyGPIO/Sources/UART.swift:91:28: error: cannot convert value of type 'UInt32' to expected argument type 'UInt'
 89 |         switch self {
 90 |         case .Eight:
 91 |             cfg.c_cflag |= UInt32(CS8)
    |                            `- error: cannot convert value of type 'UInt32' to expected argument type 'UInt'
 92 |         case .Seven:
 93 |             cfg.c_cflag |= UInt32(CS7)
/Users/admin/builder/spi-builder-workspace/.dependencies/checkouts/SwiftyGPIO/Sources/UART.swift:93:28: error: cannot convert value of type 'UInt32' to expected argument type 'UInt'
 91 |             cfg.c_cflag |= UInt32(CS8)
 92 |         case .Seven:
 93 |             cfg.c_cflag |= UInt32(CS7)
    |                            `- error: cannot convert value of type 'UInt32' to expected argument type 'UInt'
 94 |         case .Six:
 95 |             cfg.c_cflag |= UInt32(CS6)
/Users/admin/builder/spi-builder-workspace/.dependencies/checkouts/SwiftyGPIO/Sources/UART.swift:95:28: error: cannot convert value of type 'UInt32' to expected argument type 'UInt'
 93 |             cfg.c_cflag |= UInt32(CS7)
 94 |         case .Six:
 95 |             cfg.c_cflag |= UInt32(CS6)
    |                            `- error: cannot convert value of type 'UInt32' to expected argument type 'UInt'
 96 |         }
 97 |     }
/Users/admin/builder/spi-builder-workspace/.dependencies/checkouts/SwiftyGPIO/Sources/UART.swift:107:28: error: cannot convert value of type 'UInt32' to expected argument type 'UInt'
105 |         switch self {
106 |         case .One:
107 |             cfg.c_cflag &= ~UInt32(CSTOPB)
    |                            `- error: cannot convert value of type 'UInt32' to expected argument type 'UInt'
108 |         case .Two:
109 |             cfg.c_cflag |= UInt32(CSTOPB)
/Users/admin/builder/spi-builder-workspace/.dependencies/checkouts/SwiftyGPIO/Sources/UART.swift:109:28: error: cannot convert value of type 'UInt32' to expected argument type 'UInt'
107 |             cfg.c_cflag &= ~UInt32(CSTOPB)
108 |         case .Two:
109 |             cfg.c_cflag |= UInt32(CSTOPB)
    |                            `- error: cannot convert value of type 'UInt32' to expected argument type 'UInt'
110 |         }
111 |     }
/Users/admin/builder/spi-builder-workspace/.dependencies/checkouts/SwiftyGPIO/Sources/UART.swift:199:24: error: cannot convert value of type 'UInt32' to expected argument type 'UInt'
197 |
198 |         bitsPerChar.configure(&tty)
199 |         tty.c_iflag &= ~UInt32(IGNBRK)      // disable break processing
    |                        `- error: cannot convert value of type 'UInt32' to expected argument type 'UInt'
200 |         tty.c_lflag =  0    				// no signaling chars, no echo,
201 |         // no canonical processing -> read bytes as they come without waiting for LF
/Users/admin/builder/spi-builder-workspace/.dependencies/checkouts/SwiftyGPIO/Sources/UART.swift:206:24: error: cannot convert value of type 'UInt32' to expected argument type 'UInt'
204 |         withUnsafeMutableBytes(of: &tty.c_cc) {$0[Int(VMIN)] = UInt8(1); return}
205 |         withUnsafeMutableBytes(of: &tty.c_cc) {$0[Int(VTIME)] = UInt8(5); return} // 5 10th of second read timeout
206 |         tty.c_iflag &= ~UInt32(IXON | IXOFF | IXANY) // Every kind of software flow control off
    |                        `- error: cannot convert value of type 'UInt32' to expected argument type 'UInt'
207 |         tty.c_cflag &= ~UInt32(CRTSCTS)  //No hw flow control
208 |         tty.c_cflag |= UInt32(CLOCAL | CREAD)        // Ignore modem controls, enable read
/Users/admin/builder/spi-builder-workspace/.dependencies/checkouts/SwiftyGPIO/Sources/UART.swift:207:24: error: cannot convert value of type 'UInt32' to expected argument type 'UInt'
205 |         withUnsafeMutableBytes(of: &tty.c_cc) {$0[Int(VTIME)] = UInt8(5); return} // 5 10th of second read timeout
206 |         tty.c_iflag &= ~UInt32(IXON | IXOFF | IXANY) // Every kind of software flow control off
207 |         tty.c_cflag &= ~UInt32(CRTSCTS)  //No hw flow control
    |                        `- error: cannot convert value of type 'UInt32' to expected argument type 'UInt'
208 |         tty.c_cflag |= UInt32(CLOCAL | CREAD)        // Ignore modem controls, enable read
209 |         parity.configure(&tty)
/Users/admin/builder/spi-builder-workspace/.dependencies/checkouts/SwiftyGPIO/Sources/UART.swift:208:24: error: cannot convert value of type 'UInt32' to expected argument type 'UInt'
206 |         tty.c_iflag &= ~UInt32(IXON | IXOFF | IXANY) // Every kind of software flow control off
207 |         tty.c_cflag &= ~UInt32(CRTSCTS)  //No hw flow control
208 |         tty.c_cflag |= UInt32(CLOCAL | CREAD)        // Ignore modem controls, enable read
    |                        `- error: cannot convert value of type 'UInt32' to expected argument type 'UInt'
209 |         parity.configure(&tty)
210 |         stopBits.configure(&tty)
/Users/admin/builder/spi-builder-workspace/.dependencies/checkouts/SwiftyGPIO/Sources/UART.swift:217:37: error: cannot find 'FIONREAD' in scope
215 |     public func hasAvailableData() throws -> Bool {
216 |         var bytesToRead = 0
217 |         let result = ioctl(fd, UInt(FIONREAD), &bytesToRead)
    |                                     `- error: cannot find 'FIONREAD' in scope
218 |
219 |         guard result >= 0 else { throw IOCTLError.callExecutionFailed(detail: String(format: "%s", strerror(errno))) }
/Applications/Xcode-27.0.0-Release.Candidate.app/Contents/Developer/Platforms/AppleTVOS.platform/Developer/SDKs/AppleTVOS27.0.sdk/usr/include/sys/filio.h:77:9: note: macro 'FIONREAD' unavailable: structure not supported
75 | #define FIOCLEX          _IO('f', 1)            /* set close on exec on fd */
76 | #define FIONCLEX         _IO('f', 2)            /* remove close on exec */
77 | #define FIONREAD        _IOR('f', 127, int)     /* get # bytes to read */
   |         `- note: macro 'FIONREAD' unavailable: structure not supported
78 | #define FIONBIO         _IOW('f', 126, int)     /* set/clear non-blocking i/o */
79 | #define FIOASYNC        _IOW('f', 125, int)     /* set/clear async i/o */
Failed frontend command:
/Applications/Xcode-27.0.0-Release.Candidate.app/Contents/Developer/Toolchains/XcodeDefault.xctoolchain/usr/bin/swift-frontend -frontend -c /Users/admin/builder/spi-builder-workspace/.dependencies/checkouts/SwiftyGPIO/Sources/1Wire.swift /Users/admin/builder/spi-builder-workspace/.dependencies/checkouts/SwiftyGPIO/Sources/ADC.swift /Users/admin/builder/spi-builder-workspace/.dependencies/checkouts/SwiftyGPIO/Sources/I2C.swift /Users/admin/builder/spi-builder-workspace/.dependencies/checkouts/SwiftyGPIO/Sources/Mailbox.swift /Users/admin/builder/spi-builder-workspace/.dependencies/checkouts/SwiftyGPIO/Sources/PWM.swift /Users/admin/builder/spi-builder-workspace/.dependencies/checkouts/SwiftyGPIO/Sources/Presets.swift /Users/admin/builder/spi-builder-workspace/.dependencies/checkouts/SwiftyGPIO/Sources/SPI.swift /Users/admin/builder/spi-builder-workspace/.dependencies/checkouts/SwiftyGPIO/Sources/SunXi.swift /Users/admin/builder/spi-builder-workspace/.dependencies/checkouts/SwiftyGPIO/Sources/SwiftyGPIO.swift -primary-file /Users/admin/builder/spi-builder-workspace/.dependencies/checkouts/SwiftyGPIO/Sources/UART.swift -emit-dependencies-path /Users/admin/builder/spi-builder-workspace/.derivedData/Build/Intermediates.noindex/SwiftyGPIO.build/Debug-appletvos/SwiftyGPIO-t.build/Objects-normal/arm64/UART.d -emit-const-values-path /Users/admin/builder/spi-builder-workspace/.derivedData/Build/Intermediates.noindex/SwiftyGPIO.build/Debug-appletvos/SwiftyGPIO-t.build/Objects-normal/arm64/UART.swiftconstvalues -emit-reference-dependencies-path /Users/admin/builder/spi-builder-workspace/.derivedData/Build/Intermediates.noindex/SwiftyGPIO.build/Debug-appletvos/SwiftyGPIO-t.build/Objects-normal/arm64/UART.swiftdeps -serialize-diagnostics-path /Users/admin/builder/spi-builder-workspace/.derivedData/Build/Intermediates.noindex/SwiftyGPIO.build/Debug-appletvos/SwiftyGPIO-t.build/Objects-normal/arm64/UART.dia -target arm64-apple-tvos15.0 -disable-cross-import-overlay-search -swift-module-cross-import Darwin /Applications/Xcode-27.0.0-Release.Candidate.app/Contents/Developer/Platforms/AppleTVOS.platform/Developer/SDKs/AppleTVOS.sdk/usr/include/Darwin.swiftcrossimport/xlocale.swiftoverlay -load-resolved-plugin /Applications/Xcode-27.0.0-Release.Candidate.app/Contents/Developer/Platforms/AppleTVOS.platform/Developer/usr/lib/swift/host/plugins/libFoundationMacros.dylib\#/Applications/Xcode-27.0.0-Release.Candidate.app/Contents/Developer/Platforms/AppleTVOS.platform/Developer/usr/bin/swift-plugin-server\#FoundationMacros -load-resolved-plugin /Applications/Xcode-27.0.0-Release.Candidate.app/Contents/Developer/Platforms/AppleTVOS.platform/Developer/usr/lib/swift/host/plugins/libObservationMacros.dylib\#/Applications/Xcode-27.0.0-Release.Candidate.app/Contents/Developer/Platforms/AppleTVOS.platform/Developer/usr/bin/swift-plugin-server\#ObservationMacros -load-resolved-plugin /Applications/Xcode-27.0.0-Release.Candidate.app/Contents/Developer/Platforms/AppleTVOS.platform/Developer/usr/lib/swift/host/plugins/libSwiftMacros.dylib\#/Applications/Xcode-27.0.0-Release.Candidate.app/Contents/Developer/Platforms/AppleTVOS.platform/Developer/usr/bin/swift-plugin-server\#SwiftMacros -disable-implicit-swift-modules -Xcc -fno-implicit-modules -Xcc -fno-implicit-module-maps -explicit-swift-module-map-file /Users/admin/builder/spi-builder-workspace/.derivedData/Build/Intermediates.noindex/SwiftyGPIO.build/Debug-appletvos/SwiftyGPIO-t.build/Objects-normal/arm64/SwiftyGPIO-dependencies-1.json -Xllvm -aarch64-use-tbi -enable-objc-interop -stack-check -sdk /Applications/Xcode-27.0.0-Release.Candidate.app/Contents/Developer/Platforms/AppleTVOS.platform/Developer/SDKs/AppleTVOS27.0.sdk -I /Users/admin/builder/spi-builder-workspace/.derivedData/Build/Products/Debug-appletvos -Isystem /Applications/Xcode-27.0.0-Release.Candidate.app/Contents/Developer/Platforms/AppleTVOS.platform/Developer/usr/lib -F /Users/admin/builder/spi-builder-workspace/.derivedData/Build/Products/Debug-appletvos -F /Applications/Xcode-27.0.0-Release.Candidate.app/Contents/Developer/Platforms/AppleTVOS.platform/Developer/Library/Frameworks -F /Applications/Xcode-27.0.0-Release.Candidate.app/Contents/Developer/Platforms/AppleTVOS.platform/Developer/SDKs/AppleTVOS27.0.sdk/Developer/Library/Frameworks -module-cache-path /Users/admin/builder/spi-builder-workspace/.derivedData/Build/Intermediates.noindex/SwiftExplicitPrecompiledModules -no-color-diagnostics -Xcc -fno-color-diagnostics -enable-testing -g -debug-info-format\=dwarf -dwarf-version\=4 -suppress-warnings -profile-generate -profile-coverage-mapping -swift-version 5 -Onone -D SWIFT_PACKAGE -D DEBUG -D SWIFT_MODULE_RESOURCE_BUNDLE_UNAVAILABLE -D Xcode -serialize-debugging-options -enable-experimental-feature DebugDescriptionMacro -empty-abi-descriptor -validate-clang-modules-once -clang-build-session-file /Users/admin/builder/spi-builder-workspace/.derivedData/ModuleCache.noindex/Session.modulevalidation -Xcc -working-directory -Xcc /Users/admin/builder/spi-builder-workspace/.swiftpm/xcode -enable-anonymous-context-mangled-names -file-compilation-dir /Users/admin/builder/spi-builder-workspace/.swiftpm/xcode -Xcc -D_LIBCPP_HARDENING_MODE\=_LIBCPP_HARDENING_MODE_DEBUG -Xcc -ivfsstatcache -Xcc /Users/admin/builder/spi-builder-workspace/.derivedData/SDKStatCaches.noindex/appletvos27.0-24J360-e829b21a6f8c9b70876ba0858053c044b32bfd8d43560033f8d89884cdb90028.sdkstatcache -Xcc -fmodules-prune-interval\=86400 -Xcc -fmodules-prune-after\=345600 -Xcc -I/Users/admin/builder/spi-builder-workspace/.derivedData/Build/Products/Debug-appletvos/include -Xcc -I/Users/admin/builder/spi-builder-workspace/.derivedData/Build/Intermediates.noindex/SwiftyGPIO.build/Debug-appletvos/SwiftyGPIO-t.build/DerivedSources-normal/arm64 -Xcc -I/Users/admin/builder/spi-builder-workspace/.derivedData/Build/Intermediates.noindex/SwiftyGPIO.build/Debug-appletvos/SwiftyGPIO-t.build/DerivedSources/arm64 -Xcc -I/Users/admin/builder/spi-builder-workspace/.derivedData/Build/Intermediates.noindex/SwiftyGPIO.build/Debug-appletvos/SwiftyGPIO-t.build/DerivedSources -Xcc -DSWIFT_PACKAGE -Xcc -DDEBUG\=1 -no-auto-bridging-header-chaining -module-name SwiftyGPIO -const-gather-protocols-file /Users/admin/builder/spi-builder-workspace/.derivedData/Build/Intermediates.noindex/SwiftyGPIO.build/Debug-appletvos/SwiftyGPIO-t.build/Objects-normal/arm64/SwiftyGPIO_const_extract_protocols.json -disable-clang-spi -clang-target arm64-apple-tvos27.0 -target-sdk-version 27.0 -target-sdk-name appletvos27.0 -in-process-plugin-server-path /Applications/Xcode-27.0.0-Release.Candidate.app/Contents/Developer/Toolchains/XcodeDefault.xctoolchain/usr/lib/swift/host/libSwiftInProcPluginServer.dylib -parse-as-library -o /Users/admin/builder/spi-builder-workspace/.derivedData/Build/Intermediates.noindex/SwiftyGPIO.build/Debug-appletvos/SwiftyGPIO-t.build/Objects-normal/arm64/UART.o -debug-module-path /Users/admin/builder/spi-builder-workspace/.derivedData/Build/Intermediates.noindex/SwiftyGPIO.build/Debug-appletvos/SwiftyGPIO-t.build/Objects-normal/arm64/SwiftyGPIO.swiftmodule -index-unit-output-path /SwiftyGPIO.build/Debug-appletvos/SwiftyGPIO-t.build/Objects-normal/arm64/UART.o -index-store-path /Users/admin/builder/spi-builder-workspace/.derivedData/Index.noindex/DataStore -index-system-modules
SwiftCompile normal arm64 /Users/admin/builder/spi-builder-workspace/.dependencies/checkouts/SwiftyGPIO/Sources/UART.swift (in target 'SwiftyGPIO' from project 'SwiftyGPIO')
    cd /Users/admin/builder/spi-builder-workspace/.swiftpm/xcode
    builtin-SwiftPerFileCompile UART.swift
SwiftCompile normal arm64 Compiling\ 1Wire.swift /Users/admin/builder/spi-builder-workspace/.dependencies/checkouts/SwiftyGPIO/Sources/1Wire.swift (in target 'SwiftyGPIO' from project 'SwiftyGPIO')
SwiftCompile normal arm64 /Users/admin/builder/spi-builder-workspace/.dependencies/checkouts/SwiftyGPIO/Sources/1Wire.swift (in target 'SwiftyGPIO' from project 'SwiftyGPIO')
    cd /Users/admin/builder/spi-builder-workspace/.swiftpm/xcode
    builtin-SwiftPerFileCompile 1Wire.swift
SwiftDriverJobDiscovery normal arm64 Emitting module for SwiftyGPIO (in target 'SwiftyGPIO' from project 'SwiftyGPIO')
SwiftDriver\ Compilation\ Requirements SwiftyGPIO normal arm64 com.apple.xcode.tools.swift.compiler (in target 'SwiftyGPIO' from project 'SwiftyGPIO')
    cd /Users/admin/builder/spi-builder-workspace/.swiftpm/xcode
    builtin-Swift-Compilation-Requirements -- /Applications/Xcode-27.0.0-Release.Candidate.app/Contents/Developer/Toolchains/XcodeDefault.xctoolchain/usr/bin/swiftc -parse-as-library -module-name SwiftyGPIO -Onone @/Users/admin/builder/spi-builder-workspace/.derivedData/Build/Intermediates.noindex/SwiftyGPIO.build/Debug-appletvos/SwiftyGPIO-t.build/Objects-normal/arm64/SwiftyGPIO.SwiftFileList -DSWIFT_PACKAGE -DDEBUG -DSWIFT_MODULE_RESOURCE_BUNDLE_UNAVAILABLE -DXcode -plugin-path /Applications/Xcode-27.0.0-Release.Candidate.app/Contents/Developer/Toolchains/XcodeDefault.xctoolchain/usr/lib/swift/host/plugins/testing -enable-experimental-feature DebugDescriptionMacro -sdk /Applications/Xcode-27.0.0-Release.Candidate.app/Contents/Developer/Platforms/AppleTVOS.platform/Developer/SDKs/AppleTVOS27.0.sdk -target arm64-apple-tvos15.0 -g -module-cache-path /Users/admin/builder/spi-builder-workspace/.derivedData/ModuleCache.noindex -Xfrontend -serialize-debugging-options -profile-coverage-mapping -profile-generate -enable-testing -suppress-warnings -index-store-path /Users/admin/builder/spi-builder-workspace/.derivedData/Index.noindex/DataStore -Xcc -D_LIBCPP_HARDENING_MODE\=_LIBCPP_HARDENING_MODE_DEBUG -swift-version 5 -I /Users/admin/builder/spi-builder-workspace/.derivedData/Build/Products/Debug-appletvos -Isystem /Applications/Xcode-27.0.0-Release.Candidate.app/Contents/Developer/Platforms/AppleTVOS.platform/Developer/usr/lib -F /Users/admin/builder/spi-builder-workspace/.derivedData/Build/Products/Debug-appletvos -F /Applications/Xcode-27.0.0-Release.Candidate.app/Contents/Developer/Platforms/AppleTVOS.platform/Developer/Library/Frameworks -F /Applications/Xcode-27.0.0-Release.Candidate.app/Contents/Developer/Platforms/AppleTVOS.platform/Developer/SDKs/AppleTVOS27.0.sdk/Developer/Library/Frameworks -c -j10 -enable-batch-mode -incremental -Xcc -ivfsstatcache -Xcc /Users/admin/builder/spi-builder-workspace/.derivedData/SDKStatCaches.noindex/appletvos27.0-24J360-e829b21a6f8c9b70876ba0858053c044b32bfd8d43560033f8d89884cdb90028.sdkstatcache -output-file-map /Users/admin/builder/spi-builder-workspace/.derivedData/Build/Intermediates.noindex/SwiftyGPIO.build/Debug-appletvos/SwiftyGPIO-t.build/Objects-normal/arm64/SwiftyGPIO-OutputFileMap.json -save-temps -no-color-diagnostics -explicit-module-build -module-cache-path /Users/admin/builder/spi-builder-workspace/.derivedData/Build/Intermediates.noindex/SwiftExplicitPrecompiledModules -clang-scanner-module-cache-path /Users/admin/builder/spi-builder-workspace/.derivedData/ModuleCache.noindex -sdk-module-cache-path /Users/admin/builder/spi-builder-workspace/.derivedData/SDKExplicitPrecompiledModules -emit-dependencies -emit-module -emit-module-path /Users/admin/builder/spi-builder-workspace/.derivedData/Build/Intermediates.noindex/SwiftyGPIO.build/Debug-appletvos/SwiftyGPIO-t.build/Objects-normal/arm64/SwiftyGPIO.swiftmodule -serialize-diagnostics -dependency-scan-serialize-diagnostics-path /Users/admin/builder/spi-builder-workspace/.derivedData/Build/Intermediates.noindex/SwiftyGPIO.build/Debug-appletvos/SwiftyGPIO-t.build/Objects-normal/arm64/SwiftyGPIO-dependency-scan.dia -validate-clang-modules-once -clang-build-session-file /Users/admin/builder/spi-builder-workspace/.derivedData/ModuleCache.noindex/Session.modulevalidation -Xcc -fmodules-prune-interval\=86400 -Xcc -fmodules-prune-after\=345600 -emit-const-values -const-gather-protocols-list /Users/admin/builder/spi-builder-workspace/.derivedData/Build/Intermediates.noindex/SwiftyGPIO.build/Debug-appletvos/SwiftyGPIO-t.build/Objects-normal/arm64/SwiftyGPIO_const_extract_protocols.json -Xcc -I/Users/admin/builder/spi-builder-workspace/.derivedData/Build/Products/Debug-appletvos/include -Xcc -I/Users/admin/builder/spi-builder-workspace/.derivedData/Build/Intermediates.noindex/SwiftyGPIO.build/Debug-appletvos/SwiftyGPIO-t.build/DerivedSources-normal/arm64 -Xcc -I/Users/admin/builder/spi-builder-workspace/.derivedData/Build/Intermediates.noindex/SwiftyGPIO.build/Debug-appletvos/SwiftyGPIO-t.build/DerivedSources/arm64 -Xcc -I/Users/admin/builder/spi-builder-workspace/.derivedData/Build/Intermediates.noindex/SwiftyGPIO.build/Debug-appletvos/SwiftyGPIO-t.build/DerivedSources -Xcc -DSWIFT_PACKAGE -Xcc -DDEBUG\=1 -emit-objc-header -emit-objc-header-path /Users/admin/builder/spi-builder-workspace/.derivedData/Build/Intermediates.noindex/SwiftyGPIO.build/Debug-appletvos/SwiftyGPIO-t.build/Objects-normal/arm64/SwiftyGPIO-Swift.h -working-directory /Users/admin/builder/spi-builder-workspace/.swiftpm/xcode -experimental-emit-module-separately -disable-cmo
SwiftDriverJobDiscovery normal arm64 Compiling SunXi.swift (in target 'SwiftyGPIO' from project 'SwiftyGPIO')
SwiftDriverJobDiscovery normal arm64 Compiling Presets.swift (in target 'SwiftyGPIO' from project 'SwiftyGPIO')
SwiftMergeGeneratedHeaders /Users/admin/builder/spi-builder-workspace/.derivedData/Build/Intermediates.noindex/GeneratedModuleMaps-appletvos/SwiftyGPIO-Swift.h /Users/admin/builder/spi-builder-workspace/.derivedData/Build/Intermediates.noindex/SwiftyGPIO.build/Debug-appletvos/SwiftyGPIO-t.build/Objects-normal/arm64/SwiftyGPIO-Swift.h (in target 'SwiftyGPIO' from project 'SwiftyGPIO')
    cd /Users/admin/builder/spi-builder-workspace/.dependencies/checkouts/SwiftyGPIO
    builtin-swiftHeaderTool -arch arm64 /Users/admin/builder/spi-builder-workspace/.derivedData/Build/Intermediates.noindex/SwiftyGPIO.build/Debug-appletvos/SwiftyGPIO-t.build/Objects-normal/arm64/SwiftyGPIO-Swift.h -o /Users/admin/builder/spi-builder-workspace/.derivedData/Build/Intermediates.noindex/GeneratedModuleMaps-appletvos/SwiftyGPIO-Swift.h
Copy /Users/admin/builder/spi-builder-workspace/.derivedData/Build/Products/Debug-appletvos/SwiftyGPIO.swiftmodule/arm64-apple-tvos.swiftmodule /Users/admin/builder/spi-builder-workspace/.derivedData/Build/Intermediates.noindex/SwiftyGPIO.build/Debug-appletvos/SwiftyGPIO-t.build/Objects-normal/arm64/SwiftyGPIO.swiftmodule (in target 'SwiftyGPIO' from project 'SwiftyGPIO')
    cd /Users/admin/builder/spi-builder-workspace/.dependencies/checkouts/SwiftyGPIO
    builtin-copy -exclude .DS_Store -exclude CVS -exclude .svn -exclude .git -exclude .hg -resolve-src-symlinks -rename /Users/admin/builder/spi-builder-workspace/.derivedData/Build/Intermediates.noindex/SwiftyGPIO.build/Debug-appletvos/SwiftyGPIO-t.build/Objects-normal/arm64/SwiftyGPIO.swiftmodule /Users/admin/builder/spi-builder-workspace/.derivedData/Build/Products/Debug-appletvos/SwiftyGPIO.swiftmodule/arm64-apple-tvos.swiftmodule
Copy /Users/admin/builder/spi-builder-workspace/.derivedData/Build/Products/Debug-appletvos/SwiftyGPIO.swiftmodule/arm64-apple-tvos.swiftdoc /Users/admin/builder/spi-builder-workspace/.derivedData/Build/Intermediates.noindex/SwiftyGPIO.build/Debug-appletvos/SwiftyGPIO-t.build/Objects-normal/arm64/SwiftyGPIO.swiftdoc (in target 'SwiftyGPIO' from project 'SwiftyGPIO')
    cd /Users/admin/builder/spi-builder-workspace/.dependencies/checkouts/SwiftyGPIO
    builtin-copy -exclude .DS_Store -exclude CVS -exclude .svn -exclude .git -exclude .hg -resolve-src-symlinks -rename /Users/admin/builder/spi-builder-workspace/.derivedData/Build/Intermediates.noindex/SwiftyGPIO.build/Debug-appletvos/SwiftyGPIO-t.build/Objects-normal/arm64/SwiftyGPIO.swiftdoc /Users/admin/builder/spi-builder-workspace/.derivedData/Build/Products/Debug-appletvos/SwiftyGPIO.swiftmodule/arm64-apple-tvos.swiftdoc
Copy /Users/admin/builder/spi-builder-workspace/.derivedData/Build/Products/Debug-appletvos/SwiftyGPIO.swiftmodule/arm64-apple-tvos.abi.json /Users/admin/builder/spi-builder-workspace/.derivedData/Build/Intermediates.noindex/SwiftyGPIO.build/Debug-appletvos/SwiftyGPIO-t.build/Objects-normal/arm64/SwiftyGPIO.abi.json (in target 'SwiftyGPIO' from project 'SwiftyGPIO')
    cd /Users/admin/builder/spi-builder-workspace/.dependencies/checkouts/SwiftyGPIO
    builtin-copy -exclude .DS_Store -exclude CVS -exclude .svn -exclude .git -exclude .hg -resolve-src-symlinks -rename /Users/admin/builder/spi-builder-workspace/.derivedData/Build/Intermediates.noindex/SwiftyGPIO.build/Debug-appletvos/SwiftyGPIO-t.build/Objects-normal/arm64/SwiftyGPIO.abi.json /Users/admin/builder/spi-builder-workspace/.derivedData/Build/Products/Debug-appletvos/SwiftyGPIO.swiftmodule/arm64-apple-tvos.abi.json
Copy /Users/admin/builder/spi-builder-workspace/.derivedData/Build/Products/Debug-appletvos/SwiftyGPIO.swiftmodule/Project/arm64-apple-tvos.swiftsourceinfo /Users/admin/builder/spi-builder-workspace/.derivedData/Build/Intermediates.noindex/SwiftyGPIO.build/Debug-appletvos/SwiftyGPIO-t.build/Objects-normal/arm64/SwiftyGPIO.swiftsourceinfo (in target 'SwiftyGPIO' from project 'SwiftyGPIO')
    cd /Users/admin/builder/spi-builder-workspace/.dependencies/checkouts/SwiftyGPIO
    builtin-copy -exclude .DS_Store -exclude CVS -exclude .svn -exclude .git -exclude .hg -resolve-src-symlinks -rename /Users/admin/builder/spi-builder-workspace/.derivedData/Build/Intermediates.noindex/SwiftyGPIO.build/Debug-appletvos/SwiftyGPIO-t.build/Objects-normal/arm64/SwiftyGPIO.swiftsourceinfo /Users/admin/builder/spi-builder-workspace/.derivedData/Build/Products/Debug-appletvos/SwiftyGPIO.swiftmodule/Project/arm64-apple-tvos.swiftsourceinfo
SwiftDriver SwiftyTM1637 normal arm64 com.apple.xcode.tools.swift.compiler (in target 'SwiftyTM1637' from project 'SwiftyTM1637')
    cd /Users/admin/builder/spi-builder-workspace/.swiftpm/xcode
    builtin-SwiftDriver -- /Applications/Xcode-27.0.0-Release.Candidate.app/Contents/Developer/Toolchains/XcodeDefault.xctoolchain/usr/bin/swiftc -parse-as-library -module-name SwiftyTM1637 -Onone @/Users/admin/builder/spi-builder-workspace/.derivedData/Build/Intermediates.noindex/SwiftyTM1637.build/Debug-appletvos/SwiftyTM1637-t.build/Objects-normal/arm64/SwiftyTM1637.SwiftFileList -DSWIFT_PACKAGE -DDEBUG -DSWIFT_MODULE_RESOURCE_BUNDLE_UNAVAILABLE -DXcode -plugin-path /Applications/Xcode-27.0.0-Release.Candidate.app/Contents/Developer/Toolchains/XcodeDefault.xctoolchain/usr/lib/swift/host/plugins/testing -enable-experimental-feature DebugDescriptionMacro -sdk /Applications/Xcode-27.0.0-Release.Candidate.app/Contents/Developer/Platforms/AppleTVOS.platform/Developer/SDKs/AppleTVOS27.0.sdk -target arm64-apple-tvos15.0 -g -module-cache-path /Users/admin/builder/spi-builder-workspace/.derivedData/ModuleCache.noindex -Xfrontend -serialize-debugging-options -profile-coverage-mapping -profile-generate -enable-testing -index-store-path /Users/admin/builder/spi-builder-workspace/.derivedData/Index.noindex/DataStore -Xcc -D_LIBCPP_HARDENING_MODE\=_LIBCPP_HARDENING_MODE_DEBUG -swift-version 4 -I /Users/admin/builder/spi-builder-workspace/.derivedData/Build/Products/Debug-appletvos -Isystem /Applications/Xcode-27.0.0-Release.Candidate.app/Contents/Developer/Platforms/AppleTVOS.platform/Developer/usr/lib -F /Users/admin/builder/spi-builder-workspace/.derivedData/Build/Products/Debug-appletvos/PackageFrameworks -F /Users/admin/builder/spi-builder-workspace/.derivedData/Build/Products/Debug-appletvos -F /Applications/Xcode-27.0.0-Release.Candidate.app/Contents/Developer/Platforms/AppleTVOS.platform/Developer/Library/Frameworks -F /Applications/Xcode-27.0.0-Release.Candidate.app/Contents/Developer/Platforms/AppleTVOS.platform/Developer/SDKs/AppleTVOS27.0.sdk/Developer/Library/Frameworks -c -j10 -enable-batch-mode -incremental -Xcc -ivfsstatcache -Xcc /Users/admin/builder/spi-builder-workspace/.derivedData/SDKStatCaches.noindex/appletvos27.0-24J360-e829b21a6f8c9b70876ba0858053c044b32bfd8d43560033f8d89884cdb90028.sdkstatcache -output-file-map /Users/admin/builder/spi-builder-workspace/.derivedData/Build/Intermediates.noindex/SwiftyTM1637.build/Debug-appletvos/SwiftyTM1637-t.build/Objects-normal/arm64/SwiftyTM1637-OutputFileMap.json -save-temps -no-color-diagnostics -emit-dependencies -emit-module -emit-module-path /Users/admin/builder/spi-builder-workspace/.derivedData/Build/Intermediates.noindex/SwiftyTM1637.build/Debug-appletvos/SwiftyTM1637-t.build/Objects-normal/arm64/SwiftyTM1637.swiftmodule -serialize-diagnostics -validate-clang-modules-once -clang-build-session-file /Users/admin/builder/spi-builder-workspace/.derivedData/ModuleCache.noindex/Session.modulevalidation -Xcc -fmodules-prune-interval\=86400 -Xcc -fmodules-prune-after\=345600 -emit-const-values -const-gather-protocols-list /Users/admin/builder/spi-builder-workspace/.derivedData/Build/Intermediates.noindex/SwiftyTM1637.build/Debug-appletvos/SwiftyTM1637-t.build/Objects-normal/arm64/SwiftyTM1637_const_extract_protocols.json -Xcc -I/Users/admin/builder/spi-builder-workspace/.derivedData/Build/Products/Debug-appletvos/include -Xcc -I/Users/admin/builder/spi-builder-workspace/.derivedData/Build/Intermediates.noindex/SwiftyTM1637.build/Debug-appletvos/SwiftyTM1637-t.build/DerivedSources-normal/arm64 -Xcc -I/Users/admin/builder/spi-builder-workspace/.derivedData/Build/Intermediates.noindex/SwiftyTM1637.build/Debug-appletvos/SwiftyTM1637-t.build/DerivedSources/arm64 -Xcc -I/Users/admin/builder/spi-builder-workspace/.derivedData/Build/Intermediates.noindex/SwiftyTM1637.build/Debug-appletvos/SwiftyTM1637-t.build/DerivedSources -Xcc -DSWIFT_PACKAGE -Xcc -DDEBUG\=1 -emit-objc-header -emit-objc-header-path /Users/admin/builder/spi-builder-workspace/.derivedData/Build/Intermediates.noindex/SwiftyTM1637.build/Debug-appletvos/SwiftyTM1637-t.build/Objects-normal/arm64/SwiftyTM1637-Swift.h -working-directory /Users/admin/builder/spi-builder-workspace/.swiftpm/xcode -experimental-emit-module-separately -disable-cmo
SwiftCompile normal arm64 Compiling\ SevenSegmentHexDigits.swift /Users/admin/builder/spi-builder-workspace/Sources/SwiftyTM1637/SevenSegmentHexDigits.swift (in target 'SwiftyTM1637' from project 'SwiftyTM1637')
SwiftCompile normal arm64 /Users/admin/builder/spi-builder-workspace/Sources/SwiftyTM1637/SevenSegmentHexDigits.swift (in target 'SwiftyTM1637' from project 'SwiftyTM1637')
    cd /Users/admin/builder/spi-builder-workspace/.swiftpm/xcode
    builtin-SwiftPerFileCompile SevenSegmentHexDigits.swift
SwiftEmitModule normal arm64 Emitting\ module\ for\ SwiftyTM1637 (in target 'SwiftyTM1637' from project 'SwiftyTM1637')
SwiftCompile normal arm64 (in target 'SwiftyTM1637' from project 'SwiftyTM1637')
    cd /Users/admin/builder/spi-builder-workspace/.swiftpm/xcode

SwiftCompile normal arm64 Compiling\ SwiftyTM1637.swift /Users/admin/builder/spi-builder-workspace/Sources/SwiftyTM1637/SwiftyTM1637.swift (in target 'SwiftyTM1637' from project 'SwiftyTM1637')
SwiftCompile normal arm64 /Users/admin/builder/spi-builder-workspace/Sources/SwiftyTM1637/SwiftyTM1637.swift (in target 'SwiftyTM1637' from project 'SwiftyTM1637')
    cd /Users/admin/builder/spi-builder-workspace/.swiftpm/xcode
    builtin-SwiftPerFileCompile SwiftyTM1637.swift
PruneExplicitPrecompiledModules /Users/admin/builder/spi-builder-workspace/.derivedData/Build/Intermediates.noindex/ExplicitPrecompiledModules
PruneExplicitPrecompiledModules /Users/admin/builder/spi-builder-workspace/.derivedData/SDKExplicitPrecompiledModules
PruneExplicitPrecompiledModules /Users/admin/builder/spi-builder-workspace/.derivedData/Build/Intermediates.noindex/SwiftExplicitPrecompiledModules
2026-09-16 00:19:51.686 xcodebuild[685:4397] [MT] IDERunDestination: Supported platforms for the buildables in the current scheme is empty.
** BUILD FAILED **
The following build commands failed:
	SwiftCompile normal arm64 Compiling\ UART.swift /Users/admin/builder/spi-builder-workspace/.dependencies/checkouts/SwiftyGPIO/Sources/UART.swift (in target 'SwiftyGPIO' from project 'SwiftyGPIO')
	SwiftCompile normal arm64 /Users/admin/builder/spi-builder-workspace/.dependencies/checkouts/SwiftyGPIO/Sources/UART.swift (in target 'SwiftyGPIO' from project 'SwiftyGPIO')
	Building workspace SwiftyTM1637 with scheme SwiftyTM1637-Package
(3 failures)
Command line invocation:
    /Applications/Xcode-27.0.0-Release.Candidate.app/Contents/Developer/usr/bin/xcodebuild -IDEClonedSourcePackagesDirPathOverride=/Users/admin/builder/spi-builder-workspace/.dependencies -resolvePackageDependencies
Resolve Package Graph
Resolved source packages:
  SwiftyGPIO: https://github.com/uraimo/SwiftyGPIO.git @ 1.4.4
  SwiftyTM1637: /Users/admin/builder/spi-builder-workspace
resolved source packages: SwiftyGPIO, SwiftyTM1637
2026-09-16 00:19:57.505 xcodebuild[748:4708] [MT] IDERunDestination: Supported platforms for the buildables in the current scheme is empty.
{
  "dependencies" : [
    {
      "identity" : "swiftygpio",
      "requirement" : {
        "range" : [
          {
            "lower_bound" : "1.0.0",
            "upper_bound" : "2.0.0"
          }
        ]
      },
      "type" : "sourceControl",
      "url" : "https://github.com/uraimo/SwiftyGPIO.git"
    }
  ],
  "manifest_display_name" : "SwiftyTM1637",
  "name" : "SwiftyTM1637",
  "path" : "/Users/admin/builder/spi-builder-workspace",
  "platforms" : [
  ],
  "products" : [
    {
      "name" : "SwiftyTM1637",
      "targets" : [
        "SwiftyTM1637"
      ],
      "type" : {
        "library" : [
          "automatic"
        ]
      }
    },
    {
      "name" : "Clock",
      "targets" : [
        "Clock"
      ],
      "type" : {
        "executable" : null
      }
    }
  ],
  "targets" : [
    {
      "c99name" : "SwiftyTM1637Tests",
      "module_type" : "SwiftTarget",
      "name" : "SwiftyTM1637Tests",
      "path" : "Tests/SwiftyTM1637Tests",
      "sources" : [
        "SwiftyTM1637Tests.swift"
      ],
      "target_dependencies" : [
        "SwiftyTM1637"
      ],
      "type" : "test"
    },
    {
      "c99name" : "SwiftyTM1637",
      "module_type" : "SwiftTarget",
      "name" : "SwiftyTM1637",
      "path" : "Sources/SwiftyTM1637",
      "product_dependencies" : [
        "SwiftyGPIO"
      ],
      "product_memberships" : [
        "SwiftyTM1637",
        "Clock"
      ],
      "sources" : [
        "SevenSegment.swift",
        "SevenSegmentHexDigits.swift",
        "SevenSegmentLetters.swift",
        "SevenSegmentRepresentable.swift",
        "SwiftyTM1637.swift"
      ],
      "type" : "library"
    },
    {
      "c99name" : "Clock",
      "module_type" : "SwiftTarget",
      "name" : "Clock",
      "path" : "Sources/Clock",
      "product_dependencies" : [
        "SwiftyGPIO"
      ],
      "product_memberships" : [
        "Clock"
      ],
      "sources" : [
        "main.swift"
      ],
      "target_dependencies" : [
        "SwiftyTM1637"
      ],
      "type" : "executable"
    }
  ],
  "tools_version" : "4.0"
}
{
  "workspace" : {
    "name" : "SwiftyTM1637",
    "schemes" : [
      "Clock",
      "SwiftyTM1637",
      "SwiftyTM1637-Package"
    ]
  }
}
2026-09-16 00:19:58.760 xcodebuild[756:4770] [MT] IDERunDestination: Supported platforms for the buildables in the current scheme is empty.
Running build ...
env DEVELOPER_DIR=/Applications/Xcode-27.0.0-Release.Candidate.app xcrun xcodebuild -IDEClonedSourcePackagesDirPathOverride=$PWD/.dependencies -skipMacroValidation -skipPackagePluginValidation -derivedDataPath $PWD/.derivedData build -scheme SwiftyTM1637-Package -destination generic/platform=tvOS
Command line invocation:
    /Applications/Xcode-27.0.0-Release.Candidate.app/Contents/Developer/usr/bin/xcodebuild -IDEClonedSourcePackagesDirPathOverride=/Users/admin/builder/spi-builder-workspace/.dependencies -skipMacroValidation -skipPackagePluginValidation -derivedDataPath /Users/admin/builder/spi-builder-workspace/.derivedData build -scheme SwiftyTM1637-Package -destination generic/platform=tvOS
Resolve Package Graph
Resolved source packages:
  SwiftyTM1637: /Users/admin/builder/spi-builder-workspace
  SwiftyGPIO: https://github.com/uraimo/SwiftyGPIO.git @ 1.4.4
ComputePackagePrebuildTargetDependencyGraph
Prepare packages
CreateBuildRequest
SendProjectDescription
CreateBuildOperation
ComputeTargetDependencyGraph
note: Building targets in dependency order
note: Target dependency graph (5 targets)
    Target 'Clock-product' in project 'SwiftyTM1637'
        ➜ Explicit dependency on target 'SwiftyTM1637' in project 'SwiftyTM1637'
        ➜ Explicit dependency on target 'SwiftyGPIO-product' in project 'SwiftyGPIO'
    Target 'SwiftyTM1637-product' in project 'SwiftyTM1637'
        ➜ Explicit dependency on target 'SwiftyTM1637' in project 'SwiftyTM1637'
        ➜ Explicit dependency on target 'SwiftyGPIO-product' in project 'SwiftyGPIO'
    Target 'SwiftyTM1637' in project 'SwiftyTM1637'
        ➜ Explicit dependency on target 'SwiftyGPIO-product' in project 'SwiftyGPIO'
    Target 'SwiftyGPIO-product' in project 'SwiftyGPIO'
        ➜ Explicit dependency on target 'SwiftyGPIO' in project 'SwiftyGPIO'
    Target 'SwiftyGPIO' in project 'SwiftyGPIO' (no dependencies)
GatherProvisioningInputs
CreateBuildDescription
ClangStatCache /Applications/Xcode-27.0.0-Release.Candidate.app/Contents/Developer/Toolchains/XcodeDefault.xctoolchain/usr/bin/clang-stat-cache /Applications/Xcode-27.0.0-Release.Candidate.app/Contents/Developer/Platforms/AppleTVOS.platform/Developer/SDKs/AppleTVOS27.0.sdk /Users/admin/builder/spi-builder-workspace/.derivedData/SDKStatCaches.noindex/appletvos27.0-24J360-e829b21a6f8c9b70876ba0858053c044b32bfd8d43560033f8d89884cdb90028.sdkstatcache
    cd /Users/admin/builder/spi-builder-workspace/.swiftpm/xcode
    /Applications/Xcode-27.0.0-Release.Candidate.app/Contents/Developer/Toolchains/XcodeDefault.xctoolchain/usr/bin/clang-stat-cache /Applications/Xcode-27.0.0-Release.Candidate.app/Contents/Developer/Platforms/AppleTVOS.platform/Developer/SDKs/AppleTVOS27.0.sdk -o /Users/admin/builder/spi-builder-workspace/.derivedData/SDKStatCaches.noindex/appletvos27.0-24J360-e829b21a6f8c9b70876ba0858053c044b32bfd8d43560033f8d89884cdb90028.sdkstatcache
SwiftDriver SwiftyGPIO normal arm64 com.apple.xcode.tools.swift.compiler (in target 'SwiftyGPIO' from project 'SwiftyGPIO')
    cd /Users/admin/builder/spi-builder-workspace/.swiftpm/xcode
    builtin-SwiftDriver -- /Applications/Xcode-27.0.0-Release.Candidate.app/Contents/Developer/Toolchains/XcodeDefault.xctoolchain/usr/bin/swiftc -parse-as-library -module-name SwiftyGPIO -Onone @/Users/admin/builder/spi-builder-workspace/.derivedData/Build/Intermediates.noindex/SwiftyGPIO.build/Debug-appletvos/SwiftyGPIO-t.build/Objects-normal/arm64/SwiftyGPIO.SwiftFileList -DSWIFT_PACKAGE -DDEBUG -DSWIFT_MODULE_RESOURCE_BUNDLE_UNAVAILABLE -DXcode -plugin-path /Applications/Xcode-27.0.0-Release.Candidate.app/Contents/Developer/Toolchains/XcodeDefault.xctoolchain/usr/lib/swift/host/plugins/testing -enable-experimental-feature DebugDescriptionMacro -sdk /Applications/Xcode-27.0.0-Release.Candidate.app/Contents/Developer/Platforms/AppleTVOS.platform/Developer/SDKs/AppleTVOS27.0.sdk -target arm64-apple-tvos15.0 -g -module-cache-path /Users/admin/builder/spi-builder-workspace/.derivedData/ModuleCache.noindex -Xfrontend -serialize-debugging-options -profile-coverage-mapping -profile-generate -enable-testing -suppress-warnings -index-store-path /Users/admin/builder/spi-builder-workspace/.derivedData/Index.noindex/DataStore -Xcc -D_LIBCPP_HARDENING_MODE\=_LIBCPP_HARDENING_MODE_DEBUG -swift-version 5 -I /Users/admin/builder/spi-builder-workspace/.derivedData/Build/Products/Debug-appletvos -Isystem /Applications/Xcode-27.0.0-Release.Candidate.app/Contents/Developer/Platforms/AppleTVOS.platform/Developer/usr/lib -F /Users/admin/builder/spi-builder-workspace/.derivedData/Build/Products/Debug-appletvos -F /Applications/Xcode-27.0.0-Release.Candidate.app/Contents/Developer/Platforms/AppleTVOS.platform/Developer/Library/Frameworks -F /Applications/Xcode-27.0.0-Release.Candidate.app/Contents/Developer/Platforms/AppleTVOS.platform/Developer/SDKs/AppleTVOS27.0.sdk/Developer/Library/Frameworks -c -j10 -enable-batch-mode -incremental -Xcc -ivfsstatcache -Xcc /Users/admin/builder/spi-builder-workspace/.derivedData/SDKStatCaches.noindex/appletvos27.0-24J360-e829b21a6f8c9b70876ba0858053c044b32bfd8d43560033f8d89884cdb90028.sdkstatcache -output-file-map /Users/admin/builder/spi-builder-workspace/.derivedData/Build/Intermediates.noindex/SwiftyGPIO.build/Debug-appletvos/SwiftyGPIO-t.build/Objects-normal/arm64/SwiftyGPIO-OutputFileMap.json -save-temps -no-color-diagnostics -explicit-module-build -module-cache-path /Users/admin/builder/spi-builder-workspace/.derivedData/Build/Intermediates.noindex/SwiftExplicitPrecompiledModules -clang-scanner-module-cache-path /Users/admin/builder/spi-builder-workspace/.derivedData/ModuleCache.noindex -sdk-module-cache-path /Users/admin/builder/spi-builder-workspace/.derivedData/SDKExplicitPrecompiledModules -emit-dependencies -emit-module -emit-module-path /Users/admin/builder/spi-builder-workspace/.derivedData/Build/Intermediates.noindex/SwiftyGPIO.build/Debug-appletvos/SwiftyGPIO-t.build/Objects-normal/arm64/SwiftyGPIO.swiftmodule -serialize-diagnostics -dependency-scan-serialize-diagnostics-path /Users/admin/builder/spi-builder-workspace/.derivedData/Build/Intermediates.noindex/SwiftyGPIO.build/Debug-appletvos/SwiftyGPIO-t.build/Objects-normal/arm64/SwiftyGPIO-dependency-scan.dia -validate-clang-modules-once -clang-build-session-file /Users/admin/builder/spi-builder-workspace/.derivedData/ModuleCache.noindex/Session.modulevalidation -Xcc -fmodules-prune-interval\=86400 -Xcc -fmodules-prune-after\=345600 -emit-const-values -const-gather-protocols-list /Users/admin/builder/spi-builder-workspace/.derivedData/Build/Intermediates.noindex/SwiftyGPIO.build/Debug-appletvos/SwiftyGPIO-t.build/Objects-normal/arm64/SwiftyGPIO_const_extract_protocols.json -Xcc -I/Users/admin/builder/spi-builder-workspace/.derivedData/Build/Products/Debug-appletvos/include -Xcc -I/Users/admin/builder/spi-builder-workspace/.derivedData/Build/Intermediates.noindex/SwiftyGPIO.build/Debug-appletvos/SwiftyGPIO-t.build/DerivedSources-normal/arm64 -Xcc -I/Users/admin/builder/spi-builder-workspace/.derivedData/Build/Intermediates.noindex/SwiftyGPIO.build/Debug-appletvos/SwiftyGPIO-t.build/DerivedSources/arm64 -Xcc -I/Users/admin/builder/spi-builder-workspace/.derivedData/Build/Intermediates.noindex/SwiftyGPIO.build/Debug-appletvos/SwiftyGPIO-t.build/DerivedSources -Xcc -DSWIFT_PACKAGE -Xcc -DDEBUG\=1 -emit-objc-header -emit-objc-header-path /Users/admin/builder/spi-builder-workspace/.derivedData/Build/Intermediates.noindex/SwiftyGPIO.build/Debug-appletvos/SwiftyGPIO-t.build/Objects-normal/arm64/SwiftyGPIO-Swift.h -working-directory /Users/admin/builder/spi-builder-workspace/.swiftpm/xcode -experimental-emit-module-separately -disable-cmo
SwiftDriver SwiftyTM1637 normal arm64 com.apple.xcode.tools.swift.compiler (in target 'SwiftyTM1637' from project 'SwiftyTM1637')
    cd /Users/admin/builder/spi-builder-workspace/.swiftpm/xcode
    builtin-SwiftDriver -- /Applications/Xcode-27.0.0-Release.Candidate.app/Contents/Developer/Toolchains/XcodeDefault.xctoolchain/usr/bin/swiftc -parse-as-library -module-name SwiftyTM1637 -Onone @/Users/admin/builder/spi-builder-workspace/.derivedData/Build/Intermediates.noindex/SwiftyTM1637.build/Debug-appletvos/SwiftyTM1637-t.build/Objects-normal/arm64/SwiftyTM1637.SwiftFileList -DSWIFT_PACKAGE -DDEBUG -DSWIFT_MODULE_RESOURCE_BUNDLE_UNAVAILABLE -DXcode -plugin-path /Applications/Xcode-27.0.0-Release.Candidate.app/Contents/Developer/Toolchains/XcodeDefault.xctoolchain/usr/lib/swift/host/plugins/testing -enable-experimental-feature DebugDescriptionMacro -sdk /Applications/Xcode-27.0.0-Release.Candidate.app/Contents/Developer/Platforms/AppleTVOS.platform/Developer/SDKs/AppleTVOS27.0.sdk -target arm64-apple-tvos15.0 -g -module-cache-path /Users/admin/builder/spi-builder-workspace/.derivedData/ModuleCache.noindex -Xfrontend -serialize-debugging-options -profile-coverage-mapping -profile-generate -enable-testing -index-store-path /Users/admin/builder/spi-builder-workspace/.derivedData/Index.noindex/DataStore -Xcc -D_LIBCPP_HARDENING_MODE\=_LIBCPP_HARDENING_MODE_DEBUG -swift-version 4 -I /Users/admin/builder/spi-builder-workspace/.derivedData/Build/Products/Debug-appletvos -Isystem /Applications/Xcode-27.0.0-Release.Candidate.app/Contents/Developer/Platforms/AppleTVOS.platform/Developer/usr/lib -F /Users/admin/builder/spi-builder-workspace/.derivedData/Build/Products/Debug-appletvos/PackageFrameworks -F /Users/admin/builder/spi-builder-workspace/.derivedData/Build/Products/Debug-appletvos -F /Applications/Xcode-27.0.0-Release.Candidate.app/Contents/Developer/Platforms/AppleTVOS.platform/Developer/Library/Frameworks -F /Applications/Xcode-27.0.0-Release.Candidate.app/Contents/Developer/Platforms/AppleTVOS.platform/Developer/SDKs/AppleTVOS27.0.sdk/Developer/Library/Frameworks -c -j10 -enable-batch-mode -incremental -Xcc -ivfsstatcache -Xcc /Users/admin/builder/spi-builder-workspace/.derivedData/SDKStatCaches.noindex/appletvos27.0-24J360-e829b21a6f8c9b70876ba0858053c044b32bfd8d43560033f8d89884cdb90028.sdkstatcache -output-file-map /Users/admin/builder/spi-builder-workspace/.derivedData/Build/Intermediates.noindex/SwiftyTM1637.build/Debug-appletvos/SwiftyTM1637-t.build/Objects-normal/arm64/SwiftyTM1637-OutputFileMap.json -save-temps -no-color-diagnostics -emit-dependencies -emit-module -emit-module-path /Users/admin/builder/spi-builder-workspace/.derivedData/Build/Intermediates.noindex/SwiftyTM1637.build/Debug-appletvos/SwiftyTM1637-t.build/Objects-normal/arm64/SwiftyTM1637.swiftmodule -serialize-diagnostics -validate-clang-modules-once -clang-build-session-file /Users/admin/builder/spi-builder-workspace/.derivedData/ModuleCache.noindex/Session.modulevalidation -Xcc -fmodules-prune-interval\=86400 -Xcc -fmodules-prune-after\=345600 -emit-const-values -const-gather-protocols-list /Users/admin/builder/spi-builder-workspace/.derivedData/Build/Intermediates.noindex/SwiftyTM1637.build/Debug-appletvos/SwiftyTM1637-t.build/Objects-normal/arm64/SwiftyTM1637_const_extract_protocols.json -Xcc -I/Users/admin/builder/spi-builder-workspace/.derivedData/Build/Products/Debug-appletvos/include -Xcc -I/Users/admin/builder/spi-builder-workspace/.derivedData/Build/Intermediates.noindex/SwiftyTM1637.build/Debug-appletvos/SwiftyTM1637-t.build/DerivedSources-normal/arm64 -Xcc -I/Users/admin/builder/spi-builder-workspace/.derivedData/Build/Intermediates.noindex/SwiftyTM1637.build/Debug-appletvos/SwiftyTM1637-t.build/DerivedSources/arm64 -Xcc -I/Users/admin/builder/spi-builder-workspace/.derivedData/Build/Intermediates.noindex/SwiftyTM1637.build/Debug-appletvos/SwiftyTM1637-t.build/DerivedSources -Xcc -DSWIFT_PACKAGE -Xcc -DDEBUG\=1 -emit-objc-header -emit-objc-header-path /Users/admin/builder/spi-builder-workspace/.derivedData/Build/Intermediates.noindex/SwiftyTM1637.build/Debug-appletvos/SwiftyTM1637-t.build/Objects-normal/arm64/SwiftyTM1637-Swift.h -working-directory /Users/admin/builder/spi-builder-workspace/.swiftpm/xcode -experimental-emit-module-separately -disable-cmo
SwiftCompile normal arm64 Compiling\ SevenSegmentHexDigits.swift /Users/admin/builder/spi-builder-workspace/Sources/SwiftyTM1637/SevenSegmentHexDigits.swift (in target 'SwiftyTM1637' from project 'SwiftyTM1637')
SwiftCompile normal arm64 /Users/admin/builder/spi-builder-workspace/Sources/SwiftyTM1637/SevenSegmentHexDigits.swift (in target 'SwiftyTM1637' from project 'SwiftyTM1637')
    cd /Users/admin/builder/spi-builder-workspace/.swiftpm/xcode
    builtin-SwiftPerFileCompile SevenSegmentHexDigits.swift
SwiftCompile normal arm64 Compiling\ SevenSegment.swift /Users/admin/builder/spi-builder-workspace/Sources/SwiftyTM1637/SevenSegment.swift (in target 'SwiftyTM1637' from project 'SwiftyTM1637')
SwiftCompile normal arm64 /Users/admin/builder/spi-builder-workspace/Sources/SwiftyTM1637/SevenSegment.swift (in target 'SwiftyTM1637' from project 'SwiftyTM1637')
    cd /Users/admin/builder/spi-builder-workspace/.swiftpm/xcode
    builtin-SwiftPerFileCompile SevenSegment.swift
SwiftCompile normal arm64 Compiling\ SevenSegmentLetters.swift /Users/admin/builder/spi-builder-workspace/Sources/SwiftyTM1637/SevenSegmentLetters.swift (in target 'SwiftyTM1637' from project 'SwiftyTM1637')
SwiftCompile normal arm64 /Users/admin/builder/spi-builder-workspace/Sources/SwiftyTM1637/SevenSegmentLetters.swift (in target 'SwiftyTM1637' from project 'SwiftyTM1637')
    cd /Users/admin/builder/spi-builder-workspace/.swiftpm/xcode
    builtin-SwiftPerFileCompile SevenSegmentLetters.swift
SwiftCompile normal arm64 Compiling\ SevenSegmentRepresentable.swift /Users/admin/builder/spi-builder-workspace/Sources/SwiftyTM1637/SevenSegmentRepresentable.swift (in target 'SwiftyTM1637' from project 'SwiftyTM1637')
SwiftCompile normal arm64 /Users/admin/builder/spi-builder-workspace/Sources/SwiftyTM1637/SevenSegmentRepresentable.swift (in target 'SwiftyTM1637' from project 'SwiftyTM1637')
    cd /Users/admin/builder/spi-builder-workspace/.swiftpm/xcode
    builtin-SwiftPerFileCompile SevenSegmentRepresentable.swift
SwiftEmitModule normal arm64 Emitting\ module\ for\ SwiftyTM1637 (in target 'SwiftyTM1637' from project 'SwiftyTM1637')
SwiftCompile normal arm64 (in target 'SwiftyTM1637' from project 'SwiftyTM1637')
    cd /Users/admin/builder/spi-builder-workspace/.swiftpm/xcode

SwiftCompile normal arm64 Compiling\ SwiftyTM1637.swift /Users/admin/builder/spi-builder-workspace/Sources/SwiftyTM1637/SwiftyTM1637.swift (in target 'SwiftyTM1637' from project 'SwiftyTM1637')
SwiftCompile normal arm64 /Users/admin/builder/spi-builder-workspace/Sources/SwiftyTM1637/SwiftyTM1637.swift (in target 'SwiftyTM1637' from project 'SwiftyTM1637')
    cd /Users/admin/builder/spi-builder-workspace/.swiftpm/xcode
    builtin-SwiftPerFileCompile SwiftyTM1637.swift
SwiftCompile normal arm64 Compiling\ I2C.swift /Users/admin/builder/spi-builder-workspace/.dependencies/checkouts/SwiftyGPIO/Sources/I2C.swift (in target 'SwiftyGPIO' from project 'SwiftyGPIO')
SwiftCompile normal arm64 /Users/admin/builder/spi-builder-workspace/.dependencies/checkouts/SwiftyGPIO/Sources/I2C.swift (in target 'SwiftyGPIO' from project 'SwiftyGPIO')
    cd /Users/admin/builder/spi-builder-workspace/.swiftpm/xcode
    builtin-SwiftPerFileCompile I2C.swift
SwiftCompile normal arm64 Compiling\ 1Wire.swift /Users/admin/builder/spi-builder-workspace/.dependencies/checkouts/SwiftyGPIO/Sources/1Wire.swift (in target 'SwiftyGPIO' from project 'SwiftyGPIO')
SwiftCompile normal arm64 /Users/admin/builder/spi-builder-workspace/.dependencies/checkouts/SwiftyGPIO/Sources/1Wire.swift (in target 'SwiftyGPIO' from project 'SwiftyGPIO')
    cd /Users/admin/builder/spi-builder-workspace/.swiftpm/xcode
    builtin-SwiftPerFileCompile 1Wire.swift
SwiftCompile normal arm64 Compiling\ UART.swift /Users/admin/builder/spi-builder-workspace/.dependencies/checkouts/SwiftyGPIO/Sources/UART.swift (in target 'SwiftyGPIO' from project 'SwiftyGPIO')
/Users/admin/builder/spi-builder-workspace/.dependencies/checkouts/SwiftyGPIO/Sources/UART.swift:72:28: error: cannot convert value of type 'UInt32' to expected argument type 'UInt'
 70 |         switch self {
 71 |         case .None:
 72 |             cfg.c_cflag &= ~UInt32(PARENB | PARODD)
    |                            `- error: cannot convert value of type 'UInt32' to expected argument type 'UInt'
 73 |         case .Even:
 74 |             cfg.c_cflag &= ~UInt32(PARENB | PARODD)
/Users/admin/builder/spi-builder-workspace/.dependencies/checkouts/SwiftyGPIO/Sources/UART.swift:74:28: error: cannot convert value of type 'UInt32' to expected argument type 'UInt'
 72 |             cfg.c_cflag &= ~UInt32(PARENB | PARODD)
 73 |         case .Even:
 74 |             cfg.c_cflag &= ~UInt32(PARENB | PARODD)
    |                            `- error: cannot convert value of type 'UInt32' to expected argument type 'UInt'
 75 |             cfg.c_cflag |= UInt32(PARENB)
 76 |         case .Odd:
/Users/admin/builder/spi-builder-workspace/.dependencies/checkouts/SwiftyGPIO/Sources/UART.swift:75:28: error: cannot convert value of type 'UInt32' to expected argument type 'UInt'
 73 |         case .Even:
 74 |             cfg.c_cflag &= ~UInt32(PARENB | PARODD)
 75 |             cfg.c_cflag |= UInt32(PARENB)
    |                            `- error: cannot convert value of type 'UInt32' to expected argument type 'UInt'
 76 |         case .Odd:
 77 |             cfg.c_cflag |= UInt32(PARENB | PARODD)
/Users/admin/builder/spi-builder-workspace/.dependencies/checkouts/SwiftyGPIO/Sources/UART.swift:77:28: error: cannot convert value of type 'UInt32' to expected argument type 'UInt'
 75 |             cfg.c_cflag |= UInt32(PARENB)
 76 |         case .Odd:
 77 |             cfg.c_cflag |= UInt32(PARENB | PARODD)
    |                            `- error: cannot convert value of type 'UInt32' to expected argument type 'UInt'
 78 |         }
 79 |     }
/Users/admin/builder/spi-builder-workspace/.dependencies/checkouts/SwiftyGPIO/Sources/UART.swift:88:38: error: cannot convert value of type 'UInt32' to expected argument type 'UInt'
 86 |
 87 |     public func configure(_ cfg: inout termios) {
 88 |         cfg.c_cflag = (cfg.c_cflag & ~UInt32(CSIZE))
    |                                      `- error: cannot convert value of type 'UInt32' to expected argument type 'UInt'
 89 |         switch self {
 90 |         case .Eight:
/Users/admin/builder/spi-builder-workspace/.dependencies/checkouts/SwiftyGPIO/Sources/UART.swift:91:28: error: cannot convert value of type 'UInt32' to expected argument type 'UInt'
 89 |         switch self {
 90 |         case .Eight:
 91 |             cfg.c_cflag |= UInt32(CS8)
    |                            `- error: cannot convert value of type 'UInt32' to expected argument type 'UInt'
 92 |         case .Seven:
 93 |             cfg.c_cflag |= UInt32(CS7)
/Users/admin/builder/spi-builder-workspace/.dependencies/checkouts/SwiftyGPIO/Sources/UART.swift:93:28: error: cannot convert value of type 'UInt32' to expected argument type 'UInt'
 91 |             cfg.c_cflag |= UInt32(CS8)
 92 |         case .Seven:
 93 |             cfg.c_cflag |= UInt32(CS7)
    |                            `- error: cannot convert value of type 'UInt32' to expected argument type 'UInt'
 94 |         case .Six:
 95 |             cfg.c_cflag |= UInt32(CS6)
/Users/admin/builder/spi-builder-workspace/.dependencies/checkouts/SwiftyGPIO/Sources/UART.swift:95:28: error: cannot convert value of type 'UInt32' to expected argument type 'UInt'
 93 |             cfg.c_cflag |= UInt32(CS7)
 94 |         case .Six:
 95 |             cfg.c_cflag |= UInt32(CS6)
    |                            `- error: cannot convert value of type 'UInt32' to expected argument type 'UInt'
 96 |         }
 97 |     }
/Users/admin/builder/spi-builder-workspace/.dependencies/checkouts/SwiftyGPIO/Sources/UART.swift:107:28: error: cannot convert value of type 'UInt32' to expected argument type 'UInt'
105 |         switch self {
106 |         case .One:
107 |             cfg.c_cflag &= ~UInt32(CSTOPB)
    |                            `- error: cannot convert value of type 'UInt32' to expected argument type 'UInt'
108 |         case .Two:
109 |             cfg.c_cflag |= UInt32(CSTOPB)
/Users/admin/builder/spi-builder-workspace/.dependencies/checkouts/SwiftyGPIO/Sources/UART.swift:109:28: error: cannot convert value of type 'UInt32' to expected argument type 'UInt'
107 |             cfg.c_cflag &= ~UInt32(CSTOPB)
108 |         case .Two:
109 |             cfg.c_cflag |= UInt32(CSTOPB)
    |                            `- error: cannot convert value of type 'UInt32' to expected argument type 'UInt'
110 |         }
111 |     }
/Users/admin/builder/spi-builder-workspace/.dependencies/checkouts/SwiftyGPIO/Sources/UART.swift:199:24: error: cannot convert value of type 'UInt32' to expected argument type 'UInt'
197 |
198 |         bitsPerChar.configure(&tty)
199 |         tty.c_iflag &= ~UInt32(IGNBRK)      // disable break processing
    |                        `- error: cannot convert value of type 'UInt32' to expected argument type 'UInt'
200 |         tty.c_lflag =  0    				// no signaling chars, no echo,
201 |         // no canonical processing -> read bytes as they come without waiting for LF
/Users/admin/builder/spi-builder-workspace/.dependencies/checkouts/SwiftyGPIO/Sources/UART.swift:206:24: error: cannot convert value of type 'UInt32' to expected argument type 'UInt'
204 |         withUnsafeMutableBytes(of: &tty.c_cc) {$0[Int(VMIN)] = UInt8(1); return}
205 |         withUnsafeMutableBytes(of: &tty.c_cc) {$0[Int(VTIME)] = UInt8(5); return} // 5 10th of second read timeout
206 |         tty.c_iflag &= ~UInt32(IXON | IXOFF | IXANY) // Every kind of software flow control off
    |                        `- error: cannot convert value of type 'UInt32' to expected argument type 'UInt'
207 |         tty.c_cflag &= ~UInt32(CRTSCTS)  //No hw flow control
208 |         tty.c_cflag |= UInt32(CLOCAL | CREAD)        // Ignore modem controls, enable read
/Users/admin/builder/spi-builder-workspace/.dependencies/checkouts/SwiftyGPIO/Sources/UART.swift:207:24: error: cannot convert value of type 'UInt32' to expected argument type 'UInt'
205 |         withUnsafeMutableBytes(of: &tty.c_cc) {$0[Int(VTIME)] = UInt8(5); return} // 5 10th of second read timeout
206 |         tty.c_iflag &= ~UInt32(IXON | IXOFF | IXANY) // Every kind of software flow control off
207 |         tty.c_cflag &= ~UInt32(CRTSCTS)  //No hw flow control
    |                        `- error: cannot convert value of type 'UInt32' to expected argument type 'UInt'
208 |         tty.c_cflag |= UInt32(CLOCAL | CREAD)        // Ignore modem controls, enable read
209 |         parity.configure(&tty)
/Users/admin/builder/spi-builder-workspace/.dependencies/checkouts/SwiftyGPIO/Sources/UART.swift:208:24: error: cannot convert value of type 'UInt32' to expected argument type 'UInt'
206 |         tty.c_iflag &= ~UInt32(IXON | IXOFF | IXANY) // Every kind of software flow control off
207 |         tty.c_cflag &= ~UInt32(CRTSCTS)  //No hw flow control
208 |         tty.c_cflag |= UInt32(CLOCAL | CREAD)        // Ignore modem controls, enable read
    |                        `- error: cannot convert value of type 'UInt32' to expected argument type 'UInt'
209 |         parity.configure(&tty)
210 |         stopBits.configure(&tty)
/Users/admin/builder/spi-builder-workspace/.dependencies/checkouts/SwiftyGPIO/Sources/UART.swift:217:37: error: cannot find 'FIONREAD' in scope
215 |     public func hasAvailableData() throws -> Bool {
216 |         var bytesToRead = 0
217 |         let result = ioctl(fd, UInt(FIONREAD), &bytesToRead)
    |                                     `- error: cannot find 'FIONREAD' in scope
218 |
219 |         guard result >= 0 else { throw IOCTLError.callExecutionFailed(detail: String(format: "%s", strerror(errno))) }
/Applications/Xcode-27.0.0-Release.Candidate.app/Contents/Developer/Platforms/AppleTVOS.platform/Developer/SDKs/AppleTVOS27.0.sdk/usr/include/sys/filio.h:77:9: note: macro 'FIONREAD' unavailable: structure not supported
75 | #define FIOCLEX          _IO('f', 1)            /* set close on exec on fd */
76 | #define FIONCLEX         _IO('f', 2)            /* remove close on exec */
77 | #define FIONREAD        _IOR('f', 127, int)     /* get # bytes to read */
   |         `- note: macro 'FIONREAD' unavailable: structure not supported
78 | #define FIONBIO         _IOW('f', 126, int)     /* set/clear non-blocking i/o */
79 | #define FIOASYNC        _IOW('f', 125, int)     /* set/clear async i/o */
Failed frontend command:
/Applications/Xcode-27.0.0-Release.Candidate.app/Contents/Developer/Toolchains/XcodeDefault.xctoolchain/usr/bin/swift-frontend -frontend -c /Users/admin/builder/spi-builder-workspace/.dependencies/checkouts/SwiftyGPIO/Sources/1Wire.swift /Users/admin/builder/spi-builder-workspace/.dependencies/checkouts/SwiftyGPIO/Sources/ADC.swift /Users/admin/builder/spi-builder-workspace/.dependencies/checkouts/SwiftyGPIO/Sources/I2C.swift /Users/admin/builder/spi-builder-workspace/.dependencies/checkouts/SwiftyGPIO/Sources/Mailbox.swift /Users/admin/builder/spi-builder-workspace/.dependencies/checkouts/SwiftyGPIO/Sources/PWM.swift /Users/admin/builder/spi-builder-workspace/.dependencies/checkouts/SwiftyGPIO/Sources/Presets.swift /Users/admin/builder/spi-builder-workspace/.dependencies/checkouts/SwiftyGPIO/Sources/SPI.swift /Users/admin/builder/spi-builder-workspace/.dependencies/checkouts/SwiftyGPIO/Sources/SunXi.swift /Users/admin/builder/spi-builder-workspace/.dependencies/checkouts/SwiftyGPIO/Sources/SwiftyGPIO.swift -primary-file /Users/admin/builder/spi-builder-workspace/.dependencies/checkouts/SwiftyGPIO/Sources/UART.swift -emit-dependencies-path /Users/admin/builder/spi-builder-workspace/.derivedData/Build/Intermediates.noindex/SwiftyGPIO.build/Debug-appletvos/SwiftyGPIO-t.build/Objects-normal/arm64/UART.d -emit-const-values-path /Users/admin/builder/spi-builder-workspace/.derivedData/Build/Intermediates.noindex/SwiftyGPIO.build/Debug-appletvos/SwiftyGPIO-t.build/Objects-normal/arm64/UART.swiftconstvalues -emit-reference-dependencies-path /Users/admin/builder/spi-builder-workspace/.derivedData/Build/Intermediates.noindex/SwiftyGPIO.build/Debug-appletvos/SwiftyGPIO-t.build/Objects-normal/arm64/UART.swiftdeps -serialize-diagnostics-path /Users/admin/builder/spi-builder-workspace/.derivedData/Build/Intermediates.noindex/SwiftyGPIO.build/Debug-appletvos/SwiftyGPIO-t.build/Objects-normal/arm64/UART.dia -target arm64-apple-tvos15.0 -disable-cross-import-overlay-search -swift-module-cross-import Darwin /Applications/Xcode-27.0.0-Release.Candidate.app/Contents/Developer/Platforms/AppleTVOS.platform/Developer/SDKs/AppleTVOS.sdk/usr/include/Darwin.swiftcrossimport/xlocale.swiftoverlay -load-resolved-plugin /Applications/Xcode-27.0.0-Release.Candidate.app/Contents/Developer/Platforms/AppleTVOS.platform/Developer/usr/lib/swift/host/plugins/libFoundationMacros.dylib\#/Applications/Xcode-27.0.0-Release.Candidate.app/Contents/Developer/Platforms/AppleTVOS.platform/Developer/usr/bin/swift-plugin-server\#FoundationMacros -load-resolved-plugin /Applications/Xcode-27.0.0-Release.Candidate.app/Contents/Developer/Platforms/AppleTVOS.platform/Developer/usr/lib/swift/host/plugins/libObservationMacros.dylib\#/Applications/Xcode-27.0.0-Release.Candidate.app/Contents/Developer/Platforms/AppleTVOS.platform/Developer/usr/bin/swift-plugin-server\#ObservationMacros -load-resolved-plugin /Applications/Xcode-27.0.0-Release.Candidate.app/Contents/Developer/Platforms/AppleTVOS.platform/Developer/usr/lib/swift/host/plugins/libSwiftMacros.dylib\#/Applications/Xcode-27.0.0-Release.Candidate.app/Contents/Developer/Platforms/AppleTVOS.platform/Developer/usr/bin/swift-plugin-server\#SwiftMacros -disable-implicit-swift-modules -Xcc -fno-implicit-modules -Xcc -fno-implicit-module-maps -explicit-swift-module-map-file /Users/admin/builder/spi-builder-workspace/.derivedData/Build/Intermediates.noindex/SwiftyGPIO.build/Debug-appletvos/SwiftyGPIO-t.build/Objects-normal/arm64/SwiftyGPIO-dependencies-1.json -Xllvm -aarch64-use-tbi -enable-objc-interop -stack-check -sdk /Applications/Xcode-27.0.0-Release.Candidate.app/Contents/Developer/Platforms/AppleTVOS.platform/Developer/SDKs/AppleTVOS27.0.sdk -I /Users/admin/builder/spi-builder-workspace/.derivedData/Build/Products/Debug-appletvos -Isystem /Applications/Xcode-27.0.0-Release.Candidate.app/Contents/Developer/Platforms/AppleTVOS.platform/Developer/usr/lib -F /Users/admin/builder/spi-builder-workspace/.derivedData/Build/Products/Debug-appletvos -F /Applications/Xcode-27.0.0-Release.Candidate.app/Contents/Developer/Platforms/AppleTVOS.platform/Developer/Library/Frameworks -F /Applications/Xcode-27.0.0-Release.Candidate.app/Contents/Developer/Platforms/AppleTVOS.platform/Developer/SDKs/AppleTVOS27.0.sdk/Developer/Library/Frameworks -module-cache-path /Users/admin/builder/spi-builder-workspace/.derivedData/Build/Intermediates.noindex/SwiftExplicitPrecompiledModules -no-color-diagnostics -Xcc -fno-color-diagnostics -enable-testing -g -debug-info-format\=dwarf -dwarf-version\=4 -suppress-warnings -profile-generate -profile-coverage-mapping -swift-version 5 -Onone -D SWIFT_PACKAGE -D DEBUG -D SWIFT_MODULE_RESOURCE_BUNDLE_UNAVAILABLE -D Xcode -serialize-debugging-options -enable-experimental-feature DebugDescriptionMacro -empty-abi-descriptor -validate-clang-modules-once -clang-build-session-file /Users/admin/builder/spi-builder-workspace/.derivedData/ModuleCache.noindex/Session.modulevalidation -Xcc -working-directory -Xcc /Users/admin/builder/spi-builder-workspace/.swiftpm/xcode -enable-anonymous-context-mangled-names -file-compilation-dir /Users/admin/builder/spi-builder-workspace/.swiftpm/xcode -Xcc -D_LIBCPP_HARDENING_MODE\=_LIBCPP_HARDENING_MODE_DEBUG -Xcc -ivfsstatcache -Xcc /Users/admin/builder/spi-builder-workspace/.derivedData/SDKStatCaches.noindex/appletvos27.0-24J360-e829b21a6f8c9b70876ba0858053c044b32bfd8d43560033f8d89884cdb90028.sdkstatcache -Xcc -fmodules-prune-interval\=86400 -Xcc -fmodules-prune-after\=345600 -Xcc -I/Users/admin/builder/spi-builder-workspace/.derivedData/Build/Products/Debug-appletvos/include -Xcc -I/Users/admin/builder/spi-builder-workspace/.derivedData/Build/Intermediates.noindex/SwiftyGPIO.build/Debug-appletvos/SwiftyGPIO-t.build/DerivedSources-normal/arm64 -Xcc -I/Users/admin/builder/spi-builder-workspace/.derivedData/Build/Intermediates.noindex/SwiftyGPIO.build/Debug-appletvos/SwiftyGPIO-t.build/DerivedSources/arm64 -Xcc -I/Users/admin/builder/spi-builder-workspace/.derivedData/Build/Intermediates.noindex/SwiftyGPIO.build/Debug-appletvos/SwiftyGPIO-t.build/DerivedSources -Xcc -DSWIFT_PACKAGE -Xcc -DDEBUG\=1 -no-auto-bridging-header-chaining -module-name SwiftyGPIO -const-gather-protocols-file /Users/admin/builder/spi-builder-workspace/.derivedData/Build/Intermediates.noindex/SwiftyGPIO.build/Debug-appletvos/SwiftyGPIO-t.build/Objects-normal/arm64/SwiftyGPIO_const_extract_protocols.json -disable-clang-spi -clang-target arm64-apple-tvos27.0 -target-sdk-version 27.0 -target-sdk-name appletvos27.0 -in-process-plugin-server-path /Applications/Xcode-27.0.0-Release.Candidate.app/Contents/Developer/Toolchains/XcodeDefault.xctoolchain/usr/lib/swift/host/libSwiftInProcPluginServer.dylib -parse-as-library -o /Users/admin/builder/spi-builder-workspace/.derivedData/Build/Intermediates.noindex/SwiftyGPIO.build/Debug-appletvos/SwiftyGPIO-t.build/Objects-normal/arm64/UART.o -debug-module-path /Users/admin/builder/spi-builder-workspace/.derivedData/Build/Intermediates.noindex/SwiftyGPIO.build/Debug-appletvos/SwiftyGPIO-t.build/Objects-normal/arm64/SwiftyGPIO.swiftmodule -index-unit-output-path /SwiftyGPIO.build/Debug-appletvos/SwiftyGPIO-t.build/Objects-normal/arm64/UART.o -index-store-path /Users/admin/builder/spi-builder-workspace/.derivedData/Index.noindex/DataStore -index-system-modules
SwiftCompile normal arm64 /Users/admin/builder/spi-builder-workspace/.dependencies/checkouts/SwiftyGPIO/Sources/UART.swift (in target 'SwiftyGPIO' from project 'SwiftyGPIO')
    cd /Users/admin/builder/spi-builder-workspace/.swiftpm/xcode
    builtin-SwiftPerFileCompile UART.swift
SwiftCompile normal arm64 Compiling\ PWM.swift /Users/admin/builder/spi-builder-workspace/.dependencies/checkouts/SwiftyGPIO/Sources/PWM.swift (in target 'SwiftyGPIO' from project 'SwiftyGPIO')
SwiftCompile normal arm64 /Users/admin/builder/spi-builder-workspace/.dependencies/checkouts/SwiftyGPIO/Sources/PWM.swift (in target 'SwiftyGPIO' from project 'SwiftyGPIO')
    cd /Users/admin/builder/spi-builder-workspace/.swiftpm/xcode
    builtin-SwiftPerFileCompile PWM.swift
SwiftEmitModule normal arm64 Emitting\ module\ for\ SwiftyGPIO (in target 'SwiftyGPIO' from project 'SwiftyGPIO')
SwiftCompile normal arm64 (in target 'SwiftyGPIO' from project 'SwiftyGPIO')
    cd /Users/admin/builder/spi-builder-workspace/.swiftpm/xcode

PruneExplicitPrecompiledModules /Users/admin/builder/spi-builder-workspace/.derivedData/Build/Intermediates.noindex/SwiftExplicitPrecompiledModules
PruneExplicitPrecompiledModules /Users/admin/builder/spi-builder-workspace/.derivedData/SDKExplicitPrecompiledModules
PruneExplicitPrecompiledModules /Users/admin/builder/spi-builder-workspace/.derivedData/Build/Intermediates.noindex/ExplicitPrecompiledModules
2026-09-16 00:19:59.797 xcodebuild[757:4795] [MT] IDERunDestination: Supported platforms for the buildables in the current scheme is empty.
** BUILD FAILED **
The following build commands failed:
	SwiftCompile normal arm64 Compiling\ UART.swift /Users/admin/builder/spi-builder-workspace/.dependencies/checkouts/SwiftyGPIO/Sources/UART.swift (in target 'SwiftyGPIO' from project 'SwiftyGPIO')
	SwiftCompile normal arm64 /Users/admin/builder/spi-builder-workspace/.dependencies/checkouts/SwiftyGPIO/Sources/UART.swift (in target 'SwiftyGPIO' from project 'SwiftyGPIO')
	Building workspace SwiftyTM1637 with scheme SwiftyTM1637-Package
(3 failures)
BUILD FAILURE 6.4 tvOS