The Swift Package Index logo.Swift Package Index

Build Information

Failed to build penny with Swift 5.7 for macOS (Xcode) using Xcode 14.2 at 1.1.0.

Build Command

env DEVELOPER_DIR="/Applications/Xcode-14.2.0.app" xcrun xcodebuild -IDEClonedSourcePackagesDirPathOverride="$PWD/.dependencies" -derivedDataPath "$PWD/.derivedData" build -scheme penny-Package -destination 'platform=macos,arch=arm64'

Build Log

========================================
RunAll
========================================
Builder version: 4.22.0
Interrupt handler set up.
========================================
Checkout
========================================
Clone URL: https://github.com/loganwright/penny-api.git
Reference: 1.1.0
Initialized empty Git repository in /Users/builder/builds/o86TiJKT/3/finestructure/swiftpackageindex-builder/spi-builder-workspace/.git/
From https://github.com/loganwright/penny-api
 * tag               1.1.0      -> FETCH_HEAD
HEAD is now at d61f787 a simple test for autodeploy
Cloned https://github.com/loganwright/penny-api.git into spi-builder-workspace
d61f78738688599141ba4ba8b0f6e6749d07396e
SUCCESS checkout https://github.com/loganwright/penny-api.git at 1.1.0
========================================
Build
========================================
Selected platform:         macosXcodebuild
Swift version:             5.7
Building package at path:  spi-builder-workspace
Command line invocation:
    /Applications/Xcode-14.2.0.app/Contents/Developer/usr/bin/xcodebuild -IDEClonedSourcePackagesDirPathOverride=/Users/builder/builds/o86TiJKT/3/finestructure/swiftpackageindex-builder/spi-builder-workspace/.dependencies -resolvePackageDependencies

User defaults from command line:
    IDEClonedSourcePackagesDirPathOverride = /Users/builder/builds/o86TiJKT/3/finestructure/swiftpackageindex-builder/spi-builder-workspace/.dependencies
    IDEPackageSupportUseBuiltinSCM = YES
Resolve Package Graph

Fetching from https://github.com/vapor/sql.git (cached)

Fetching from https://github.com/vapor/fluent.git (cached)

Fetching from https://github.com/vapor/vapor.git (cached)

Fetching from https://github.com/vapor/websocket.git (cached)

Fetching from https://github.com/vapor/core.git (cached)

Fetching from https://github.com/apple/swift-nio.git (cached)

Fetching from https://github.com/apple/swift-nio-ssl-support.git (cached)

Fetching from https://github.com/vapor/crypto.git (cached)


Fetching from https://github.com/apple/swift-nio-ssl.git (cached)

Fetching from https://github.com/apple/swift-nio-zlib-support.git (cached)


Fetching from https://github.com/vapor/http.git (cached)
Fetching from https://github.com/vapor/database-kit.git (cached)

Fetching from https://github.com/vapor/postgresql.git (cached)
Fetching from https://github.com/vapor/fluent-postgresql.git (cached)

Fetching from https://github.com/vapor/console.git (cached)


Fetching from https://github.com/vapor/url-encoded-form.git (cached)

Fetching from https://github.com/vapor/service.git (cached)

Fetching from https://github.com/vapor/validation.git (cached)

Fetching from https://github.com/vapor/routing.git (cached)

Fetching from https://github.com/vapor/template-kit.git (cached)

Fetching from https://github.com/vapor/multipart.git (cached)

Cloning local copy of package ‘service’

Checking out 1.0.1 of package ‘service’


Cloning local copy of package ‘crypto’

Checking out 3.3.2 of package ‘crypto’

Cloning local copy of package ‘sql’

Checking out 2.3.0 of package ‘sql’

Cloning local copy of package ‘swift-nio-ssl-support’

Checking out 1.0.0 of package ‘swift-nio-ssl-support’

Cloning local copy of package ‘url-encoded-form’

Checking out 1.0.5 of package ‘url-encoded-form’

Cloning local copy of package ‘swift-nio-zlib-support’

Checking out 1.0.0 of package ‘swift-nio-zlib-support’

Cloning local copy of package ‘database-kit’

Checking out 1.3.3 of package ‘database-kit’

Cloning local copy of package ‘websocket’

Checking out 1.1.1 of package ‘websocket’

Cloning local copy of package ‘console’

Checking out 3.1.0 of package ‘console’

Cloning local copy of package ‘fluent’

Checking out 3.1.3 of package ‘fluent’


Cloning local copy of package ‘http’

Checking out 3.1.10 of package ‘http’


Cloning local copy of package ‘postgresql’

Checking out 1.4.1 of package ‘postgresql’


Cloning local copy of package ‘multipart’

Checking out 3.0.3 of package ‘multipart’

Cloning local copy of package ‘template-kit’

Checking out 1.1.1 of package ‘template-kit’


Cloning local copy of package ‘routing’

Checking out 3.0.2 of package ‘routing’

Cloning local copy of package ‘validation’

Checking out 2.1.1 of package ‘validation’

Cloning local copy of package ‘fluent-postgresql’

Checking out 1.0.0 of package ‘fluent-postgresql’

Cloning local copy of package ‘vapor’

Checking out 3.3.0 of package ‘vapor’

Cloning local copy of package ‘swift-nio-ssl’

Checking out 1.4.0 of package ‘swift-nio-ssl’

Cloning local copy of package ‘core’

Checking out 3.7.1 of package ‘core’

Cloning local copy of package ‘swift-nio’

Checking out 1.13.2 of package ‘swift-nio’

ignoring declared target(s) 'swift-nio-ssl-support' in the system package
ignoring declared target(s) 'swift-nio-zlib-support' in the system package
you may be able to install openssl using your system-packager:
    brew install libressl
failed to retrieve search paths with pkg-config; maybe pkg-config is not installed
couldn't find pc file for zlib
Resolve Package Graph
ignoring declared target(s) 'swift-nio-ssl-support' in the system packageignoring declared target(s) 'swift-nio-zlib-support' in the system package

Resolved source packages:
  swift-nio: https://github.com/apple/swift-nio.git @ 1.13.2
  Crypto: https://github.com/vapor/crypto.git @ 3.3.2
  TemplateKit: https://github.com/vapor/template-kit.git @ 1.1.1
  penny: /Users/builder/builds/o86TiJKT/3/finestructure/swiftpackageindex-builder/spi-builder-workspace
  WebSocket: https://github.com/vapor/websocket.git @ 1.1.1
  Vapor: https://github.com/vapor/vapor.git @ 3.3.0
  Routing: https://github.com/vapor/routing.git @ 3.0.2
  Multipart: https://github.com/vapor/multipart.git @ 3.0.3
  swift-nio-ssl-support: https://github.com/apple/swift-nio-ssl-support.git @ 1.0.0
  URLEncodedForm: https://github.com/vapor/url-encoded-form.git @ 1.0.5
  swift-nio-zlib-support: https://github.com/apple/swift-nio-zlib-support.git @ 1.0.0
  DatabaseKit: https://github.com/vapor/database-kit.git @ 1.3.3
  Service: https://github.com/vapor/service.git @ 1.0.1
  SQL: https://github.com/vapor/sql.git @ 2.3.0
  Fluent: https://github.com/vapor/fluent.git @ 3.1.3
  FluentPostgreSQL: https://github.com/vapor/fluent-postgresql.git @ 1.0.0
  Core: https://github.com/vapor/core.git @ 3.7.1
  Console: https://github.com/vapor/console.git @ 3.1.0
  HTTP: https://github.com/vapor/http.git @ 3.1.10
  PostgreSQL: https://github.com/vapor/postgresql.git @ 1.4.1
  swift-nio-ssl: https://github.com/apple/swift-nio-ssl.git @ 1.4.0
  Validation: https://github.com/vapor/validation.git @ 2.1.1
resolved source packages: swift-nio, Crypto, TemplateKit, penny, WebSocket, Vapor, Routing, Multipart, swift-nio-ssl-support, URLEncodedForm, swift-nio-zlib-support, DatabaseKit, Service, SQL, Fluent, FluentPostgreSQL, Core, Console, HTTP, PostgreSQL, swift-nio-ssl, Validation
{
  "workspace" : {
    "name" : "spi-builder-workspace",
    "schemes" : [
      "Penny",
      "penny-Package",
      "PennyConnector",
      "Run"
    ]
  }
}
Running build ...
env DEVELOPER_DIR="/Applications/Xcode-14.2.0.app" xcrun xcodebuild -IDEClonedSourcePackagesDirPathOverride="$PWD/.dependencies" -derivedDataPath "$PWD/.derivedData" build -scheme penny-Package -destination 'platform=macos,arch=arm64'
Command line invocation:
/Applications/Xcode-14.2.0.app/Contents/Developer/usr/bin/xcodebuild -IDEClonedSourcePackagesDirPathOverride=/Users/builder/builds/o86TiJKT/3/finestructure/swiftpackageindex-builder/spi-builder-workspace/.dependencies -derivedDataPath /Users/builder/builds/o86TiJKT/3/finestructure/swiftpackageindex-builder/spi-builder-workspace/.derivedData build -scheme penny-Package -destination platform=macos,arch=arm64

User defaults from command line:
    IDEClonedSourcePackagesDirPathOverride = /Users/builder/builds/o86TiJKT/3/finestructure/swiftpackageindex-builder/spi-builder-workspace/.dependencies
    IDEDerivedDataPathOverride = /Users/builder/builds/o86TiJKT/3/finestructure/swiftpackageindex-builder/spi-builder-workspace/.derivedData
    IDEPackageSupportUseBuiltinSCM = YES
Resolve Package Graph
ignoring declared target(s) 'swift-nio-ssl-support' in the system packageignoring declared target(s) 'swift-nio-zlib-support' in the system package
couldn't find pc file for zlib
failed to retrieve search paths with pkg-config; maybe pkg-config is not installed
you may be able to install openssl using your system-packager:
    brew install libressl

Resolve Package Graph
ignoring declared target(s) 'swift-nio-ssl-support' in the system package
ignoring declared target(s) 'swift-nio-zlib-support' in the system package
2023-08-22 23:30:19.506 xcodebuild[29902:510999] [MT] DVTAssertions: Warning in /System/Volumes/Data/SWE/Apps/DT/BuildRoots/BuildRoot2/ActiveBuildRoot/Library/Caches/com.apple.xbs/Sources/IDEFrameworks/IDEFrameworks-21534/IDEFoundation/Execution/RunContextManager/IDERunContextManager.m:842
Details:  Error deleting scheme: Cannot modify data because the process disallows saving.
Object:   <IDERunContextManager: 0x6000009650e0>
Method:   -deleteRunContexts:completionQueue:completionBlock:
Thread:   <_NSMainThread: 0x600002e64200>{number = 1, name = main}
Please file a bug at https://feedbackassistant.apple.com with this warning message and any useful information you can provide.
2023-08-22 23:30:19.507 xcodebuild[29902:510999] could not delete old scheme: Error Domain=DVTCustomDataStoringErrors Code=0 "Cannot modify data because the process disallows saving." UserInfo={NSLocalizedDescription=Cannot modify data because the process disallows saving.}
2023-08-22 23:30:19.507 xcodebuild[29902:510999] [MT] DVTAssertions: Warning in /System/Volumes/Data/SWE/Apps/DT/BuildRoots/BuildRoot2/ActiveBuildRoot/Library/Caches/com.apple.xbs/Sources/IDEFrameworks/IDEFrameworks-21534/IDEFoundation/Execution/RunContextManager/IDERunContextManager.m:842
Details:  Error deleting scheme: Cannot modify data because the process disallows saving.
Object:   <IDERunContextManager: 0x6000009650e0>
Method:   -deleteRunContexts:completionQueue:completionBlock:
Thread:   <_NSMainThread: 0x600002e64200>{number = 1, name = main}
Please file a bug at https://feedbackassistant.apple.com with this warning message and any useful information you can provide.
2023-08-22 23:30:19.507 xcodebuild[29902:510999] could not delete old scheme: Error Domain=DVTCustomDataStoringErrors Code=0 "Cannot modify data because the process disallows saving." UserInfo={NSLocalizedDescription=Cannot modify data because the process disallows saving.}
2023-08-22 23:30:19.507 xcodebuild[29902:510999] [MT] DVTAssertions: Warning in /System/Volumes/Data/SWE/Apps/DT/BuildRoots/BuildRoot2/ActiveBuildRoot/Library/Caches/com.apple.xbs/Sources/IDEFrameworks/IDEFrameworks-21534/IDEFoundation/Execution/RunContextManager/IDERunContextManager.m:842
Details:  Error deleting scheme: Cannot modify data because the process disallows saving.
Object:   <IDERunContextManager: 0x6000009650e0>
Method:   -deleteRunContexts:completionQueue:completionBlock:
Thread:   <_NSMainThread: 0x600002e64200>{number = 1, name = main}
Please file a bug at https://feedbackassistant.apple.com with this warning message and any useful information you can provide.
2023-08-22 23:30:19.507 xcodebuild[29902:510999] could not delete old scheme: Error Domain=DVTCustomDataStoringErrors Code=0 "Cannot modify data because the process disallows saving." UserInfo={NSLocalizedDescription=Cannot modify data because the process disallows saving.}
2023-08-22 23:30:19.507 xcodebuild[29902:510999] [MT] DVTAssertions: Warning in /System/Volumes/Data/SWE/Apps/DT/BuildRoots/BuildRoot2/ActiveBuildRoot/Library/Caches/com.apple.xbs/Sources/IDEFrameworks/IDEFrameworks-21534/IDEFoundation/Execution/RunContextManager/IDERunContextManager.m:842
Details:  Error deleting scheme: Cannot modify data because the process disallows saving.
Object:   <IDERunContextManager: 0x6000009650e0>
Method:   -deleteRunContexts:completionQueue:completionBlock:
Thread:   <_NSMainThread: 0x600002e64200>{number = 1, name = main}
Please file a bug at https://feedbackassistant.apple.com with this warning message and any useful information you can provide.
2023-08-22 23:30:19.507 xcodebuild[29902:510999] could not delete old scheme: Error Domain=DVTCustomDataStoringErrors Code=0 "Cannot modify data because the process disallows saving." UserInfo={NSLocalizedDescription=Cannot modify data because the process disallows saving.}

Resolved source packages:
  TemplateKit: https://github.com/vapor/template-kit.git @ 1.1.1
  HTTP: https://github.com/vapor/http.git @ 3.1.10
  PostgreSQL: https://github.com/vapor/postgresql.git @ 1.4.1
  Routing: https://github.com/vapor/routing.git @ 3.0.2
  Console: https://github.com/vapor/console.git @ 3.1.0
  swift-nio: https://github.com/apple/swift-nio.git @ 1.13.2
  SQL: https://github.com/vapor/sql.git @ 2.3.0
  Service: https://github.com/vapor/service.git @ 1.0.1
  Core: https://github.com/vapor/core.git @ 3.7.1
  FluentPostgreSQL: https://github.com/vapor/fluent-postgresql.git @ 1.0.0
  Multipart: https://github.com/vapor/multipart.git @ 3.0.3
  swift-nio-ssl-support: https://github.com/apple/swift-nio-ssl-support.git @ 1.0.0
  Validation: https://github.com/vapor/validation.git @ 2.1.1
  penny: /Users/builder/builds/o86TiJKT/3/finestructure/swiftpackageindex-builder/spi-builder-workspace
  URLEncodedForm: https://github.com/vapor/url-encoded-form.git @ 1.0.5
  WebSocket: https://github.com/vapor/websocket.git @ 1.1.1
  Fluent: https://github.com/vapor/fluent.git @ 3.1.3
  Vapor: https://github.com/vapor/vapor.git @ 3.3.0
  swift-nio-ssl: https://github.com/apple/swift-nio-ssl.git @ 1.4.0
  Crypto: https://github.com/vapor/crypto.git @ 3.3.2
  swift-nio-zlib-support: https://github.com/apple/swift-nio-zlib-support.git @ 1.0.0
  DatabaseKit: https://github.com/vapor/database-kit.git @ 1.3.3
2023-08-22 23:30:19.508 xcodebuild[29902:510999] Writing error result bundle to /var/folders/wy/f1cgtw1s2dq35nvlg5tpg7t00000gp/T/ResultBundle_2023-22-08_23-30-0019.xcresult
couldn't find pc file for zlib
you may be able to install openssl using your system-packager:
    brew install libressl

xcodebuild: error: The workspace named "spi-builder-workspace" does not contain a scheme named "penny-Package". The "-list" option can be used to find the names of the schemes in the workspace.
ShellOut encountered an error
Status code: 65
Message: "2023-08-22 23:30:19.506 xcodebuild[29902:510999] [MT] DVTAssertions: Warning in /System/Volumes/Data/SWE/Apps/DT/BuildRoots/BuildRoot2/ActiveBuildRoot/Library/Caches/com.apple.xbs/Sources/IDEFrameworks/IDEFrameworks-21534/IDEFoundation/Execution/RunContextManager/IDERunContextManager.m:842
Details:  Error deleting scheme: Cannot modify data because the process disallows saving.
Object:   <IDERunContextManager: 0x6000009650e0>
Method:   -deleteRunContexts:completionQueue:completionBlock:
Thread:   <_NSMainThread: 0x600002e64200>{number = 1, name = main}
Please file a bug at https://feedbackassistant.apple.com with this warning message and any useful information you can provide.
2023-08-22 23:30:19.507 xcodebuild[29902:510999] could not delete old scheme: Error Domain=DVTCustomDataStoringErrors Code=0 "Cannot modify data because the process disallows saving." UserInfo={NSLocalizedDescription=Cannot modify data because the process disallows saving.}
2023-08-22 23:30:19.507 xcodebuild[29902:510999] [MT] DVTAssertions: Warning in /System/Volumes/Data/SWE/Apps/DT/BuildRoots/BuildRoot2/ActiveBuildRoot/Library/Caches/com.apple.xbs/Sources/IDEFrameworks/IDEFrameworks-21534/IDEFoundation/Execution/RunContextManager/IDERunContextManager.m:842
Details:  Error deleting scheme: Cannot modify data because the process disallows saving.
Object:   <IDERunContextManager: 0x6000009650e0>
Method:   -deleteRunContexts:completionQueue:completionBlock:
Thread:   <_NSMainThread: 0x600002e64200>{number = 1, name = main}
Please file a bug at https://feedbackassistant.apple.com with this warning message and any useful information you can provide.
2023-08-22 23:30:19.507 xcodebuild[29902:510999] could not delete old scheme: Error Domain=DVTCustomDataStoringErrors Code=0 "Cannot modify data because the process disallows saving." UserInfo={NSLocalizedDescription=Cannot modify data because the process disallows saving.}
2023-08-22 23:30:19.507 xcodebuild[29902:510999] [MT] DVTAssertions: Warning in /System/Volumes/Data/SWE/Apps/DT/BuildRoots/BuildRoot2/ActiveBuildRoot/Library/Caches/com.apple.xbs/Sources/IDEFrameworks/IDEFrameworks-21534/IDEFoundation/Execution/RunContextManager/IDERunContextManager.m:842
Details:  Error deleting scheme: Cannot modify data because the process disallows saving.
Object:   <IDERunContextManager: 0x6000009650e0>
Method:   -deleteRunContexts:completionQueue:completionBlock:
Thread:   <_NSMainThread: 0x600002e64200>{number = 1, name = main}
Please file a bug at https://feedbackassistant.apple.com with this warning message and any useful information you can provide.
2023-08-22 23:30:19.507 xcodebuild[29902:510999] could not delete old scheme: Error Domain=DVTCustomDataStoringErrors Code=0 "Cannot modify data because the process disallows saving." UserInfo={NSLocalizedDescription=Cannot modify data because the process disallows saving.}
2023-08-22 23:30:19.507 xcodebuild[29902:510999] [MT] DVTAssertions: Warning in /System/Volumes/Data/SWE/Apps/DT/BuildRoots/BuildRoot2/ActiveBuildRoot/Library/Caches/com.apple.xbs/Sources/IDEFrameworks/IDEFrameworks-21534/IDEFoundation/Execution/RunContextManager/IDERunContextManager.m:842
Details:  Error deleting scheme: Cannot modify data because the process disallows saving.
Object:   <IDERunContextManager: 0x6000009650e0>
Method:   -deleteRunContexts:completionQueue:completionBlock:
Thread:   <_NSMainThread: 0x600002e64200>{number = 1, name = main}
Please file a bug at https://feedbackassistant.apple.com with this warning message and any useful information you can provide.
2023-08-22 23:30:19.507 xcodebuild[29902:510999] could not delete old scheme: Error Domain=DVTCustomDataStoringErrors Code=0 "Cannot modify data because the process disallows saving." UserInfo={NSLocalizedDescription=Cannot modify data because the process disallows saving.}
2023-08-22 23:30:19.508 xcodebuild[29902:510999] Writing error result bundle to /var/folders/wy/f1cgtw1s2dq35nvlg5tpg7t00000gp/T/ResultBundle_2023-22-08_23-30-0019.xcresult
xcodebuild: error: The workspace named "spi-builder-workspace" does not contain a scheme named "penny-Package". The "-list" option can be used to find the names of the schemes in the workspace."
Output: "Command line invocation:
    /Applications/Xcode-14.2.0.app/Contents/Developer/usr/bin/xcodebuild -IDEClonedSourcePackagesDirPathOverride=/Users/builder/builds/o86TiJKT/3/finestructure/swiftpackageindex-builder/spi-builder-workspace/.dependencies -derivedDataPath /Users/builder/builds/o86TiJKT/3/finestructure/swiftpackageindex-builder/spi-builder-workspace/.derivedData build -scheme penny-Package -destination platform=macos,arch=arm64

User defaults from command line:
    IDEClonedSourcePackagesDirPathOverride = /Users/builder/builds/o86TiJKT/3/finestructure/swiftpackageindex-builder/spi-builder-workspace/.dependencies
    IDEDerivedDataPathOverride = /Users/builder/builds/o86TiJKT/3/finestructure/swiftpackageindex-builder/spi-builder-workspace/.derivedData
    IDEPackageSupportUseBuiltinSCM = YES

Resolve Package Graph
ignoring declared target(s) 'swift-nio-ssl-support' in the system packageignoring declared target(s) 'swift-nio-zlib-support' in the system packagecouldn't find pc file for zlibfailed to retrieve search paths with pkg-config; maybe pkg-config is not installedyou may be able to install openssl using your system-packager:
    brew install libressl

Resolve Package Graph
ignoring declared target(s) 'swift-nio-ssl-support' in the system packageignoring declared target(s) 'swift-nio-zlib-support' in the system package
Resolved source packages:
  TemplateKit: https://github.com/vapor/template-kit.git @ 1.1.1
  HTTP: https://github.com/vapor/http.git @ 3.1.10
  PostgreSQL: https://github.com/vapor/postgresql.git @ 1.4.1
  Routing: https://github.com/vapor/routing.git @ 3.0.2
  Console: https://github.com/vapor/console.git @ 3.1.0
  swift-nio: https://github.com/apple/swift-nio.git @ 1.13.2
  SQL: https://github.com/vapor/sql.git @ 2.3.0
  Service: https://github.com/vapor/service.git @ 1.0.1
  Core: https://github.com/vapor/core.git @ 3.7.1
  FluentPostgreSQL: https://github.com/vapor/fluent-postgresql.git @ 1.0.0
  Multipart: https://github.com/vapor/multipart.git @ 3.0.3
  swift-nio-ssl-support: https://github.com/apple/swift-nio-ssl-support.git @ 1.0.0
  Validation: https://github.com/vapor/validation.git @ 2.1.1
  penny: /Users/builder/builds/o86TiJKT/3/finestructure/swiftpackageindex-builder/spi-builder-workspace
  URLEncodedForm: https://github.com/vapor/url-encoded-form.git @ 1.0.5
  WebSocket: https://github.com/vapor/websocket.git @ 1.1.1
  Fluent: https://github.com/vapor/fluent.git @ 3.1.3
  Vapor: https://github.com/vapor/vapor.git @ 3.3.0
  swift-nio-ssl: https://github.com/apple/swift-nio-ssl.git @ 1.4.0
  Crypto: https://github.com/vapor/crypto.git @ 3.3.2
  swift-nio-zlib-support: https://github.com/apple/swift-nio-zlib-support.git @ 1.0.0
  DatabaseKit: https://github.com/vapor/database-kit.git @ 1.3.3

couldn't find pc file for zlibyou may be able to install openssl using your system-packager:
    brew install libressl
"
Retrying in 0.0 seconds ...
Building ... (attempt 2)
Command line invocation:
    /Applications/Xcode-14.2.0.app/Contents/Developer/usr/bin/xcodebuild -IDEClonedSourcePackagesDirPathOverride=/Users/builder/builds/o86TiJKT/3/finestructure/swiftpackageindex-builder/spi-builder-workspace/.dependencies -derivedDataPath /Users/builder/builds/o86TiJKT/3/finestructure/swiftpackageindex-builder/spi-builder-workspace/.derivedData build -scheme penny-Package -destination platform=macos,arch=arm64

User defaults from command line:
    IDEClonedSourcePackagesDirPathOverride = /Users/builder/builds/o86TiJKT/3/finestructure/swiftpackageindex-builder/spi-builder-workspace/.dependencies
    IDEDerivedDataPathOverride = /Users/builder/builds/o86TiJKT/3/finestructure/swiftpackageindex-builder/spi-builder-workspace/.derivedData
    IDEPackageSupportUseBuiltinSCM = YES
Resolve Package Graph
ignoring declared target(s) 'swift-nio-ssl-support' in the system package
ignoring declared target(s) 'swift-nio-zlib-support' in the system package

Resolved source packages:
  Multipart: https://github.com/vapor/multipart.git @ 3.0.3
  swift-nio-ssl-support: https://github.com/apple/swift-nio-ssl-support.git @ 1.0.0
  DatabaseKit: https://github.com/vapor/database-kit.git @ 1.3.3
  Vapor: https://github.com/vapor/vapor.git @ 3.3.0
  WebSocket: https://github.com/vapor/websocket.git @ 1.1.1
  penny: /Users/builder/builds/o86TiJKT/3/finestructure/swiftpackageindex-builder/spi-builder-workspace
  SQL: https://github.com/vapor/sql.git @ 2.3.0
  swift-nio-ssl: https://github.com/apple/swift-nio-ssl.git @ 1.4.0
  Fluent: https://github.com/vapor/fluent.git @ 3.1.3
  Validation: https://github.com/vapor/validation.git @ 2.1.1
  PostgreSQL: https://github.com/vapor/postgresql.git @ 1.4.1
  Console: https://github.com/vapor/console.git @ 3.1.0
  swift-nio-zlib-support: https://github.com/apple/swift-nio-zlib-support.git @ 1.0.0
  Crypto: https://github.com/vapor/crypto.git @ 3.3.2
  FluentPostgreSQL: https://github.com/vapor/fluent-postgresql.git @ 1.0.0
  swift-nio: https://github.com/apple/swift-nio.git @ 1.13.2
  Service: https://github.com/vapor/service.git @ 1.0.1
  TemplateKit: https://github.com/vapor/template-kit.git @ 1.1.1
  HTTP: https://github.com/vapor/http.git @ 3.1.10
  Core: https://github.com/vapor/core.git @ 3.7.1
  URLEncodedForm: https://github.com/vapor/url-encoded-form.git @ 1.0.5
  Routing: https://github.com/vapor/routing.git @ 3.0.2

you may be able to install openssl using your system-packager:
    brew install libressl
--- xcodebuild: WARNING: Using the first of multiple matching destinations:
{ platform:macOS, arch:arm64, id:00008103-000604DE26D2001E }
{ platform:macOS, arch:arm64, variant:Mac Catalyst, id:00008103-000604DE26D2001E }
{ platform:macOS, arch:arm64, variant:DriverKit, id:00008103-000604DE26D2001E }
{ platform:macOS, arch:arm64, variant:Designed for [iPad,iPhone], id:00008103-000604DE26D2001E }
failed to retrieve search paths with pkg-config; maybe pkg-config is not installed
couldn't find pc file for zlib

Prepare packages

Computing target dependency graph and provisioning inputs

Create build description
Build description signature: 4c2c3f976a83bda6c97de0235cdaca1b
Build description path: /Users/builder/builds/o86TiJKT/3/finestructure/swiftpackageindex-builder/spi-builder-workspace/.derivedData/Build/Intermediates.noindex/XCBuildData/4c2c3f976a83bda6c97de0235cdaca1b-desc.xcbuild

note: Building targets in dependency order
CreateBuildDirectory /Users/builder/builds/o86TiJKT/3/finestructure/swiftpackageindex-builder/spi-builder-workspace/.derivedData/Build/Intermediates.noindex
    cd /Users/builder/builds/o86TiJKT/3/finestructure/swiftpackageindex-builder/spi-builder-workspace/.swiftpm/xcode
    builtin-create-build-directory /Users/builder/builds/o86TiJKT/3/finestructure/swiftpackageindex-builder/spi-builder-workspace/.derivedData/Build/Intermediates.noindex

CreateBuildDirectory /Users/builder/builds/o86TiJKT/3/finestructure/swiftpackageindex-builder/spi-builder-workspace/.derivedData/Build/Products
    cd /Users/builder/builds/o86TiJKT/3/finestructure/swiftpackageindex-builder/spi-builder-workspace/.swiftpm/xcode
    builtin-create-build-directory /Users/builder/builds/o86TiJKT/3/finestructure/swiftpackageindex-builder/spi-builder-workspace/.derivedData/Build/Products

CreateBuildDirectory /Users/builder/builds/o86TiJKT/3/finestructure/swiftpackageindex-builder/spi-builder-workspace/.derivedData/Build/Products/Debug
    cd /Users/builder/builds/o86TiJKT/3/finestructure/swiftpackageindex-builder/spi-builder-workspace/.swiftpm/xcode
    builtin-create-build-directory /Users/builder/builds/o86TiJKT/3/finestructure/swiftpackageindex-builder/spi-builder-workspace/.derivedData/Build/Products/Debug

CreateBuildDirectory /Users/builder/builds/o86TiJKT/3/finestructure/swiftpackageindex-builder/spi-builder-workspace/.derivedData/Build/Intermediates.noindex/EagerLinkingTBDs
    cd /Users/builder/builds/o86TiJKT/3/finestructure/swiftpackageindex-builder/spi-builder-workspace/.swiftpm/xcode
    builtin-create-build-directory /Users/builder/builds/o86TiJKT/3/finestructure/swiftpackageindex-builder/spi-builder-workspace/.derivedData/Build/Intermediates.noindex/EagerLinkingTBDs

CreateBuildDirectory /Users/builder/builds/o86TiJKT/3/finestructure/swiftpackageindex-builder/spi-builder-workspace/.derivedData/Build/Products/Debug/PackageFrameworks
    cd /Users/builder/builds/o86TiJKT/3/finestructure/swiftpackageindex-builder/spi-builder-workspace/.swiftpm/xcode
    builtin-create-build-directory /Users/builder/builds/o86TiJKT/3/finestructure/swiftpackageindex-builder/spi-builder-workspace/.derivedData/Build/Products/Debug/PackageFrameworks

MkDir /Users/builder/builds/o86TiJKT/3/finestructure/swiftpackageindex-builder/spi-builder-workspace/.derivedData/Build/Products/Debug/PennyTests.xctest/Contents (in target 'PennyTests' from project 'penny')
    cd /Users/builder/builds/o86TiJKT/3/finestructure/swiftpackageindex-builder/spi-builder-workspace
    /bin/mkdir -p /Users/builder/builds/o86TiJKT/3/finestructure/swiftpackageindex-builder/spi-builder-workspace/.derivedData/Build/Products/Debug/PennyTests.xctest/Contents

MkDir /Users/builder/builds/o86TiJKT/3/finestructure/swiftpackageindex-builder/spi-builder-workspace/.derivedData/Build/Products/Debug/PennyTests.xctest/Contents/MacOS (in target 'PennyTests' from project 'penny')
    cd /Users/builder/builds/o86TiJKT/3/finestructure/swiftpackageindex-builder/spi-builder-workspace
    /bin/mkdir -p /Users/builder/builds/o86TiJKT/3/finestructure/swiftpackageindex-builder/spi-builder-workspace/.derivedData/Build/Products/Debug/PennyTests.xctest/Contents/MacOS

MkDir /Users/builder/builds/o86TiJKT/3/finestructure/swiftpackageindex-builder/spi-builder-workspace/.derivedData/Build/Products/Debug/PennyTests.xctest (in target 'PennyTests' from project 'penny')
    cd /Users/builder/builds/o86TiJKT/3/finestructure/swiftpackageindex-builder/spi-builder-workspace
    /bin/mkdir -p /Users/builder/builds/o86TiJKT/3/finestructure/swiftpackageindex-builder/spi-builder-workspace/.derivedData/Build/Products/Debug/PennyTests.xctest

MkDir /Users/builder/builds/o86TiJKT/3/finestructure/swiftpackageindex-builder/spi-builder-workspace/.derivedData/Build/Products/Debug/MintTests.xctest/Contents (in target 'MintTests' from project 'penny')
    cd /Users/builder/builds/o86TiJKT/3/finestructure/swiftpackageindex-builder/spi-builder-workspace
    /bin/mkdir -p /Users/builder/builds/o86TiJKT/3/finestructure/swiftpackageindex-builder/spi-builder-workspace/.derivedData/Build/Products/Debug/MintTests.xctest/Contents

MkDir /Users/builder/builds/o86TiJKT/3/finestructure/swiftpackageindex-builder/spi-builder-workspace/.derivedData/Build/Products/Debug/MintTests.xctest/Contents/MacOS (in target 'MintTests' from project 'penny')
    cd /Users/builder/builds/o86TiJKT/3/finestructure/swiftpackageindex-builder/spi-builder-workspace
    /bin/mkdir -p /Users/builder/builds/o86TiJKT/3/finestructure/swiftpackageindex-builder/spi-builder-workspace/.derivedData/Build/Products/Debug/MintTests.xctest/Contents/MacOS

MkDir /Users/builder/builds/o86TiJKT/3/finestructure/swiftpackageindex-builder/spi-builder-workspace/.derivedData/Build/Products/Debug/MintTests.xctest (in target 'MintTests' from project 'penny')
    cd /Users/builder/builds/o86TiJKT/3/finestructure/swiftpackageindex-builder/spi-builder-workspace
    /bin/mkdir -p /Users/builder/builds/o86TiJKT/3/finestructure/swiftpackageindex-builder/spi-builder-workspace/.derivedData/Build/Products/Debug/MintTests.xctest
WriteAuxiliaryFile /Users/builder/builds/o86TiJKT/3/finestructure/swiftpackageindex-builder/spi-builder-workspace/.derivedData/Build/Intermediates.noindex/swift-nio.build/Debug/NIOPriorityQueue.build/NIOPriorityQueue.modulemap (in target 'NIOPriorityQueue' from project 'swift-nio')
    cd /Users/builder/builds/o86TiJKT/3/finestructure/swiftpackageindex-builder/spi-builder-workspace/.dependencies/checkouts/swift-nio
    write-file /Users/builder/builds/o86TiJKT/3/finestructure/swiftpackageindex-builder/spi-builder-workspace/.derivedData/Build/Intermediates.noindex/swift-nio.build/Debug/NIOPriorityQueue.build/NIOPriorityQueue.modulemap

WriteAuxiliaryFile /Users/builder/builds/o86TiJKT/3/finestructure/swiftpackageindex-builder/spi-builder-workspace/.derivedData/Build/Intermediates.noindex/swift-nio.build/Debug/CNIOZlib.build/CNIOZlib.modulemap (in target 'CNIOZlib' from project 'swift-nio')
    cd /Users/builder/builds/o86TiJKT/3/finestructure/swiftpackageindex-builder/spi-builder-workspace/.dependencies/checkouts/swift-nio
    write-file /Users/builder/builds/o86TiJKT/3/finestructure/swiftpackageindex-builder/spi-builder-workspace/.derivedData/Build/Intermediates.noindex/swift-nio.build/Debug/CNIOZlib.build/CNIOZlib.modulemap

WriteAuxiliaryFile /Users/builder/builds/o86TiJKT/3/finestructure/swiftpackageindex-builder/spi-builder-workspace/.derivedData/Build/Intermediates.noindex/Core.build/Debug/COperatingSystem.build/COperatingSystem.modulemap (in target 'COperatingSystem' from project 'Core')
    cd /Users/builder/builds/o86TiJKT/3/finestructure/swiftpackageindex-builder/spi-builder-workspace/.dependencies/checkouts/core
    write-file /Users/builder/builds/o86TiJKT/3/finestructure/swiftpackageindex-builder/spi-builder-workspace/.derivedData/Build/Intermediates.noindex/Core.build/Debug/COperatingSystem.build/COperatingSystem.modulemap

Copy /Users/builder/builds/o86TiJKT/3/finestructure/swiftpackageindex-builder/spi-builder-workspace/.derivedData/Build/Intermediates.noindex/GeneratedModuleMaps/NIOPriorityQueue.modulemap /Users/builder/builds/o86TiJKT/3/finestructure/swiftpackageindex-builder/spi-builder-workspace/.derivedData/Build/Intermediates.noindex/swift-nio.build/Debug/NIOPriorityQueue.build/NIOPriorityQueue.modulemap (in target 'NIOPriorityQueue' from project 'swift-nio')
    cd /Users/builder/builds/o86TiJKT/3/finestructure/swiftpackageindex-builder/spi-builder-workspace/.dependencies/checkouts/swift-nio
    builtin-copy -exclude .DS_Store -exclude CVS -exclude .svn -exclude .git -exclude .hg -resolve-src-symlinks /Users/builder/builds/o86TiJKT/3/finestructure/swiftpackageindex-builder/spi-builder-workspace/.derivedData/Build/Intermediates.noindex/swift-nio.build/Debug/NIOPriorityQueue.build/NIOPriorityQueue.modulemap /Users/builder/builds/o86TiJKT/3/finestructure/swiftpackageindex-builder/spi-builder-workspace/.derivedData/Build/Intermediates.noindex/GeneratedModuleMaps

WriteAuxiliaryFile /Users/builder/builds/o86TiJKT/3/finestructure/swiftpackageindex-builder/spi-builder-workspace/.derivedData/Build/Intermediates.noindex/Core.build/Debug/Debugging.build/Debugging.modulemap (in target 'Debugging' from project 'Core')
    cd /Users/builder/builds/o86TiJKT/3/finestructure/swiftpackageindex-builder/spi-builder-workspace/.dependencies/checkouts/core
    write-file /Users/builder/builds/o86TiJKT/3/finestructure/swiftpackageindex-builder/spi-builder-workspace/.derivedData/Build/Intermediates.noindex/Core.build/Debug/Debugging.build/Debugging.modulemap

WriteAuxiliaryFile /Users/builder/builds/o86TiJKT/3/finestructure/swiftpackageindex-builder/spi-builder-workspace/.derivedData/Build/Intermediates.noindex/swift-nio.build/Debug/CNIOLinux.build/CNIOLinux.modulemap (in target 'CNIOLinux' from project 'swift-nio')
    cd /Users/builder/builds/o86TiJKT/3/finestructure/swiftpackageindex-builder/spi-builder-workspace/.dependencies/checkouts/swift-nio
    write-file /Users/builder/builds/o86TiJKT/3/finestructure/swiftpackageindex-builder/spi-builder-workspace/.derivedData/Build/Intermediates.noindex/swift-nio.build/Debug/CNIOLinux.build/CNIOLinux.modulemap
WriteAuxiliaryFile /Users/builder/builds/o86TiJKT/3/finestructure/swiftpackageindex-builder/spi-builder-workspace/.derivedData/Build/Intermediates.noindex/swift-nio.build/Debug/CNIOSHA1.build/CNIOSHA1.modulemap (in target 'CNIOSHA1' from project 'swift-nio')
    cd /Users/builder/builds/o86TiJKT/3/finestructure/swiftpackageindex-builder/spi-builder-workspace/.dependencies/checkouts/swift-nio
    write-file /Users/builder/builds/o86TiJKT/3/finestructure/swiftpackageindex-builder/spi-builder-workspace/.derivedData/Build/Intermediates.noindex/swift-nio.build/Debug/CNIOSHA1.build/CNIOSHA1.modulemap

WriteAuxiliaryFile /Users/builder/builds/o86TiJKT/3/finestructure/swiftpackageindex-builder/spi-builder-workspace/.derivedData/Build/Intermediates.noindex/swift-nio.build/Debug/CNIOHTTPParser.build/CNIOHTTPParser.modulemap (in target 'CNIOHTTPParser' from project 'swift-nio')
    cd /Users/builder/builds/o86TiJKT/3/finestructure/swiftpackageindex-builder/spi-builder-workspace/.dependencies/checkouts/swift-nio
    write-file /Users/builder/builds/o86TiJKT/3/finestructure/swiftpackageindex-builder/spi-builder-workspace/.derivedData/Build/Intermediates.noindex/swift-nio.build/Debug/CNIOHTTPParser.build/CNIOHTTPParser.modulemap

WriteAuxiliaryFile /Users/builder/builds/o86TiJKT/3/finestructure/swiftpackageindex-builder/spi-builder-workspace/.derivedData/Build/Intermediates.noindex/swift-nio.build/Debug/CNIODarwin.build/CNIODarwin.modulemap (in target 'CNIODarwin' from project 'swift-nio')
    cd /Users/builder/builds/o86TiJKT/3/finestructure/swiftpackageindex-builder/spi-builder-workspace/.dependencies/checkouts/swift-nio
    write-file /Users/builder/builds/o86TiJKT/3/finestructure/swiftpackageindex-builder/spi-builder-workspace/.derivedData/Build/Intermediates.noindex/swift-nio.build/Debug/CNIODarwin.build/CNIODarwin.modulemap

WriteAuxiliaryFile /Users/builder/builds/o86TiJKT/3/finestructure/swiftpackageindex-builder/spi-builder-workspace/.derivedData/Build/Intermediates.noindex/swift-nio-ssl.build/Debug/CNIOOpenSSL.build/CNIOOpenSSL.modulemap (in target 'CNIOOpenSSL' from project 'swift-nio-ssl')
    cd /Users/builder/builds/o86TiJKT/3/finestructure/swiftpackageindex-builder/spi-builder-workspace/.dependencies/checkouts/swift-nio-ssl
    write-file /Users/builder/builds/o86TiJKT/3/finestructure/swiftpackageindex-builder/spi-builder-workspace/.derivedData/Build/Intermediates.noindex/swift-nio-ssl.build/Debug/CNIOOpenSSL.build/CNIOOpenSSL.modulemap

WriteAuxiliaryFile /Users/builder/builds/o86TiJKT/3/finestructure/swiftpackageindex-builder/spi-builder-workspace/.derivedData/Build/Intermediates.noindex/swift-nio.build/Debug/CNIOAtomics.build/CNIOAtomics.modulemap (in target 'CNIOAtomics' from project 'swift-nio')
    cd /Users/builder/builds/o86TiJKT/3/finestructure/swiftpackageindex-builder/spi-builder-workspace/.dependencies/checkouts/swift-nio
    write-file /Users/builder/builds/o86TiJKT/3/finestructure/swiftpackageindex-builder/spi-builder-workspace/.derivedData/Build/Intermediates.noindex/swift-nio.build/Debug/CNIOAtomics.build/CNIOAtomics.modulemap

WriteAuxiliaryFile /Users/builder/builds/o86TiJKT/3/finestructure/swiftpackageindex-builder/spi-builder-workspace/.derivedData/Build/Intermediates.noindex/Crypto.build/Debug/CCryptoOpenSSL.build/CCryptoOpenSSL.modulemap (in target 'CCryptoOpenSSL' from project 'Crypto')
    cd /Users/builder/builds/o86TiJKT/3/finestructure/swiftpackageindex-builder/spi-builder-workspace/.dependencies/checkouts/crypto
    write-file /Users/builder/builds/o86TiJKT/3/finestructure/swiftpackageindex-builder/spi-builder-workspace/.derivedData/Build/Intermediates.noindex/Crypto.build/Debug/CCryptoOpenSSL.build/CCryptoOpenSSL.modulemap

Copy /Users/builder/builds/o86TiJKT/3/finestructure/swiftpackageindex-builder/spi-builder-workspace/.derivedData/Build/Intermediates.noindex/GeneratedModuleMaps/Debugging.modulemap /Users/builder/builds/o86TiJKT/3/finestructure/swiftpackageindex-builder/spi-builder-workspace/.derivedData/Build/Intermediates.noindex/Core.build/Debug/Debugging.build/Debugging.modulemap (in target 'Debugging' from project 'Core')
    cd /Users/builder/builds/o86TiJKT/3/finestructure/swiftpackageindex-builder/spi-builder-workspace/.dependencies/checkouts/core
    builtin-copy -exclude .DS_Store -exclude CVS -exclude .svn -exclude .git -exclude .hg -resolve-src-symlinks /Users/builder/builds/o86TiJKT/3/finestructure/swiftpackageindex-builder/spi-builder-workspace/.derivedData/Build/Intermediates.noindex/Core.build/Debug/Debugging.build/Debugging.modulemap /Users/builder/builds/o86TiJKT/3/finestructure/swiftpackageindex-builder/spi-builder-workspace/.derivedData/Build/Intermediates.noindex/GeneratedModuleMaps

Copy /Users/builder/builds/o86TiJKT/3/finestructure/swiftpackageindex-builder/spi-builder-workspace/.derivedData/Build/Intermediates.noindex/GeneratedModuleMaps/COperatingSystem.modulemap /Users/builder/builds/o86TiJKT/3/finestructure/swiftpackageindex-builder/spi-builder-workspace/.derivedData/Build/Intermediates.noindex/Core.build/Debug/COperatingSystem.build/COperatingSystem.modulemap (in target 'COperatingSystem' from project 'Core')
    cd /Users/builder/builds/o86TiJKT/3/finestructure/swiftpackageindex-builder/spi-builder-workspace/.dependencies/checkouts/core
    builtin-copy -exclude .DS_Store -exclude CVS -exclude .svn -exclude .git -exclude .hg -resolve-src-symlinks /Users/builder/builds/o86TiJKT/3/finestructure/swiftpackageindex-builder/spi-builder-workspace/.derivedData/Build/Intermediates.noindex/Core.build/Debug/COperatingSystem.build/COperatingSystem.modulemap /Users/builder/builds/o86TiJKT/3/finestructure/swiftpackageindex-builder/spi-builder-workspace/.derivedData/Build/Intermediates.noindex/GeneratedModuleMaps

Copy /Users/builder/builds/o86TiJKT/3/finestructure/swiftpackageindex-builder/spi-builder-workspace/.derivedData/Build/Intermediates.noindex/GeneratedModuleMaps/CNIOZlib.modulemap /Users/builder/builds/o86TiJKT/3/finestructure/swiftpackageindex-builder/spi-builder-workspace/.derivedData/Build/Intermediates.noindex/swift-nio.build/Debug/CNIOZlib.build/CNIOZlib.modulemap (in target 'CNIOZlib' from project 'swift-nio')
    cd /Users/builder/builds/o86TiJKT/3/finestructure/swiftpackageindex-builder/spi-builder-workspace/.dependencies/checkouts/swift-nio
    builtin-copy -exclude .DS_Store -exclude CVS -exclude .svn -exclude .git -exclude .hg -resolve-src-symlinks /Users/builder/builds/o86TiJKT/3/finestructure/swiftpackageindex-builder/spi-builder-workspace/.derivedData/Build/Intermediates.noindex/swift-nio.build/Debug/CNIOZlib.build/CNIOZlib.modulemap /Users/builder/builds/o86TiJKT/3/finestructure/swiftpackageindex-builder/spi-builder-workspace/.derivedData/Build/Intermediates.noindex/GeneratedModuleMaps

Copy /Users/builder/builds/o86TiJKT/3/finestructure/swiftpackageindex-builder/spi-builder-workspace/.derivedData/Build/Intermediates.noindex/GeneratedModuleMaps/CNIOSHA1.modulemap /Users/builder/builds/o86TiJKT/3/finestructure/swiftpackageindex-builder/spi-builder-workspace/.derivedData/Build/Intermediates.noindex/swift-nio.build/Debug/CNIOSHA1.build/CNIOSHA1.modulemap (in target 'CNIOSHA1' from project 'swift-nio')
    cd /Users/builder/builds/o86TiJKT/3/finestructure/swiftpackageindex-builder/spi-builder-workspace/.dependencies/checkouts/swift-nio
    builtin-copy -exclude .DS_Store -exclude CVS -exclude .svn -exclude .git -exclude .hg -resolve-src-symlinks /Users/builder/builds/o86TiJKT/3/finestructure/swiftpackageindex-builder/spi-builder-workspace/.derivedData/Build/Intermediates.noindex/swift-nio.build/Debug/CNIOSHA1.build/CNIOSHA1.modulemap /Users/builder/builds/o86TiJKT/3/finestructure/swiftpackageindex-builder/spi-builder-workspace/.derivedData/Build/Intermediates.noindex/GeneratedModuleMaps

Copy /Users/builder/builds/o86TiJKT/3/finestructure/swiftpackageindex-builder/spi-builder-workspace/.derivedData/Build/Intermediates.noindex/GeneratedModuleMaps/CNIOOpenSSL.modulemap /Users/builder/builds/o86TiJKT/3/finestructure/swiftpackageindex-builder/spi-builder-workspace/.derivedData/Build/Intermediates.noindex/swift-nio-ssl.build/Debug/CNIOOpenSSL.build/CNIOOpenSSL.modulemap (in target 'CNIOOpenSSL' from project 'swift-nio-ssl')
    cd /Users/builder/builds/o86TiJKT/3/finestructure/swiftpackageindex-builder/spi-builder-workspace/.dependencies/checkouts/swift-nio-ssl
    builtin-copy -exclude .DS_Store -exclude CVS -exclude .svn -exclude .git -exclude .hg -resolve-src-symlinks /Users/builder/builds/o86TiJKT/3/finestructure/swiftpackageindex-builder/spi-builder-workspace/.derivedData/Build/Intermediates.noindex/swift-nio-ssl.build/Debug/CNIOOpenSSL.build/CNIOOpenSSL.modulemap /Users/builder/builds/o86TiJKT/3/finestructure/swiftpackageindex-builder/spi-builder-workspace/.derivedData/Build/Intermediates.noindex/GeneratedModuleMaps

Copy /Users/builder/builds/o86TiJKT/3/finestructure/swiftpackageindex-builder/spi-builder-workspace/.derivedData/Build/Intermediates.noindex/GeneratedModuleMaps/CNIOLinux.modulemap /Users/builder/builds/o86TiJKT/3/finestructure/swiftpackageindex-builder/spi-builder-workspace/.derivedData/Build/Intermediates.noindex/swift-nio.build/Debug/CNIOLinux.build/CNIOLinux.modulemap (in target 'CNIOLinux' from project 'swift-nio')
    cd /Users/builder/builds/o86TiJKT/3/finestructure/swiftpackageindex-builder/spi-builder-workspace/.dependencies/checkouts/swift-nio
    builtin-copy -exclude .DS_Store -exclude CVS -exclude .svn -exclude .git -exclude .hg -resolve-src-symlinks /Users/builder/builds/o86TiJKT/3/finestructure/swiftpackageindex-builder/spi-builder-workspace/.derivedData/Build/Intermediates.noindex/swift-nio.build/Debug/CNIOLinux.build/CNIOLinux.modulemap /Users/builder/builds/o86TiJKT/3/finestructure/swiftpackageindex-builder/spi-builder-workspace/.derivedData/Build/Intermediates.noindex/GeneratedModuleMaps

Copy /Users/builder/builds/o86TiJKT/3/finestructure/swiftpackageindex-builder/spi-builder-workspace/.derivedData/Build/Intermediates.noindex/GeneratedModuleMaps/CNIOHTTPParser.modulemap /Users/builder/builds/o86TiJKT/3/finestructure/swiftpackageindex-builder/spi-builder-workspace/.derivedData/Build/Intermediates.noindex/swift-nio.build/Debug/CNIOHTTPParser.build/CNIOHTTPParser.modulemap (in target 'CNIOHTTPParser' from project 'swift-nio')
    cd /Users/builder/builds/o86TiJKT/3/finestructure/swiftpackageindex-builder/spi-builder-workspace/.dependencies/checkouts/swift-nio
    builtin-copy -exclude .DS_Store -exclude CVS -exclude .svn -exclude .git -exclude .hg -resolve-src-symlinks /Users/builder/builds/o86TiJKT/3/finestructure/swiftpackageindex-builder/spi-builder-workspace/.derivedData/Build/Intermediates.noindex/swift-nio.build/Debug/CNIOHTTPParser.build/CNIOHTTPParser.modulemap /Users/builder/builds/o86TiJKT/3/finestructure/swiftpackageindex-builder/spi-builder-workspace/.derivedData/Build/Intermediates.noindex/GeneratedModuleMaps

Copy /Users/builder/builds/o86TiJKT/3/finestructure/swiftpackageindex-builder/spi-builder-workspace/.derivedData/Build/Intermediates.noindex/GeneratedModuleMaps/CNIODarwin.modulemap /Users/builder/builds/o86TiJKT/3/finestructure/swiftpackageindex-builder/spi-builder-workspace/.derivedData/Build/Intermediates.noindex/swift-nio.build/Debug/CNIODarwin.build/CNIODarwin.modulemap (in target 'CNIODarwin' from project 'swift-nio')
    cd /Users/builder/builds/o86TiJKT/3/finestructure/swiftpackageindex-builder/spi-builder-workspace/.dependencies/checkouts/swift-nio
    builtin-copy -exclude .DS_Store -exclude CVS -exclude .svn -exclude .git -exclude .hg -resolve-src-symlinks /Users/builder/builds/o86TiJKT/3/finestructure/swiftpackageindex-builder/spi-builder-workspace/.derivedData/Build/Intermediates.noindex/swift-nio.build/Debug/CNIODarwin.build/CNIODarwin.modulemap /Users/builder/builds/o86TiJKT/3/finestructure/swiftpackageindex-builder/spi-builder-workspace/.derivedData/Build/Intermediates.noindex/GeneratedModuleMaps

Copy /Users/builder/builds/o86TiJKT/3/finestructure/swiftpackageindex-builder/spi-builder-workspace/.derivedData/Build/Intermediates.noindex/GeneratedModuleMaps/CNIOAtomics.modulemap /Users/builder/builds/o86TiJKT/3/finestructure/swiftpackageindex-builder/spi-builder-workspace/.derivedData/Build/Intermediates.noindex/swift-nio.build/Debug/CNIOAtomics.build/CNIOAtomics.modulemap (in target 'CNIOAtomics' from project 'swift-nio')
    cd /Users/builder/builds/o86TiJKT/3/finestructure/swiftpackageindex-builder/spi-builder-workspace/.dependencies/checkouts/swift-nio
    builtin-copy -exclude .DS_Store -exclude CVS -exclude .svn -exclude .git -exclude .hg -resolve-src-symlinks /Users/builder/builds/o86TiJKT/3/finestructure/swiftpackageindex-builder/spi-builder-workspace/.derivedData/Build/Intermediates.noindex/swift-nio.build/Debug/CNIOAtomics.build/CNIOAtomics.modulemap /Users/builder/builds/o86TiJKT/3/finestructure/swiftpackageindex-builder/spi-builder-workspace/.derivedData/Build/Intermediates.noindex/GeneratedModuleMaps

CompileC /Users/builder/builds/o86TiJKT/3/finestructure/swiftpackageindex-builder/spi-builder-workspace/.derivedData/Build/Intermediates.noindex/Crypto.build/Debug/CBcrypt.build/Objects-normal/arm64/blf.o /Users/builder/builds/o86TiJKT/3/finestructure/swiftpackageindex-builder/spi-builder-workspace/.dependencies/checkouts/crypto/Sources/CBcrypt/blf.c normal arm64 c com.apple.compilers.llvm.clang.1_0.compiler (in target 'CBcrypt' from project 'Crypto')
    cd /Users/builder/builds/o86TiJKT/3/finestructure/swiftpackageindex-builder/spi-builder-workspace/.dependencies/checkouts/crypto
    /Applications/Xcode-14.2.0.app/Contents/Developer/Toolchains/XcodeDefault.xctoolchain/usr/bin/clang -x c -target arm64-apple-macos10.13 -fmessage-length\=0 -fdiagnostics-show-note-include-stack -fmacro-backtrace-limit\=0 -fmodules -gmodules -fmodules-cache-path\=/Users/builder/builds/o86TiJKT/3/finestructure/swiftpackageindex-builder/spi-builder-workspace/.derivedData/ModuleCache.noindex -fmodules-prune-interval\=86400 -fmodules-prune-after\=345600 -fbuild-session-file\=/Users/builder/builds/o86TiJKT/3/finestructure/swiftpackageindex-builder/spi-builder-workspace/.derivedData/ModuleCache.noindex/Session.modulevalidation -fmodules-validate-once-per-build-session -Wnon-modular-include-in-framework-module -Werror\=non-modular-include-in-framework-module -fmodule-name\=CBcrypt -Wno-trigraphs -fpascal-strings -O0 -Wno-missing-field-initializers -Wno-missing-prototypes -Wno-return-type -Wno-missing-braces -Wparentheses -Wswitch -Wno-unused-function -Wno-unused-label -Wno-unused-parameter -Wno-unused-variable -Wunused-value -Wno-empty-body -Wno-uninitialized -Wno-unknown-pragmas -Wno-shadow -Wno-four-char-constants -Wno-conversion -Wno-constant-conversion -Wno-int-conversion -Wno-bool-conversion -Wno-enum-conversion -Wno-float-conversion -Wno-non-literal-null-conversion -Wno-objc-literal-conversion -Wshorten-64-to-32 -Wpointer-sign -Wno-newline-eof -Wno-implicit-fallthrough -DSWIFT_PACKAGE -DDEBUG\=1 -isysroot /Applications/Xcode-14.2.0.app/Contents/Developer/Platforms/MacOSX.platform/Developer/SDKs/MacOSX13.1.sdk -fstrict-aliasing -Wdeprecated-declarations -g -Wno-sign-conversion -Wno-infinite-recursion -Wno-comma -Wno-block-capture-autoreleasing -Wno-strict-prototypes -Wno-semicolon-before-method-body -index-store-path /Users/builder/builds/o86TiJKT/3/finestructure/swiftpackageindex-builder/spi-builder-workspace/.derivedData/Index.noindex/DataStore -I/Users/builder/builds/o86TiJKT/3/finestructure/swiftpackageindex-builder/spi-builder-workspace/.derivedData/Build/Products/Debug/include -I/Users/builder/builds/o86TiJKT/3/finestructure/swiftpackageindex-builder/spi-builder-workspace/.dependencies/checkouts/crypto/Sources/CBcrypt/include -I/Users/builder/builds/o86TiJKT/3/finestructure/swiftpackageindex-builder/spi-builder-workspace/.derivedData/Build/Intermediates.noindex/Crypto.build/Debug/CBcrypt.build/DerivedSources-normal/arm64 -I/Users/builder/builds/o86TiJKT/3/finestructure/swiftpackageindex-builder/spi-builder-workspace/.derivedData/Build/Intermediates.noindex/Crypto.build/Debug/CBcrypt.build/DerivedSources/arm64 -I/Users/builder/builds/o86TiJKT/3/finestructure/swiftpackageindex-builder/spi-builder-workspace/.derivedData/Build/Intermediates.noindex/Crypto.build/Debug/CBcrypt.build/DerivedSources -F/Users/builder/builds/o86TiJKT/3/finestructure/swiftpackageindex-builder/spi-builder-workspace/.derivedData/Build/Products/Debug -F/Applications/Xcode-14.2.0.app/Contents/Developer/Platforms/MacOSX.platform/Developer/Library/Frameworks -fmodule-map-file\=/Users/builder/builds/o86TiJKT/3/finestructure/swiftpackageindex-builder/spi-builder-workspace/.dependencies/checkouts/swift-nio-ssl-support/module.modulemap -DXcode -MMD -MT dependencies -MF /Users/builder/builds/o86TiJKT/3/finestructure/swiftpackageindex-builder/spi-builder-workspace/.derivedData/Build/Intermediates.noindex/Crypto.build/Debug/CBcrypt.build/Objects-normal/arm64/blf.d --serialize-diagnostics /Users/builder/builds/o86TiJKT/3/finestructure/swiftpackageindex-builder/spi-builder-workspace/.derivedData/Build/Intermediates.noindex/Crypto.build/Debug/CBcrypt.build/Objects-normal/arm64/blf.dia -c /Users/builder/builds/o86TiJKT/3/finestructure/swiftpackageindex-builder/spi-builder-workspace/.dependencies/checkouts/crypto/Sources/CBcrypt/blf.c -o /Users/builder/builds/o86TiJKT/3/finestructure/swiftpackageindex-builder/spi-builder-workspace/.derivedData/Build/Intermediates.noindex/Crypto.build/Debug/CBcrypt.build/Objects-normal/arm64/blf.o -index-unit-output-path /Crypto.build/Debug/CBcrypt.build/Objects-normal/arm64/blf.o

WriteAuxiliaryFile /Users/builder/builds/o86TiJKT/3/finestructure/swiftpackageindex-builder/spi-builder-workspace/.derivedData/Build/Intermediates.noindex/Crypto.build/Debug/CBcrypt.build/Objects-normal/arm64/CBcrypt.LinkFileList (in target 'CBcrypt' from project 'Crypto')
    cd /Users/builder/builds/o86TiJKT/3/finestructure/swiftpackageindex-builder/spi-builder-workspace/.dependencies/checkouts/crypto
    write-file /Users/builder/builds/o86TiJKT/3/finestructure/swiftpackageindex-builder/spi-builder-workspace/.derivedData/Build/Intermediates.noindex/Crypto.build/Debug/CBcrypt.build/Objects-normal/arm64/CBcrypt.LinkFileList
CompileC /Users/builder/builds/o86TiJKT/3/finestructure/swiftpackageindex-builder/spi-builder-workspace/.derivedData/Build/Intermediates.noindex/Crypto.build/Debug/CBcrypt.build/Objects-normal/arm64/bcrypt.o /Users/builder/builds/o86TiJKT/3/finestructure/swiftpackageindex-builder/spi-builder-workspace/.dependencies/checkouts/crypto/Sources/CBcrypt/bcrypt.c normal arm64 c com.apple.compilers.llvm.clang.1_0.compiler (in target 'CBcrypt' from project 'Crypto')
    cd /Users/builder/builds/o86TiJKT/3/finestructure/swiftpackageindex-builder/spi-builder-workspace/.dependencies/checkouts/crypto
    /Applications/Xcode-14.2.0.app/Contents/Developer/Toolchains/XcodeDefault.xctoolchain/usr/bin/clang -x c -target arm64-apple-macos10.13 -fmessage-length\=0 -fdiagnostics-show-note-include-stack -fmacro-backtrace-limit\=0 -fmodules -gmodules -fmodules-cache-path\=/Users/builder/builds/o86TiJKT/3/finestructure/swiftpackageindex-builder/spi-builder-workspace/.derivedData/ModuleCache.noindex -fmodules-prune-interval\=86400 -fmodules-prune-after\=345600 -fbuild-session-file\=/Users/builder/builds/o86TiJKT/3/finestructure/swiftpackageindex-builder/spi-builder-workspace/.derivedData/ModuleCache.noindex/Session.modulevalidation -fmodules-validate-once-per-build-session -Wnon-modular-include-in-framework-module -Werror\=non-modular-include-in-framework-module -fmodule-name\=CBcrypt -Wno-trigraphs -fpascal-strings -O0 -Wno-missing-field-initializers -Wno-missing-prototypes -Wno-return-type -Wno-missing-braces -Wparentheses -Wswitch -Wno-unused-function -Wno-unused-label -Wno-unused-parameter -Wno-unused-variable -Wunused-value -Wno-empty-body -Wno-uninitialized -Wno-unknown-pragmas -Wno-shadow -Wno-four-char-constants -Wno-conversion -Wno-constant-conversion -Wno-int-conversion -Wno-bool-conversion -Wno-enum-conversion -Wno-float-conversion -Wno-non-literal-null-conversion -Wno-objc-literal-conversion -Wshorten-64-to-32 -Wpointer-sign -Wno-newline-eof -Wno-implicit-fallthrough -DSWIFT_PACKAGE -DDEBUG\=1 -isysroot /Applications/Xcode-14.2.0.app/Contents/Developer/Platforms/MacOSX.platform/Developer/SDKs/MacOSX13.1.sdk -fstrict-aliasing -Wdeprecated-declarations -g -Wno-sign-conversion -Wno-infinite-recursion -Wno-comma -Wno-block-capture-autoreleasing -Wno-strict-prototypes -Wno-semicolon-before-method-body -index-store-path /Users/builder/builds/o86TiJKT/3/finestructure/swiftpackageindex-builder/spi-builder-workspace/.derivedData/Index.noindex/DataStore -I/Users/builder/builds/o86TiJKT/3/finestructure/swiftpackageindex-builder/spi-builder-workspace/.derivedData/Build/Products/Debug/include -I/Users/builder/builds/o86TiJKT/3/finestructure/swiftpackageindex-builder/spi-builder-workspace/.dependencies/checkouts/crypto/Sources/CBcrypt/include -I/Users/builder/builds/o86TiJKT/3/finestructure/swiftpackageindex-builder/spi-builder-workspace/.derivedData/Build/Intermediates.noindex/Crypto.build/Debug/CBcrypt.build/DerivedSources-normal/arm64 -I/Users/builder/builds/o86TiJKT/3/finestructure/swiftpackageindex-builder/spi-builder-workspace/.derivedData/Build/Intermediates.noindex/Crypto.build/Debug/CBcrypt.build/DerivedSources/arm64 -I/Users/builder/builds/o86TiJKT/3/finestructure/swiftpackageindex-builder/spi-builder-workspace/.derivedData/Build/Intermediates.noindex/Crypto.build/Debug/CBcrypt.build/DerivedSources -F/Users/builder/builds/o86TiJKT/3/finestructure/swiftpackageindex-builder/spi-builder-workspace/.derivedData/Build/Products/Debug -F/Applications/Xcode-14.2.0.app/Contents/Developer/Platforms/MacOSX.platform/Developer/Library/Frameworks -fmodule-map-file\=/Users/builder/builds/o86TiJKT/3/finestructure/swiftpackageindex-builder/spi-builder-workspace/.dependencies/checkouts/swift-nio-ssl-support/module.modulemap -DXcode -MMD -MT dependencies -MF /Users/builder/builds/o86TiJKT/3/finestructure/swiftpackageindex-builder/spi-builder-workspace/.derivedData/Build/Intermediates.noindex/Crypto.build/Debug/CBcrypt.build/Objects-normal/arm64/bcrypt.d --serialize-diagnostics /Users/builder/builds/o86TiJKT/3/finestructure/swiftpackageindex-builder/spi-builder-workspace/.derivedData/Build/Intermediates.noindex/Crypto.build/Debug/CBcrypt.build/Objects-normal/arm64/bcrypt.dia -c /Users/builder/builds/o86TiJKT/3/finestructure/swiftpackageindex-builder/spi-builder-workspace/.dependencies/checkouts/crypto/Sources/CBcrypt/bcrypt.c -o /Users/builder/builds/o86TiJKT/3/finestructure/swiftpackageindex-builder/spi-builder-workspace/.derivedData/Build/Intermediates.noindex/Crypto.build/Debug/CBcrypt.build/Objects-normal/arm64/bcrypt.o -index-unit-output-path /Crypto.build/Debug/CBcrypt.build/Objects-normal/arm64/bcrypt.o

Copy /Users/builder/builds/o86TiJKT/3/finestructure/swiftpackageindex-builder/spi-builder-workspace/.derivedData/Build/Intermediates.noindex/GeneratedModuleMaps/CCryptoOpenSSL.modulemap /Users/builder/builds/o86TiJKT/3/finestructure/swiftpackageindex-builder/spi-builder-workspace/.derivedData/Build/Intermediates.noindex/Crypto.build/Debug/CCryptoOpenSSL.build/CCryptoOpenSSL.modulemap (in target 'CCryptoOpenSSL' from project 'Crypto')
    cd /Users/builder/builds/o86TiJKT/3/finestructure/swiftpackageindex-builder/spi-builder-workspace/.dependencies/checkouts/crypto
    builtin-copy -exclude .DS_Store -exclude CVS -exclude .svn -exclude .git -exclude .hg -resolve-src-symlinks /Users/builder/builds/o86TiJKT/3/finestructure/swiftpackageindex-builder/spi-builder-workspace/.derivedData/Build/Intermediates.noindex/Crypto.build/Debug/CCryptoOpenSSL.build/CCryptoOpenSSL.modulemap /Users/builder/builds/o86TiJKT/3/finestructure/swiftpackageindex-builder/spi-builder-workspace/.derivedData/Build/Intermediates.noindex/GeneratedModuleMaps
WriteAuxiliaryFile /Users/builder/builds/o86TiJKT/3/finestructure/swiftpackageindex-builder/spi-builder-workspace/.derivedData/Build/Intermediates.noindex/swift-nio.build/Debug/NIOPriorityQueue.build/Objects-normal/arm64/NIOPriorityQueue.SwiftFileList (in target 'NIOPriorityQueue' from project 'swift-nio')
    cd /Users/builder/builds/o86TiJKT/3/finestructure/swiftpackageindex-builder/spi-builder-workspace/.dependencies/checkouts/swift-nio
    write-file /Users/builder/builds/o86TiJKT/3/finestructure/swiftpackageindex-builder/spi-builder-workspace/.derivedData/Build/Intermediates.noindex/swift-nio.build/Debug/NIOPriorityQueue.build/Objects-normal/arm64/NIOPriorityQueue.SwiftFileList

WriteAuxiliaryFile /Users/builder/builds/o86TiJKT/3/finestructure/swiftpackageindex-builder/spi-builder-workspace/.derivedData/Build/Intermediates.noindex/swift-nio.build/Debug/NIOPriorityQueue.build/Objects-normal/arm64/NIOPriorityQueue.LinkFileList (in target 'NIOPriorityQueue' from project 'swift-nio')
    cd /Users/builder/builds/o86TiJKT/3/finestructure/swiftpackageindex-builder/spi-builder-workspace/.dependencies/checkouts/swift-nio
    write-file /Users/builder/builds/o86TiJKT/3/finestructure/swiftpackageindex-builder/spi-builder-workspace/.derivedData/Build/Intermediates.noindex/swift-nio.build/Debug/NIOPriorityQueue.build/Objects-normal/arm64/NIOPriorityQueue.LinkFileList
WriteAuxiliaryFile /Users/builder/builds/o86TiJKT/3/finestructure/swiftpackageindex-builder/spi-builder-workspace/.derivedData/Build/Intermediates.noindex/swift-nio.build/Debug/NIOPriorityQueue.build/Objects-normal/arm64/NIOPriorityQueue-OutputFileMap.json (in target 'NIOPriorityQueue' from project 'swift-nio')
    cd /Users/builder/builds/o86TiJKT/3/finestructure/swiftpackageindex-builder/spi-builder-workspace/.dependencies/checkouts/swift-nio
    write-file /Users/builder/builds/o86TiJKT/3/finestructure/swiftpackageindex-builder/spi-builder-workspace/.derivedData/Build/Intermediates.noindex/swift-nio.build/Debug/NIOPriorityQueue.build/Objects-normal/arm64/NIOPriorityQueue-OutputFileMap.json

WriteAuxiliaryFile /Users/builder/builds/o86TiJKT/3/finestructure/swiftpackageindex-builder/spi-builder-workspace/.derivedData/Build/Intermediates.noindex/Crypto.build/Debug/CBase32.build/Objects-normal/arm64/CBase32.LinkFileList (in target 'CBase32' from project 'Crypto')
    cd /Users/builder/builds/o86TiJKT/3/finestructure/swiftpackageindex-builder/spi-builder-workspace/.dependencies/checkouts/crypto
    write-file /Users/builder/builds/o86TiJKT/3/finestructure/swiftpackageindex-builder/spi-builder-workspace/.derivedData/Build/Intermediates.noindex/Crypto.build/Debug/CBase32.build/Objects-normal/arm64/CBase32.LinkFileList
CompileC /Users/builder/builds/o86TiJKT/3/finestructure/swiftpackageindex-builder/spi-builder-workspace/.derivedData/Build/Intermediates.noindex/Crypto.build/Debug/CBase32.build/Objects-normal/arm64/base32.o /Users/builder/builds/o86TiJKT/3/finestructure/swiftpackageindex-builder/spi-builder-workspace/.dependencies/checkouts/crypto/Sources/CBase32/base32.c normal arm64 c com.apple.compilers.llvm.clang.1_0.compiler (in target 'CBase32' from project 'Crypto')
    cd /Users/builder/builds/o86TiJKT/3/finestructure/swiftpackageindex-builder/spi-builder-workspace/.dependencies/checkouts/crypto
    /Applications/Xcode-14.2.0.app/Contents/Developer/Toolchains/XcodeDefault.xctoolchain/usr/bin/clang -x c -target arm64-apple-macos10.13 -fmessage-length\=0 -fdiagnostics-show-note-include-stack -fmacro-backtrace-limit\=0 -fmodules -gmodules -fmodules-cache-path\=/Users/builder/builds/o86TiJKT/3/finestructure/swiftpackageindex-builder/spi-builder-workspace/.derivedData/ModuleCache.noindex -fmodules-prune-interval\=86400 -fmodules-prune-after\=345600 -fbuild-session-file\=/Users/builder/builds/o86TiJKT/3/finestructure/swiftpackageindex-builder/spi-builder-workspace/.derivedData/ModuleCache.noindex/Session.modulevalidation -fmodules-validate-once-per-build-session -Wnon-modular-include-in-framework-module -Werror\=non-modular-include-in-framework-module -fmodule-name\=CBase32 -Wno-trigraphs -fpascal-strings -O0 -Wno-missing-field-initializers -Wno-missing-prototypes -Wno-return-type -Wno-missing-braces -Wparentheses -Wswitch -Wno-unused-function -Wno-unused-label -Wno-unused-parameter -Wno-unused-variable -Wunused-value -Wno-empty-body -Wno-uninitialized -Wno-unknown-pragmas -Wno-shadow -Wno-four-char-constants -Wno-conversion -Wno-constant-conversion -Wno-int-conversion -Wno-bool-conversion -Wno-enum-conversion -Wno-float-conversion -Wno-non-literal-null-conversion -Wno-objc-literal-conversion -Wshorten-64-to-32 -Wpointer-sign -Wno-newline-eof -Wno-implicit-fallthrough -DSWIFT_PACKAGE -DDEBUG\=1 -isysroot /Applications/Xcode-14.2.0.app/Contents/Developer/Platforms/MacOSX.platform/Developer/SDKs/MacOSX13.1.sdk -fstrict-aliasing -Wdeprecated-declarations -g -Wno-sign-conversion -Wno-infinite-recursion -Wno-comma -Wno-block-capture-autoreleasing -Wno-strict-prototypes -Wno-semicolon-before-method-body -index-store-path /Users/builder/builds/o86TiJKT/3/finestructure/swiftpackageindex-builder/spi-builder-workspace/.derivedData/Index.noindex/DataStore -I/Users/builder/builds/o86TiJKT/3/finestructure/swiftpackageindex-builder/spi-builder-workspace/.derivedData/Build/Products/Debug/include -I/Users/builder/builds/o86TiJKT/3/finestructure/swiftpackageindex-builder/spi-builder-workspace/.dependencies/checkouts/crypto/Sources/CBase32/include -I/Users/builder/builds/o86TiJKT/3/finestructure/swiftpackageindex-builder/spi-builder-workspace/.derivedData/Build/Intermediates.noindex/Crypto.build/Debug/CBase32.build/DerivedSources-normal/arm64 -I/Users/builder/builds/o86TiJKT/3/finestructure/swiftpackageindex-builder/spi-builder-workspace/.derivedData/Build/Intermediates.noindex/Crypto.build/Debug/CBase32.build/DerivedSources/arm64 -I/Users/builder/builds/o86TiJKT/3/finestructure/swiftpackageindex-builder/spi-builder-workspace/.derivedData/Build/Intermediates.noindex/Crypto.build/Debug/CBase32.build/DerivedSources -F/Users/builder/builds/o86TiJKT/3/finestructure/swiftpackageindex-builder/spi-builder-workspace/.derivedData/Build/Products/Debug -F/Applications/Xcode-14.2.0.app/Contents/Developer/Platforms/MacOSX.platform/Developer/Library/Frameworks -fmodule-map-file\=/Users/builder/builds/o86TiJKT/3/finestructure/swiftpackageindex-builder/spi-builder-workspace/.dependencies/checkouts/swift-nio-ssl-support/module.modulemap -DXcode -MMD -MT dependencies -MF /Users/builder/builds/o86TiJKT/3/finestructure/swiftpackageindex-builder/spi-builder-workspace/.derivedData/Build/Intermediates.noindex/Crypto.build/Debug/CBase32.build/Objects-normal/arm64/base32.d --serialize-diagnostics /Users/builder/builds/o86TiJKT/3/finestructure/swiftpackageindex-builder/spi-builder-workspace/.derivedData/Build/Intermediates.noindex/Crypto.build/Debug/CBase32.build/Objects-normal/arm64/base32.dia -c /Users/builder/builds/o86TiJKT/3/finestructure/swiftpackageindex-builder/spi-builder-workspace/.dependencies/checkouts/crypto/Sources/CBase32/base32.c -o /Users/builder/builds/o86TiJKT/3/finestructure/swiftpackageindex-builder/spi-builder-workspace/.derivedData/Build/Intermediates.noindex/Crypto.build/Debug/CBase32.build/Objects-normal/arm64/base32.o -index-unit-output-path /Crypto.build/Debug/CBase32.build/Objects-normal/arm64/base32.o

WriteAuxiliaryFile /Users/builder/builds/o86TiJKT/3/finestructure/swiftpackageindex-builder/spi-builder-workspace/.derivedData/Build/Intermediates.noindex/Core.build/Debug/COperatingSystem.build/Objects-normal/arm64/COperatingSystem.LinkFileList (in target 'COperatingSystem' from project 'Core')
    cd /Users/builder/builds/o86TiJKT/3/finestructure/swiftpackageindex-builder/spi-builder-workspace/.dependencies/checkouts/core
    write-file /Users/builder/builds/o86TiJKT/3/finestructure/swiftpackageindex-builder/spi-builder-workspace/.derivedData/Build/Intermediates.noindex/Core.build/Debug/COperatingSystem.build/Objects-normal/arm64/COperatingSystem.LinkFileList
WriteAuxiliaryFile /Users/builder/builds/o86TiJKT/3/finestructure/swiftpackageindex-builder/spi-builder-workspace/.derivedData/Build/Intermediates.noindex/Core.build/Debug/Debugging.build/Objects-normal/arm64/Debugging.LinkFileList (in target 'Debugging' from project 'Core')
    cd /Users/builder/builds/o86TiJKT/3/finestructure/swiftpackageindex-builder/spi-builder-workspace/.dependencies/checkouts/core
    write-file /Users/builder/builds/o86TiJKT/3/finestructure/swiftpackageindex-builder/spi-builder-workspace/.derivedData/Build/Intermediates.noindex/Core.build/Debug/Debugging.build/Objects-normal/arm64/Debugging.LinkFileList
WriteAuxiliaryFile /Users/builder/builds/o86TiJKT/3/finestructure/swiftpackageindex-builder/spi-builder-workspace/.derivedData/Build/Intermediates.noindex/swift-nio.build/Debug/CNIOSHA1.build/Objects-normal/arm64/CNIOSHA1.LinkFileList (in target 'CNIOSHA1' from project 'swift-nio')
    cd /Users/builder/builds/o86TiJKT/3/finestructure/swiftpackageindex-builder/spi-builder-workspace/.dependencies/checkouts/swift-nio
    write-file /Users/builder/builds/o86TiJKT/3/finestructure/swiftpackageindex-builder/spi-builder-workspace/.derivedData/Build/Intermediates.noindex/swift-nio.build/Debug/CNIOSHA1.build/Objects-normal/arm64/CNIOSHA1.LinkFileList
WriteAuxiliaryFile /Users/builder/builds/o86TiJKT/3/finestructure/swiftpackageindex-builder/spi-builder-workspace/.derivedData/Build/Intermediates.noindex/swift-nio.build/Debug/CNIOZlib.build/Objects-normal/arm64/CNIOZlib.LinkFileList (in target 'CNIOZlib' from project 'swift-nio')
    cd /Users/builder/builds/o86TiJKT/3/finestructure/swiftpackageindex-builder/spi-builder-workspace/.dependencies/checkouts/swift-nio
    write-file /Users/builder/builds/o86TiJKT/3/finestructure/swiftpackageindex-builder/spi-builder-workspace/.derivedData/Build/Intermediates.noindex/swift-nio.build/Debug/CNIOZlib.build/Objects-normal/arm64/CNIOZlib.LinkFileList
WriteAuxiliaryFile /Users/builder/builds/o86TiJKT/3/finestructure/swiftpackageindex-builder/spi-builder-workspace/.derivedData/Build/Intermediates.noindex/swift-nio-ssl.build/Debug/CNIOOpenSSL.build/Objects-normal/arm64/CNIOOpenSSL.LinkFileList (in target 'CNIOOpenSSL' from project 'swift-nio-ssl')
    cd /Users/builder/builds/o86TiJKT/3/finestructure/swiftpackageindex-builder/spi-builder-workspace/.dependencies/checkouts/swift-nio-ssl
    write-file /Users/builder/builds/o86TiJKT/3/finestructure/swiftpackageindex-builder/spi-builder-workspace/.derivedData/Build/Intermediates.noindex/swift-nio-ssl.build/Debug/CNIOOpenSSL.build/Objects-normal/arm64/CNIOOpenSSL.LinkFileList
WriteAuxiliaryFile /Users/builder/builds/o86TiJKT/3/finestructure/swiftpackageindex-builder/spi-builder-workspace/.derivedData/Build/Intermediates.noindex/swift-nio.build/Debug/CNIOLinux.build/Objects-normal/arm64/CNIOLinux.LinkFileList (in target 'CNIOLinux' from project 'swift-nio')
    cd /Users/builder/builds/o86TiJKT/3/finestructure/swiftpackageindex-builder/spi-builder-workspace/.dependencies/checkouts/swift-nio
    write-file /Users/builder/builds/o86TiJKT/3/finestructure/swiftpackageindex-builder/spi-builder-workspace/.derivedData/Build/Intermediates.noindex/swift-nio.build/Debug/CNIOLinux.build/Objects-normal/arm64/CNIOLinux.LinkFileList

WriteAuxiliaryFile /Users/builder/builds/o86TiJKT/3/finestructure/swiftpackageindex-builder/spi-builder-workspace/.derivedData/Build/Intermediates.noindex/swift-nio.build/Debug/CNIOHTTPParser.build/Objects-normal/arm64/CNIOHTTPParser.LinkFileList (in target 'CNIOHTTPParser' from project 'swift-nio')
    cd /Users/builder/builds/o86TiJKT/3/finestructure/swiftpackageindex-builder/spi-builder-workspace/.dependencies/checkouts/swift-nio
    write-file /Users/builder/builds/o86TiJKT/3/finestructure/swiftpackageindex-builder/spi-builder-workspace/.derivedData/Build/Intermediates.noindex/swift-nio.build/Debug/CNIOHTTPParser.build/Objects-normal/arm64/CNIOHTTPParser.LinkFileList
WriteAuxiliaryFile /Users/builder/builds/o86TiJKT/3/finestructure/swiftpackageindex-builder/spi-builder-workspace/.derivedData/Build/Intermediates.noindex/swift-nio.build/Debug/CNIODarwin.build/Objects-normal/arm64/CNIODarwin.LinkFileList (in target 'CNIODarwin' from project 'swift-nio')
    cd /Users/builder/builds/o86TiJKT/3/finestructure/swiftpackageindex-builder/spi-builder-workspace/.dependencies/checkouts/swift-nio
    write-file /Users/builder/builds/o86TiJKT/3/finestructure/swiftpackageindex-builder/spi-builder-workspace/.derivedData/Build/Intermediates.noindex/swift-nio.build/Debug/CNIODarwin.build/Objects-normal/arm64/CNIODarwin.LinkFileList
WriteAuxiliaryFile /Users/builder/builds/o86TiJKT/3/finestructure/swiftpackageindex-builder/spi-builder-workspace/.derivedData/Build/Intermediates.noindex/swift-nio.build/Debug/CNIOAtomics.build/Objects-normal/arm64/CNIOAtomics.LinkFileList (in target 'CNIOAtomics' from project 'swift-nio')
    cd /Users/builder/builds/o86TiJKT/3/finestructure/swiftpackageindex-builder/spi-builder-workspace/.dependencies/checkouts/swift-nio
    write-file /Users/builder/builds/o86TiJKT/3/finestructure/swiftpackageindex-builder/spi-builder-workspace/.derivedData/Build/Intermediates.noindex/swift-nio.build/Debug/CNIOAtomics.build/Objects-normal/arm64/CNIOAtomics.LinkFileList

WriteAuxiliaryFile /Users/builder/builds/o86TiJKT/3/finestructure/swiftpackageindex-builder/spi-builder-workspace/.derivedData/Build/Intermediates.noindex/Core.build/Debug/Debugging.build/Objects-normal/arm64/Debugging.SwiftFileList (in target 'Debugging' from project 'Core')
    cd /Users/builder/builds/o86TiJKT/3/finestructure/swiftpackageindex-builder/spi-builder-workspace/.dependencies/checkouts/core
    write-file /Users/builder/builds/o86TiJKT/3/finestructure/swiftpackageindex-builder/spi-builder-workspace/.derivedData/Build/Intermediates.noindex/Core.build/Debug/Debugging.build/Objects-normal/arm64/Debugging.SwiftFileList
WriteAuxiliaryFile /Users/builder/builds/o86TiJKT/3/finestructure/swiftpackageindex-builder/spi-builder-workspace/.derivedData/Build/Intermediates.noindex/Core.build/Debug/Debugging.build/Objects-normal/arm64/Debugging-OutputFileMap.json (in target 'Debugging' from project 'Core')
    cd /Users/builder/builds/o86TiJKT/3/finestructure/swiftpackageindex-builder/spi-builder-workspace/.dependencies/checkouts/core
    write-file /Users/builder/builds/o86TiJKT/3/finestructure/swiftpackageindex-builder/spi-builder-workspace/.derivedData/Build/Intermediates.noindex/Core.build/Debug/Debugging.build/Objects-normal/arm64/Debugging-OutputFileMap.json

WriteAuxiliaryFile /Users/builder/builds/o86TiJKT/3/finestructure/swiftpackageindex-builder/spi-builder-workspace/.derivedData/Build/Intermediates.noindex/Core.build/Debug/COperatingSystem.build/Objects-normal/arm64/COperatingSystem.SwiftFileList (in target 'COperatingSystem' from project 'Core')
    cd /Users/builder/builds/o86TiJKT/3/finestructure/swiftpackageindex-builder/spi-builder-workspace/.dependencies/checkouts/core
    write-file /Users/builder/builds/o86TiJKT/3/finestructure/swiftpackageindex-builder/spi-builder-workspace/.derivedData/Build/Intermediates.noindex/Core.build/Debug/COperatingSystem.build/Objects-normal/arm64/COperatingSystem.SwiftFileList
WriteAuxiliaryFile /Users/builder/builds/o86TiJKT/3/finestructure/swiftpackageindex-builder/spi-builder-workspace/.derivedData/Build/Intermediates.noindex/Core.build/Debug/COperatingSystem.build/Objects-normal/arm64/COperatingSystem-OutputFileMap.json (in target 'COperatingSystem' from project 'Core')
    cd /Users/builder/builds/o86TiJKT/3/finestructure/swiftpackageindex-builder/spi-builder-workspace/.dependencies/checkouts/core
    write-file /Users/builder/builds/o86TiJKT/3/finestructure/swiftpackageindex-builder/spi-builder-workspace/.derivedData/Build/Intermediates.noindex/Core.build/Debug/COperatingSystem.build/Objects-normal/arm64/COperatingSystem-OutputFileMap.json
CompileC /Users/builder/builds/o86TiJKT/3/finestructure/swiftpackageindex-builder/spi-builder-workspace/.derivedData/Build/Intermediates.noindex/swift-nio.build/Debug/CNIOZlib.build/Objects-normal/arm64/empty.o /Users/builder/builds/o86TiJKT/3/finestructure/swiftpackageindex-builder/spi-builder-workspace/.dependencies/checkouts/swift-nio/Sources/CNIOZlib/empty.c normal arm64 c com.apple.compilers.llvm.clang.1_0.compiler (in target 'CNIOZlib' from project 'swift-nio')
    cd /Users/builder/builds/o86TiJKT/3/finestructure/swiftpackageindex-builder/spi-builder-workspace/.dependencies/checkouts/swift-nio
    /Applications/Xcode-14.2.0.app/Contents/Developer/Toolchains/XcodeDefault.xctoolchain/usr/bin/clang -x c -target arm64-apple-macos10.13 -fmessage-length\=0 -fdiagnostics-show-note-include-stack -fmacro-backtrace-limit\=0 -fmodules -gmodules -fmodules-cache-path\=/Users/builder/builds/o86TiJKT/3/finestructure/swiftpackageindex-builder/spi-builder-workspace/.derivedData/ModuleCache.noindex -fmodules-prune-interval\=86400 -fmodules-prune-after\=345600 -fbuild-session-file\=/Users/builder/builds/o86TiJKT/3/finestructure/swiftpackageindex-builder/spi-builder-workspace/.derivedData/ModuleCache.noindex/Session.modulevalidation -fmodules-validate-once-per-build-session -Wnon-modular-include-in-framework-module -Werror\=non-modular-include-in-framework-module -fmodule-name\=CNIOZlib -Wno-trigraphs -fpascal-strings -O0 -Wno-missing-field-initializers -Wno-missing-prototypes -Wno-return-type -Wno-missing-braces -Wparentheses -Wswitch -Wno-unused-function -Wno-unused-label -Wno-unused-parameter -Wno-unused-variable -Wunused-value -Wno-empty-body -Wno-uninitialized -Wno-unknown-pragmas -Wno-shadow -Wno-four-char-constants -Wno-conversion -Wno-constant-conversion -Wno-int-conversion -Wno-bool-conversion -Wno-enum-conversion -Wno-float-conversion -Wno-non-literal-null-conversion -Wno-objc-literal-conversion -Wshorten-64-to-32 -Wpointer-sign -Wno-newline-eof -Wno-implicit-fallthrough -DSWIFT_PACKAGE -DDEBUG\=1 -isysroot /Applications/Xcode-14.2.0.app/Contents/Developer/Platforms/MacOSX.platform/Developer/SDKs/MacOSX13.1.sdk -fstrict-aliasing -Wdeprecated-declarations -g -Wno-sign-conversion -Wno-infinite-recursion -Wno-comma -Wno-block-capture-autoreleasing -Wno-strict-prototypes -Wno-semicolon-before-method-body -index-store-path /Users/builder/builds/o86TiJKT/3/finestructure/swiftpackageindex-builder/spi-builder-workspace/.derivedData/Index.noindex/DataStore -I/Users/builder/builds/o86TiJKT/3/finestructure/swiftpackageindex-builder/spi-builder-workspace/.derivedData/Build/Products/Debug/include -I/Users/builder/builds/o86TiJKT/3/finestructure/swiftpackageindex-builder/spi-builder-workspace/.dependencies/checkouts/swift-nio/Sources/CNIOZlib/include -I/Users/builder/builds/o86TiJKT/3/finestructure/swiftpackageindex-builder/spi-builder-workspace/.derivedData/Build/Intermediates.noindex/swift-nio.build/Debug/CNIOZlib.build/DerivedSources-normal/arm64 -I/Users/builder/builds/o86TiJKT/3/finestructure/swiftpackageindex-builder/spi-builder-workspace/.derivedData/Build/Intermediates.noindex/swift-nio.build/Debug/CNIOZlib.build/DerivedSources/arm64 -I/Users/builder/builds/o86TiJKT/3/finestructure/swiftpackageindex-builder/spi-builder-workspace/.derivedData/Build/Intermediates.noindex/swift-nio.build/Debug/CNIOZlib.build/DerivedSources -F/Users/builder/builds/o86TiJKT/3/finestructure/swiftpackageindex-builder/spi-builder-workspace/.derivedData/Build/Products/Debug -F/Applications/Xcode-14.2.0.app/Contents/Developer/Platforms/MacOSX.platform/Developer/Library/Frameworks -fmodule-map-file\=/Users/builder/builds/o86TiJKT/3/finestructure/swiftpackageindex-builder/spi-builder-workspace/.dependencies/checkouts/swift-nio-zlib-support/module.modulemap -DXcode -MMD -MT dependencies -MF /Users/builder/builds/o86TiJKT/3/finestructure/swiftpackageindex-builder/spi-builder-workspace/.derivedData/Build/Intermediates.noindex/swift-nio.build/Debug/CNIOZlib.build/Objects-normal/arm64/empty.d --serialize-diagnostics /Users/builder/builds/o86TiJKT/3/finestructure/swiftpackageindex-builder/spi-builder-workspace/.derivedData/Build/Intermediates.noindex/swift-nio.build/Debug/CNIOZlib.build/Objects-normal/arm64/empty.dia -c /Users/builder/builds/o86TiJKT/3/finestructure/swiftpackageindex-builder/spi-builder-workspace/.dependencies/checkouts/swift-nio/Sources/CNIOZlib/empty.c -o /Users/builder/builds/o86TiJKT/3/finestructure/swiftpackageindex-builder/spi-builder-workspace/.derivedData/Build/Intermediates.noindex/swift-nio.build/Debug/CNIOZlib.build/Objects-normal/arm64/empty.o -index-unit-output-path /swift-nio.build/Debug/CNIOZlib.build/Objects-normal/arm64/empty.o
CompileC /Users/builder/builds/o86TiJKT/3/finestructure/swiftpackageindex-builder/spi-builder-workspace/.derivedData/Build/Intermediates.noindex/swift-nio.build/Debug/CNIOSHA1.build/Objects-normal/arm64/c_nio_sha1.o /Users/builder/builds/o86TiJKT/3/finestructure/swiftpackageindex-builder/spi-builder-workspace/.dependencies/checkouts/swift-nio/Sources/CNIOSHA1/c_nio_sha1.c normal arm64 c com.apple.compilers.llvm.clang.1_0.compiler (in target 'CNIOSHA1' from project 'swift-nio')
    cd /Users/builder/builds/o86TiJKT/3/finestructure/swiftpackageindex-builder/spi-builder-workspace/.dependencies/checkouts/swift-nio
    /Applications/Xcode-14.2.0.app/Contents/Developer/Toolchains/XcodeDefault.xctoolchain/usr/bin/clang -x c -target arm64-apple-macos10.13 -fmessage-length\=0 -fdiagnostics-show-note-include-stack -fmacro-backtrace-limit\=0 -fmodules -gmodules -fmodules-cache-path\=/Users/builder/builds/o86TiJKT/3/finestructure/swiftpackageindex-builder/spi-builder-workspace/.derivedData/ModuleCache.noindex -fmodules-prune-interval\=86400 -fmodules-prune-after\=345600 -fbuild-session-file\=/Users/builder/builds/o86TiJKT/3/finestructure/swiftpackageindex-builder/spi-builder-workspace/.derivedData/ModuleCache.noindex/Session.modulevalidation -fmodules-validate-once-per-build-session -Wnon-modular-include-in-framework-module -Werror\=non-modular-include-in-framework-module -fmodule-name\=CNIOSHA1 -Wno-trigraphs -fpascal-strings -O0 -Wno-missing-field-initializers -Wno-missing-prototypes -Wno-return-type -Wno-missing-braces -Wparentheses -Wswitch -Wno-unused-function -Wno-unused-label -Wno-unused-parameter -Wno-unused-variable -Wunused-value -Wno-empty-body -Wno-uninitialized -Wno-unknown-pragmas -Wno-shadow -Wno-four-char-constants -Wno-conversion -Wno-constant-conversion -Wno-int-conversion -Wno-bool-conversion -Wno-enum-conversion -Wno-float-conversion -Wno-non-literal-null-conversion -Wno-objc-literal-conversion -Wshorten-64-to-32 -Wpointer-sign -Wno-newline-eof -Wno-implicit-fallthrough -DSWIFT_PACKAGE -DDEBUG\=1 -isysroot /Applications/Xcode-14.2.0.app/Contents/Developer/Platforms/MacOSX.platform/Developer/SDKs/MacOSX13.1.sdk -fstrict-aliasing -Wdeprecated-declarations -g -Wno-sign-conversion -Wno-infinite-recursion -Wno-comma -Wno-block-capture-autoreleasing -Wno-strict-prototypes -Wno-semicolon-before-method-body -index-store-path /Users/builder/builds/o86TiJKT/3/finestructure/swiftpackageindex-builder/spi-builder-workspace/.derivedData/Index.noindex/DataStore -I/Users/builder/builds/o86TiJKT/3/finestructure/swiftpackageindex-builder/spi-builder-workspace/.derivedData/Build/Products/Debug/include -I/Users/builder/builds/o86TiJKT/3/finestructure/swiftpackageindex-builder/spi-builder-workspace/.dependencies/checkouts/swift-nio/Sources/CNIOSHA1/include -I/Users/builder/builds/o86TiJKT/3/finestructure/swiftpackageindex-builder/spi-builder-workspace/.derivedData/Build/Intermediates.noindex/swift-nio.build/Debug/CNIOSHA1.build/DerivedSources-normal/arm64 -I/Users/builder/builds/o86TiJKT/3/finestructure/swiftpackageindex-builder/spi-builder-workspace/.derivedData/Build/Intermediates.noindex/swift-nio.build/Debug/CNIOSHA1.build/DerivedSources/arm64 -I/Users/builder/builds/o86TiJKT/3/finestructure/swiftpackageindex-builder/spi-builder-workspace/.derivedData/Build/Intermediates.noindex/swift-nio.build/Debug/CNIOSHA1.build/DerivedSources -F/Users/builder/builds/o86TiJKT/3/finestructure/swiftpackageindex-builder/spi-builder-workspace/.derivedData/Build/Products/Debug -F/Applications/Xcode-14.2.0.app/Contents/Developer/Platforms/MacOSX.platform/Developer/Library/Frameworks -fmodule-map-file\=/Users/builder/builds/o86TiJKT/3/finestructure/swiftpackageindex-builder/spi-builder-workspace/.dependencies/checkouts/swift-nio-zlib-support/module.modulemap -DXcode -MMD -MT dependencies -MF /Users/builder/builds/o86TiJKT/3/finestructure/swiftpackageindex-builder/spi-builder-workspace/.derivedData/Build/Intermediates.noindex/swift-nio.build/Debug/CNIOSHA1.build/Objects-normal/arm64/c_nio_sha1.d --serialize-diagnostics /Users/builder/builds/o86TiJKT/3/finestructure/swiftpackageindex-builder/spi-builder-workspace/.derivedData/Build/Intermediates.noindex/swift-nio.build/Debug/CNIOSHA1.build/Objects-normal/arm64/c_nio_sha1.dia -c /Users/builder/builds/o86TiJKT/3/finestructure/swiftpackageindex-builder/spi-builder-workspace/.dependencies/checkouts/swift-nio/Sources/CNIOSHA1/c_nio_sha1.c -o /Users/builder/builds/o86TiJKT/3/finestructure/swiftpackageindex-builder/spi-builder-workspace/.derivedData/Build/Intermediates.noindex/swift-nio.build/Debug/CNIOSHA1.build/Objects-normal/arm64/c_nio_sha1.o -index-unit-output-path /swift-nio.build/Debug/CNIOSHA1.build/Objects-normal/arm64/c_nio_sha1.o
CompileC /Users/builder/builds/o86TiJKT/3/finestructure/swiftpackageindex-builder/spi-builder-workspace/.derivedData/Build/Intermediates.noindex/swift-nio-ssl.build/Debug/CNIOOpenSSL.build/Objects-normal/arm64/shims.o /Users/builder/builds/o86TiJKT/3/finestructure/swiftpackageindex-builder/spi-builder-workspace/.dependencies/checkouts/swift-nio-ssl/Sources/CNIOOpenSSL/shims.c normal arm64 c com.apple.compilers.llvm.clang.1_0.compiler (in target 'CNIOOpenSSL' from project 'swift-nio-ssl')
    cd /Users/builder/builds/o86TiJKT/3/finestructure/swiftpackageindex-builder/spi-builder-workspace/.dependencies/checkouts/swift-nio-ssl
    /Applications/Xcode-14.2.0.app/Contents/Developer/Toolchains/XcodeDefault.xctoolchain/usr/bin/clang -x c -target arm64-apple-macos10.13 -fmessage-length\=0 -fdiagnostics-show-note-include-stack -fmacro-backtrace-limit\=0 -fmodules -gmodules -fmodules-cache-path\=/Users/builder/builds/o86TiJKT/3/finestructure/swiftpackageindex-builder/spi-builder-workspace/.derivedData/ModuleCache.noindex -fmodules-prune-interval\=86400 -fmodules-prune-after\=345600 -fbuild-session-file\=/Users/builder/builds/o86TiJKT/3/finestructure/swiftpackageindex-builder/spi-builder-workspace/.derivedData/ModuleCache.noindex/Session.modulevalidation -fmodules-validate-once-per-build-session -Wnon-modular-include-in-framework-module -Werror\=non-modular-include-in-framework-module -fmodule-name\=CNIOOpenSSL -Wno-trigraphs -fpascal-strings -O0 -Wno-missing-field-initializers -Wno-missing-prototypes -Wno-return-type -Wno-missing-braces -Wparentheses -Wswitch -Wno-unused-function -Wno-unused-label -Wno-unused-parameter -Wno-unused-variable -Wunused-value -Wno-empty-body -Wno-uninitialized -Wno-unknown-pragmas -Wno-shadow -Wno-four-char-constants -Wno-conversion -Wno-constant-conversion -Wno-int-conversion -Wno-bool-conversion -Wno-enum-conversion -Wno-float-conversion -Wno-non-literal-null-conversion -Wno-objc-literal-conversion -Wshorten-64-to-32 -Wpointer-sign -Wno-newline-eof -Wno-implicit-fallthrough -DSWIFT_PACKAGE -DDEBUG\=1 -isysroot /Applications/Xcode-14.2.0.app/Contents/Developer/Platforms/MacOSX.platform/Developer/SDKs/MacOSX13.1.sdk -fstrict-aliasing -Wdeprecated-declarations -g -Wno-sign-conversion -Wno-infinite-recursion -Wno-comma -Wno-block-capture-autoreleasing -Wno-strict-prototypes -Wno-semicolon-before-method-body -index-store-path /Users/builder/builds/o86TiJKT/3/finestructure/swiftpackageindex-builder/spi-builder-workspace/.derivedData/Index.noindex/DataStore -I/Users/builder/builds/o86TiJKT/3/finestructure/swiftpackageindex-builder/spi-builder-workspace/.derivedData/Build/Products/Debug/include -I/Users/builder/builds/o86TiJKT/3/finestructure/swiftpackageindex-builder/spi-builder-workspace/.dependencies/checkouts/swift-nio-ssl/Sources/CNIOOpenSSL/include -I/Users/builder/builds/o86TiJKT/3/finestructure/swiftpackageindex-builder/spi-builder-workspace/.derivedData/Build/Intermediates.noindex/swift-nio-ssl.build/Debug/CNIOOpenSSL.build/DerivedSources-normal/arm64 -I/Users/builder/builds/o86TiJKT/3/finestructure/swiftpackageindex-builder/spi-builder-workspace/.derivedData/Build/Intermediates.noindex/swift-nio-ssl.build/Debug/CNIOOpenSSL.build/DerivedSources/arm64 -I/Users/builder/builds/o86TiJKT/3/finestructure/swiftpackageindex-builder/spi-builder-workspace/.derivedData/Build/Intermediates.noindex/swift-nio-ssl.build/Debug/CNIOOpenSSL.build/DerivedSources -F/Users/builder/builds/o86TiJKT/3/finestructure/swiftpackageindex-builder/spi-builder-workspace/.derivedData/Build/Products/Debug -F/Applications/Xcode-14.2.0.app/Contents/Developer/Platforms/MacOSX.platform/Developer/Library/Frameworks -fmodule-map-file\=/Users/builder/builds/o86TiJKT/3/finestructure/swiftpackageindex-builder/spi-builder-workspace/.dependencies/checkouts/swift-nio-ssl-support/module.modulemap -DXcode -MMD -MT dependencies -MF /Users/builder/builds/o86TiJKT/3/finestructure/swiftpackageindex-builder/spi-builder-workspace/.derivedData/Build/Intermediates.noindex/swift-nio-ssl.build/Debug/CNIOOpenSSL.build/Objects-normal/arm64/shims.d --serialize-diagnostics /Users/builder/builds/o86TiJKT/3/finestructure/swiftpackageindex-builder/spi-builder-workspace/.derivedData/Build/Intermediates.noindex/swift-nio-ssl.build/Debug/CNIOOpenSSL.build/Objects-normal/arm64/shims.dia -c /Users/builder/builds/o86TiJKT/3/finestructure/swiftpackageindex-builder/spi-builder-workspace/.dependencies/checkouts/swift-nio-ssl/Sources/CNIOOpenSSL/shims.c -o /Users/builder/builds/o86TiJKT/3/finestructure/swiftpackageindex-builder/spi-builder-workspace/.derivedData/Build/Intermediates.noindex/swift-nio-ssl.build/Debug/CNIOOpenSSL.build/Objects-normal/arm64/shims.o -index-unit-output-path /swift-nio-ssl.build/Debug/CNIOOpenSSL.build/Objects-normal/arm64/shims.o
In file included from /Users/builder/builds/o86TiJKT/3/finestructure/swiftpackageindex-builder/spi-builder-workspace/.dependencies/checkouts/swift-nio-ssl/Sources/CNIOOpenSSL/shims.c:16:
/Users/builder/builds/o86TiJKT/3/finestructure/swiftpackageindex-builder/spi-builder-workspace/.dependencies/checkouts/swift-nio-ssl/Sources/CNIOOpenSSL/include/c_nio_openssl.h:17:10: fatal error: 'openssl/conf.h' file not found
#include <openssl/conf.h>
         ^~~~~~~~~~~~~~~~
1 error generated.
CompileC /Users/builder/builds/o86TiJKT/3/finestructure/swiftpackageindex-builder/spi-builder-workspace/.derivedData/Build/Intermediates.noindex/swift-nio-ssl.build/Debug/CNIOOpenSSL.build/Objects-normal/arm64/helpers.o /Users/builder/builds/o86TiJKT/3/finestructure/swiftpackageindex-builder/spi-builder-workspace/.dependencies/checkouts/swift-nio-ssl/Sources/CNIOOpenSSL/helpers.c normal arm64 c com.apple.compilers.llvm.clang.1_0.compiler (in target 'CNIOOpenSSL' from project 'swift-nio-ssl')
    cd /Users/builder/builds/o86TiJKT/3/finestructure/swiftpackageindex-builder/spi-builder-workspace/.dependencies/checkouts/swift-nio-ssl
    /Applications/Xcode-14.2.0.app/Contents/Developer/Toolchains/XcodeDefault.xctoolchain/usr/bin/clang -x c -target arm64-apple-macos10.13 -fmessage-length\=0 -fdiagnostics-show-note-include-stack -fmacro-backtrace-limit\=0 -fmodules -gmodules -fmodules-cache-path\=/Users/builder/builds/o86TiJKT/3/finestructure/swiftpackageindex-builder/spi-builder-workspace/.derivedData/ModuleCache.noindex -fmodules-prune-interval\=86400 -fmodules-prune-after\=345600 -fbuild-session-file\=/Users/builder/builds/o86TiJKT/3/finestructure/swiftpackageindex-builder/spi-builder-workspace/.derivedData/ModuleCache.noindex/Session.modulevalidation -fmodules-validate-once-per-build-session -Wnon-modular-include-in-framework-module -Werror\=non-modular-include-in-framework-module -fmodule-name\=CNIOOpenSSL -Wno-trigraphs -fpascal-strings -O0 -Wno-missing-field-initializers -Wno-missing-prototypes -Wno-return-type -Wno-missing-braces -Wparentheses -Wswitch -Wno-unused-function -Wno-unused-label -Wno-unused-parameter -Wno-unused-variable -Wunused-value -Wno-empty-body -Wno-uninitialized -Wno-unknown-pragmas -Wno-shadow -Wno-four-char-constants -Wno-conversion -Wno-constant-conversion -Wno-int-conversion -Wno-bool-conversion -Wno-enum-conversion -Wno-float-conversion -Wno-non-literal-null-conversion -Wno-objc-literal-conversion -Wshorten-64-to-32 -Wpointer-sign -Wno-newline-eof -Wno-implicit-fallthrough -DSWIFT_PACKAGE -DDEBUG\=1 -isysroot /Applications/Xcode-14.2.0.app/Contents/Developer/Platforms/MacOSX.platform/Developer/SDKs/MacOSX13.1.sdk -fstrict-aliasing -Wdeprecated-declarations -g -Wno-sign-conversion -Wno-infinite-recursion -Wno-comma -Wno-block-capture-autoreleasing -Wno-strict-prototypes -Wno-semicolon-before-method-body -index-store-path /Users/builder/builds/o86TiJKT/3/finestructure/swiftpackageindex-builder/spi-builder-workspace/.derivedData/Index.noindex/DataStore -I/Users/builder/builds/o86TiJKT/3/finestructure/swiftpackageindex-builder/spi-builder-workspace/.derivedData/Build/Products/Debug/include -I/Users/builder/builds/o86TiJKT/3/finestructure/swiftpackageindex-builder/spi-builder-workspace/.dependencies/checkouts/swift-nio-ssl/Sources/CNIOOpenSSL/include -I/Users/builder/builds/o86TiJKT/3/finestructure/swiftpackageindex-builder/spi-builder-workspace/.derivedData/Build/Intermediates.noindex/swift-nio-ssl.build/Debug/CNIOOpenSSL.build/DerivedSources-normal/arm64 -I/Users/builder/builds/o86TiJKT/3/finestructure/swiftpackageindex-builder/spi-builder-workspace/.derivedData/Build/Intermediates.noindex/swift-nio-ssl.build/Debug/CNIOOpenSSL.build/DerivedSources/arm64 -I/Users/builder/builds/o86TiJKT/3/finestructure/swiftpackageindex-builder/spi-builder-workspace/.derivedData/Build/Intermediates.noindex/swift-nio-ssl.build/Debug/CNIOOpenSSL.build/DerivedSources -F/Users/builder/builds/o86TiJKT/3/finestructure/swiftpackageindex-builder/spi-builder-workspace/.derivedData/Build/Products/Debug -F/Applications/Xcode-14.2.0.app/Contents/Developer/Platforms/MacOSX.platform/Developer/Library/Frameworks -fmodule-map-file\=/Users/builder/builds/o86TiJKT/3/finestructure/swiftpackageindex-builder/spi-builder-workspace/.dependencies/checkouts/swift-nio-ssl-support/module.modulemap -DXcode -MMD -MT dependencies -MF /Users/builder/builds/o86TiJKT/3/finestructure/swiftpackageindex-builder/spi-builder-workspace/.derivedData/Build/Intermediates.noindex/swift-nio-ssl.build/Debug/CNIOOpenSSL.build/Objects-normal/arm64/helpers.d --serialize-diagnostics /Users/builder/builds/o86TiJKT/3/finestructure/swiftpackageindex-builder/spi-builder-workspace/.derivedData/Build/Intermediates.noindex/swift-nio-ssl.build/Debug/CNIOOpenSSL.build/Objects-normal/arm64/helpers.dia -c /Users/builder/builds/o86TiJKT/3/finestructure/swiftpackageindex-builder/spi-builder-workspace/.dependencies/checkouts/swift-nio-ssl/Sources/CNIOOpenSSL/helpers.c -o /Users/builder/builds/o86TiJKT/3/finestructure/swiftpackageindex-builder/spi-builder-workspace/.derivedData/Build/Intermediates.noindex/swift-nio-ssl.build/Debug/CNIOOpenSSL.build/Objects-normal/arm64/helpers.o -index-unit-output-path /swift-nio-ssl.build/Debug/CNIOOpenSSL.build/Objects-normal/arm64/helpers.o
In file included from /Users/builder/builds/o86TiJKT/3/finestructure/swiftpackageindex-builder/spi-builder-workspace/.dependencies/checkouts/swift-nio-ssl/Sources/CNIOOpenSSL/helpers.c:14:
/Users/builder/builds/o86TiJKT/3/finestructure/swiftpackageindex-builder/spi-builder-workspace/.dependencies/checkouts/swift-nio-ssl/Sources/CNIOOpenSSL/include/c_nio_openssl.h:17:10: fatal error: 'openssl/conf.h' file not found
#include <openssl/conf.h>
         ^~~~~~~~~~~~~~~~

CompileC /Users/builder/builds/o86TiJKT/3/finestructure/swiftpackageindex-builder/spi-builder-workspace/.derivedData/Build/Intermediates.noindex/swift-nio.build/Debug/CNIOLinux.build/Objects-normal/arm64/shim.o /Users/builder/builds/o86TiJKT/3/finestructure/swiftpackageindex-builder/spi-builder-workspace/.dependencies/checkouts/swift-nio/Sources/CNIOLinux/shim.c normal arm64 c com.apple.compilers.llvm.clang.1_0.compiler (in target 'CNIOLinux' from project 'swift-nio')
    cd /Users/builder/builds/o86TiJKT/3/finestructure/swiftpackageindex-builder/spi-builder-workspace/.dependencies/checkouts/swift-nio
    /Applications/Xcode-14.2.0.app/Contents/Developer/Toolchains/XcodeDefault.xctoolchain/usr/bin/clang -x c -target arm64-apple-macos10.13 -fmessage-length\=0 -fdiagnostics-show-note-include-stack -fmacro-backtrace-limit\=0 -fmodules -gmodules -fmodules-cache-path\=/Users/builder/builds/o86TiJKT/3/finestructure/swiftpackageindex-builder/spi-builder-workspace/.derivedData/ModuleCache.noindex -fmodules-prune-interval\=86400 -fmodules-prune-after\=345600 -fbuild-session-file\=/Users/builder/builds/o86TiJKT/3/finestructure/swiftpackageindex-builder/spi-builder-workspace/.derivedData/ModuleCache.noindex/Session.modulevalidation -fmodules-validate-once-per-build-session -Wnon-modular-include-in-framework-module -Werror\=non-modular-include-in-framework-module -fmodule-name\=CNIOLinux -Wno-trigraphs -fpascal-strings -O0 -Wno-missing-field-initializers -Wno-missing-prototypes -Wno-return-type -Wno-missing-braces -Wparentheses -Wswitch -Wno-unused-function -Wno-unused-label -Wno-unused-parameter -Wno-unused-variable -Wunused-value -Wno-empty-body -Wno-uninitialized -Wno-unknown-pragmas -Wno-shadow -Wno-four-char-constants -Wno-conversion -Wno-constant-conversion -Wno-int-conversion -Wno-bool-conversion -Wno-enum-conversion -Wno-float-conversion -Wno-non-literal-null-conversion -Wno-objc-literal-conversion -Wshorten-64-to-32 -Wpointer-sign -Wno-newline-eof -Wno-implicit-fallthrough -DSWIFT_PACKAGE -DDEBUG\=1 -isysroot /Applications/Xcode-14.2.0.app/Contents/Developer/Platforms/MacOSX.platform/Developer/SDKs/MacOSX13.1.sdk -fstrict-aliasing -Wdeprecated-declarations -g -Wno-sign-conversion -Wno-infinite-recursion -Wno-comma -Wno-block-capture-autoreleasing -Wno-strict-prototypes -Wno-semicolon-before-method-body -index-store-path /Users/builder/builds/o86TiJKT/3/finestructure/swiftpackageindex-builder/spi-builder-workspace/.derivedData/Index.noindex/DataStore -I/Users/builder/builds/o86TiJKT/3/finestructure/swiftpackageindex-builder/spi-builder-workspace/.derivedData/Build/Products/Debug/include -I/Users/builder/builds/o86TiJKT/3/finestructure/swiftpackageindex-builder/spi-builder-workspace/.dependencies/checkouts/swift-nio/Sources/CNIOLinux/include -I/Users/builder/builds/o86TiJKT/3/finestructure/swiftpackageindex-builder/spi-builder-workspace/.derivedData/Build/Intermediates.noindex/swift-nio.build/Debug/CNIOLinux.build/DerivedSources-normal/arm64 -I/Users/builder/builds/o86TiJKT/3/finestructure/swiftpackageindex-builder/spi-builder-workspace/.derivedData/Build/Intermediates.noindex/swift-nio.build/Debug/CNIOLinux.build/DerivedSources/arm64 -I/Users/builder/builds/o86TiJKT/3/finestructure/swiftpackageindex-builder/spi-builder-workspace/.derivedData/Build/Intermediates.noindex/swift-nio.build/Debug/CNIOLinux.build/DerivedSources -F/Users/builder/builds/o86TiJKT/3/finestructure/swiftpackageindex-builder/spi-builder-workspace/.derivedData/Build/Products/Debug -F/Applications/Xcode-14.2.0.app/Contents/Developer/Platforms/MacOSX.platform/Developer/Library/Frameworks -fmodule-map-file\=/Users/builder/builds/o86TiJKT/3/finestructure/swiftpackageindex-builder/spi-builder-workspace/.dependencies/checkouts/swift-nio-zlib-support/module.modulemap -DXcode -MMD -MT dependencies -MF /Users/builder/builds/o86TiJKT/3/finestructure/swiftpackageindex-builder/spi-builder-workspace/.derivedData/Build/Intermediates.noindex/swift-nio.build/Debug/CNIOLinux.build/Objects-normal/arm64/shim.d --serialize-diagnostics /Users/builder/builds/o86TiJKT/3/finestructure/swiftpackageindex-builder/spi-builder-workspace/.derivedData/Build/Intermediates.noindex/swift-nio.build/Debug/CNIOLinux.build/Objects-normal/arm64/shim.dia -c /Users/builder/builds/o86TiJKT/3/finestructure/swiftpackageindex-builder/spi-builder-workspace/.dependencies/checkouts/swift-nio/Sources/CNIOLinux/shim.c -o /Users/builder/builds/o86TiJKT/3/finestructure/swiftpackageindex-builder/spi-builder-workspace/.derivedData/Build/Intermediates.noindex/swift-nio.build/Debug/CNIOLinux.build/Objects-normal/arm64/shim.o -index-unit-output-path /swift-nio.build/Debug/CNIOLinux.build/Objects-normal/arm64/shim.o
Resolve Package Graph
** BUILD FAILED **


The following build commands failed:
	CompileC /Users/builder/builds/o86TiJKT/3/finestructure/swiftpackageindex-builder/spi-builder-workspace/.derivedData/Build/Intermediates.noindex/swift-nio-ssl.build/Debug/CNIOOpenSSL.build/Objects-normal/arm64/shims.o /Users/builder/builds/o86TiJKT/3/finestructure/swiftpackageindex-builder/spi-builder-workspace/.dependencies/checkouts/swift-nio-ssl/Sources/CNIOOpenSSL/shims.c normal arm64 c com.apple.compilers.llvm.clang.1_0.compiler (in target 'CNIOOpenSSL' from project 'swift-nio-ssl')
(1 failure)
ShellOut encountered an error
Status code: 65
Message: "--- xcodebuild: WARNING: Using the first of multiple matching destinations:
{ platform:macOS, arch:arm64, id:00008103-000604DE26D2001E }
{ platform:macOS, arch:arm64, variant:Mac Catalyst, id:00008103-000604DE26D2001E }
{ platform:macOS, arch:arm64, variant:DriverKit, id:00008103-000604DE26D2001E }
{ platform:macOS, arch:arm64, variant:Designed for [iPad,iPhone], id:00008103-000604DE26D2001E }
** BUILD FAILED **


The following build commands failed:
	CompileC /Users/builder/builds/o86TiJKT/3/finestructure/swiftpackageindex-builder/spi-builder-workspace/.derivedData/Build/Intermediates.noindex/swift-nio-ssl.build/Debug/CNIOOpenSSL.build/Objects-normal/arm64/shims.o /Users/builder/builds/o86TiJKT/3/finestructure/swiftpackageindex-builder/spi-builder-workspace/.dependencies/checkouts/swift-nio-ssl/Sources/CNIOOpenSSL/shims.c normal arm64 c com.apple.compilers.llvm.clang.1_0.compiler (in target 'CNIOOpenSSL' from project 'swift-nio-ssl')
(1 failure)"
Output: "Command line invocation:
    /Applications/Xcode-14.2.0.app/Contents/Developer/usr/bin/xcodebuild -IDEClonedSourcePackagesDirPathOverride=/Users/builder/builds/o86TiJKT/3/finestructure/swiftpackageindex-builder/spi-builder-workspace/.dependencies -derivedDataPath /Users/builder/builds/o86TiJKT/3/finestructure/swiftpackageindex-builder/spi-builder-workspace/.derivedData build -scheme penny-Package -destination platform=macos,arch=arm64

User defaults from command line:
    IDEClonedSourcePackagesDirPathOverride = /Users/builder/builds/o86TiJKT/3/finestructure/swiftpackageindex-builder/spi-builder-workspace/.dependencies
    IDEDerivedDataPathOverride = /Users/builder/builds/o86TiJKT/3/finestructure/swiftpackageindex-builder/spi-builder-workspace/.derivedData
    IDEPackageSupportUseBuiltinSCM = YES

Resolve Package Graph
ignoring declared target(s) 'swift-nio-ssl-support' in the system packageignoring declared target(s) 'swift-nio-zlib-support' in the system package
Resolved source packages:
  Multipart: https://github.com/vapor/multipart.git @ 3.0.3
  swift-nio-ssl-support: https://github.com/apple/swift-nio-ssl-support.git @ 1.0.0
  DatabaseKit: https://github.com/vapor/database-kit.git @ 1.3.3
  Vapor: https://github.com/vapor/vapor.git @ 3.3.0
  WebSocket: https://github.com/vapor/websocket.git @ 1.1.1
  penny: /Users/builder/builds/o86TiJKT/3/finestructure/swiftpackageindex-builder/spi-builder-workspace
  SQL: https://github.com/vapor/sql.git @ 2.3.0
  swift-nio-ssl: https://github.com/apple/swift-nio-ssl.git @ 1.4.0
  Fluent: https://github.com/vapor/fluent.git @ 3.1.3
  Validation: https://github.com/vapor/validation.git @ 2.1.1
  PostgreSQL: https://github.com/vapor/postgresql.git @ 1.4.1
  Console: https://github.com/vapor/console.git @ 3.1.0
  swift-nio-zlib-support: https://github.com/apple/swift-nio-zlib-support.git @ 1.0.0
  Crypto: https://github.com/vapor/crypto.git @ 3.3.2
  FluentPostgreSQL: https://github.com/vapor/fluent-postgresql.git @ 1.0.0
  swift-nio: https://github.com/apple/swift-nio.git @ 1.13.2
  Service: https://github.com/vapor/service.git @ 1.0.1
  TemplateKit: https://github.com/vapor/template-kit.git @ 1.1.1
  HTTP: https://github.com/vapor/http.git @ 3.1.10
  Core: https://github.com/vapor/core.git @ 3.7.1
  URLEncodedForm: https://github.com/vapor/url-encoded-form.git @ 1.0.5
  Routing: https://github.com/vapor/routing.git @ 3.0.2

you may be able to install openssl using your system-packager:
    brew install libressl
failed to retrieve search paths with pkg-config; maybe pkg-config is not installedcouldn't find pc file for zlib
Prepare packages

Computing target dependency graph and provisioning inputs

Create build description
Build description signature: 4c2c3f976a83bda6c97de0235cdaca1b
Build description path: /Users/builder/builds/o86TiJKT/3/finestructure/swiftpackageindex-builder/spi-builder-workspace/.derivedData/Build/Intermediates.noindex/XCBuildData/4c2c3f976a83bda6c97de0235cdaca1b-desc.xcbuild

note: Building targets in dependency order
CreateBuildDirectory /Users/builder/builds/o86TiJKT/3/finestructure/swiftpackageindex-builder/spi-builder-workspace/.derivedData/Build/Intermediates.noindex
    cd /Users/builder/builds/o86TiJKT/3/finestructure/swiftpackageindex-builder/spi-builder-workspace/.swiftpm/xcode
    builtin-create-build-directory /Users/builder/builds/o86TiJKT/3/finestructure/swiftpackageindex-builder/spi-builder-workspace/.derivedData/Build/Intermediates.noindex

CreateBuildDirectory /Users/builder/builds/o86TiJKT/3/finestructure/swiftpackageindex-builder/spi-builder-workspace/.derivedData/Build/Products
    cd /Users/builder/builds/o86TiJKT/3/finestructure/swiftpackageindex-builder/spi-builder-workspace/.swiftpm/xcode
    builtin-create-build-directory /Users/builder/builds/o86TiJKT/3/finestructure/swiftpackageindex-builder/spi-builder-workspace/.derivedData/Build/Products

CreateBuildDirectory /Users/builder/builds/o86TiJKT/3/finestructure/swiftpackageindex-builder/spi-builder-workspace/.derivedData/Build/Products/Debug
    cd /Users/builder/builds/o86TiJKT/3/finestructure/swiftpackageindex-builder/spi-builder-workspace/.swiftpm/xcode
    builtin-create-build-directory /Users/builder/builds/o86TiJKT/3/finestructure/swiftpackageindex-builder/spi-builder-workspace/.derivedData/Build/Products/Debug

CreateBuildDirectory /Users/builder/builds/o86TiJKT/3/finestructure/swiftpackageindex-builder/spi-builder-workspace/.derivedData/Build/Intermediates.noindex/EagerLinkingTBDs
    cd /Users/builder/builds/o86TiJKT/3/finestructure/swiftpackageindex-builder/spi-builder-workspace/.swiftpm/xcode
    builtin-create-build-directory /Users/builder/builds/o86TiJKT/3/finestructure/swiftpackageindex-builder/spi-builder-workspace/.derivedData/Build/Intermediates.noindex/EagerLinkingTBDs

CreateBuildDirectory /Users/builder/builds/o86TiJKT/3/finestructure/swiftpackageindex-builder/spi-builder-workspace/.derivedData/Build/Products/Debug/PackageFrameworks
    cd /Users/builder/builds/o86TiJKT/3/finestructure/swiftpackageindex-builder/spi-builder-workspace/.swiftpm/xcode
    builtin-create-build-directory /Users/builder/builds/o86TiJKT/3/finestructure/swiftpackageindex-builder/spi-builder-workspace/.derivedData/Build/Products/Debug/PackageFrameworks

MkDir /Users/builder/builds/o86TiJKT/3/finestructure/swiftpackageindex-builder/spi-builder-workspace/.derivedData/Build/Products/Debug/PennyTests.xctest/Contents (in target 'PennyTests' from project 'penny')
    cd /Users/builder/builds/o86TiJKT/3/finestructure/swiftpackageindex-builder/spi-builder-workspace
    /bin/mkdir -p /Users/builder/builds/o86TiJKT/3/finestructure/swiftpackageindex-builder/spi-builder-workspace/.derivedData/Build/Products/Debug/PennyTests.xctest/Contents

MkDir /Users/builder/builds/o86TiJKT/3/finestructure/swiftpackageindex-builder/spi-builder-workspace/.derivedData/Build/Products/Debug/PennyTests.xctest/Contents/MacOS (in target 'PennyTests' from project 'penny')
    cd /Users/builder/builds/o86TiJKT/3/finestructure/swiftpackageindex-builder/spi-builder-workspace
    /bin/mkdir -p /Users/builder/builds/o86TiJKT/3/finestructure/swiftpackageindex-builder/spi-builder-workspace/.derivedData/Build/Products/Debug/PennyTests.xctest/Contents/MacOS

MkDir /Users/builder/builds/o86TiJKT/3/finestructure/swiftpackageindex-builder/spi-builder-workspace/.derivedData/Build/Products/Debug/PennyTests.xctest (in target 'PennyTests' from project 'penny')
    cd /Users/builder/builds/o86TiJKT/3/finestructure/swiftpackageindex-builder/spi-builder-workspace
    /bin/mkdir -p /Users/builder/builds/o86TiJKT/3/finestructure/swiftpackageindex-builder/spi-builder-workspace/.derivedData/Build/Products/Debug/PennyTests.xctest

MkDir /Users/builder/builds/o86TiJKT/3/finestructure/swiftpackageindex-builder/spi-builder-workspace/.derivedData/Build/Products/Debug/MintTests.xctest/Contents (in target 'MintTests' from project 'penny')
    cd /Users/builder/builds/o86TiJKT/3/finestructure/swiftpackageindex-builder/spi-builder-workspace
    /bin/mkdir -p /Users/builder/builds/o86TiJKT/3/finestructure/swiftpackageindex-builder/spi-builder-workspace/.derivedData/Build/Products/Debug/MintTests.xctest/Contents

MkDir /Users/builder/builds/o86TiJKT/3/finestructure/swiftpackageindex-builder/spi-builder-workspace/.derivedData/Build/Products/Debug/MintTests.xctest/Contents/MacOS (in target 'MintTests' from project 'penny')
    cd /Users/builder/builds/o86TiJKT/3/finestructure/swiftpackageindex-builder/spi-builder-workspace
    /bin/mkdir -p /Users/builder/builds/o86TiJKT/3/finestructure/swiftpackageindex-builder/spi-builder-workspace/.derivedData/Build/Products/Debug/MintTests.xctest/Contents/MacOS

MkDir /Users/builder/builds/o86TiJKT/3/finestructure/swiftpackageindex-builder/spi-builder-workspace/.derivedData/Build/Products/Debug/MintTests.xctest (in target 'MintTests' from project 'penny')
    cd /Users/builder/builds/o86TiJKT/3/finestructure/swiftpackageindex-builder/spi-builder-workspace
    /bin/mkdir -p /Users/builder/builds/o86TiJKT/3/finestructure/swiftpackageindex-builder/spi-builder-workspace/.derivedData/Build/Products/Debug/MintTests.xctest

WriteAuxiliaryFile /Users/builder/builds/o86TiJKT/3/finestructure/swiftpackageindex-builder/spi-builder-workspace/.derivedData/Build/Intermediates.noindex/swift-nio.build/Debug/NIOPriorityQueue.build/NIOPriorityQueue.modulemap (in target 'NIOPriorityQueue' from project 'swift-nio')
    cd /Users/builder/builds/o86TiJKT/3/finestructure/swiftpackageindex-builder/spi-builder-workspace/.dependencies/checkouts/swift-nio
    write-file /Users/builder/builds/o86TiJKT/3/finestructure/swiftpackageindex-builder/spi-builder-workspace/.derivedData/Build/Intermediates.noindex/swift-nio.build/Debug/NIOPriorityQueue.build/NIOPriorityQueue.modulemap

WriteAuxiliaryFile /Users/builder/builds/o86TiJKT/3/finestructure/swiftpackageindex-builder/spi-builder-workspace/.derivedData/Build/Intermediates.noindex/swift-nio.build/Debug/CNIOZlib.build/CNIOZlib.modulemap (in target 'CNIOZlib' from project 'swift-nio')
    cd /Users/builder/builds/o86TiJKT/3/finestructure/swiftpackageindex-builder/spi-builder-workspace/.dependencies/checkouts/swift-nio
    write-file /Users/builder/builds/o86TiJKT/3/finestructure/swiftpackageindex-builder/spi-builder-workspace/.derivedData/Build/Intermediates.noindex/swift-nio.build/Debug/CNIOZlib.build/CNIOZlib.modulemap

WriteAuxiliaryFile /Users/builder/builds/o86TiJKT/3/finestructure/swiftpackageindex-builder/spi-builder-workspace/.derivedData/Build/Intermediates.noindex/Core.build/Debug/COperatingSystem.build/COperatingSystem.modulemap (in target 'COperatingSystem' from project 'Core')
    cd /Users/builder/builds/o86TiJKT/3/finestructure/swiftpackageindex-builder/spi-builder-workspace/.dependencies/checkouts/core
    write-file /Users/builder/builds/o86TiJKT/3/finestructure/swiftpackageindex-builder/spi-builder-workspace/.derivedData/Build/Intermediates.noindex/Core.build/Debug/COperatingSystem.build/COperatingSystem.modulemap

Copy /Users/builder/builds/o86TiJKT/3/finestructure/swiftpackageindex-builder/spi-builder-workspace/.derivedData/Build/Intermediates.noindex/GeneratedModuleMaps/NIOPriorityQueue.modulemap /Users/builder/builds/o86TiJKT/3/finestructure/swiftpackageindex-builder/spi-builder-workspace/.derivedData/Build/Intermediates.noindex/swift-nio.build/Debug/NIOPriorityQueue.build/NIOPriorityQueue.modulemap (in target 'NIOPriorityQueue' from project 'swift-nio')
    cd /Users/builder/builds/o86TiJKT/3/finestructure/swiftpackageindex-builder/spi-builder-workspace/.dependencies/checkouts/swift-nio
    builtin-copy -exclude .DS_Store -exclude CVS -exclude .svn -exclude .git -exclude .hg -resolve-src-symlinks /Users/builder/builds/o86TiJKT/3/finestructure/swiftpackageindex-builder/spi-builder-workspace/.derivedData/Build/Intermediates.noindex/swift-nio.build/Debug/NIOPriorityQueue.build/NIOPriorityQueue.modulemap /Users/builder/builds/o86TiJKT/3/finestructure/swiftpackageindex-builder/spi-builder-workspace/.derivedData/Build/Intermediates.noindex/GeneratedModuleMaps

WriteAuxiliaryFile /Users/builder/builds/o86TiJKT/3/finestructure/swiftpackageindex-builder/spi-builder-workspace/.derivedData/Build/Intermediates.noindex/Core.build/Debug/Debugging.build/Debugging.modulemap (in target 'Debugging' from project 'Core')
    cd /Users/builder/builds/o86TiJKT/3/finestructure/swiftpackageindex-builder/spi-builder-workspace/.dependencies/checkouts/core
    write-file /Users/builder/builds/o86TiJKT/3/finestructure/swiftpackageindex-builder/spi-builder-workspace/.derivedData/Build/Intermediates.noindex/Core.build/Debug/Debugging.build/Debugging.modulemap

WriteAuxiliaryFile /Users/builder/builds/o86TiJKT/3/finestructure/swiftpackageindex-builder/spi-builder-workspace/.derivedData/Build/Intermediates.noindex/swift-nio.build/Debug/CNIOLinux.build/CNIOLinux.modulemap (in target 'CNIOLinux' from project 'swift-nio')
    cd /Users/builder/builds/o86TiJKT/3/finestructure/swiftpackageindex-builder/spi-builder-workspace/.dependencies/checkouts/swift-nio
    write-file /Users/builder/builds/o86TiJKT/3/finestructure/swiftpackageindex-builder/spi-builder-workspace/.derivedData/Build/Intermediates.noindex/swift-nio.build/Debug/CNIOLinux.build/CNIOLinux.modulemap

WriteAuxiliaryFile /Users/builder/builds/o86TiJKT/3/finestructure/swiftpackageindex-builder/spi-builder-workspace/.derivedData/Build/Intermediates.noindex/swift-nio.build/Debug/CNIOSHA1.build/CNIOSHA1.modulemap (in target 'CNIOSHA1' from project 'swift-nio')
    cd /Users/builder/builds/o86TiJKT/3/finestructure/swiftpackageindex-builder/spi-builder-workspace/.dependencies/checkouts/swift-nio
    write-file /Users/builder/builds/o86TiJKT/3/finestructure/swiftpackageindex-builder/spi-builder-workspace/.derivedData/Build/Intermediates.noindex/swift-nio.build/Debug/CNIOSHA1.build/CNIOSHA1.modulemap

WriteAuxiliaryFile /Users/builder/builds/o86TiJKT/3/finestructure/swiftpackageindex-builder/spi-builder-workspace/.derivedData/Build/Intermediates.noindex/swift-nio.build/Debug/CNIOHTTPParser.build/CNIOHTTPParser.modulemap (in target 'CNIOHTTPParser' from project 'swift-nio')
    cd /Users/builder/builds/o86TiJKT/3/finestructure/swiftpackageindex-builder/spi-builder-workspace/.dependencies/checkouts/swift-nio
    write-file /Users/builder/builds/o86TiJKT/3/finestructure/swiftpackageindex-builder/spi-builder-workspace/.derivedData/Build/Intermediates.noindex/swift-nio.build/Debug/CNIOHTTPParser.build/CNIOHTTPParser.modulemap

WriteAuxiliaryFile /Users/builder/builds/o86TiJKT/3/finestructure/swiftpackageindex-builder/spi-builder-workspace/.derivedData/Build/Intermediates.noindex/swift-nio.build/Debug/CNIODarwin.build/CNIODarwin.modulemap (in target 'CNIODarwin' from project 'swift-nio')
    cd /Users/builder/builds/o86TiJKT/3/finestructure/swiftpackageindex-builder/spi-builder-workspace/.dependencies/checkouts/swift-nio
    write-file /Users/builder/builds/o86TiJKT/3/finestructure/swiftpackageindex-builder/spi-builder-workspace/.derivedData/Build/Intermediates.noindex/swift-nio.build/Debug/CNIODarwin.build/CNIODarwin.modulemap

WriteAuxiliaryFile /Users/builder/builds/o86TiJKT/3/finestructure/swiftpackageindex-builder/spi-builder-workspace/.derivedData/Build/Intermediates.noindex/swift-nio-ssl.build/Debug/CNIOOpenSSL.build/CNIOOpenSSL.modulemap (in target 'CNIOOpenSSL' from project 'swift-nio-ssl')
    cd /Users/builder/builds/o86TiJKT/3/finestructure/swiftpackageindex-builder/spi-builder-workspace/.dependencies/checkouts/swift-nio-ssl
    write-file /Users/builder/builds/o86TiJKT/3/finestructure/swiftpackageindex-builder/spi-builder-workspace/.derivedData/Build/Intermediates.noindex/swift-nio-ssl.build/Debug/CNIOOpenSSL.build/CNIOOpenSSL.modulemap

WriteAuxiliaryFile /Users/builder/builds/o86TiJKT/3/finestructure/swiftpackageindex-builder/spi-builder-workspace/.derivedData/Build/Intermediates.noindex/swift-nio.build/Debug/CNIOAtomics.build/CNIOAtomics.modulemap (in target 'CNIOAtomics' from project 'swift-nio')
    cd /Users/builder/builds/o86TiJKT/3/finestructure/swiftpackageindex-builder/spi-builder-workspace/.dependencies/checkouts/swift-nio
    write-file /Users/builder/builds/o86TiJKT/3/finestructure/swiftpackageindex-builder/spi-builder-workspace/.derivedData/Build/Intermediates.noindex/swift-nio.build/Debug/CNIOAtomics.build/CNIOAtomics.modulemap

WriteAuxiliaryFile /Users/builder/builds/o86TiJKT/3/finestructure/swiftpackageindex-builder/spi-builder-workspace/.derivedData/Build/Intermediates.noindex/Crypto.build/Debug/CCryptoOpenSSL.build/CCryptoOpenSSL.modulemap (in target 'CCryptoOpenSSL' from project 'Crypto')
    cd /Users/builder/builds/o86TiJKT/3/finestructure/swiftpackageindex-builder/spi-builder-workspace/.dependencies/checkouts/crypto
    write-file /Users/builder/builds/o86TiJKT/3/finestructure/swiftpackageindex-builder/spi-builder-workspace/.derivedData/Build/Intermediates.noindex/Crypto.build/Debug/CCryptoOpenSSL.build/CCryptoOpenSSL.modulemap

Copy /Users/builder/builds/o86TiJKT/3/finestructure/swiftpackageindex-builder/spi-builder-workspace/.derivedData/Build/Intermediates.noindex/GeneratedModuleMaps/Debugging.modulemap /Users/builder/builds/o86TiJKT/3/finestructure/swiftpackageindex-builder/spi-builder-workspace/.derivedData/Build/Intermediates.noindex/Core.build/Debug/Debugging.build/Debugging.modulemap (in target 'Debugging' from project 'Core')
    cd /Users/builder/builds/o86TiJKT/3/finestructure/swiftpackageindex-builder/spi-builder-workspace/.dependencies/checkouts/core
    builtin-copy -exclude .DS_Store -exclude CVS -exclude .svn -exclude .git -exclude .hg -resolve-src-symlinks /Users/builder/builds/o86TiJKT/3/finestructure/swiftpackageindex-builder/spi-builder-workspace/.derivedData/Build/Intermediates.noindex/Core.build/Debug/Debugging.build/Debugging.modulemap /Users/builder/builds/o86TiJKT/3/finestructure/swiftpackageindex-builder/spi-builder-workspace/.derivedData/Build/Intermediates.noindex/GeneratedModuleMaps

Copy /Users/builder/builds/o86TiJKT/3/finestructure/swiftpackageindex-builder/spi-builder-workspace/.derivedData/Build/Intermediates.noindex/GeneratedModuleMaps/COperatingSystem.modulemap /Users/builder/builds/o86TiJKT/3/finestructure/swiftpackageindex-builder/spi-builder-workspace/.derivedData/Build/Intermediates.noindex/Core.build/Debug/COperatingSystem.build/COperatingSystem.modulemap (in target 'COperatingSystem' from project 'Core')
    cd /Users/builder/builds/o86TiJKT/3/finestructure/swiftpackageindex-builder/spi-builder-workspace/.dependencies/checkouts/core
    builtin-copy -exclude .DS_Store -exclude CVS -exclude .svn -exclude .git -exclude .hg -resolve-src-symlinks /Users/builder/builds/o86TiJKT/3/finestructure/swiftpackageindex-builder/spi-builder-workspace/.derivedData/Build/Intermediates.noindex/Core.build/Debug/COperatingSystem.build/COperatingSystem.modulemap /Users/builder/builds/o86TiJKT/3/finestructure/swiftpackageindex-builder/spi-builder-workspace/.derivedData/Build/Intermediates.noindex/GeneratedModuleMaps

Copy /Users/builder/builds/o86TiJKT/3/finestructure/swiftpackageindex-builder/spi-builder-workspace/.derivedData/Build/Intermediates.noindex/GeneratedModuleMaps/CNIOZlib.modulemap /Users/builder/builds/o86TiJKT/3/finestructure/swiftpackageindex-builder/spi-builder-workspace/.derivedData/Build/Intermediates.noindex/swift-nio.build/Debug/CNIOZlib.build/CNIOZlib.modulemap (in target 'CNIOZlib' from project 'swift-nio')
    cd /Users/builder/builds/o86TiJKT/3/finestructure/swiftpackageindex-builder/spi-builder-workspace/.dependencies/checkouts/swift-nio
    builtin-copy -exclude .DS_Store -exclude CVS -exclude .svn -exclude .git -exclude .hg -resolve-src-symlinks /Users/builder/builds/o86TiJKT/3/finestructure/swiftpackageindex-builder/spi-builder-workspace/.derivedData/Build/Intermediates.noindex/swift-nio.build/Debug/CNIOZlib.build/CNIOZlib.modulemap /Users/builder/builds/o86TiJKT/3/finestructure/swiftpackageindex-builder/spi-builder-workspace/.derivedData/Build/Intermediates.noindex/GeneratedModuleMaps

Copy /Users/builder/builds/o86TiJKT/3/finestructure/swiftpackageindex-builder/spi-builder-workspace/.derivedData/Build/Intermediates.noindex/GeneratedModuleMaps/CNIOSHA1.modulemap /Users/builder/builds/o86TiJKT/3/finestructure/swiftpackageindex-builder/spi-builder-workspace/.derivedData/Build/Intermediates.noindex/swift-nio.build/Debug/CNIOSHA1.build/CNIOSHA1.modulemap (in target 'CNIOSHA1' from project 'swift-nio')
    cd /Users/builder/builds/o86TiJKT/3/finestructure/swiftpackageindex-builder/spi-builder-workspace/.dependencies/checkouts/swift-nio
    builtin-copy -exclude .DS_Store -exclude CVS -exclude .svn -exclude .git -exclude .hg -resolve-src-symlinks /Users/builder/builds/o86TiJKT/3/finestructure/swiftpackageindex-builder/spi-builder-workspace/.derivedData/Build/Intermediates.noindex/swift-nio.build/Debug/CNIOSHA1.build/CNIOSHA1.modulemap /Users/builder/builds/o86TiJKT/3/finestructure/swiftpackageindex-builder/spi-builder-workspace/.derivedData/Build/Intermediates.noindex/GeneratedModuleMaps

Copy /Users/builder/builds/o86TiJKT/3/finestructure/swiftpackageindex-builder/spi-builder-workspace/.derivedData/Build/Intermediates.noindex/GeneratedModuleMaps/CNIOOpenSSL.modulemap /Users/builder/builds/o86TiJKT/3/finestructure/swiftpackageindex-builder/spi-builder-workspace/.derivedData/Build/Intermediates.noindex/swift-nio-ssl.build/Debug/CNIOOpenSSL.build/CNIOOpenSSL.modulemap (in target 'CNIOOpenSSL' from project 'swift-nio-ssl')
    cd /Users/builder/builds/o86TiJKT/3/finestructure/swiftpackageindex-builder/spi-builder-workspace/.dependencies/checkouts/swift-nio-ssl
    builtin-copy -exclude .DS_Store -exclude CVS -exclude .svn -exclude .git -exclude .hg -resolve-src-symlinks /Users/builder/builds/o86TiJKT/3/finestructure/swiftpackageindex-builder/spi-builder-workspace/.derivedData/Build/Intermediates.noindex/swift-nio-ssl.build/Debug/CNIOOpenSSL.build/CNIOOpenSSL.modulemap /Users/builder/builds/o86TiJKT/3/finestructure/swiftpackageindex-builder/spi-builder-workspace/.derivedData/Build/Intermediates.noindex/GeneratedModuleMaps

Copy /Users/builder/builds/o86TiJKT/3/finestructure/swiftpackageindex-builder/spi-builder-workspace/.derivedData/Build/Intermediates.noindex/GeneratedModuleMaps/CNIOLinux.modulemap /Users/builder/builds/o86TiJKT/3/finestructure/swiftpackageindex-builder/spi-builder-workspace/.derivedData/Build/Intermediates.noindex/swift-nio.build/Debug/CNIOLinux.build/CNIOLinux.modulemap (in target 'CNIOLinux' from project 'swift-nio')
    cd /Users/builder/builds/o86TiJKT/3/finestructure/swiftpackageindex-builder/spi-builder-workspace/.dependencies/checkouts/swift-nio
    builtin-copy -exclude .DS_Store -exclude CVS -exclude .svn -exclude .git -exclude .hg -resolve-src-symlinks /Users/builder/builds/o86TiJKT/3/finestructure/swiftpackageindex-builder/spi-builder-workspace/.derivedData/Build/Intermediates.noindex/swift-nio.build/Debug/CNIOLinux.build/CNIOLinux.modulemap /Users/builder/builds/o86TiJKT/3/finestructure/swiftpackageindex-builder/spi-builder-workspace/.derivedData/Build/Intermediates.noindex/GeneratedModuleMaps

Copy /Users/builder/builds/o86TiJKT/3/finestructure/swiftpackageindex-builder/spi-builder-workspace/.derivedData/Build/Intermediates.noindex/GeneratedModuleMaps/CNIOHTTPParser.modulemap /Users/builder/builds/o86TiJKT/3/finestructure/swiftpackageindex-builder/spi-builder-workspace/.derivedData/Build/Intermediates.noindex/swift-nio.build/Debug/CNIOHTTPParser.build/CNIOHTTPParser.modulemap (in target 'CNIOHTTPParser' from project 'swift-nio')
    cd /Users/builder/builds/o86TiJKT/3/finestructure/swiftpackageindex-builder/spi-builder-workspace/.dependencies/checkouts/swift-nio
    builtin-copy -exclude .DS_Store -exclude CVS -exclude .svn -exclude .git -exclude .hg -resolve-src-symlinks /Users/builder/builds/o86TiJKT/3/finestructure/swiftpackageindex-builder/spi-builder-workspace/.derivedData/Build/Intermediates.noindex/swift-nio.build/Debug/CNIOHTTPParser.build/CNIOHTTPParser.modulemap /Users/builder/builds/o86TiJKT/3/finestructure/swiftpackageindex-builder/spi-builder-workspace/.derivedData/Build/Intermediates.noindex/GeneratedModuleMaps

Copy /Users/builder/builds/o86TiJKT/3/finestructure/swiftpackageindex-builder/spi-builder-workspace/.derivedData/Build/Intermediates.noindex/GeneratedModuleMaps/CNIODarwin.modulemap /Users/builder/builds/o86TiJKT/3/finestructure/swiftpackageindex-builder/spi-builder-workspace/.derivedData/Build/Intermediates.noindex/swift-nio.build/Debug/CNIODarwin.build/CNIODarwin.modulemap (in target 'CNIODarwin' from project 'swift-nio')
    cd /Users/builder/builds/o86TiJKT/3/finestructure/swiftpackageindex-builder/spi-builder-workspace/.dependencies/checkouts/swift-nio
    builtin-copy -exclude .DS_Store -exclude CVS -exclude .svn -exclude .git -exclude .hg -resolve-src-symlinks /Users/builder/builds/o86TiJKT/3/finestructure/swiftpackageindex-builder/spi-builder-workspace/.derivedData/Build/Intermediates.noindex/swift-nio.build/Debug/CNIODarwin.build/CNIODarwin.modulemap /Users/builder/builds/o86TiJKT/3/finestructure/swiftpackageindex-builder/spi-builder-workspace/.derivedData/Build/Intermediates.noindex/GeneratedModuleMaps

Copy /Users/builder/builds/o86TiJKT/3/finestructure/swiftpackageindex-builder/spi-builder-workspace/.derivedData/Build/Intermediates.noindex/GeneratedModuleMaps/CNIOAtomics.modulemap /Users/builder/builds/o86TiJKT/3/finestructure/swiftpackageindex-builder/spi-builder-workspace/.derivedData/Build/Intermediates.noindex/swift-nio.build/Debug/CNIOAtomics.build/CNIOAtomics.modulemap (in target 'CNIOAtomics' from project 'swift-nio')
    cd /Users/builder/builds/o86TiJKT/3/finestructure/swiftpackageindex-builder/spi-builder-workspace/.dependencies/checkouts/swift-nio
    builtin-copy -exclude .DS_Store -exclude CVS -exclude .svn -exclude .git -exclude .hg -resolve-src-symlinks /Users/builder/builds/o86TiJKT/3/finestructure/swiftpackageindex-builder/spi-builder-workspace/.derivedData/Build/Intermediates.noindex/swift-nio.build/Debug/CNIOAtomics.build/CNIOAtomics.modulemap /Users/builder/builds/o86TiJKT/3/finestructure/swiftpackageindex-builder/spi-builder-workspace/.derivedData/Build/Intermediates.noindex/GeneratedModuleMaps

CompileC /Users/builder/builds/o86TiJKT/3/finestructure/swiftpackageindex-builder/spi-builder-workspace/.derivedData/Build/Intermediates.noindex/Crypto.build/Debug/CBcrypt.build/Objects-normal/arm64/blf.o /Users/builder/builds/o86TiJKT/3/finestructure/swiftpackageindex-builder/spi-builder-workspace/.dependencies/checkouts/crypto/Sources/CBcrypt/blf.c normal arm64 c com.apple.compilers.llvm.clang.1_0.compiler (in target 'CBcrypt' from project 'Crypto')
    cd /Users/builder/builds/o86TiJKT/3/finestructure/swiftpackageindex-builder/spi-builder-workspace/.dependencies/checkouts/crypto
    /Applications/Xcode-14.2.0.app/Contents/Developer/Toolchains/XcodeDefault.xctoolchain/usr/bin/clang -x c -target arm64-apple-macos10.13 -fmessage-length\=0 -fdiagnostics-show-note-include-stack -fmacro-backtrace-limit\=0 -fmodules -gmodules -fmodules-cache-path\=/Users/builder/builds/o86TiJKT/3/finestructure/swiftpackageindex-builder/spi-builder-workspace/.derivedData/ModuleCache.noindex -fmodules-prune-interval\=86400 -fmodules-prune-after\=345600 -fbuild-session-file\=/Users/builder/builds/o86TiJKT/3/finestructure/swiftpackageindex-builder/spi-builder-workspace/.derivedData/ModuleCache.noindex/Session.modulevalidation -fmodules-validate-once-per-build-session -Wnon-modular-include-in-framework-module -Werror\=non-modular-include-in-framework-module -fmodule-name\=CBcrypt -Wno-trigraphs -fpascal-strings -O0 -Wno-missing-field-initializers -Wno-missing-prototypes -Wno-return-type -Wno-missing-braces -Wparentheses -Wswitch -Wno-unused-function -Wno-unused-label -Wno-unused-parameter -Wno-unused-variable -Wunused-value -Wno-empty-body -Wno-uninitialized -Wno-unknown-pragmas -Wno-shadow -Wno-four-char-constants -Wno-conversion -Wno-constant-conversion -Wno-int-conversion -Wno-bool-conversion -Wno-enum-conversion -Wno-float-conversion -Wno-non-literal-null-conversion -Wno-objc-literal-conversion -Wshorten-64-to-32 -Wpointer-sign -Wno-newline-eof -Wno-implicit-fallthrough -DSWIFT_PACKAGE -DDEBUG\=1 -isysroot /Applications/Xcode-14.2.0.app/Contents/Developer/Platforms/MacOSX.platform/Developer/SDKs/MacOSX13.1.sdk -fstrict-aliasing -Wdeprecated-declarations -g -Wno-sign-conversion -Wno-infinite-recursion -Wno-comma -Wno-block-capture-autoreleasing -Wno-strict-prototypes -Wno-semicolon-before-method-body -index-store-path /Users/builder/builds/o86TiJKT/3/finestructure/swiftpackageindex-builder/spi-builder-workspace/.derivedData/Index.noindex/DataStore -I/Users/builder/builds/o86TiJKT/3/finestructure/swiftpackageindex-builder/spi-builder-workspace/.derivedData/Build/Products/Debug/include -I/Users/builder/builds/o86TiJKT/3/finestructure/swiftpackageindex-builder/spi-builder-workspace/.dependencies/checkouts/crypto/Sources/CBcrypt/include -I/Users/builder/builds/o86TiJKT/3/finestructure/swiftpackageindex-builder/spi-builder-workspace/.derivedData/Build/Intermediates.noindex/Crypto.build/Debug/CBcrypt.build/DerivedSources-normal/arm64 -I/Users/builder/builds/o86TiJKT/3/finestructure/swiftpackageindex-builder/spi-builder-workspace/.derivedData/Build/Intermediates.noindex/Crypto.build/Debug/CBcrypt.build/DerivedSources/arm64 -I/Users/builder/builds/o86TiJKT/3/finestructure/swiftpackageindex-builder/spi-builder-workspace/.derivedData/Build/Intermediates.noindex/Crypto.build/Debug/CBcrypt.build/DerivedSources -F/Users/builder/builds/o86TiJKT/3/finestructure/swiftpackageindex-builder/spi-builder-workspace/.derivedData/Build/Products/Debug -F/Applications/Xcode-14.2.0.app/Contents/Developer/Platforms/MacOSX.platform/Developer/Library/Frameworks -fmodule-map-file\=/Users/builder/builds/o86TiJKT/3/finestructure/swiftpackageindex-builder/spi-builder-workspace/.dependencies/checkouts/swift-nio-ssl-support/module.modulemap -DXcode -MMD -MT dependencies -MF /Users/builder/builds/o86TiJKT/3/finestructure/swiftpackageindex-builder/spi-builder-workspace/.derivedData/Build/Intermediates.noindex/Crypto.build/Debug/CBcrypt.build/Objects-normal/arm64/blf.d --serialize-diagnostics /Users/builder/builds/o86TiJKT/3/finestructure/swiftpackageindex-builder/spi-builder-workspace/.derivedData/Build/Intermediates.noindex/Crypto.build/Debug/CBcrypt.build/Objects-normal/arm64/blf.dia -c /Users/builder/builds/o86TiJKT/3/finestructure/swiftpackageindex-builder/spi-builder-workspace/.dependencies/checkouts/crypto/Sources/CBcrypt/blf.c -o /Users/builder/builds/o86TiJKT/3/finestructure/swiftpackageindex-builder/spi-builder-workspace/.derivedData/Build/Intermediates.noindex/Crypto.build/Debug/CBcrypt.build/Objects-normal/arm64/blf.o -index-unit-output-path /Crypto.build/Debug/CBcrypt.build/Objects-normal/arm64/blf.o

WriteAuxiliaryFile /Users/builder/builds/o86TiJKT/3/finestructure/swiftpackageindex-builder/spi-builder-workspace/.derivedData/Build/Intermediates.noindex/Crypto.build/Debug/CBcrypt.build/Objects-normal/arm64/CBcrypt.LinkFileList (in target 'CBcrypt' from project 'Crypto')
    cd /Users/builder/builds/o86TiJKT/3/finestructure/swiftpackageindex-builder/spi-builder-workspace/.dependencies/checkouts/crypto
    write-file /Users/builder/builds/o86TiJKT/3/finestructure/swiftpackageindex-builder/spi-builder-workspace/.derivedData/Build/Intermediates.noindex/Crypto.build/Debug/CBcrypt.build/Objects-normal/arm64/CBcrypt.LinkFileList

CompileC /Users/builder/builds/o86TiJKT/3/finestructure/swiftpackageindex-builder/spi-builder-workspace/.derivedData/Build/Intermediates.noindex/Crypto.build/Debug/CBcrypt.build/Objects-normal/arm64/bcrypt.o /Users/builder/builds/o86TiJKT/3/finestructure/swiftpackageindex-builder/spi-builder-workspace/.dependencies/checkouts/crypto/Sources/CBcrypt/bcrypt.c normal arm64 c com.apple.compilers.llvm.clang.1_0.compiler (in target 'CBcrypt' from project 'Crypto')
    cd /Users/builder/builds/o86TiJKT/3/finestructure/swiftpackageindex-builder/spi-builder-workspace/.dependencies/checkouts/crypto
    /Applications/Xcode-14.2.0.app/Contents/Developer/Toolchains/XcodeDefault.xctoolchain/usr/bin/clang -x c -target arm64-apple-macos10.13 -fmessage-length\=0 -fdiagnostics-show-note-include-stack -fmacro-backtrace-limit\=0 -fmodules -gmodules -fmodules-cache-path\=/Users/builder/builds/o86TiJKT/3/finestructure/swiftpackageindex-builder/spi-builder-workspace/.derivedData/ModuleCache.noindex -fmodules-prune-interval\=86400 -fmodules-prune-after\=345600 -fbuild-session-file\=/Users/builder/builds/o86TiJKT/3/finestructure/swiftpackageindex-builder/spi-builder-workspace/.derivedData/ModuleCache.noindex/Session.modulevalidation -fmodules-validate-once-per-build-session -Wnon-modular-include-in-framework-module -Werror\=non-modular-include-in-framework-module -fmodule-name\=CBcrypt -Wno-trigraphs -fpascal-strings -O0 -Wno-missing-field-initializers -Wno-missing-prototypes -Wno-return-type -Wno-missing-braces -Wparentheses -Wswitch -Wno-unused-function -Wno-unused-label -Wno-unused-parameter -Wno-unused-variable -Wunused-value -Wno-empty-body -Wno-uninitialized -Wno-unknown-pragmas -Wno-shadow -Wno-four-char-constants -Wno-conversion -Wno-constant-conversion -Wno-int-conversion -Wno-bool-conversion -Wno-enum-conversion -Wno-float-conversion -Wno-non-literal-null-conversion -Wno-objc-literal-conversion -Wshorten-64-to-32 -Wpointer-sign -Wno-newline-eof -Wno-implicit-fallthrough -DSWIFT_PACKAGE -DDEBUG\=1 -isysroot /Applications/Xcode-14.2.0.app/Contents/Developer/Platforms/MacOSX.platform/Developer/SDKs/MacOSX13.1.sdk -fstrict-aliasing -Wdeprecated-declarations -g -Wno-sign-conversion -Wno-infinite-recursion -Wno-comma -Wno-block-capture-autoreleasing -Wno-strict-prototypes -Wno-semicolon-before-method-body -index-store-path /Users/builder/builds/o86TiJKT/3/finestructure/swiftpackageindex-builder/spi-builder-workspace/.derivedData/Index.noindex/DataStore -I/Users/builder/builds/o86TiJKT/3/finestructure/swiftpackageindex-builder/spi-builder-workspace/.derivedData/Build/Products/Debug/include -I/Users/builder/builds/o86TiJKT/3/finestructure/swiftpackageindex-builder/spi-builder-workspace/.dependencies/checkouts/crypto/Sources/CBcrypt/include -I/Users/builder/builds/o86TiJKT/3/finestructure/swiftpackageindex-builder/spi-builder-workspace/.derivedData/Build/Intermediates.noindex/Crypto.build/Debug/CBcrypt.build/DerivedSources-normal/arm64 -I/Users/builder/builds/o86TiJKT/3/finestructure/swiftpackageindex-builder/spi-builder-workspace/.derivedData/Build/Intermediates.noindex/Crypto.build/Debug/CBcrypt.build/DerivedSources/arm64 -I/Users/builder/builds/o86TiJKT/3/finestructure/swiftpackageindex-builder/spi-builder-workspace/.derivedData/Build/Intermediates.noindex/Crypto.build/Debug/CBcrypt.build/DerivedSources -F/Users/builder/builds/o86TiJKT/3/finestructure/swiftpackageindex-builder/spi-builder-workspace/.derivedData/Build/Products/Debug -F/Applications/Xcode-14.2.0.app/Contents/Developer/Platforms/MacOSX.platform/Developer/Library/Frameworks -fmodule-map-file\=/Users/builder/builds/o86TiJKT/3/finestructure/swiftpackageindex-builder/spi-builder-workspace/.dependencies/checkouts/swift-nio-ssl-support/module.modulemap -DXcode -MMD -MT dependencies -MF /Users/builder/builds/o86TiJKT/3/finestructure/swiftpackageindex-builder/spi-builder-workspace/.derivedData/Build/Intermediates.noindex/Crypto.build/Debug/CBcrypt.build/Objects-normal/arm64/bcrypt.d --serialize-diagnostics /Users/builder/builds/o86TiJKT/3/finestructure/swiftpackageindex-builder/spi-builder-workspace/.derivedData/Build/Intermediates.noindex/Crypto.build/Debug/CBcrypt.build/Objects-normal/arm64/bcrypt.dia -c /Users/builder/builds/o86TiJKT/3/finestructure/swiftpackageindex-builder/spi-builder-workspace/.dependencies/checkouts/crypto/Sources/CBcrypt/bcrypt.c -o /Users/builder/builds/o86TiJKT/3/finestructure/swiftpackageindex-builder/spi-builder-workspace/.derivedData/Build/Intermediates.noindex/Crypto.build/Debug/CBcrypt.build/Objects-normal/arm64/bcrypt.o -index-unit-output-path /Crypto.build/Debug/CBcrypt.build/Objects-normal/arm64/bcrypt.o

Copy /Users/builder/builds/o86TiJKT/3/finestructure/swiftpackageindex-builder/spi-builder-workspace/.derivedData/Build/Intermediates.noindex/GeneratedModuleMaps/CCryptoOpenSSL.modulemap /Users/builder/builds/o86TiJKT/3/finestructure/swiftpackageindex-builder/spi-builder-workspace/.derivedData/Build/Intermediates.noindex/Crypto.build/Debug/CCryptoOpenSSL.build/CCryptoOpenSSL.modulemap (in target 'CCryptoOpenSSL' from project 'Crypto')
    cd /Users/builder/builds/o86TiJKT/3/finestructure/swiftpackageindex-builder/spi-builder-workspace/.dependencies/checkouts/crypto
    builtin-copy -exclude .DS_Store -exclude CVS -exclude .svn -exclude .git -exclude .hg -resolve-src-symlinks /Users/builder/builds/o86TiJKT/3/finestructure/swiftpackageindex-builder/spi-builder-workspace/.derivedData/Build/Intermediates.noindex/Crypto.build/Debug/CCryptoOpenSSL.build/CCryptoOpenSSL.modulemap /Users/builder/builds/o86TiJKT/3/finestructure/swiftpackageindex-builder/spi-builder-workspace/.derivedData/Build/Intermediates.noindex/GeneratedModuleMaps

WriteAuxiliaryFile /Users/builder/builds/o86TiJKT/3/finestructure/swiftpackageindex-builder/spi-builder-workspace/.derivedData/Build/Intermediates.noindex/swift-nio.build/Debug/NIOPriorityQueue.build/Objects-normal/arm64/NIOPriorityQueue.SwiftFileList (in target 'NIOPriorityQueue' from project 'swift-nio')
    cd /Users/builder/builds/o86TiJKT/3/finestructure/swiftpackageindex-builder/spi-builder-workspace/.dependencies/checkouts/swift-nio
    write-file /Users/builder/builds/o86TiJKT/3/finestructure/swiftpackageindex-builder/spi-builder-workspace/.derivedData/Build/Intermediates.noindex/swift-nio.build/Debug/NIOPriorityQueue.build/Objects-normal/arm64/NIOPriorityQueue.SwiftFileList

WriteAuxiliaryFile /Users/builder/builds/o86TiJKT/3/finestructure/swiftpackageindex-builder/spi-builder-workspace/.derivedData/Build/Intermediates.noindex/swift-nio.build/Debug/NIOPriorityQueue.build/Objects-normal/arm64/NIOPriorityQueue.LinkFileList (in target 'NIOPriorityQueue' from project 'swift-nio')
    cd /Users/builder/builds/o86TiJKT/3/finestructure/swiftpackageindex-builder/spi-builder-workspace/.dependencies/checkouts/swift-nio
    write-file /Users/builder/builds/o86TiJKT/3/finestructure/swiftpackageindex-builder/spi-builder-workspace/.derivedData/Build/Intermediates.noindex/swift-nio.build/Debug/NIOPriorityQueue.build/Objects-normal/arm64/NIOPriorityQueue.LinkFileList

WriteAuxiliaryFile /Users/builder/builds/o86TiJKT/3/finestructure/swiftpackageindex-builder/spi-builder-workspace/.derivedData/Build/Intermediates.noindex/swift-nio.build/Debug/NIOPriorityQueue.build/Objects-normal/arm64/NIOPriorityQueue-OutputFileMap.json (in target 'NIOPriorityQueue' from project 'swift-nio')
    cd /Users/builder/builds/o86TiJKT/3/finestructure/swiftpackageindex-builder/spi-builder-workspace/.dependencies/checkouts/swift-nio
    write-file /Users/builder/builds/o86TiJKT/3/finestructure/swiftpackageindex-builder/spi-builder-workspace/.derivedData/Build/Intermediates.noindex/swift-nio.build/Debug/NIOPriorityQueue.build/Objects-normal/arm64/NIOPriorityQueue-OutputFileMap.json

WriteAuxiliaryFile /Users/builder/builds/o86TiJKT/3/finestructure/swiftpackageindex-builder/spi-builder-workspace/.derivedData/Build/Intermediates.noindex/Crypto.build/Debug/CBase32.build/Objects-normal/arm64/CBase32.LinkFileList (in target 'CBase32' from project 'Crypto')
    cd /Users/builder/builds/o86TiJKT/3/finestructure/swiftpackageindex-builder/spi-builder-workspace/.dependencies/checkouts/crypto
    write-file /Users/builder/builds/o86TiJKT/3/finestructure/swiftpackageindex-builder/spi-builder-workspace/.derivedData/Build/Intermediates.noindex/Crypto.build/Debug/CBase32.build/Objects-normal/arm64/CBase32.LinkFileList

CompileC /Users/builder/builds/o86TiJKT/3/finestructure/swiftpackageindex-builder/spi-builder-workspace/.derivedData/Build/Intermediates.noindex/Crypto.build/Debug/CBase32.build/Objects-normal/arm64/base32.o /Users/builder/builds/o86TiJKT/3/finestructure/swiftpackageindex-builder/spi-builder-workspace/.dependencies/checkouts/crypto/Sources/CBase32/base32.c normal arm64 c com.apple.compilers.llvm.clang.1_0.compiler (in target 'CBase32' from project 'Crypto')
    cd /Users/builder/builds/o86TiJKT/3/finestructure/swiftpackageindex-builder/spi-builder-workspace/.dependencies/checkouts/crypto
    /Applications/Xcode-14.2.0.app/Contents/Developer/Toolchains/XcodeDefault.xctoolchain/usr/bin/clang -x c -target arm64-apple-macos10.13 -fmessage-length\=0 -fdiagnostics-show-note-include-stack -fmacro-backtrace-limit\=0 -fmodules -gmodules -fmodules-cache-path\=/Users/builder/builds/o86TiJKT/3/finestructure/swiftpackageindex-builder/spi-builder-workspace/.derivedData/ModuleCache.noindex -fmodules-prune-interval\=86400 -fmodules-prune-after\=345600 -fbuild-session-file\=/Users/builder/builds/o86TiJKT/3/finestructure/swiftpackageindex-builder/spi-builder-workspace/.derivedData/ModuleCache.noindex/Session.modulevalidation -fmodules-validate-once-per-build-session -Wnon-modular-include-in-framework-module -Werror\=non-modular-include-in-framework-module -fmodule-name\=CBase32 -Wno-trigraphs -fpascal-strings -O0 -Wno-missing-field-initializers -Wno-missing-prototypes -Wno-return-type -Wno-missing-braces -Wparentheses -Wswitch -Wno-unused-function -Wno-unused-label -Wno-unused-parameter -Wno-unused-variable -Wunused-value -Wno-empty-body -Wno-uninitialized -Wno-unknown-pragmas -Wno-shadow -Wno-four-char-constants -Wno-conversion -Wno-constant-conversion -Wno-int-conversion -Wno-bool-conversion -Wno-enum-conversion -Wno-float-conversion -Wno-non-literal-null-conversion -Wno-objc-literal-conversion -Wshorten-64-to-32 -Wpointer-sign -Wno-newline-eof -Wno-implicit-fallthrough -DSWIFT_PACKAGE -DDEBUG\=1 -isysroot /Applications/Xcode-14.2.0.app/Contents/Developer/Platforms/MacOSX.platform/Developer/SDKs/MacOSX13.1.sdk -fstrict-aliasing -Wdeprecated-declarations -g -Wno-sign-conversion -Wno-infinite-recursion -Wno-comma -Wno-block-capture-autoreleasing -Wno-strict-prototypes -Wno-semicolon-before-method-body -index-store-path /Users/builder/builds/o86TiJKT/3/finestructure/swiftpackageindex-builder/spi-builder-workspace/.derivedData/Index.noindex/DataStore -I/Users/builder/builds/o86TiJKT/3/finestructure/swiftpackageindex-builder/spi-builder-workspace/.derivedData/Build/Products/Debug/include -I/Users/builder/builds/o86TiJKT/3/finestructure/swiftpackageindex-builder/spi-builder-workspace/.dependencies/checkouts/crypto/Sources/CBase32/include -I/Users/builder/builds/o86TiJKT/3/finestructure/swiftpackageindex-builder/spi-builder-workspace/.derivedData/Build/Intermediates.noindex/Crypto.build/Debug/CBase32.build/DerivedSources-normal/arm64 -I/Users/builder/builds/o86TiJKT/3/finestructure/swiftpackageindex-builder/spi-builder-workspace/.derivedData/Build/Intermediates.noindex/Crypto.build/Debug/CBase32.build/DerivedSources/arm64 -I/Users/builder/builds/o86TiJKT/3/finestructure/swiftpackageindex-builder/spi-builder-workspace/.derivedData/Build/Intermediates.noindex/Crypto.build/Debug/CBase32.build/DerivedSources -F/Users/builder/builds/o86TiJKT/3/finestructure/swiftpackageindex-builder/spi-builder-workspace/.derivedData/Build/Products/Debug -F/Applications/Xcode-14.2.0.app/Contents/Developer/Platforms/MacOSX.platform/Developer/Library/Frameworks -fmodule-map-file\=/Users/builder/builds/o86TiJKT/3/finestructure/swiftpackageindex-builder/spi-builder-workspace/.dependencies/checkouts/swift-nio-ssl-support/module.modulemap -DXcode -MMD -MT dependencies -MF /Users/builder/builds/o86TiJKT/3/finestructure/swiftpackageindex-builder/spi-builder-workspace/.derivedData/Build/Intermediates.noindex/Crypto.build/Debug/CBase32.build/Objects-normal/arm64/base32.d --serialize-diagnostics /Users/builder/builds/o86TiJKT/3/finestructure/swiftpackageindex-builder/spi-builder-workspace/.derivedData/Build/Intermediates.noindex/Crypto.build/Debug/CBase32.build/Objects-normal/arm64/base32.dia -c /Users/builder/builds/o86TiJKT/3/finestructure/swiftpackageindex-builder/spi-builder-workspace/.dependencies/checkouts/crypto/Sources/CBase32/base32.c -o /Users/builder/builds/o86TiJKT/3/finestructure/swiftpackageindex-builder/spi-builder-workspace/.derivedData/Build/Intermediates.noindex/Crypto.build/Debug/CBase32.build/Objects-normal/arm64/base32.o -index-unit-output-path /Crypto.build/Debug/CBase32.build/Objects-normal/arm64/base32.o

WriteAuxiliaryFile /Users/builder/builds/o86TiJKT/3/finestructure/swiftpackageindex-builder/spi-builder-workspace/.derivedData/Build/Intermediates.noindex/Core.build/Debug/COperatingSystem.build/Objects-normal/arm64/COperatingSystem.LinkFileList (in target 'COperatingSystem' from project 'Core')
    cd /Users/builder/builds/o86TiJKT/3/finestructure/swiftpackageindex-builder/spi-builder-workspace/.dependencies/checkouts/core
    write-file /Users/builder/builds/o86TiJKT/3/finestructure/swiftpackageindex-builder/spi-builder-workspace/.derivedData/Build/Intermediates.noindex/Core.build/Debug/COperatingSystem.build/Objects-normal/arm64/COperatingSystem.LinkFileList

WriteAuxiliaryFile /Users/builder/builds/o86TiJKT/3/finestructure/swiftpackageindex-builder/spi-builder-workspace/.derivedData/Build/Intermediates.noindex/Core.build/Debug/Debugging.build/Objects-normal/arm64/Debugging.LinkFileList (in target 'Debugging' from project 'Core')
    cd /Users/builder/builds/o86TiJKT/3/finestructure/swiftpackageindex-builder/spi-builder-workspace/.dependencies/checkouts/core
    write-file /Users/builder/builds/o86TiJKT/3/finestructure/swiftpackageindex-builder/spi-builder-workspace/.derivedData/Build/Intermediates.noindex/Core.build/Debug/Debugging.build/Objects-normal/arm64/Debugging.LinkFileList

WriteAuxiliaryFile /Users/builder/builds/o86TiJKT/3/finestructure/swiftpackageindex-builder/spi-builder-workspace/.derivedData/Build/Intermediates.noindex/swift-nio.build/Debug/CNIOSHA1.build/Objects-normal/arm64/CNIOSHA1.LinkFileList (in target 'CNIOSHA1' from project 'swift-nio')
    cd /Users/builder/builds/o86TiJKT/3/finestructure/swiftpackageindex-builder/spi-builder-workspace/.dependencies/checkouts/swift-nio
    write-file /Users/builder/builds/o86TiJKT/3/finestructure/swiftpackageindex-builder/spi-builder-workspace/.derivedData/Build/Intermediates.noindex/swift-nio.build/Debug/CNIOSHA1.build/Objects-normal/arm64/CNIOSHA1.LinkFileList

WriteAuxiliaryFile /Users/builder/builds/o86TiJKT/3/finestructure/swiftpackageindex-builder/spi-builder-workspace/.derivedData/Build/Intermediates.noindex/swift-nio.build/Debug/CNIOZlib.build/Objects-normal/arm64/CNIOZlib.LinkFileList (in target 'CNIOZlib' from project 'swift-nio')
    cd /Users/builder/builds/o86TiJKT/3/finestructure/swiftpackageindex-builder/spi-builder-workspace/.dependencies/checkouts/swift-nio
    write-file /Users/builder/builds/o86TiJKT/3/finestructure/swiftpackageindex-builder/spi-builder-workspace/.derivedData/Build/Intermediates.noindex/swift-nio.build/Debug/CNIOZlib.build/Objects-normal/arm64/CNIOZlib.LinkFileList

WriteAuxiliaryFile /Users/builder/builds/o86TiJKT/3/finestructure/swiftpackageindex-builder/spi-builder-workspace/.derivedData/Build/Intermediates.noindex/swift-nio-ssl.build/Debug/CNIOOpenSSL.build/Objects-normal/arm64/CNIOOpenSSL.LinkFileList (in target 'CNIOOpenSSL' from project 'swift-nio-ssl')
    cd /Users/builder/builds/o86TiJKT/3/finestructure/swiftpackageindex-builder/spi-builder-workspace/.dependencies/checkouts/swift-nio-ssl
    write-file /Users/builder/builds/o86TiJKT/3/finestructure/swiftpackageindex-builder/spi-builder-workspace/.derivedData/Build/Intermediates.noindex/swift-nio-ssl.build/Debug/CNIOOpenSSL.build/Objects-normal/arm64/CNIOOpenSSL.LinkFileList

WriteAuxiliaryFile /Users/builder/builds/o86TiJKT/3/finestructure/swiftpackageindex-builder/spi-builder-workspace/.derivedData/Build/Intermediates.noindex/swift-nio.build/Debug/CNIOLinux.build/Objects-normal/arm64/CNIOLinux.LinkFileList (in target 'CNIOLinux' from project 'swift-nio')
    cd /Users/builder/builds/o86TiJKT/3/finestructure/swiftpackageindex-builder/spi-builder-workspace/.dependencies/checkouts/swift-nio
    write-file /Users/builder/builds/o86TiJKT/3/finestructure/swiftpackageindex-builder/spi-builder-workspace/.derivedData/Build/Intermediates.noindex/swift-nio.build/Debug/CNIOLinux.build/Objects-normal/arm64/CNIOLinux.LinkFileList

WriteAuxiliaryFile /Users/builder/builds/o86TiJKT/3/finestructure/swiftpackageindex-builder/spi-builder-workspace/.derivedData/Build/Intermediates.noindex/swift-nio.build/Debug/CNIOHTTPParser.build/Objects-normal/arm64/CNIOHTTPParser.LinkFileList (in target 'CNIOHTTPParser' from project 'swift-nio')
    cd /Users/builder/builds/o86TiJKT/3/finestructure/swiftpackageindex-builder/spi-builder-workspace/.dependencies/checkouts/swift-nio
    write-file /Users/builder/builds/o86TiJKT/3/finestructure/swiftpackageindex-builder/spi-builder-workspace/.derivedData/Build/Intermediates.noindex/swift-nio.build/Debug/CNIOHTTPParser.build/Objects-normal/arm64/CNIOHTTPParser.LinkFileList

WriteAuxiliaryFile /Users/builder/builds/o86TiJKT/3/finestructure/swiftpackageindex-builder/spi-builder-workspace/.derivedData/Build/Intermediates.noindex/swift-nio.build/Debug/CNIODarwin.build/Objects-normal/arm64/CNIODarwin.LinkFileList (in target 'CNIODarwin' from project 'swift-nio')
    cd /Users/builder/builds/o86TiJKT/3/finestructure/swiftpackageindex-builder/spi-builder-workspace/.dependencies/checkouts/swift-nio
    write-file /Users/builder/builds/o86TiJKT/3/finestructure/swiftpackageindex-builder/spi-builder-workspace/.derivedData/Build/Intermediates.noindex/swift-nio.build/Debug/CNIODarwin.build/Objects-normal/arm64/CNIODarwin.LinkFileList

WriteAuxiliaryFile /Users/builder/builds/o86TiJKT/3/finestructure/swiftpackageindex-builder/spi-builder-workspace/.derivedData/Build/Intermediates.noindex/swift-nio.build/Debug/CNIOAtomics.build/Objects-normal/arm64/CNIOAtomics.LinkFileList (in target 'CNIOAtomics' from project 'swift-nio')
    cd /Users/builder/builds/o86TiJKT/3/finestructure/swiftpackageindex-builder/spi-builder-workspace/.dependencies/checkouts/swift-nio
    write-file /Users/builder/builds/o86TiJKT/3/finestructure/swiftpackageindex-builder/spi-builder-workspace/.derivedData/Build/Intermediates.noindex/swift-nio.build/Debug/CNIOAtomics.build/Objects-normal/arm64/CNIOAtomics.LinkFileList

WriteAuxiliaryFile /Users/builder/builds/o86TiJKT/3/finestructure/swiftpackageindex-builder/spi-builder-workspace/.derivedData/Build/Intermediates.noindex/Core.build/Debug/Debugging.build/Objects-normal/arm64/Debugging.SwiftFileList (in target 'Debugging' from project 'Core')
    cd /Users/builder/builds/o86TiJKT/3/finestructure/swiftpackageindex-builder/spi-builder-workspace/.dependencies/checkouts/core
    write-file /Users/builder/builds/o86TiJKT/3/finestructure/swiftpackageindex-builder/spi-builder-workspace/.derivedData/Build/Intermediates.noindex/Core.build/Debug/Debugging.build/Objects-normal/arm64/Debugging.SwiftFileList

WriteAuxiliaryFile /Users/builder/builds/o86TiJKT/3/finestructure/swiftpackageindex-builder/spi-builder-workspace/.derivedData/Build/Intermediates.noindex/Core.build/Debug/Debugging.build/Objects-normal/arm64/Debugging-OutputFileMap.json (in target 'Debugging' from project 'Core')
    cd /Users/builder/builds/o86TiJKT/3/finestructure/swiftpackageindex-builder/spi-builder-workspace/.dependencies/checkouts/core
    write-file /Users/builder/builds/o86TiJKT/3/finestructure/swiftpackageindex-builder/spi-builder-workspace/.derivedData/Build/Intermediates.noindex/Core.build/Debug/Debugging.build/Objects-normal/arm64/Debugging-OutputFileMap.json

WriteAuxiliaryFile /Users/builder/builds/o86TiJKT/3/finestructure/swiftpackageindex-builder/spi-builder-workspace/.derivedData/Build/Intermediates.noindex/Core.build/Debug/COperatingSystem.build/Objects-normal/arm64/COperatingSystem.SwiftFileList (in target 'COperatingSystem' from project 'Core')
    cd /Users/builder/builds/o86TiJKT/3/finestructure/swiftpackageindex-builder/spi-builder-workspace/.dependencies/checkouts/core
    write-file /Users/builder/builds/o86TiJKT/3/finestructure/swiftpackageindex-builder/spi-builder-workspace/.derivedData/Build/Intermediates.noindex/Core.build/Debug/COperatingSystem.build/Objects-normal/arm64/COperatingSystem.SwiftFileList

WriteAuxiliaryFile /Users/builder/builds/o86TiJKT/3/finestructure/swiftpackageindex-builder/spi-builder-workspace/.derivedData/Build/Intermediates.noindex/Core.build/Debug/COperatingSystem.build/Objects-normal/arm64/COperatingSystem-OutputFileMap.json (in target 'COperatingSystem' from project 'Core')
    cd /Users/builder/builds/o86TiJKT/3/finestructure/swiftpackageindex-builder/spi-builder-workspace/.dependencies/checkouts/core
    write-file /Users/builder/builds/o86TiJKT/3/finestructure/swiftpackageindex-builder/spi-builder-workspace/.derivedData/Build/Intermediates.noindex/Core.build/Debug/COperatingSystem.build/Objects-normal/arm64/COperatingSystem-OutputFileMap.json

CompileC /Users/builder/builds/o86TiJKT/3/finestructure/swiftpackageindex-builder/spi-builder-workspace/.derivedData/Build/Intermediates.noindex/swift-nio.build/Debug/CNIOZlib.build/Objects-normal/arm64/empty.o /Users/builder/builds/o86TiJKT/3/finestructure/swiftpackageindex-builder/spi-builder-workspace/.dependencies/checkouts/swift-nio/Sources/CNIOZlib/empty.c normal arm64 c com.apple.compilers.llvm.clang.1_0.compiler (in target 'CNIOZlib' from project 'swift-nio')
    cd /Users/builder/builds/o86TiJKT/3/finestructure/swiftpackageindex-builder/spi-builder-workspace/.dependencies/checkouts/swift-nio
    /Applications/Xcode-14.2.0.app/Contents/Developer/Toolchains/XcodeDefault.xctoolchain/usr/bin/clang -x c -target arm64-apple-macos10.13 -fmessage-length\=0 -fdiagnostics-show-note-include-stack -fmacro-backtrace-limit\=0 -fmodules -gmodules -fmodules-cache-path\=/Users/builder/builds/o86TiJKT/3/finestructure/swiftpackageindex-builder/spi-builder-workspace/.derivedData/ModuleCache.noindex -fmodules-prune-interval\=86400 -fmodules-prune-after\=345600 -fbuild-session-file\=/Users/builder/builds/o86TiJKT/3/finestructure/swiftpackageindex-builder/spi-builder-workspace/.derivedData/ModuleCache.noindex/Session.modulevalidation -fmodules-validate-once-per-build-session -Wnon-modular-include-in-framework-module -Werror\=non-modular-include-in-framework-module -fmodule-name\=CNIOZlib -Wno-trigraphs -fpascal-strings -O0 -Wno-missing-field-initializers -Wno-missing-prototypes -Wno-return-type -Wno-missing-braces -Wparentheses -Wswitch -Wno-unused-function -Wno-unused-label -Wno-unused-parameter -Wno-unused-variable -Wunused-value -Wno-empty-body -Wno-uninitialized -Wno-unknown-pragmas -Wno-shadow -Wno-four-char-constants -Wno-conversion -Wno-constant-conversion -Wno-int-conversion -Wno-bool-conversion -Wno-enum-conversion -Wno-float-conversion -Wno-non-literal-null-conversion -Wno-objc-literal-conversion -Wshorten-64-to-32 -Wpointer-sign -Wno-newline-eof -Wno-implicit-fallthrough -DSWIFT_PACKAGE -DDEBUG\=1 -isysroot /Applications/Xcode-14.2.0.app/Contents/Developer/Platforms/MacOSX.platform/Developer/SDKs/MacOSX13.1.sdk -fstrict-aliasing -Wdeprecated-declarations -g -Wno-sign-conversion -Wno-infinite-recursion -Wno-comma -Wno-block-capture-autoreleasing -Wno-strict-prototypes -Wno-semicolon-before-method-body -index-store-path /Users/builder/builds/o86TiJKT/3/finestructure/swiftpackageindex-builder/spi-builder-workspace/.derivedData/Index.noindex/DataStore -I/Users/builder/builds/o86TiJKT/3/finestructure/swiftpackageindex-builder/spi-builder-workspace/.derivedData/Build/Products/Debug/include -I/Users/builder/builds/o86TiJKT/3/finestructure/swiftpackageindex-builder/spi-builder-workspace/.dependencies/checkouts/swift-nio/Sources/CNIOZlib/include -I/Users/builder/builds/o86TiJKT/3/finestructure/swiftpackageindex-builder/spi-builder-workspace/.derivedData/Build/Intermediates.noindex/swift-nio.build/Debug/CNIOZlib.build/DerivedSources-normal/arm64 -I/Users/builder/builds/o86TiJKT/3/finestructure/swiftpackageindex-builder/spi-builder-workspace/.derivedData/Build/Intermediates.noindex/swift-nio.build/Debug/CNIOZlib.build/DerivedSources/arm64 -I/Users/builder/builds/o86TiJKT/3/finestructure/swiftpackageindex-builder/spi-builder-workspace/.derivedData/Build/Intermediates.noindex/swift-nio.build/Debug/CNIOZlib.build/DerivedSources -F/Users/builder/builds/o86TiJKT/3/finestructure/swiftpackageindex-builder/spi-builder-workspace/.derivedData/Build/Products/Debug -F/Applications/Xcode-14.2.0.app/Contents/Developer/Platforms/MacOSX.platform/Developer/Library/Frameworks -fmodule-map-file\=/Users/builder/builds/o86TiJKT/3/finestructure/swiftpackageindex-builder/spi-builder-workspace/.dependencies/checkouts/swift-nio-zlib-support/module.modulemap -DXcode -MMD -MT dependencies -MF /Users/builder/builds/o86TiJKT/3/finestructure/swiftpackageindex-builder/spi-builder-workspace/.derivedData/Build/Intermediates.noindex/swift-nio.build/Debug/CNIOZlib.build/Objects-normal/arm64/empty.d --serialize-diagnostics /Users/builder/builds/o86TiJKT/3/finestructure/swiftpackageindex-builder/spi-builder-workspace/.derivedData/Build/Intermediates.noindex/swift-nio.build/Debug/CNIOZlib.build/Objects-normal/arm64/empty.dia -c /Users/builder/builds/o86TiJKT/3/finestructure/swiftpackageindex-builder/spi-builder-workspace/.dependencies/checkouts/swift-nio/Sources/CNIOZlib/empty.c -o /Users/builder/builds/o86TiJKT/3/finestructure/swiftpackageindex-builder/spi-builder-workspace/.derivedData/Build/Intermediates.noindex/swift-nio.build/Debug/CNIOZlib.build/Objects-normal/arm64/empty.o -index-unit-output-path /swift-nio.build/Debug/CNIOZlib.build/Objects-normal/arm64/empty.o

CompileC /Users/builder/builds/o86TiJKT/3/finestructure/swiftpackageindex-builder/spi-builder-workspace/.derivedData/Build/Intermediates.noindex/swift-nio.build/Debug/CNIOSHA1.build/Objects-normal/arm64/c_nio_sha1.o /Users/builder/builds/o86TiJKT/3/finestructure/swiftpackageindex-builder/spi-builder-workspace/.dependencies/checkouts/swift-nio/Sources/CNIOSHA1/c_nio_sha1.c normal arm64 c com.apple.compilers.llvm.clang.1_0.compiler (in target 'CNIOSHA1' from project 'swift-nio')
    cd /Users/builder/builds/o86TiJKT/3/finestructure/swiftpackageindex-builder/spi-builder-workspace/.dependencies/checkouts/swift-nio
    /Applications/Xcode-14.2.0.app/Contents/Developer/Toolchains/XcodeDefault.xctoolchain/usr/bin/clang -x c -target arm64-apple-macos10.13 -fmessage-length\=0 -fdiagnostics-show-note-include-stack -fmacro-backtrace-limit\=0 -fmodules -gmodules -fmodules-cache-path\=/Users/builder/builds/o86TiJKT/3/finestructure/swiftpackageindex-builder/spi-builder-workspace/.derivedData/ModuleCache.noindex -fmodules-prune-interval\=86400 -fmodules-prune-after\=345600 -fbuild-session-file\=/Users/builder/builds/o86TiJKT/3/finestructure/swiftpackageindex-builder/spi-builder-workspace/.derivedData/ModuleCache.noindex/Session.modulevalidation -fmodules-validate-once-per-build-session -Wnon-modular-include-in-framework-module -Werror\=non-modular-include-in-framework-module -fmodule-name\=CNIOSHA1 -Wno-trigraphs -fpascal-strings -O0 -Wno-missing-field-initializers -Wno-missing-prototypes -Wno-return-type -Wno-missing-braces -Wparentheses -Wswitch -Wno-unused-function -Wno-unused-label -Wno-unused-parameter -Wno-unused-variable -Wunused-value -Wno-empty-body -Wno-uninitialized -Wno-unknown-pragmas -Wno-shadow -Wno-four-char-constants -Wno-conversion -Wno-constant-conversion -Wno-int-conversion -Wno-bool-conversion -Wno-enum-conversion -Wno-float-conversion -Wno-non-literal-null-conversion -Wno-objc-literal-conversion -Wshorten-64-to-32 -Wpointer-sign -Wno-newline-eof -Wno-implicit-fallthrough -DSWIFT_PACKAGE -DDEBUG\=1 -isysroot /Applications/Xcode-14.2.0.app/Contents/Developer/Platforms/MacOSX.platform/Developer/SDKs/MacOSX13.1.sdk -fstrict-aliasing -Wdeprecated-declarations -g -Wno-sign-conversion -Wno-infinite-recursion -Wno-comma -Wno-block-capture-autoreleasing -Wno-strict-prototypes -Wno-semicolon-before-method-body -index-store-path /Users/builder/builds/o86TiJKT/3/finestructure/swiftpackageindex-builder/spi-builder-workspace/.derivedData/Index.noindex/DataStore -I/Users/builder/builds/o86TiJKT/3/finestructure/swiftpackageindex-builder/spi-builder-workspace/.derivedData/Build/Products/Debug/include -I/Users/builder/builds/o86TiJKT/3/finestructure/swiftpackageindex-builder/spi-builder-workspace/.dependencies/checkouts/swift-nio/Sources/CNIOSHA1/include -I/Users/builder/builds/o86TiJKT/3/finestructure/swiftpackageindex-builder/spi-builder-workspace/.derivedData/Build/Intermediates.noindex/swift-nio.build/Debug/CNIOSHA1.build/DerivedSources-normal/arm64 -I/Users/builder/builds/o86TiJKT/3/finestructure/swiftpackageindex-builder/spi-builder-workspace/.derivedData/Build/Intermediates.noindex/swift-nio.build/Debug/CNIOSHA1.build/DerivedSources/arm64 -I/Users/builder/builds/o86TiJKT/3/finestructure/swiftpackageindex-builder/spi-builder-workspace/.derivedData/Build/Intermediates.noindex/swift-nio.build/Debug/CNIOSHA1.build/DerivedSources -F/Users/builder/builds/o86TiJKT/3/finestructure/swiftpackageindex-builder/spi-builder-workspace/.derivedData/Build/Products/Debug -F/Applications/Xcode-14.2.0.app/Contents/Developer/Platforms/MacOSX.platform/Developer/Library/Frameworks -fmodule-map-file\=/Users/builder/builds/o86TiJKT/3/finestructure/swiftpackageindex-builder/spi-builder-workspace/.dependencies/checkouts/swift-nio-zlib-support/module.modulemap -DXcode -MMD -MT dependencies -MF /Users/builder/builds/o86TiJKT/3/finestructure/swiftpackageindex-builder/spi-builder-workspace/.derivedData/Build/Intermediates.noindex/swift-nio.build/Debug/CNIOSHA1.build/Objects-normal/arm64/c_nio_sha1.d --serialize-diagnostics /Users/builder/builds/o86TiJKT/3/finestructure/swiftpackageindex-builder/spi-builder-workspace/.derivedData/Build/Intermediates.noindex/swift-nio.build/Debug/CNIOSHA1.build/Objects-normal/arm64/c_nio_sha1.dia -c /Users/builder/builds/o86TiJKT/3/finestructure/swiftpackageindex-builder/spi-builder-workspace/.dependencies/checkouts/swift-nio/Sources/CNIOSHA1/c_nio_sha1.c -o /Users/builder/builds/o86TiJKT/3/finestructure/swiftpackageindex-builder/spi-builder-workspace/.derivedData/Build/Intermediates.noindex/swift-nio.build/Debug/CNIOSHA1.build/Objects-normal/arm64/c_nio_sha1.o -index-unit-output-path /swift-nio.build/Debug/CNIOSHA1.build/Objects-normal/arm64/c_nio_sha1.o

CompileC /Users/builder/builds/o86TiJKT/3/finestructure/swiftpackageindex-builder/spi-builder-workspace/.derivedData/Build/Intermediates.noindex/swift-nio-ssl.build/Debug/CNIOOpenSSL.build/Objects-normal/arm64/shims.o /Users/builder/builds/o86TiJKT/3/finestructure/swiftpackageindex-builder/spi-builder-workspace/.dependencies/checkouts/swift-nio-ssl/Sources/CNIOOpenSSL/shims.c normal arm64 c com.apple.compilers.llvm.clang.1_0.compiler (in target 'CNIOOpenSSL' from project 'swift-nio-ssl')
    cd /Users/builder/builds/o86TiJKT/3/finestructure/swiftpackageindex-builder/spi-builder-workspace/.dependencies/checkouts/swift-nio-ssl
    /Applications/Xcode-14.2.0.app/Contents/Developer/Toolchains/XcodeDefault.xctoolchain/usr/bin/clang -x c -target arm64-apple-macos10.13 -fmessage-length\=0 -fdiagnostics-show-note-include-stack -fmacro-backtrace-limit\=0 -fmodules -gmodules -fmodules-cache-path\=/Users/builder/builds/o86TiJKT/3/finestructure/swiftpackageindex-builder/spi-builder-workspace/.derivedData/ModuleCache.noindex -fmodules-prune-interval\=86400 -fmodules-prune-after\=345600 -fbuild-session-file\=/Users/builder/builds/o86TiJKT/3/finestructure/swiftpackageindex-builder/spi-builder-workspace/.derivedData/ModuleCache.noindex/Session.modulevalidation -fmodules-validate-once-per-build-session -Wnon-modular-include-in-framework-module -Werror\=non-modular-include-in-framework-module -fmodule-name\=CNIOOpenSSL -Wno-trigraphs -fpascal-strings -O0 -Wno-missing-field-initializers -Wno-missing-prototypes -Wno-return-type -Wno-missing-braces -Wparentheses -Wswitch -Wno-unused-function -Wno-unused-label -Wno-unused-parameter -Wno-unused-variable -Wunused-value -Wno-empty-body -Wno-uninitialized -Wno-unknown-pragmas -Wno-shadow -Wno-four-char-constants -Wno-conversion -Wno-constant-conversion -Wno-int-conversion -Wno-bool-conversion -Wno-enum-conversion -Wno-float-conversion -Wno-non-literal-null-conversion -Wno-objc-literal-conversion -Wshorten-64-to-32 -Wpointer-sign -Wno-newline-eof -Wno-implicit-fallthrough -DSWIFT_PACKAGE -DDEBUG\=1 -isysroot /Applications/Xcode-14.2.0.app/Contents/Developer/Platforms/MacOSX.platform/Developer/SDKs/MacOSX13.1.sdk -fstrict-aliasing -Wdeprecated-declarations -g -Wno-sign-conversion -Wno-infinite-recursion -Wno-comma -Wno-block-capture-autoreleasing -Wno-strict-prototypes -Wno-semicolon-before-method-body -index-store-path /Users/builder/builds/o86TiJKT/3/finestructure/swiftpackageindex-builder/spi-builder-workspace/.derivedData/Index.noindex/DataStore -I/Users/builder/builds/o86TiJKT/3/finestructure/swiftpackageindex-builder/spi-builder-workspace/.derivedData/Build/Products/Debug/include -I/Users/builder/builds/o86TiJKT/3/finestructure/swiftpackageindex-builder/spi-builder-workspace/.dependencies/checkouts/swift-nio-ssl/Sources/CNIOOpenSSL/include -I/Users/builder/builds/o86TiJKT/3/finestructure/swiftpackageindex-builder/spi-builder-workspace/.derivedData/Build/Intermediates.noindex/swift-nio-ssl.build/Debug/CNIOOpenSSL.build/DerivedSources-normal/arm64 -I/Users/builder/builds/o86TiJKT/3/finestructure/swiftpackageindex-builder/spi-builder-workspace/.derivedData/Build/Intermediates.noindex/swift-nio-ssl.build/Debug/CNIOOpenSSL.build/DerivedSources/arm64 -I/Users/builder/builds/o86TiJKT/3/finestructure/swiftpackageindex-builder/spi-builder-workspace/.derivedData/Build/Intermediates.noindex/swift-nio-ssl.build/Debug/CNIOOpenSSL.build/DerivedSources -F/Users/builder/builds/o86TiJKT/3/finestructure/swiftpackageindex-builder/spi-builder-workspace/.derivedData/Build/Products/Debug -F/Applications/Xcode-14.2.0.app/Contents/Developer/Platforms/MacOSX.platform/Developer/Library/Frameworks -fmodule-map-file\=/Users/builder/builds/o86TiJKT/3/finestructure/swiftpackageindex-builder/spi-builder-workspace/.dependencies/checkouts/swift-nio-ssl-support/module.modulemap -DXcode -MMD -MT dependencies -MF /Users/builder/builds/o86TiJKT/3/finestructure/swiftpackageindex-builder/spi-builder-workspace/.derivedData/Build/Intermediates.noindex/swift-nio-ssl.build/Debug/CNIOOpenSSL.build/Objects-normal/arm64/shims.d --serialize-diagnostics /Users/builder/builds/o86TiJKT/3/finestructure/swiftpackageindex-builder/spi-builder-workspace/.derivedData/Build/Intermediates.noindex/swift-nio-ssl.build/Debug/CNIOOpenSSL.build/Objects-normal/arm64/shims.dia -c /Users/builder/builds/o86TiJKT/3/finestructure/swiftpackageindex-builder/spi-builder-workspace/.dependencies/checkouts/swift-nio-ssl/Sources/CNIOOpenSSL/shims.c -o /Users/builder/builds/o86TiJKT/3/finestructure/swiftpackageindex-builder/spi-builder-workspace/.derivedData/Build/Intermediates.noindex/swift-nio-ssl.build/Debug/CNIOOpenSSL.build/Objects-normal/arm64/shims.o -index-unit-output-path /swift-nio-ssl.build/Debug/CNIOOpenSSL.build/Objects-normal/arm64/shims.o
In file included from /Users/builder/builds/o86TiJKT/3/finestructure/swiftpackageindex-builder/spi-builder-workspace/.dependencies/checkouts/swift-nio-ssl/Sources/CNIOOpenSSL/shims.c:16:
/Users/builder/builds/o86TiJKT/3/finestructure/swiftpackageindex-builder/spi-builder-workspace/.dependencies/checkouts/swift-nio-ssl/Sources/CNIOOpenSSL/include/c_nio_openssl.h:17:10: fatal error: 'openssl/conf.h' file not found
#include <openssl/conf.h>
         ^~~~~~~~~~~~~~~~
1 error generated.

CompileC /Users/builder/builds/o86TiJKT/3/finestructure/swiftpackageindex-builder/spi-builder-workspace/.derivedData/Build/Intermediates.noindex/swift-nio-ssl.build/Debug/CNIOOpenSSL.build/Objects-normal/arm64/helpers.o /Users/builder/builds/o86TiJKT/3/finestructure/swiftpackageindex-builder/spi-builder-workspace/.dependencies/checkouts/swift-nio-ssl/Sources/CNIOOpenSSL/helpers.c normal arm64 c com.apple.compilers.llvm.clang.1_0.compiler (in target 'CNIOOpenSSL' from project 'swift-nio-ssl')
    cd /Users/builder/builds/o86TiJKT/3/finestructure/swiftpackageindex-builder/spi-builder-workspace/.dependencies/checkouts/swift-nio-ssl
    /Applications/Xcode-14.2.0.app/Contents/Developer/Toolchains/XcodeDefault.xctoolchain/usr/bin/clang -x c -target arm64-apple-macos10.13 -fmessage-length\=0 -fdiagnostics-show-note-include-stack -fmacro-backtrace-limit\=0 -fmodules -gmodules -fmodules-cache-path\=/Users/builder/builds/o86TiJKT/3/finestructure/swiftpackageindex-builder/spi-builder-workspace/.derivedData/ModuleCache.noindex -fmodules-prune-interval\=86400 -fmodules-prune-after\=345600 -fbuild-session-file\=/Users/builder/builds/o86TiJKT/3/finestructure/swiftpackageindex-builder/spi-builder-workspace/.derivedData/ModuleCache.noindex/Session.modulevalidation -fmodules-validate-once-per-build-session -Wnon-modular-include-in-framework-module -Werror\=non-modular-include-in-framework-module -fmodule-name\=CNIOOpenSSL -Wno-trigraphs -fpascal-strings -O0 -Wno-missing-field-initializers -Wno-missing-prototypes -Wno-return-type -Wno-missing-braces -Wparentheses -Wswitch -Wno-unused-function -Wno-unused-label -Wno-unused-parameter -Wno-unused-variable -Wunused-value -Wno-empty-body -Wno-uninitialized -Wno-unknown-pragmas -Wno-shadow -Wno-four-char-constants -Wno-conversion -Wno-constant-conversion -Wno-int-conversion -Wno-bool-conversion -Wno-enum-conversion -Wno-float-conversion -Wno-non-literal-null-conversion -Wno-objc-literal-conversion -Wshorten-64-to-32 -Wpointer-sign -Wno-newline-eof -Wno-implicit-fallthrough -DSWIFT_PACKAGE -DDEBUG\=1 -isysroot /Applications/Xcode-14.2.0.app/Contents/Developer/Platforms/MacOSX.platform/Developer/SDKs/MacOSX13.1.sdk -fstrict-aliasing -Wdeprecated-declarations -g -Wno-sign-conversion -Wno-infinite-recursion -Wno-comma -Wno-block-capture-autoreleasing -Wno-strict-prototypes -Wno-semicolon-before-method-body -index-store-path /Users/builder/builds/o86TiJKT/3/finestructure/swiftpackageindex-builder/spi-builder-workspace/.derivedData/Index.noindex/DataStore -I/Users/builder/builds/o86TiJKT/3/finestructure/swiftpackageindex-builder/spi-builder-workspace/.derivedData/Build/Products/Debug/include -I/Users/builder/builds/o86TiJKT/3/finestructure/swiftpackageindex-builder/spi-builder-workspace/.dependencies/checkouts/swift-nio-ssl/Sources/CNIOOpenSSL/include -I/Users/builder/builds/o86TiJKT/3/finestructure/swiftpackageindex-builder/spi-builder-workspace/.derivedData/Build/Intermediates.noindex/swift-nio-ssl.build/Debug/CNIOOpenSSL.build/DerivedSources-normal/arm64 -I/Users/builder/builds/o86TiJKT/3/finestructure/swiftpackageindex-builder/spi-builder-workspace/.derivedData/Build/Intermediates.noindex/swift-nio-ssl.build/Debug/CNIOOpenSSL.build/DerivedSources/arm64 -I/Users/builder/builds/o86TiJKT/3/finestructure/swiftpackageindex-builder/spi-builder-workspace/.derivedData/Build/Intermediates.noindex/swift-nio-ssl.build/Debug/CNIOOpenSSL.build/DerivedSources -F/Users/builder/builds/o86TiJKT/3/finestructure/swiftpackageindex-builder/spi-builder-workspace/.derivedData/Build/Products/Debug -F/Applications/Xcode-14.2.0.app/Contents/Developer/Platforms/MacOSX.platform/Developer/Library/Frameworks -fmodule-map-file\=/Users/builder/builds/o86TiJKT/3/finestructure/swiftpackageindex-builder/spi-builder-workspace/.dependencies/checkouts/swift-nio-ssl-support/module.modulemap -DXcode -MMD -MT dependencies -MF /Users/builder/builds/o86TiJKT/3/finestructure/swiftpackageindex-builder/spi-builder-workspace/.derivedData/Build/Intermediates.noindex/swift-nio-ssl.build/Debug/CNIOOpenSSL.build/Objects-normal/arm64/helpers.d --serialize-diagnostics /Users/builder/builds/o86TiJKT/3/finestructure/swiftpackageindex-builder/spi-builder-workspace/.derivedData/Build/Intermediates.noindex/swift-nio-ssl.build/Debug/CNIOOpenSSL.build/Objects-normal/arm64/helpers.dia -c /Users/builder/builds/o86TiJKT/3/finestructure/swiftpackageindex-builder/spi-builder-workspace/.dependencies/checkouts/swift-nio-ssl/Sources/CNIOOpenSSL/helpers.c -o /Users/builder/builds/o86TiJKT/3/finestructure/swiftpackageindex-builder/spi-builder-workspace/.derivedData/Build/Intermediates.noindex/swift-nio-ssl.build/Debug/CNIOOpenSSL.build/Objects-normal/arm64/helpers.o -index-unit-output-path /swift-nio-ssl.build/Debug/CNIOOpenSSL.build/Objects-normal/arm64/helpers.o
In file included from /Users/builder/builds/o86TiJKT/3/finestructure/swiftpackageindex-builder/spi-builder-workspace/.dependencies/checkouts/swift-nio-ssl/Sources/CNIOOpenSSL/helpers.c:14:
/Users/builder/builds/o86TiJKT/3/finestructure/swiftpackageindex-builder/spi-builder-workspace/.dependencies/checkouts/swift-nio-ssl/Sources/CNIOOpenSSL/include/c_nio_openssl.h:17:10: fatal error: 'openssl/conf.h' file not found
#include <openssl/conf.h>
         ^~~~~~~~~~~~~~~~

CompileC /Users/builder/builds/o86TiJKT/3/finestructure/swiftpackageindex-builder/spi-builder-workspace/.derivedData/Build/Intermediates.noindex/swift-nio.build/Debug/CNIOLinux.build/Objects-normal/arm64/shim.o /Users/builder/builds/o86TiJKT/3/finestructure/swiftpackageindex-builder/spi-builder-workspace/.dependencies/checkouts/swift-nio/Sources/CNIOLinux/shim.c normal arm64 c com.apple.compilers.llvm.clang.1_0.compiler (in target 'CNIOLinux' from project 'swift-nio')
    cd /Users/builder/builds/o86TiJKT/3/finestructure/swiftpackageindex-builder/spi-builder-workspace/.dependencies/checkouts/swift-nio
    /Applications/Xcode-14.2.0.app/Contents/Developer/Toolchains/XcodeDefault.xctoolchain/usr/bin/clang -x c -target arm64-apple-macos10.13 -fmessage-length\=0 -fdiagnostics-show-note-include-stack -fmacro-backtrace-limit\=0 -fmodules -gmodules -fmodules-cache-path\=/Users/builder/builds/o86TiJKT/3/finestructure/swiftpackageindex-builder/spi-builder-workspace/.derivedData/ModuleCache.noindex -fmodules-prune-interval\=86400 -fmodules-prune-after\=345600 -fbuild-session-file\=/Users/builder/builds/o86TiJKT/3/finestructure/swiftpackageindex-builder/spi-builder-workspace/.derivedData/ModuleCache.noindex/Session.modulevalidation -fmodules-validate-once-per-build-session -Wnon-modular-include-in-framework-module -Werror\=non-modular-include-in-framework-module -fmodule-name\=CNIOLinux -Wno-trigraphs -fpascal-strings -O0 -Wno-missing-field-initializers -Wno-missing-prototypes -Wno-return-type -Wno-missing-braces -Wparentheses -Wswitch -Wno-unused-function -Wno-unused-label -Wno-unused-parameter -Wno-unused-variable -Wunused-value -Wno-empty-body -Wno-uninitialized -Wno-unknown-pragmas -Wno-shadow -Wno-four-char-constants -Wno-conversion -Wno-constant-conversion -Wno-int-conversion -Wno-bool-conversion -Wno-enum-conversion -Wno-float-conversion -Wno-non-literal-null-conversion -Wno-objc-literal-conversion -Wshorten-64-to-32 -Wpointer-sign -Wno-newline-eof -Wno-implicit-fallthrough -DSWIFT_PACKAGE -DDEBUG\=1 -isysroot /Applications/Xcode-14.2.0.app/Contents/Developer/Platforms/MacOSX.platform/Developer/SDKs/MacOSX13.1.sdk -fstrict-aliasing -Wdeprecated-declarations -g -Wno-sign-conversion -Wno-infinite-recursion -Wno-comma -Wno-block-capture-autoreleasing -Wno-strict-prototypes -Wno-semicolon-before-method-body -index-store-path /Users/builder/builds/o86TiJKT/3/finestructure/swiftpackageindex-builder/spi-builder-workspace/.derivedData/Index.noindex/DataStore -I/Users/builder/builds/o86TiJKT/3/finestructure/swiftpackageindex-builder/spi-builder-workspace/.derivedData/Build/Products/Debug/include -I/Users/builder/builds/o86TiJKT/3/finestructure/swiftpackageindex-builder/spi-builder-workspace/.dependencies/checkouts/swift-nio/Sources/CNIOLinux/include -I/Users/builder/builds/o86TiJKT/3/finestructure/swiftpackageindex-builder/spi-builder-workspace/.derivedData/Build/Intermediates.noindex/swift-nio.build/Debug/CNIOLinux.build/DerivedSources-normal/arm64 -I/Users/builder/builds/o86TiJKT/3/finestructure/swiftpackageindex-builder/spi-builder-workspace/.derivedData/Build/Intermediates.noindex/swift-nio.build/Debug/CNIOLinux.build/DerivedSources/arm64 -I/Users/builder/builds/o86TiJKT/3/finestructure/swiftpackageindex-builder/spi-builder-workspace/.derivedData/Build/Intermediates.noindex/swift-nio.build/Debug/CNIOLinux.build/DerivedSources -F/Users/builder/builds/o86TiJKT/3/finestructure/swiftpackageindex-builder/spi-builder-workspace/.derivedData/Build/Products/Debug -F/Applications/Xcode-14.2.0.app/Contents/Developer/Platforms/MacOSX.platform/Developer/Library/Frameworks -fmodule-map-file\=/Users/builder/builds/o86TiJKT/3/finestructure/swiftpackageindex-builder/spi-builder-workspace/.dependencies/checkouts/swift-nio-zlib-support/module.modulemap -DXcode -MMD -MT dependencies -MF /Users/builder/builds/o86TiJKT/3/finestructure/swiftpackageindex-builder/spi-builder-workspace/.derivedData/Build/Intermediates.noindex/swift-nio.build/Debug/CNIOLinux.build/Objects-normal/arm64/shim.d --serialize-diagnostics /Users/builder/builds/o86TiJKT/3/finestructure/swiftpackageindex-builder/spi-builder-workspace/.derivedData/Build/Intermediates.noindex/swift-nio.build/Debug/CNIOLinux.build/Objects-normal/arm64/shim.dia -c /Users/builder/builds/o86TiJKT/3/finestructure/swiftpackageindex-builder/spi-builder-workspace/.dependencies/checkouts/swift-nio/Sources/CNIOLinux/shim.c -o /Users/builder/builds/o86TiJKT/3/finestructure/swiftpackageindex-builder/spi-builder-workspace/.derivedData/Build/Intermediates.noindex/swift-nio.build/Debug/CNIOLinux.build/Objects-normal/arm64/shim.o -index-unit-output-path /swift-nio.build/Debug/CNIOLinux.build/Objects-normal/arm64/shim.o

Resolve Package Graph"
BUILD FAILURE 5.7 macosXcodebuild

Build Machine: Mac 5