The Swift Package Index logo.Swift Package Index

Build Information

Failed to build TensorFlowLiteSwift, reference master (bb9bd9), with Swift 6.4 for watchOS using Xcode 27.0 on 21 Sep 2026 01:19:45 UTC.

Build Command

env DEVELOPER_DIR=/Applications/Xcode-27.0.0-Release.Candidate.app xcrun xcodebuild -IDEClonedSourcePackagesDirPathOverride=$PWD/.dependencies -skipMacroValidation -skipPackagePluginValidation -derivedDataPath $PWD/.derivedData build -scheme TensorFlowLiteSwift -destination generic/platform=watchOS

Build Log

========================================
RunAll
========================================
Builder version: 5.1.0
Interrupt handler set up.
========================================
Checkout
========================================
Clone URL: https://github.com/kewlbear/TensorflowLiteSwift.git
Reference: master
Initialized empty Git repository in /Users/admin/builder/spi-builder-workspace/.git/
From https://github.com/kewlbear/TensorflowLiteSwift
 * branch            master     -> FETCH_HEAD
 * [new branch]      master     -> origin/master
HEAD is now at bb9bd9c add 0.0.20250430
Cloned https://github.com/kewlbear/TensorflowLiteSwift.git
Revision (git rev-parse @):
bb9bd9c7c86e882f17aaf8bac35e96c77264eee2
SUCCESS checkout https://github.com/kewlbear/TensorflowLiteSwift.git at master
========================================
Build
========================================
Selected platform:         watchOS
Swift version:             6.4
Building package at path:  $PWD
https://github.com/kewlbear/TensorflowLiteSwift.git
Command line invocation:
    /Applications/Xcode-27.0.0-Release.Candidate.app/Contents/Developer/usr/bin/xcodebuild -IDEClonedSourcePackagesDirPathOverride=/Users/admin/builder/spi-builder-workspace/.dependencies -resolvePackageDependencies
Resolve Package Graph
Fetching from https://github.com/kewlbear/TensorFlowLiteC.git
Creating working copy of package ‘TensorFlowLiteC’
Checking out master (d4cb1f2) of package ‘TensorFlowLiteC’
Resolve Package Graph
Resolved source packages:
  TensorFlowLiteC: https://github.com/kewlbear/TensorFlowLiteC.git @ master (d4cb1f2)
  TensorFlowLiteSwift: /Users/admin/builder/spi-builder-workspace
resolved source packages: TensorFlowLiteC, TensorFlowLiteSwift
2026-09-20 21:18:57.236 xcodebuild[529:3059] [MT] IDERunDestination: Supported platforms for the buildables in the current scheme is empty.
{
  "dependencies" : [
    {
      "identity" : "tensorflowlitec",
      "requirement" : {
        "branch" : [
          "master"
        ]
      },
      "type" : "sourceControl",
      "url" : "https://github.com/kewlbear/TensorFlowLiteC.git"
    }
  ],
  "manifest_display_name" : "TensorFlowLiteSwift",
  "name" : "TensorFlowLiteSwift",
  "path" : "/Users/admin/builder/spi-builder-workspace",
  "platforms" : [
  ],
  "products" : [
    {
      "name" : "TensorFlowLiteSwift",
      "targets" : [
        "TensorFlowLite"
      ],
      "type" : {
        "library" : [
          "automatic"
        ]
      }
    }
  ],
  "targets" : [
    {
      "c99name" : "TensorFlowLite",
      "module_type" : "SwiftTarget",
      "name" : "TensorFlowLite",
      "path" : "Sources/TensorFlowLite",
      "product_dependencies" : [
        "TensorFlowLiteC"
      ],
      "product_memberships" : [
        "TensorFlowLiteSwift"
      ],
      "sources" : [
        "tensorflow/lite/swift/Sources/Delegate.swift",
        "tensorflow/lite/swift/Sources/Interpreter.swift",
        "tensorflow/lite/swift/Sources/InterpreterError.swift",
        "tensorflow/lite/swift/Sources/Model.swift",
        "tensorflow/lite/swift/Sources/QuantizationParameters.swift",
        "tensorflow/lite/swift/Sources/SignatureRunner.swift",
        "tensorflow/lite/swift/Sources/SignatureRunnerError.swift",
        "tensorflow/lite/swift/Sources/Tensor.swift",
        "tensorflow/lite/swift/Sources/TensorFlowLite.swift"
      ],
      "type" : "library"
    }
  ],
  "tools_version" : "5.3"
}
{
  "workspace" : {
    "name" : "TensorFlowLiteSwift",
    "schemes" : [
      "TensorFlowLiteSwift"
    ]
  }
}
2026-09-20 21:19:39.212 xcodebuild[751:4538] [MT] IDERunDestination: Supported platforms for the buildables in the current scheme is empty.
Running build ...
env DEVELOPER_DIR=/Applications/Xcode-27.0.0-Release.Candidate.app xcrun xcodebuild -IDEClonedSourcePackagesDirPathOverride=$PWD/.dependencies -skipMacroValidation -skipPackagePluginValidation -derivedDataPath $PWD/.derivedData build -scheme TensorFlowLiteSwift -destination generic/platform=watchOS
Command line invocation:
    /Applications/Xcode-27.0.0-Release.Candidate.app/Contents/Developer/usr/bin/xcodebuild -IDEClonedSourcePackagesDirPathOverride=/Users/admin/builder/spi-builder-workspace/.dependencies -skipMacroValidation -skipPackagePluginValidation -derivedDataPath /Users/admin/builder/spi-builder-workspace/.derivedData build -scheme TensorFlowLiteSwift -destination generic/platform=watchOS
Resolve Package Graph
Resolve Package Graph
Resolved source packages:
  TensorFlowLiteSwift: /Users/admin/builder/spi-builder-workspace
  TensorFlowLiteC: https://github.com/kewlbear/TensorFlowLiteC.git @ master (d4cb1f2)
ComputePackagePrebuildTargetDependencyGraph
Prepare packages
CreateBuildRequest
SendProjectDescription
CreateBuildOperation
ComputeTargetDependencyGraph
note: Building targets in dependency order
note: Target dependency graph (4 targets)
    Target 'TensorFlowLiteSwift-product' in project 'TensorFlowLiteSwift'
        ➜ Explicit dependency on target 'TensorFlowLite' in project 'TensorFlowLiteSwift'
        ➜ Explicit dependency on target 'TensorFlowLiteC-product' in project 'TensorFlowLiteC'
    Target 'TensorFlowLite' in project 'TensorFlowLiteSwift'
        ➜ Explicit dependency on target 'TensorFlowLiteC-product' in project 'TensorFlowLiteC'
    Target 'TensorFlowLiteC-product' in project 'TensorFlowLiteC'
        ➜ Explicit dependency on target 'Link' in project 'TensorFlowLiteC'
    Target 'Link' in project 'TensorFlowLiteC' (no dependencies)
GatherProvisioningInputs
CreateBuildDescription
ExecuteExternalTool /Applications/Xcode-27.0.0-Release.Candidate.app/Contents/Developer/Toolchains/XcodeDefault.xctoolchain/usr/bin/clang -v -E -dM -isysroot /Applications/Xcode-27.0.0-Release.Candidate.app/Contents/Developer/Platforms/WatchOS.platform/Developer/SDKs/WatchOS27.0.sdk -x c -c /dev/null
ExecuteExternalTool /Applications/Xcode-27.0.0-Release.Candidate.app/Contents/Developer/Toolchains/XcodeDefault.xctoolchain/usr/bin/swiftc --version
ExecuteExternalTool /Applications/Xcode-27.0.0-Release.Candidate.app/Contents/Developer/Toolchains/XcodeDefault.xctoolchain/usr/bin/ld -version_details
Build description signature: 47b8c46d36b37ef346124d292c70abac
Build description path: /Users/admin/builder/spi-builder-workspace/.derivedData/Build/Intermediates.noindex/XCBuildData/47b8c46d36b37ef346124d292c70abac.xcbuilddata
/Users/admin/builder/spi-builder-workspace/.dependencies/artifacts/tensorflowlitec/TensorFlowLiteC/TensorFlowLiteC.xcframework:1:1: error: While building for watchOS, no library for this platform was found in '/Users/admin/builder/spi-builder-workspace/.dependencies/artifacts/tensorflowlitec/TensorFlowLiteC/TensorFlowLiteC.xcframework'. (in target 'TensorFlowLiteSwift-product' from project 'TensorFlowLiteSwift')
/Users/admin/builder/spi-builder-workspace/.dependencies/artifacts/tensorflowlitec/TensorFlowLiteCCoreML/TensorFlowLiteCCoreML.xcframework:1:1: error: While building for watchOS, no library for this platform was found in '/Users/admin/builder/spi-builder-workspace/.dependencies/artifacts/tensorflowlitec/TensorFlowLiteCCoreML/TensorFlowLiteCCoreML.xcframework'. (in target 'TensorFlowLiteSwift-product' from project 'TensorFlowLiteSwift')
/Users/admin/builder/spi-builder-workspace/.dependencies/artifacts/tensorflowlitec/TensorFlowLiteCMetal/TensorFlowLiteCMetal.xcframework:1:1: error: While building for watchOS, no library for this platform was found in '/Users/admin/builder/spi-builder-workspace/.dependencies/artifacts/tensorflowlitec/TensorFlowLiteCMetal/TensorFlowLiteCMetal.xcframework'. (in target 'TensorFlowLiteSwift-product' from project 'TensorFlowLiteSwift')
/Users/admin/builder/spi-builder-workspace/.dependencies/artifacts/tensorflowlitec/TensorFlowLiteC/TensorFlowLiteC.xcframework:1:1: error: While building for watchOS, no library for this platform was found in '/Users/admin/builder/spi-builder-workspace/.dependencies/artifacts/tensorflowlitec/TensorFlowLiteC/TensorFlowLiteC.xcframework'. (in target 'TensorFlowLiteSwift-product' from project 'TensorFlowLiteSwift')
/Users/admin/builder/spi-builder-workspace/.dependencies/artifacts/tensorflowlitec/TensorFlowLiteCCoreML/TensorFlowLiteCCoreML.xcframework:1:1: error: While building for watchOS, no library for this platform was found in '/Users/admin/builder/spi-builder-workspace/.dependencies/artifacts/tensorflowlitec/TensorFlowLiteCCoreML/TensorFlowLiteCCoreML.xcframework'. (in target 'TensorFlowLiteSwift-product' from project 'TensorFlowLiteSwift')
/Users/admin/builder/spi-builder-workspace/.dependencies/artifacts/tensorflowlitec/TensorFlowLiteCMetal/TensorFlowLiteCMetal.xcframework:1:1: error: While building for watchOS, no library for this platform was found in '/Users/admin/builder/spi-builder-workspace/.dependencies/artifacts/tensorflowlitec/TensorFlowLiteCMetal/TensorFlowLiteCMetal.xcframework'. (in target 'TensorFlowLiteSwift-product' from project 'TensorFlowLiteSwift')
/Users/admin/builder/spi-builder-workspace/.dependencies/artifacts/tensorflowlitec/TensorFlowLiteC/TensorFlowLiteC.xcframework:1:1: error: While building for watchOS, no library for this platform was found in '/Users/admin/builder/spi-builder-workspace/.dependencies/artifacts/tensorflowlitec/TensorFlowLiteC/TensorFlowLiteC.xcframework'. (in target 'TensorFlowLite' from project 'TensorFlowLiteSwift')
/Users/admin/builder/spi-builder-workspace/.dependencies/artifacts/tensorflowlitec/TensorFlowLiteCCoreML/TensorFlowLiteCCoreML.xcframework:1:1: error: While building for watchOS, no library for this platform was found in '/Users/admin/builder/spi-builder-workspace/.dependencies/artifacts/tensorflowlitec/TensorFlowLiteCCoreML/TensorFlowLiteCCoreML.xcframework'. (in target 'TensorFlowLite' from project 'TensorFlowLiteSwift')
/Users/admin/builder/spi-builder-workspace/.dependencies/artifacts/tensorflowlitec/TensorFlowLiteCMetal/TensorFlowLiteCMetal.xcframework:1:1: error: While building for watchOS, no library for this platform was found in '/Users/admin/builder/spi-builder-workspace/.dependencies/artifacts/tensorflowlitec/TensorFlowLiteCMetal/TensorFlowLiteCMetal.xcframework'. (in target 'TensorFlowLite' from project 'TensorFlowLiteSwift')
/Users/admin/builder/spi-builder-workspace/.dependencies/artifacts/tensorflowlitec/TensorFlowLiteC/TensorFlowLiteC.xcframework:1:1: error: While building for watchOS, no library for this platform was found in '/Users/admin/builder/spi-builder-workspace/.dependencies/artifacts/tensorflowlitec/TensorFlowLiteC/TensorFlowLiteC.xcframework'. (in target 'TensorFlowLiteC-product' from project 'TensorFlowLiteC')
/Users/admin/builder/spi-builder-workspace/.dependencies/artifacts/tensorflowlitec/TensorFlowLiteCCoreML/TensorFlowLiteCCoreML.xcframework:1:1: error: While building for watchOS, no library for this platform was found in '/Users/admin/builder/spi-builder-workspace/.dependencies/artifacts/tensorflowlitec/TensorFlowLiteCCoreML/TensorFlowLiteCCoreML.xcframework'. (in target 'TensorFlowLiteC-product' from project 'TensorFlowLiteC')
/Users/admin/builder/spi-builder-workspace/.dependencies/artifacts/tensorflowlitec/TensorFlowLiteCMetal/TensorFlowLiteCMetal.xcframework:1:1: error: While building for watchOS, no library for this platform was found in '/Users/admin/builder/spi-builder-workspace/.dependencies/artifacts/tensorflowlitec/TensorFlowLiteCMetal/TensorFlowLiteCMetal.xcframework'. (in target 'TensorFlowLiteC-product' from project 'TensorFlowLiteC')
2026-09-20 21:19:41.428 xcodebuild[752:4588] [MT] IDERunDestination: Supported platforms for the buildables in the current scheme is empty.
** BUILD FAILED **
The following build commands failed:
	Building workspace TensorFlowLiteSwift with scheme TensorFlowLiteSwift
(1 failure)
Command line invocation:
    /Applications/Xcode-27.0.0-Release.Candidate.app/Contents/Developer/usr/bin/xcodebuild -IDEClonedSourcePackagesDirPathOverride=/Users/admin/builder/spi-builder-workspace/.dependencies -resolvePackageDependencies
Resolve Package Graph
Resolved source packages:
  TensorFlowLiteC: https://github.com/kewlbear/TensorFlowLiteC.git @ master (d4cb1f2)
  TensorFlowLiteSwift: /Users/admin/builder/spi-builder-workspace
resolved source packages: TensorFlowLiteC, TensorFlowLiteSwift
2026-09-20 21:19:43.215 xcodebuild[774:4727] [MT] IDERunDestination: Supported platforms for the buildables in the current scheme is empty.
{
  "dependencies" : [
    {
      "identity" : "tensorflowlitec",
      "requirement" : {
        "branch" : [
          "master"
        ]
      },
      "type" : "sourceControl",
      "url" : "https://github.com/kewlbear/TensorFlowLiteC.git"
    }
  ],
  "manifest_display_name" : "TensorFlowLiteSwift",
  "name" : "TensorFlowLiteSwift",
  "path" : "/Users/admin/builder/spi-builder-workspace",
  "platforms" : [
  ],
  "products" : [
    {
      "name" : "TensorFlowLiteSwift",
      "targets" : [
        "TensorFlowLite"
      ],
      "type" : {
        "library" : [
          "automatic"
        ]
      }
    }
  ],
  "targets" : [
    {
      "c99name" : "TensorFlowLite",
      "module_type" : "SwiftTarget",
      "name" : "TensorFlowLite",
      "path" : "Sources/TensorFlowLite",
      "product_dependencies" : [
        "TensorFlowLiteC"
      ],
      "product_memberships" : [
        "TensorFlowLiteSwift"
      ],
      "sources" : [
        "tensorflow/lite/swift/Sources/Delegate.swift",
        "tensorflow/lite/swift/Sources/Interpreter.swift",
        "tensorflow/lite/swift/Sources/InterpreterError.swift",
        "tensorflow/lite/swift/Sources/Model.swift",
        "tensorflow/lite/swift/Sources/QuantizationParameters.swift",
        "tensorflow/lite/swift/Sources/SignatureRunner.swift",
        "tensorflow/lite/swift/Sources/SignatureRunnerError.swift",
        "tensorflow/lite/swift/Sources/Tensor.swift",
        "tensorflow/lite/swift/Sources/TensorFlowLite.swift"
      ],
      "type" : "library"
    }
  ],
  "tools_version" : "5.3"
}
{
  "workspace" : {
    "name" : "TensorFlowLiteSwift",
    "schemes" : [
      "TensorFlowLiteSwift"
    ]
  }
}
2026-09-20 21:19:44.416 xcodebuild[782:4789] [MT] IDERunDestination: Supported platforms for the buildables in the current scheme is empty.
Running build ...
env DEVELOPER_DIR=/Applications/Xcode-27.0.0-Release.Candidate.app xcrun xcodebuild -IDEClonedSourcePackagesDirPathOverride=$PWD/.dependencies -skipMacroValidation -skipPackagePluginValidation -derivedDataPath $PWD/.derivedData build -scheme TensorFlowLiteSwift -destination generic/platform=watchOS
Command line invocation:
    /Applications/Xcode-27.0.0-Release.Candidate.app/Contents/Developer/usr/bin/xcodebuild -IDEClonedSourcePackagesDirPathOverride=/Users/admin/builder/spi-builder-workspace/.dependencies -skipMacroValidation -skipPackagePluginValidation -derivedDataPath /Users/admin/builder/spi-builder-workspace/.derivedData build -scheme TensorFlowLiteSwift -destination generic/platform=watchOS
Resolve Package Graph
Resolved source packages:
  TensorFlowLiteC: https://github.com/kewlbear/TensorFlowLiteC.git @ master (d4cb1f2)
  TensorFlowLiteSwift: /Users/admin/builder/spi-builder-workspace
ComputePackagePrebuildTargetDependencyGraph
Prepare packages
CreateBuildRequest
SendProjectDescription
CreateBuildOperation
ComputeTargetDependencyGraph
note: Building targets in dependency order
note: Target dependency graph (4 targets)
    Target 'TensorFlowLiteSwift-product' in project 'TensorFlowLiteSwift'
        ➜ Explicit dependency on target 'TensorFlowLite' in project 'TensorFlowLiteSwift'
        ➜ Explicit dependency on target 'TensorFlowLiteC-product' in project 'TensorFlowLiteC'
    Target 'TensorFlowLite' in project 'TensorFlowLiteSwift'
        ➜ Explicit dependency on target 'TensorFlowLiteC-product' in project 'TensorFlowLiteC'
    Target 'TensorFlowLiteC-product' in project 'TensorFlowLiteC'
        ➜ Explicit dependency on target 'Link' in project 'TensorFlowLiteC'
    Target 'Link' in project 'TensorFlowLiteC' (no dependencies)
GatherProvisioningInputs
CreateBuildDescription
/Users/admin/builder/spi-builder-workspace/.dependencies/artifacts/tensorflowlitec/TensorFlowLiteC/TensorFlowLiteC.xcframework:1:1: error: While building for watchOS, no library for this platform was found in '/Users/admin/builder/spi-builder-workspace/.dependencies/artifacts/tensorflowlitec/TensorFlowLiteC/TensorFlowLiteC.xcframework'. (in target 'TensorFlowLiteSwift-product' from project 'TensorFlowLiteSwift')
/Users/admin/builder/spi-builder-workspace/.dependencies/artifacts/tensorflowlitec/TensorFlowLiteC/TensorFlowLiteC.xcframework:1:1: error: While building for watchOS, no library for this platform was found in '/Users/admin/builder/spi-builder-workspace/.dependencies/artifacts/tensorflowlitec/TensorFlowLiteC/TensorFlowLiteC.xcframework'. (in target 'TensorFlowLiteSwift-product' from project 'TensorFlowLiteSwift')
/Users/admin/builder/spi-builder-workspace/.dependencies/artifacts/tensorflowlitec/TensorFlowLiteCCoreML/TensorFlowLiteCCoreML.xcframework:1:1: error: While building for watchOS, no library for this platform was found in '/Users/admin/builder/spi-builder-workspace/.dependencies/artifacts/tensorflowlitec/TensorFlowLiteCCoreML/TensorFlowLiteCCoreML.xcframework'. (in target 'TensorFlowLiteSwift-product' from project 'TensorFlowLiteSwift')
/Users/admin/builder/spi-builder-workspace/.dependencies/artifacts/tensorflowlitec/TensorFlowLiteCCoreML/TensorFlowLiteCCoreML.xcframework:1:1: error: While building for watchOS, no library for this platform was found in '/Users/admin/builder/spi-builder-workspace/.dependencies/artifacts/tensorflowlitec/TensorFlowLiteCCoreML/TensorFlowLiteCCoreML.xcframework'. (in target 'TensorFlowLiteSwift-product' from project 'TensorFlowLiteSwift')
/Users/admin/builder/spi-builder-workspace/.dependencies/artifacts/tensorflowlitec/TensorFlowLiteCMetal/TensorFlowLiteCMetal.xcframework:1:1: error: While building for watchOS, no library for this platform was found in '/Users/admin/builder/spi-builder-workspace/.dependencies/artifacts/tensorflowlitec/TensorFlowLiteCMetal/TensorFlowLiteCMetal.xcframework'. (in target 'TensorFlowLiteSwift-product' from project 'TensorFlowLiteSwift')
/Users/admin/builder/spi-builder-workspace/.dependencies/artifacts/tensorflowlitec/TensorFlowLiteCMetal/TensorFlowLiteCMetal.xcframework:1:1: error: While building for watchOS, no library for this platform was found in '/Users/admin/builder/spi-builder-workspace/.dependencies/artifacts/tensorflowlitec/TensorFlowLiteCMetal/TensorFlowLiteCMetal.xcframework'. (in target 'TensorFlowLiteSwift-product' from project 'TensorFlowLiteSwift')
/Users/admin/builder/spi-builder-workspace/.dependencies/artifacts/tensorflowlitec/TensorFlowLiteC/TensorFlowLiteC.xcframework:1:1: error: While building for watchOS, no library for this platform was found in '/Users/admin/builder/spi-builder-workspace/.dependencies/artifacts/tensorflowlitec/TensorFlowLiteC/TensorFlowLiteC.xcframework'. (in target 'TensorFlowLiteC-product' from project 'TensorFlowLiteC')
/Users/admin/builder/spi-builder-workspace/.dependencies/artifacts/tensorflowlitec/TensorFlowLiteCCoreML/TensorFlowLiteCCoreML.xcframework:1:1: error: While building for watchOS, no library for this platform was found in '/Users/admin/builder/spi-builder-workspace/.dependencies/artifacts/tensorflowlitec/TensorFlowLiteCCoreML/TensorFlowLiteCCoreML.xcframework'. (in target 'TensorFlowLiteC-product' from project 'TensorFlowLiteC')
/Users/admin/builder/spi-builder-workspace/.dependencies/artifacts/tensorflowlitec/TensorFlowLiteCMetal/TensorFlowLiteCMetal.xcframework:1:1: error: While building for watchOS, no library for this platform was found in '/Users/admin/builder/spi-builder-workspace/.dependencies/artifacts/tensorflowlitec/TensorFlowLiteCMetal/TensorFlowLiteCMetal.xcframework'. (in target 'TensorFlowLiteC-product' from project 'TensorFlowLiteC')
/Users/admin/builder/spi-builder-workspace/.dependencies/artifacts/tensorflowlitec/TensorFlowLiteC/TensorFlowLiteC.xcframework:1:1: error: While building for watchOS, no library for this platform was found in '/Users/admin/builder/spi-builder-workspace/.dependencies/artifacts/tensorflowlitec/TensorFlowLiteC/TensorFlowLiteC.xcframework'. (in target 'TensorFlowLite' from project 'TensorFlowLiteSwift')
/Users/admin/builder/spi-builder-workspace/.dependencies/artifacts/tensorflowlitec/TensorFlowLiteCCoreML/TensorFlowLiteCCoreML.xcframework:1:1: error: While building for watchOS, no library for this platform was found in '/Users/admin/builder/spi-builder-workspace/.dependencies/artifacts/tensorflowlitec/TensorFlowLiteCCoreML/TensorFlowLiteCCoreML.xcframework'. (in target 'TensorFlowLite' from project 'TensorFlowLiteSwift')
/Users/admin/builder/spi-builder-workspace/.dependencies/artifacts/tensorflowlitec/TensorFlowLiteCMetal/TensorFlowLiteCMetal.xcframework:1:1: error: While building for watchOS, no library for this platform was found in '/Users/admin/builder/spi-builder-workspace/.dependencies/artifacts/tensorflowlitec/TensorFlowLiteCMetal/TensorFlowLiteCMetal.xcframework'. (in target 'TensorFlowLite' from project 'TensorFlowLiteSwift')
2026-09-20 21:19:45.349 xcodebuild[783:4814] [MT] IDERunDestination: Supported platforms for the buildables in the current scheme is empty.
** BUILD FAILED **
The following build commands failed:
	Building workspace TensorFlowLiteSwift with scheme TensorFlowLiteSwift
(1 failure)
BUILD FAILURE 6.4 watchOS