Build Information
Failed to build cache, reference main (e08eb0), with Swift 6.2 for Wasm on 10 Oct 2026 19:04:20 UTC.
Build Command
bash -c docker run --pull=always --rm -v "checkouts-54344849-0":/host -w "$PWD" -e JAVA_HOME="/root/.sdkman/candidates/java/current" -e SPI_BUILD="1" -e SPI_PROCESSING="1" registry.gitlab.com/saguaro1/spi-images:wasm-6.2-latest swift build --swift-sdk swift-6.2-RELEASE_wasm 2>&1Build Log
========================================
RunAll
========================================
Builder version: 5.1.1
Interrupt handler set up.
========================================
Checkout
========================================
Clone URL: https://github.com/nashysolutions/Cache.git
Reference: main
Initialized empty Git repository in /host/spi-builder-workspace/.git/
hint: Using 'master' as the name for the initial branch. This default branch name
hint: is subject to change. To configure the initial branch name to use in all
hint: of your new repositories, which will suppress this warning, call:
hint:
hint: git config --global init.defaultBranch <name>
hint:
hint: Names commonly chosen instead of 'master' are 'main', 'trunk' and
hint: 'development'. The just-created branch can be renamed via this command:
hint:
hint: git branch -m <name>
From https://github.com/nashysolutions/Cache
* branch main -> FETCH_HEAD
* [new branch] main -> origin/main
HEAD is now at e08eb02 Rename the cache operations and give Expiry a Duration case (#20) (#61)
Cloned https://github.com/nashysolutions/Cache.git
Revision (git rev-parse @):
e08eb0211ee609d338b3db315fc9b912acb90f2e
SPI manifest file found: $PWD/.spi.yml
SUCCESS checkout https://github.com/nashysolutions/Cache.git at main
========================================
Build
========================================
Selected platform: wasm
Swift version: 6.2
Building package at path: $PWD
https://github.com/nashysolutions/Cache.git
Running build ...
bash -c docker run --pull=always --rm -v "checkouts-54344849-0":/host -w "$PWD" -e JAVA_HOME="/root/.sdkman/candidates/java/current" -e SPI_BUILD="1" -e SPI_PROCESSING="1" registry.gitlab.com/saguaro1/spi-images:wasm-6.2-latest swift build --swift-sdk swift-6.2-RELEASE_wasm 2>&1
wasm-6.2-latest: Pulling from saguaro1/spi-images
Digest: sha256:c092ff8dc506a2a30e6239b6992792fd4f7dfaaa46cac3b3c48d8fe35e954282
Status: Image is up to date for registry.gitlab.com/saguaro1/spi-images:wasm-6.2-latest
Fetching https://github.com/nashysolutions/foundation-dependencies.git
Fetching https://github.com/pointfreeco/swift-dependencies.git
Fetching https://github.com/nashysolutions/files.git
[1/564] Fetching foundation-dependencies
[515/8175] Fetching foundation-dependencies, swift-dependencies
Fetched https://github.com/pointfreeco/swift-dependencies.git from cache (0.54s)
[1/205] Fetching files
Fetched https://github.com/nashysolutions/files.git from cache (0.66s)
Fetched https://github.com/nashysolutions/foundation-dependencies.git from cache (0.67s)
Computing version for https://github.com/pointfreeco/swift-dependencies.git
Computed https://github.com/pointfreeco/swift-dependencies.git at 1.8.1 (0.83s)
Fetching https://github.com/pointfreeco/swift-clocks
Fetching https://github.com/swiftlang/swift-syntax
Fetching https://github.com/pointfreeco/combine-schedulers
Fetching https://github.com/pointfreeco/xctest-dynamic-overlay
Fetching https://github.com/pointfreeco/swift-concurrency-extras
[1/1546] Fetching swift-clocks
[32/4236] Fetching swift-clocks, combine-schedulers
[2877/5294] Fetching swift-clocks, combine-schedulers, swift-concurrency-extras
[4544/8021] Fetching swift-clocks, combine-schedulers, swift-concurrency-extras, xctest-dynamic-overlay
Fetched https://github.com/pointfreeco/swift-concurrency-extras from cache (0.74s)
[4646/6963] Fetching swift-clocks, combine-schedulers, xctest-dynamic-overlay
Fetched https://github.com/pointfreeco/xctest-dynamic-overlay from cache (0.99s)
[1/80416] Fetching swift-syntax
Fetched https://github.com/pointfreeco/swift-clocks from cache (3.54s)
Fetched https://github.com/pointfreeco/combine-schedulers from cache (3.54s)
Fetched https://github.com/swiftlang/swift-syntax from cache (3.57s)
Computing version for https://github.com/nashysolutions/files.git
Computed https://github.com/nashysolutions/files.git at 3.0.0 (4.47s)
Computing version for https://github.com/nashysolutions/foundation-dependencies.git
Computed https://github.com/nashysolutions/foundation-dependencies.git at 7.0.0 (0.16s)
Fetching https://github.com/nashysolutions/versioning.git
[1/80] Fetching versioning
Fetched https://github.com/nashysolutions/versioning.git from cache (0.40s)
Computing version for https://github.com/nashysolutions/versioning.git
Computed https://github.com/nashysolutions/versioning.git at 2.1.0 (0.56s)
Computing version for https://github.com/pointfreeco/swift-clocks
Computed https://github.com/pointfreeco/swift-clocks at 1.1.1 (0.14s)
Computing version for https://github.com/pointfreeco/xctest-dynamic-overlay
Computed https://github.com/pointfreeco/xctest-dynamic-overlay at 1.13.1 (0.90s)
Computing version for https://github.com/pointfreeco/combine-schedulers
Computed https://github.com/pointfreeco/combine-schedulers at 1.2.2 (0.15s)
Fetching https://github.com/OpenCombine/OpenCombine.git
[1/8306] Fetching opencombine
Fetched https://github.com/OpenCombine/OpenCombine.git from cache (0.63s)
Computing version for https://github.com/OpenCombine/OpenCombine.git
Computed https://github.com/OpenCombine/OpenCombine.git at 0.14.0 (0.82s)
Computing version for https://github.com/pointfreeco/swift-concurrency-extras
Computed https://github.com/pointfreeco/swift-concurrency-extras at 1.4.1 (0.14s)
Computing version for https://github.com/swiftlang/swift-syntax
Computed https://github.com/swiftlang/swift-syntax at 601.0.1 (0.23s)
Creating working copy for https://github.com/nashysolutions/foundation-dependencies.git
Working copy of https://github.com/nashysolutions/foundation-dependencies.git resolved at 7.0.0
Creating working copy for https://github.com/swiftlang/swift-syntax
Working copy of https://github.com/swiftlang/swift-syntax resolved at 601.0.1
Creating working copy for https://github.com/pointfreeco/swift-dependencies.git
Working copy of https://github.com/pointfreeco/swift-dependencies.git resolved at 1.8.1
Creating working copy for https://github.com/pointfreeco/combine-schedulers
Working copy of https://github.com/pointfreeco/combine-schedulers resolved at 1.2.2
Creating working copy for https://github.com/pointfreeco/xctest-dynamic-overlay
Working copy of https://github.com/pointfreeco/xctest-dynamic-overlay resolved at 1.13.1
Creating working copy for https://github.com/nashysolutions/files.git
Working copy of https://github.com/nashysolutions/files.git resolved at 3.0.0
Creating working copy for https://github.com/pointfreeco/swift-concurrency-extras
Working copy of https://github.com/pointfreeco/swift-concurrency-extras resolved at 1.4.1
Creating working copy for https://github.com/nashysolutions/versioning.git
Working copy of https://github.com/nashysolutions/versioning.git resolved at 2.1.0
Creating working copy for https://github.com/OpenCombine/OpenCombine.git
Working copy of https://github.com/OpenCombine/OpenCombine.git resolved at 0.14.0
Creating working copy for https://github.com/pointfreeco/swift-clocks
Working copy of https://github.com/pointfreeco/swift-clocks resolved at 1.1.1
Downloading package prebuilt https://download.swift.org/prebuilts/swift-syntax/601.0.1/swift-6.2-RELEASE-MacroSupport-ubuntu_noble_x86_64.tar.gz
Downloaded https://download.swift.org/prebuilts/swift-syntax/601.0.1/swift-6.2-RELEASE-MacroSupport-ubuntu_noble_x86_64.tar.gz (0.29s)
Building for debugging...
[0/17] Write sources
[0/17] Copying Info.plist
[0/17] Copying Localizable.xcstrings
[0/17] Write sources
[13/17] Write swift-version-24593BA9C3E375BF.txt
[15/70] Emitting module IssueReporting
[16/72] Compiling ConcurrencyExtras MainSerialExecutor.swift
[17/73] Compiling IssueReporting TestContext.swift
[18/73] Compiling IssueReporting Unimplemented.swift
[19/73] Compiling IssueReportingTestSupport SwiftTesting.swift
/host/spi-builder-workspace/.build/checkouts/xctest-dynamic-overlay/Sources/IssueReportingTestSupport/SwiftTesting.swift:94:3: error: cannot convert '@Sendable (String?, Bool, String, String, Int, Int, nonisolated(nonsending) () async throws -> Void) async -> ()' to 'nonisolated(nonsending) @Sendable (String?, Bool, String, String, Int, Int, nonisolated(nonsending) () async throws -> Void) async -> ()' because crossing of an isolation boundary requires parameter and result types to conform to 'Sendable' protocol
92 |
93 | public func _withKnownIssueAsync() -> Any {
94 | __withKnownIssueAsync(_:isIntermittent:fileID:filePath:line:column:_:)
| |- error: cannot convert '@Sendable (String?, Bool, String, String, Int, Int, nonisolated(nonsending) () async throws -> Void) async -> ()' to 'nonisolated(nonsending) @Sendable (String?, Bool, String, String, Int, Int, nonisolated(nonsending) () async throws -> Void) async -> ()' because crossing of an isolation boundary requires parameter and result types to conform to 'Sendable' protocol
| `- note: type 'nonisolated(nonsending) () async throws -> Void' does not conform to 'Sendable' protocol
95 | }
96 | @Sendable
[20/73] Compiling IssueReporting IssueSeverity.swift
[21/73] Compiling IssueReporting ReportIssue.swift
[22/73] Compiling IssueReporting _Test.swift
[23/73] Emitting module ConcurrencyExtras
[24/73] Compiling IssueReporting WithExpectedIssue.swift
[25/73] Compiling IssueReporting WithIssueContext.swift
[26/73] Compiling ConcurrencyExtras UncheckedSendable.swift
[27/73] Compiling ConcurrencyExtras Result.swift
[28/73] Compiling ConcurrencyExtras Task.swift
[29/73] Compiling IssueReportingTestSupport _Test.swift
[30/73] Compiling ConcurrencyExtras AsyncThrowingStream.swift
[31/73] Compiling ConcurrencyExtras Locking.swift
[32/73] Compiling ConcurrencyExtras UncheckedBox.swift
[33/73] Emitting module IssueReportingTestSupport
[34/73] Compiling IssueReportingTestSupport XCTest.swift
[35/73] Compiling IssueReporting FailureObserver.swift
[36/73] Compiling IssueReporting LockIsolated.swift
[37/73] Compiling IssueReporting Rethrows.swift
[38/73] Compiling IssueReporting BreakpointReporter.swift
[39/73] Compiling IssueReporting DefaultReporter.swift
[40/73] Compiling IssueReporting FatalErrorReporter.swift
[41/73] Compiling IssueReporting XCTest.swift
[42/73] Compiling IssueReporting IsTesting.swift
[43/73] Compiling IssueReporting IssueReporter.swift
[44/73] Emitting module Versioning
/host/spi-builder-workspace/.build/checkouts/files/Sources/Files/Operations/LoadResource.swift:128:26: error: extra arguments at positions #3, #4 in call
126 | switch self {
127 | case .emptyFile(let storageKey):
128 | return String(
| `- error: extra arguments at positions #3, #4 in call
129 | localized: "load.file.error.empty",
130 | defaultValue: "The file \(storageKey) is empty.",
Foundation.String.init:2:8: note: 'init(format:locale:_:)' declared here
1 | struct String {
2 | public init(format: __shared String, locale: __shared Locale?, _ args: any CVarArg...)}
| `- note: 'init(format:locale:_:)' declared here
3 |
/host/spi-builder-workspace/.build/checkouts/files/Sources/Files/Operations/LoadResource.swift:129:17: error: missing argument for parameter 'format' in call
127 | case .emptyFile(let storageKey):
128 | return String(
129 | localized: "load.file.error.empty",
| `- error: missing argument for parameter 'format' in call
130 | defaultValue: "The file \(storageKey) is empty.",
131 | bundle: .module,
Foundation.String.init:2:8: note: 'init(format:locale:_:)' declared here
1 | struct String {
2 | public init(format: __shared String, locale: __shared Locale?, _ args: any CVarArg...)}
| `- note: 'init(format:locale:_:)' declared here
3 |
/host/spi-builder-workspace/.build/checkouts/files/Sources/Files/Operations/LoadResource.swift:129:28: error: cannot convert value of type 'String' to expected argument type 'Locale'
127 | case .emptyFile(let storageKey):
128 | return String(
129 | localized: "load.file.error.empty",
| `- error: cannot convert value of type 'String' to expected argument type 'Locale'
130 | defaultValue: "The file \(storageKey) is empty.",
131 | bundle: .module,
/host/spi-builder-workspace/.build/checkouts/files/Sources/Files/Operations/LoadResource.swift:131:26: error: cannot infer contextual base in reference to member 'module'
129 | localized: "load.file.error.empty",
130 | defaultValue: "The file \(storageKey) is empty.",
131 | bundle: .module,
| `- error: cannot infer contextual base in reference to member 'module'
132 | comment: "Shown when a file exists but contains no data."
133 | )
/host/spi-builder-workspace/.build/checkouts/files/Sources/Files/Operations/LoadResource.swift:136:26: error: extra arguments at positions #3, #4 in call
134 |
135 | case .decodingFailed(let storageKey):
136 | return String(
| `- error: extra arguments at positions #3, #4 in call
137 | localized: "load.file.error.decoding",
138 | defaultValue: "Failed to decode the contents of the file \(storageKey).",
Foundation.String.init:2:8: note: 'init(format:locale:_:)' declared here
1 | struct String {
2 | public init(format: __shared String, locale: __shared Locale?, _ args: any CVarArg...)}
| `- note: 'init(format:locale:_:)' declared here
3 |
/host/spi-builder-workspace/.build/checkouts/files/Sources/Files/Operations/LoadResource.swift:137:17: error: missing argument for parameter 'format' in call
135 | case .decodingFailed(let storageKey):
136 | return String(
137 | localized: "load.file.error.decoding",
| `- error: missing argument for parameter 'format' in call
138 | defaultValue: "Failed to decode the contents of the file \(storageKey).",
139 | bundle: .module,
Foundation.String.init:2:8: note: 'init(format:locale:_:)' declared here
1 | struct String {
2 | public init(format: __shared String, locale: __shared Locale?, _ args: any CVarArg...)}
| `- note: 'init(format:locale:_:)' declared here
3 |
/host/spi-builder-workspace/.build/checkouts/files/Sources/Files/Operations/LoadResource.swift:137:28: error: cannot convert value of type 'String' to expected argument type 'Locale'
135 | case .decodingFailed(let storageKey):
136 | return String(
137 | localized: "load.file.error.decoding",
| `- error: cannot convert value of type 'String' to expected argument type 'Locale'
138 | defaultValue: "Failed to decode the contents of the file \(storageKey).",
139 | bundle: .module,
/host/spi-builder-workspace/.build/checkouts/files/Sources/Files/Operations/LoadResource.swift:139:26: error: cannot infer contextual base in reference to member 'module'
137 | localized: "load.file.error.decoding",
138 | defaultValue: "Failed to decode the contents of the file \(storageKey).",
139 | bundle: .module,
| `- error: cannot infer contextual base in reference to member 'module'
140 | comment: "Shown when decoding a file into a resource fails."
141 | )
/host/spi-builder-workspace/.build/checkouts/files/Sources/Files/Operations/LoadResource.swift:144:26: error: extra arguments at positions #3, #4 in call
142 |
143 | case .fileReadFailed(let storageKey, let error):
144 | return String(
| `- error: extra arguments at positions #3, #4 in call
145 | localized: "load.file.error.reading",
146 | defaultValue: "Failed to read the file \(storageKey): \(error.localizedDescription).",
Foundation.String.init:2:8: note: 'init(format:locale:_:)' declared here
1 | struct String {
2 | public init(format: __shared String, locale: __shared Locale?, _ args: any CVarArg...)}
| `- note: 'init(format:locale:_:)' declared here
3 |
/host/spi-builder-workspace/.build/checkouts/files/Sources/Files/Operations/LoadResource.swift:145:17: error: missing argument for parameter 'format' in call
143 | case .fileReadFailed(let storageKey, let error):
144 | return String(
145 | localized: "load.file.error.reading",
| `- error: missing argument for parameter 'format' in call
146 | defaultValue: "Failed to read the file \(storageKey): \(error.localizedDescription).",
147 | bundle: .module,
Foundation.String.init:2:8: note: 'init(format:locale:_:)' declared here
1 | struct String {
2 | public init(format: __shared String, locale: __shared Locale?, _ args: any CVarArg...)}
| `- note: 'init(format:locale:_:)' declared here
3 |
/host/spi-builder-workspace/.build/checkouts/files/Sources/Files/Operations/LoadResource.swift:145:28: error: cannot convert value of type 'String' to expected argument type 'Locale'
143 | case .fileReadFailed(let storageKey, let error):
144 | return String(
145 | localized: "load.file.error.reading",
| `- error: cannot convert value of type 'String' to expected argument type 'Locale'
146 | defaultValue: "Failed to read the file \(storageKey): \(error.localizedDescription).",
147 | bundle: .module,
/host/spi-builder-workspace/.build/checkouts/files/Sources/Files/Operations/LoadResource.swift:147:26: error: cannot infer contextual base in reference to member 'module'
145 | localized: "load.file.error.reading",
146 | defaultValue: "Failed to read the file \(storageKey): \(error.localizedDescription).",
147 | bundle: .module,
| `- error: cannot infer contextual base in reference to member 'module'
148 | comment: "Shown when a file cannot be read. First is the file name, second is the system error."
149 | )
BUILD FAILURE 6.2 wasm