The Swift Package Index logo.Swift Package Index

Build Information

Failed to build swift-tagged-macro, reference main (2634ea), with Swift 6.1 for visionOS using Xcode 16.3 on 18 Jul 2026 21:31:50 UTC.

Build Command

No build command. This typically means the build failed at an early stage where we determine the build command.

Build Log

========================================
RunAll
========================================
Builder version: undefined version: run 'make version' to update
Interrupt handler set up.
========================================
Checkout
========================================
Clone URL: https://github.com/davdroman/swift-tagged-macro.git
Reference: main
Initialized empty Git repository in /Users/admin/builder/spi-builder-workspace/.git/
From https://github.com/davdroman/swift-tagged-macro
 * branch            main       -> FETCH_HEAD
 * [new branch]      main       -> origin/main
HEAD is now at 2634eac Bump to Swift 6.2 (#11)
Cloned https://github.com/davdroman/swift-tagged-macro.git
Revision (git rev-parse @):
2634eacd4468c4ba9beb1b6f62d625ea755cc07d
SPI manifest file found: $PWD/.spi.yml
SUCCESS checkout https://github.com/davdroman/swift-tagged-macro.git at main
========================================
Build
========================================
Selected platform:         visionOS
Swift version:             6.1
Building package at path:  $PWD
https://github.com/davdroman/swift-tagged-macro.git
https://github.com/davdroman/swift-tagged-macro.git
error: 'spi-builder-workspace': package 'spi-builder-workspace' is using Swift tools version 6.2.0 but the installed version is 6.1.0
error: fatalError
Command line invocation:
    /Applications/Xcode-16.3.0.app/Contents/Developer/usr/bin/xcodebuild -IDEClonedSourcePackagesDirPathOverride=/Users/admin/builder/spi-builder-workspace/.dependencies -resolvePackageDependencies
Resolve Package Graph
package 'spi-builder-workspace' is using Swift tools version 6.2.0 but the installed version is 6.1.0
Resolved source packages:
  spi-builder-workspace: (null)
2026-07-18 14:31:49.990 xcodebuild[503:2895] Writing error result bundle to /var/folders/5k/5yc19ymj0jqd5v0zvgfqz0xw0000gn/T/ResultBundle_2026-18-07_14-31-0049.xcresult
xcodebuild: error: Could not resolve package dependencies:
  package 'spi-builder-workspace' is using Swift tools version 6.2.0 but the installed version is 6.1.0
Command line invocation:
    /Applications/Xcode-16.3.0.app/Contents/Developer/usr/bin/xcodebuild -IDEClonedSourcePackagesDirPathOverride=/Users/admin/builder/spi-builder-workspace/.dependencies -resolvePackageDependencies
Resolve Package Graph
package 'spi-builder-workspace' is using Swift tools version 6.2.0 but the installed version is 6.1.0
Resolved source packages:
  spi-builder-workspace: (null)
2026-07-18 14:31:50.675 xcodebuild[512:2980] Writing error result bundle to /var/folders/5k/5yc19ymj0jqd5v0zvgfqz0xw0000gn/T/ResultBundle_2026-18-07_14-31-0050.xcresult
xcodebuild: error: Could not resolve package dependencies:
  package 'spi-builder-workspace' is using Swift tools version 6.2.0 but the installed version is 6.1.0
BUILD FAILURE 6.1 visionOS