The Swift Package Index logo.Swift Package Index

Build Information

Failed to build LSPService, reference master (1d279e), with Swift 6.1 for Linux on 18 Jul 2026 02:38:49 UTC.

Build Command

bash -c docker run --pull=always --rm -v "checkouts-54344847-1":/host -w "$PWD" -e JAVA_HOME="/root/.sdkman/candidates/java/current" -e SPI_BUILD="1" -e SPI_PROCESSING="1" registry.gitlab.com/saguaro1/spi-images:basic-6.1-latest swift build --triple x86_64-unknown-linux-gnu 2>&1

Build Log

========================================
RunAll
========================================
Builder version: 333316120c8b89ed7d21f1b34865290794301d91
Interrupt handler set up.
========================================
Checkout
========================================
Clone URL: https://github.com/nohype-ai/LSPService.git
Reference: master
Initialized empty Git repository in /host/spi-builder-workspace/.git/
hint: Using 'master' as the name for the initial branch. This default branch name
hint: is subject to change. To configure the initial branch name to use in all
hint: of your new repositories, which will suppress this warning, call:
hint:
hint: 	git config --global init.defaultBranch <name>
hint:
hint: Names commonly chosen instead of 'master' are 'main', 'trunk' and
hint: 'development'. The just-created branch can be renamed via this command:
hint:
hint: 	git branch -m <name>
From https://github.com/nohype-ai/LSPService
 * branch            master     -> FETCH_HEAD
 * [new branch]      master     -> origin/master
HEAD is now at 1d279e7 Adapt fully to changes in Vapor concurrency
Cloned https://github.com/nohype-ai/LSPService.git
Revision (git rev-parse @):
1d279e769e8d96448928d081f35909236fc41278
SPI manifest file found: $PWD/.spi.yml
SUCCESS checkout https://github.com/nohype-ai/LSPService.git at master
========================================
Build
========================================
Selected platform:         linux
Swift version:             6.1
Building package at path:  $PWD
https://github.com/nohype-ai/LSPService.git
https://github.com/nohype-ai/LSPService.git
WARNING: environment variable SUPPRESS_SWIFT_6_FLAGS is not set
Running build ...
bash -c docker run --pull=always --rm -v "checkouts-54344847-1":/host -w "$PWD" -e JAVA_HOME="/root/.sdkman/candidates/java/current" -e SPI_BUILD="1" -e SPI_PROCESSING="1" registry.gitlab.com/saguaro1/spi-images:basic-6.1-latest swift build --triple x86_64-unknown-linux-gnu -Xswiftc -Xfrontend -Xswiftc -stats-output-dir -Xswiftc -Xfrontend -Xswiftc .stats -Xswiftc -strict-concurrency=complete -Xswiftc -enable-upcoming-feature -Xswiftc StrictConcurrency -Xswiftc -enable-upcoming-feature -Xswiftc DisableOutwardActorInference -Xswiftc -enable-upcoming-feature -Xswiftc GlobalActorIsolatedTypesUsability -Xswiftc -enable-upcoming-feature -Xswiftc InferSendableFromCaptures 2>&1
basic-6.1-latest: Pulling from saguaro1/spi-images
Digest: sha256:0f094b998e61bb35b7a666f42e392cfb12929ea8fa9160622b1badd8b73d5c87
Status: Image is up to date for registry.gitlab.com/saguaro1/spi-images:basic-6.1-latest
Fetching https://github.com/nohype-ai/FoundationToolz.git
Fetching https://github.com/nohype-ai/SwiftyToolz.git
Fetching https://github.com/nohype-ai/SwiftLSP.git
Fetching https://github.com/vapor/vapor.git
[1/931] Fetching swiftlsp
[85/1825] Fetching swiftlsp, foundationtoolz
[1184/79400] Fetching swiftlsp, foundationtoolz, vapor
[14987/80170] Fetching swiftlsp, foundationtoolz, vapor, swiftytoolz
Fetched https://github.com/nohype-ai/SwiftyToolz.git from cache (0.71s)
[20443/79400] Fetching swiftlsp, foundationtoolz, vapor
Fetched https://github.com/nohype-ai/SwiftLSP.git from cache (0.72s)
[20288/78469] Fetching foundationtoolz, vapor
Fetched https://github.com/nohype-ai/FoundationToolz.git from cache (1.91s)
Fetched https://github.com/vapor/vapor.git from cache (1.94s)
Computing version for https://github.com/nohype-ai/SwiftyToolz.git
Computed https://github.com/nohype-ai/SwiftyToolz.git at 0.5.7 (2.23s)
Computing version for https://github.com/nohype-ai/FoundationToolz.git
Computed https://github.com/nohype-ai/FoundationToolz.git at 0.5.9 (0.21s)
Computing version for https://github.com/nohype-ai/SwiftLSP.git
Computed https://github.com/nohype-ai/SwiftLSP.git at 0.4.0 (0.33s)
Computing version for https://github.com/vapor/vapor.git
Computed https://github.com/vapor/vapor.git at 4.122.0 (0.43s)
Fetching https://github.com/apple/swift-atomics.git
Fetching https://github.com/vapor/multipart-kit.git
Fetching https://github.com/vapor/websocket-kit.git
Fetching https://github.com/apple/swift-certificates.git
Fetching https://github.com/apple/swift-algorithms.git
[1/1868] Fetching swift-atomics
[375/5848] Fetching swift-atomics, multipart-kit
[1319/11924] Fetching swift-atomics, multipart-kit, swift-algorithms
[3723/19345] Fetching swift-atomics, multipart-kit, swift-algorithms, swift-certificates
[14550/22015] Fetching swift-atomics, multipart-kit, swift-algorithms, swift-certificates, websocket-kit
Fetched https://github.com/apple/swift-algorithms.git from cache (0.68s)
Fetching https://github.com/apple/swift-service-context.git
[11628/15939] Fetching swift-atomics, multipart-kit, swift-certificates, websocket-kit
Fetched https://github.com/apple/swift-atomics.git from cache (0.81s)
Fetching https://github.com/apple/swift-distributed-tracing.git
Fetched https://github.com/apple/swift-certificates.git from cache (0.86s)
Fetching https://github.com/apple/swift-metrics.git
[4316/7957] Fetching multipart-kit, websocket-kit, swift-service-context
Fetched https://github.com/apple/swift-service-context.git from cache (0.50s)
Fetching https://github.com/apple/swift-log.git
[4303/12515] Fetching multipart-kit, websocket-kit, swift-distributed-tracing
[4304/15926] Fetching multipart-kit, websocket-kit, swift-distributed-tracing, swift-metrics
Fetched https://github.com/apple/swift-metrics.git from cache (0.60s)
Fetching https://github.com/apple/swift-nio-extras.git
[9833/12515] Fetching multipart-kit, websocket-kit, swift-distributed-tracing
Fetched https://github.com/apple/swift-distributed-tracing.git from cache (0.77s)
Fetching https://github.com/apple/swift-nio-http2.git
[4342/6650] Fetching multipart-kit, websocket-kit
[5617/14435] Fetching multipart-kit, websocket-kit, swift-log
Fetching https://github.com/apple/swift-asn1.git
Fetched https://github.com/vapor/websocket-kit.git from cache (1.75s)
Fetching https://github.com/apple/swift-nio-ssl.git
Fetched https://github.com/vapor/multipart-kit.git from cache (1.79s)
Fetching https://github.com/apple/swift-nio.git
Fetched https://github.com/apple/swift-log.git from cache (0.69s)
Fetching https://github.com/vapor/routing-kit.git
[1/6605] Fetching swift-nio-extras
Fetched https://github.com/apple/swift-nio-extras.git from cache (0.67s)
Fetching https://github.com/apple/swift-crypto.git
[1/12183] Fetching swift-nio-http2
[2560/33628] Fetching swift-nio-http2, routing-kit
[12669/35542] Fetching swift-nio-http2, routing-kit, swift-asn1
[26133/120138] Fetching swift-nio-http2, routing-kit, swift-asn1, swift-nio
[26681/135735] Fetching swift-nio-http2, routing-kit, swift-asn1, swift-nio, swift-nio-ssl
Fetched https://github.com/apple/swift-asn1.git from cache (0.85s)
[27782/133821] Fetching swift-nio-http2, routing-kit, swift-nio, swift-nio-ssl
Fetching https://github.com/vapor/console-kit.git
[39197/151624] Fetching swift-nio-http2, routing-kit, swift-nio, swift-nio-ssl, swift-crypto
[42672/158334] Fetching swift-nio-http2, routing-kit, swift-nio, swift-nio-ssl, swift-crypto, console-kit
Fetched https://github.com/vapor/console-kit.git from cache (0.73s)
Fetching https://github.com/vapor/async-kit.git
[51911/151624] Fetching swift-nio-http2, routing-kit, swift-nio, swift-nio-ssl, swift-crypto
Fetched https://github.com/vapor/routing-kit.git from cache (1.49s)
Fetching https://github.com/swift-server/async-http-client.git
[33516/130179] Fetching swift-nio-http2, swift-nio, swift-nio-ssl, swift-crypto
Fetched https://github.com/apple/swift-nio-http2.git from cache (2.11s)
[47273/117996] Fetching swift-nio, swift-nio-ssl, swift-crypto
[53551/120500] Fetching swift-nio, swift-nio-ssl, swift-crypto, async-kit
Fetched https://github.com/vapor/async-kit.git from cache (0.60s)
[55464/117996] Fetching swift-nio, swift-nio-ssl, swift-crypto
[63370/134017] Fetching swift-nio, swift-nio-ssl, swift-crypto, async-http-client
Fetched https://github.com/apple/swift-nio-ssl.git from cache (3.76s)
[93042/118420] Fetching swift-nio, swift-crypto, async-http-client
Fetched https://github.com/apple/swift-crypto.git from cache (3.83s)
[84544/100617] Fetching swift-nio, async-http-client
Fetched https://github.com/swift-server/async-http-client.git from cache (2.78s)
[69369/84596] Fetching swift-nio
Fetched https://github.com/apple/swift-nio.git from cache (6.63s)
Computing version for https://github.com/apple/swift-atomics.git
Computed https://github.com/apple/swift-atomics.git at 1.3.1 (8.77s)
Computing version for https://github.com/apple/swift-algorithms.git
Computed https://github.com/apple/swift-algorithms.git at 1.2.1 (0.36s)
Fetching https://github.com/apple/swift-numerics.git
[1/6441] Fetching swift-numerics
Fetched https://github.com/apple/swift-numerics.git from cache (0.92s)
Computing version for https://github.com/vapor/routing-kit.git
Computed https://github.com/vapor/routing-kit.git at 4.9.3 (1.25s)
Computing version for https://github.com/apple/swift-service-context.git
Computed https://github.com/apple/swift-service-context.git at 1.3.0 (0.34s)
Computing version for https://github.com/vapor/websocket-kit.git
Computed https://github.com/vapor/websocket-kit.git at 2.16.2 (0.33s)
Fetching https://github.com/apple/swift-nio-transport-services.git
[1/2860] Fetching swift-nio-transport-services
Fetched https://github.com/apple/swift-nio-transport-services.git from cache (0.45s)
Computing version for https://github.com/apple/swift-numerics.git
Computed https://github.com/apple/swift-numerics.git at 1.1.1 (0.78s)
Computing version for https://github.com/apple/swift-nio-ssl.git
Computed https://github.com/apple/swift-nio-ssl.git at 2.37.2 (0.32s)
Computing version for https://github.com/apple/swift-nio.git
Computed https://github.com/apple/swift-nio.git at 2.101.3 (0.48s)
Fetching https://github.com/apple/swift-system.git
Fetching https://github.com/apple/swift-collections.git
[1/6236] Fetching swift-system
[3057/32339] Fetching swift-system, swift-collections
Fetched https://github.com/apple/swift-system.git from cache (0.58s)
[2089/26103] Fetching swift-collections
Fetched https://github.com/apple/swift-collections.git from cache (1.37s)
Computing version for https://github.com/vapor/console-kit.git
Computed https://github.com/vapor/console-kit.git at 4.16.0 (1.76s)
Computing version for https://github.com/apple/swift-log.git
Computed https://github.com/apple/swift-log.git at 1.14.0 (0.28s)
Computing version for https://github.com/vapor/async-kit.git
Computed https://github.com/vapor/async-kit.git at 1.22.0 (0.25s)
Computing version for https://github.com/apple/swift-collections.git
Computed https://github.com/apple/swift-collections.git at 1.6.0 (0.50s)
Computing version for https://github.com/apple/swift-certificates.git
Computed https://github.com/apple/swift-certificates.git at 1.19.3 (1.50s)
Computing version for https://github.com/apple/swift-asn1.git
Computed https://github.com/apple/swift-asn1.git at 1.7.1 (0.37s)
Computing version for https://github.com/apple/swift-distributed-tracing.git
Computed https://github.com/apple/swift-distributed-tracing.git at 1.4.1 (0.33s)
Computing version for https://github.com/apple/swift-metrics.git
Computed https://github.com/apple/swift-metrics.git at 2.11.0 (0.33s)
Computing version for https://github.com/vapor/multipart-kit.git
Computed https://github.com/vapor/multipart-kit.git at 4.7.1 (0.41s)
Computing version for https://github.com/apple/swift-system.git
Computed https://github.com/apple/swift-system.git at 1.7.4 (0.39s)
Computing version for https://github.com/apple/swift-nio-transport-services.git
Computed https://github.com/apple/swift-nio-transport-services.git at 1.28.0 (0.31s)
Computing version for https://github.com/apple/swift-crypto.git
Computed https://github.com/apple/swift-crypto.git at 4.5.1 (0.78s)
Computing version for https://github.com/apple/swift-nio-extras.git
Computed https://github.com/apple/swift-nio-extras.git at 1.34.3 (0.32s)
Fetching https://github.com/apple/swift-http-types.git
Fetching https://github.com/apple/swift-async-algorithms.git
Fetching https://github.com/swift-server/swift-service-lifecycle.git
Fetching https://github.com/apple/swift-http-structured-headers.git
[13/1249] Fetching swift-http-structured-headers
[1250/4024] Fetching swift-http-structured-headers, swift-service-lifecycle
Fetched https://github.com/apple/swift-http-structured-headers.git from cache (0.36s)
[56/2775] Fetching swift-service-lifecycle
[251/3994] Fetching swift-service-lifecycle, swift-http-types
[3584/10593] Fetching swift-service-lifecycle, swift-http-types, swift-async-algorithms
Fetched https://github.com/swift-server/swift-service-lifecycle.git from cache (0.43s)
[3595/7818] Fetching swift-http-types, swift-async-algorithms
Fetched https://github.com/apple/swift-http-types.git from cache (0.51s)
Fetched https://github.com/apple/swift-async-algorithms.git from cache (0.51s)
Computing version for https://github.com/swift-server/swift-service-lifecycle.git
Computed https://github.com/swift-server/swift-service-lifecycle.git at 2.11.0 (0.85s)
Computing version for https://github.com/apple/swift-async-algorithms.git
Computed https://github.com/apple/swift-async-algorithms.git at 1.1.5 (0.39s)
Computing version for https://github.com/apple/swift-http-types.git
Computed https://github.com/apple/swift-http-types.git at 1.6.0 (0.32s)
Computing version for https://github.com/apple/swift-http-structured-headers.git
Computed https://github.com/apple/swift-http-structured-headers.git at 1.7.0 (0.32s)
Computing version for https://github.com/apple/swift-nio-http2.git
Computed https://github.com/apple/swift-nio-http2.git at 1.44.0 (0.35s)
Computing version for https://github.com/swift-server/async-http-client.git
Computed https://github.com/swift-server/async-http-client.git at 1.35.0 (0.35s)
Creating working copy for https://github.com/nohype-ai/FoundationToolz.git
Working copy of https://github.com/nohype-ai/FoundationToolz.git resolved at 0.5.9
Creating working copy for https://github.com/vapor/async-kit.git
Working copy of https://github.com/vapor/async-kit.git resolved at 1.22.0
Creating working copy for https://github.com/apple/swift-crypto.git
Working copy of https://github.com/apple/swift-crypto.git resolved at 4.5.1
Creating working copy for https://github.com/apple/swift-http-types.git
Working copy of https://github.com/apple/swift-http-types.git resolved at 1.6.0
Creating working copy for https://github.com/apple/swift-numerics.git
Working copy of https://github.com/apple/swift-numerics.git resolved at 1.1.1
Creating working copy for https://github.com/apple/swift-nio.git
Working copy of https://github.com/apple/swift-nio.git resolved at 2.101.3
Creating working copy for https://github.com/apple/swift-distributed-tracing.git
Working copy of https://github.com/apple/swift-distributed-tracing.git resolved at 1.4.1
Creating working copy for https://github.com/apple/swift-http-structured-headers.git
Working copy of https://github.com/apple/swift-http-structured-headers.git resolved at 1.7.0
Creating working copy for https://github.com/apple/swift-asn1.git
Working copy of https://github.com/apple/swift-asn1.git resolved at 1.7.1
Creating working copy for https://github.com/apple/swift-atomics.git
Working copy of https://github.com/apple/swift-atomics.git resolved at 1.3.1
Creating working copy for https://github.com/vapor/routing-kit.git
Working copy of https://github.com/vapor/routing-kit.git resolved at 4.9.3
Creating working copy for https://github.com/apple/swift-certificates.git
Working copy of https://github.com/apple/swift-certificates.git resolved at 1.19.3
Creating working copy for https://github.com/apple/swift-metrics.git
Working copy of https://github.com/apple/swift-metrics.git resolved at 2.11.0
Creating working copy for https://github.com/swift-server/async-http-client.git
Working copy of https://github.com/swift-server/async-http-client.git resolved at 1.35.0
Creating working copy for https://github.com/nohype-ai/SwiftyToolz.git
Working copy of https://github.com/nohype-ai/SwiftyToolz.git resolved at 0.5.7
Creating working copy for https://github.com/apple/swift-nio-ssl.git
Working copy of https://github.com/apple/swift-nio-ssl.git resolved at 2.37.2
Creating working copy for https://github.com/swift-server/swift-service-lifecycle.git
Working copy of https://github.com/swift-server/swift-service-lifecycle.git resolved at 2.11.0
Creating working copy for https://github.com/apple/swift-nio-http2.git
Working copy of https://github.com/apple/swift-nio-http2.git resolved at 1.44.0
Creating working copy for https://github.com/apple/swift-nio-transport-services.git
Working copy of https://github.com/apple/swift-nio-transport-services.git resolved at 1.28.0
Creating working copy for https://github.com/apple/swift-nio-extras.git
Working copy of https://github.com/apple/swift-nio-extras.git resolved at 1.34.3
Creating working copy for https://github.com/vapor/vapor.git
Working copy of https://github.com/vapor/vapor.git resolved at 4.122.0
Creating working copy for https://github.com/nohype-ai/SwiftLSP.git
Working copy of https://github.com/nohype-ai/SwiftLSP.git resolved at 0.4.0
Creating working copy for https://github.com/apple/swift-log.git
Working copy of https://github.com/apple/swift-log.git resolved at 1.14.0
Creating working copy for https://github.com/apple/swift-async-algorithms.git
Working copy of https://github.com/apple/swift-async-algorithms.git resolved at 1.1.5
Creating working copy for https://github.com/vapor/websocket-kit.git
Working copy of https://github.com/vapor/websocket-kit.git resolved at 2.16.2
Creating working copy for https://github.com/vapor/multipart-kit.git
Working copy of https://github.com/vapor/multipart-kit.git resolved at 4.7.1
Creating working copy for https://github.com/apple/swift-service-context.git
Working copy of https://github.com/apple/swift-service-context.git resolved at 1.3.0
Creating working copy for https://github.com/apple/swift-system.git
Working copy of https://github.com/apple/swift-system.git resolved at 1.7.4
Creating working copy for https://github.com/apple/swift-algorithms.git
Working copy of https://github.com/apple/swift-algorithms.git resolved at 1.2.1
Creating working copy for https://github.com/vapor/console-kit.git
Working copy of https://github.com/vapor/console-kit.git resolved at 4.16.0
Creating working copy for https://github.com/apple/swift-collections.git
Working copy of https://github.com/apple/swift-collections.git resolved at 1.6.0
Building for debugging...
[0/926] Compiling derive_key.cc
[1/926] Compiling e_aeseax.cc
[1/926] Write sources
[3/926] Compiling _NumericsShims _NumericsShims.c
[3/926] Write sources
[10/926] Compiling _AtomicsShims.c
[10/926] Write sources
[36/926] Compiling chacha.cc
[36/926] Write sources
[61/926] Compiling e_aesctrhmac.cc
[62/926] Compiling CXKCPShims shims.c
[63/926] Compiling SimpleFIPS202.c
[64/926] Compiling e_aesgcmsiv.cc
[65/926] Compiling KeccakSponge.c
[66/926] Compiling KeccakHash.c
[67/926] Compiling CVaporBcrypt blf.c
[68/926] Compiling CNIOWindows shim.c
[69/926] Compiling CVaporBcrypt bcrypt.c
[70/926] Compiling CNIOWindows WSAStartup.c
[71/926] Compiling CNIOWASI CNIOWASI.c
[72/926] Compiling CSystem shims.c
[73/926] Compiling CNIOPosix event_loop_id.c
[74/926] Compiling a_utctm.cc
[75/926] Compiling a_time.cc
[76/926] Compiling CNIOOpenBSD shim.c
[77/926] Write swift-version-24593BA9C3E375BF.txt
[78/926] Compiling CNIOSHA1 c_nio_sha1.c
[79/926] Compiling CNIOLinux liburing_shims.c
[80/926] Compiling CNIOLLHTTP c_nio_http.c
[81/926] Compiling CNIOLLHTTP c_nio_api.c
[82/926] Compiling CNIOLinux shim.c
[83/930] Compiling a_type.cc
[84/934] Compiling KeccakP-1600-opt64.c
[85/993] Compiling CNIOLLHTTP c_nio_llhttp.c
[87/1024] Emitting module ServiceContextModule
<unknown>:0: warning: upcoming feature 'InferSendableFromCaptures' is already enabled as of Swift version 6
<unknown>:0: warning: upcoming feature 'GlobalActorIsolatedTypesUsability' is already enabled as of Swift version 6
<unknown>:0: warning: upcoming feature 'DisableOutwardActorInference' is already enabled as of Swift version 6
[88/1024] Emitting module SystemPackage
[89/1029] Compiling SystemPackage SystemString.swift
[90/1029] Compiling SystemPackage Util+StringArray.swift
[91/1029] Compiling SystemPackage Util.swift
[92/1029] Compiling SystemPackage UtilConsumers.swift
[93/1029] Compiling SystemPackage WinSDK+Overlay.swift
[94/1029] Compiling RealModule Double+Real.swift
<unknown>:0: warning: upcoming feature 'InferSendableFromCaptures' is already enabled as of Swift version 6
<unknown>:0: warning: upcoming feature 'GlobalActorIsolatedTypesUsability' is already enabled as of Swift version 6
<unknown>:0: warning: upcoming feature 'DisableOutwardActorInference' is already enabled as of Swift version 6
[95/1029] Compiling RealModule ElementaryFunctions.swift
<unknown>:0: warning: upcoming feature 'InferSendableFromCaptures' is already enabled as of Swift version 6
<unknown>:0: warning: upcoming feature 'GlobalActorIsolatedTypesUsability' is already enabled as of Swift version 6
<unknown>:0: warning: upcoming feature 'DisableOutwardActorInference' is already enabled as of Swift version 6
[96/1031] Compiling RealModule AlgebraicField.swift
<unknown>:0: warning: upcoming feature 'InferSendableFromCaptures' is already enabled as of Swift version 6
<unknown>:0: warning: upcoming feature 'GlobalActorIsolatedTypesUsability' is already enabled as of Swift version 6
<unknown>:0: warning: upcoming feature 'DisableOutwardActorInference' is already enabled as of Swift version 6
[97/1031] Compiling RealModule ApproximateEquality.swift
<unknown>:0: warning: upcoming feature 'InferSendableFromCaptures' is already enabled as of Swift version 6
<unknown>:0: warning: upcoming feature 'GlobalActorIsolatedTypesUsability' is already enabled as of Swift version 6
<unknown>:0: warning: upcoming feature 'DisableOutwardActorInference' is already enabled as of Swift version 6
[98/1031] Compiling RealModule AugmentedArithmetic.swift
<unknown>:0: warning: upcoming feature 'InferSendableFromCaptures' is already enabled as of Swift version 6
<unknown>:0: warning: upcoming feature 'GlobalActorIsolatedTypesUsability' is already enabled as of Swift version 6
<unknown>:0: warning: upcoming feature 'DisableOutwardActorInference' is already enabled as of Swift version 6
[99/1031] Compiling RealModule Real.swift
[100/1032] Compiling SwiftyToolz Color.swift
<unknown>:0: warning: upcoming feature 'InferSendableFromCaptures' is already enabled as of Swift version 6
<unknown>:0: warning: upcoming feature 'GlobalActorIsolatedTypesUsability' is already enabled as of Swift version 6
<unknown>:0: warning: upcoming feature 'DisableOutwardActorInference' is already enabled as of Swift version 6
/host/spi-builder-workspace/.build/checkouts/SwiftyToolz/Code/UI Model Elements/Geometry.swift:1:8: error: no such module 'simd'
 1 | import simd
   |        `- error: no such module 'simd'
 2 |
 3 | public struct Rectangle: Equatable
[101/1032] Compiling SwiftyToolz Font.swift
<unknown>:0: warning: upcoming feature 'InferSendableFromCaptures' is already enabled as of Swift version 6
<unknown>:0: warning: upcoming feature 'GlobalActorIsolatedTypesUsability' is already enabled as of Swift version 6
<unknown>:0: warning: upcoming feature 'DisableOutwardActorInference' is already enabled as of Swift version 6
/host/spi-builder-workspace/.build/checkouts/SwiftyToolz/Code/UI Model Elements/Geometry.swift:1:8: error: no such module 'simd'
 1 | import simd
   |        `- error: no such module 'simd'
 2 |
 3 | public struct Rectangle: Equatable
[102/1032] Compiling SwiftyToolz Geometry.swift
<unknown>:0: warning: upcoming feature 'InferSendableFromCaptures' is already enabled as of Swift version 6
<unknown>:0: warning: upcoming feature 'GlobalActorIsolatedTypesUsability' is already enabled as of Swift version 6
<unknown>:0: warning: upcoming feature 'DisableOutwardActorInference' is already enabled as of Swift version 6
/host/spi-builder-workspace/.build/checkouts/SwiftyToolz/Code/UI Model Elements/Geometry.swift:1:8: error: no such module 'simd'
 1 | import simd
   |        `- error: no such module 'simd'
 2 |
 3 | public struct Rectangle: Equatable
[103/1034] Compiling _NIOBase64 Base64.swift
<unknown>:0: warning: upcoming feature 'InferSendableFromCaptures' is already enabled as of Swift version 6
<unknown>:0: warning: upcoming feature 'GlobalActorIsolatedTypesUsability' is already enabled as of Swift version 6
<unknown>:0: warning: upcoming feature 'DisableOutwardActorInference' is already enabled as of Swift version 6
[104/1034] Emitting module _NIOBase64
<unknown>:0: warning: upcoming feature 'InferSendableFromCaptures' is already enabled as of Swift version 6
<unknown>:0: warning: upcoming feature 'GlobalActorIsolatedTypesUsability' is already enabled as of Swift version 6
<unknown>:0: warning: upcoming feature 'DisableOutwardActorInference' is already enabled as of Swift version 6
[105/1035] Compiling SwiftASN1 ASN1OctetString.swift
<unknown>:0: warning: upcoming feature 'InferSendableFromCaptures' is already enabled as of Swift version 6
<unknown>:0: warning: upcoming feature 'GlobalActorIsolatedTypesUsability' is already enabled as of Swift version 6
<unknown>:0: warning: upcoming feature 'DisableOutwardActorInference' is already enabled as of Swift version 6
[106/1035] Compiling SwiftASN1 ASN1Strings.swift
<unknown>:0: warning: upcoming feature 'InferSendableFromCaptures' is already enabled as of Swift version 6
<unknown>:0: warning: upcoming feature 'GlobalActorIsolatedTypesUsability' is already enabled as of Swift version 6
<unknown>:0: warning: upcoming feature 'DisableOutwardActorInference' is already enabled as of Swift version 6
[107/1035] Compiling SwiftASN1 TimeUtilities.swift
<unknown>:0: warning: upcoming feature 'InferSendableFromCaptures' is already enabled as of Swift version 6
<unknown>:0: warning: upcoming feature 'GlobalActorIsolatedTypesUsability' is already enabled as of Swift version 6
<unknown>:0: warning: upcoming feature 'DisableOutwardActorInference' is already enabled as of Swift version 6
[108/1035] Compiling SwiftASN1 UTCTime.swift
<unknown>:0: warning: upcoming feature 'InferSendableFromCaptures' is already enabled as of Swift version 6
<unknown>:0: warning: upcoming feature 'GlobalActorIsolatedTypesUsability' is already enabled as of Swift version 6
<unknown>:0: warning: upcoming feature 'DisableOutwardActorInference' is already enabled as of Swift version 6
[109/1035] Compiling RealModule RealFunctions.swift
[110/1035] Compiling RealModule RelaxedArithmetic.swift
error: emit-module command failed with exit code 1 (use -v to see invocation)
[111/1035] Emitting module SwiftyToolz
<unknown>:0: warning: upcoming feature 'InferSendableFromCaptures' is already enabled as of Swift version 6
<unknown>:0: warning: upcoming feature 'GlobalActorIsolatedTypesUsability' is already enabled as of Swift version 6
<unknown>:0: warning: upcoming feature 'DisableOutwardActorInference' is already enabled as of Swift version 6
/host/spi-builder-workspace/.build/checkouts/SwiftyToolz/Code/UI Model Elements/Geometry.swift:1:8: error: no such module 'simd'
 1 | import simd
   |        `- error: no such module 'simd'
 2 |
 3 | public struct Rectangle: Equatable
[112/1035] Compiling _NIODataStructures PriorityQueue.swift
<unknown>:0: warning: upcoming feature 'InferSendableFromCaptures' is already enabled as of Swift version 6
<unknown>:0: warning: upcoming feature 'GlobalActorIsolatedTypesUsability' is already enabled as of Swift version 6
<unknown>:0: warning: upcoming feature 'DisableOutwardActorInference' is already enabled as of Swift version 6
[113/1035] Compiling _NIODataStructures _TinyArray.swift
<unknown>:0: warning: upcoming feature 'InferSendableFromCaptures' is already enabled as of Swift version 6
<unknown>:0: warning: upcoming feature 'GlobalActorIsolatedTypesUsability' is already enabled as of Swift version 6
<unknown>:0: warning: upcoming feature 'DisableOutwardActorInference' is already enabled as of Swift version 6
[115/1035] Compiling SwiftASN1 DER.swift
[116/1035] Compiling SwiftASN1 Errors.swift
[120/1035] Compiling SwiftyToolz URLString.swift
[121/1035] Compiling SwiftyToolz WeakArray.swift
[122/1035] Compiling SystemPackage IORing+Util.swift
[123/1035] Compiling SystemPackage IORing.swift
[124/1035] Compiling SystemPackage RawIORequest.swift
<unknown>:0: warning: upcoming feature 'InferSendableFromCaptures' is already enabled as of Swift version 6
<unknown>:0: warning: upcoming feature 'GlobalActorIsolatedTypesUsability' is already enabled as of Swift version 6
<unknown>:0: warning: upcoming feature 'DisableOutwardActorInference' is already enabled as of Swift version 6
/host/spi-builder-workspace/.build/checkouts/SwiftyToolz/Code/UI Model Elements/Geometry.swift:1:8: error: no such module 'simd'
 1 | import simd
   |        `- error: no such module 'simd'
 2 |
 3 | public struct Rectangle: Equatable
<unknown>:0: warning: upcoming feature 'InferSendableFromCaptures' is already enabled as of Swift version 6
<unknown>:0: warning: upcoming feature 'GlobalActorIsolatedTypesUsability' is already enabled as of Swift version 6
<unknown>:0: warning: upcoming feature 'DisableOutwardActorInference' is already enabled as of Swift version 6
/host/spi-builder-workspace/.build/checkouts/SwiftyToolz/Code/UI Model Elements/Geometry.swift:1:8: error: no such module 'simd'
 1 | import simd
   |        `- error: no such module 'simd'
 2 |
 3 | public struct Rectangle: Equatable
[127/1035] Compiling RealModule Float+Real.swift
<unknown>:0: warning: upcoming feature 'InferSendableFromCaptures' is already enabled as of Swift version 6
<unknown>:0: warning: upcoming feature 'GlobalActorIsolatedTypesUsability' is already enabled as of Swift version 6
<unknown>:0: warning: upcoming feature 'DisableOutwardActorInference' is already enabled as of Swift version 6
/host/spi-builder-workspace/.build/checkouts/SwiftyToolz/Code/UI Model Elements/Geometry.swift:1:8: error: no such module 'simd'
 1 | import simd
   |        `- error: no such module 'simd'
 2 |
 3 | public struct Rectangle: Equatable
<unknown>:0: warning: upcoming feature 'InferSendableFromCaptures' is already enabled as of Swift version 6
<unknown>:0: warning: upcoming feature 'GlobalActorIsolatedTypesUsability' is already enabled as of Swift version 6
<unknown>:0: warning: upcoming feature 'DisableOutwardActorInference' is already enabled as of Swift version 6
/host/spi-builder-workspace/.build/checkouts/SwiftyToolz/Code/UI Model Elements/Geometry.swift:1:8: error: no such module 'simd'
 1 | import simd
   |        `- error: no such module 'simd'
 2 |
 3 | public struct Rectangle: Equatable
[129/1035] Compiling SwiftASN1 ArraySliceBigint.swift
<unknown>:0: warning: upcoming feature 'InferSendableFromCaptures' is already enabled as of Swift version 6
<unknown>:0: warning: upcoming feature 'GlobalActorIsolatedTypesUsability' is already enabled as of Swift version 6
<unknown>:0: warning: upcoming feature 'DisableOutwardActorInference' is already enabled as of Swift version 6
/host/spi-builder-workspace/.build/checkouts/SwiftyToolz/Code/UI Model Elements/Geometry.swift:1:8: error: no such module 'simd'
 1 | import simd
   |        `- error: no such module 'simd'
 2 |
 3 | public struct Rectangle: Equatable
[130/1035] Compiling SwiftASN1 GeneralizedTime.swift
<unknown>:0: warning: upcoming feature 'InferSendableFromCaptures' is already enabled as of Swift version 6
<unknown>:0: warning: upcoming feature 'GlobalActorIsolatedTypesUsability' is already enabled as of Swift version 6
<unknown>:0: warning: upcoming feature 'DisableOutwardActorInference' is already enabled as of Swift version 6
/host/spi-builder-workspace/.build/checkouts/SwiftyToolz/Code/UI Model Elements/Geometry.swift:1:8: error: no such module 'simd'
 1 | import simd
   |        `- error: no such module 'simd'
 2 |
 3 | public struct Rectangle: Equatable
<unknown>:0: warning: upcoming feature 'InferSendableFromCaptures' is already enabled as of Swift version 6
<unknown>:0: warning: upcoming feature 'GlobalActorIsolatedTypesUsability' is already enabled as of Swift version 6
<unknown>:0: warning: upcoming feature 'DisableOutwardActorInference' is already enabled as of Swift version 6
/host/spi-builder-workspace/.build/checkouts/SwiftyToolz/Code/UI Model Elements/Geometry.swift:1:8: error: no such module 'simd'
 1 | import simd
   |        `- error: no such module 'simd'
 2 |
 3 | public struct Rectangle: Equatable
<unknown>:0: warning: upcoming feature 'InferSendableFromCaptures' is already enabled as of Swift version 6
<unknown>:0: warning: upcoming feature 'GlobalActorIsolatedTypesUsability' is already enabled as of Swift version 6
<unknown>:0: warning: upcoming feature 'DisableOutwardActorInference' is already enabled as of Swift version 6
/host/spi-builder-workspace/.build/checkouts/SwiftyToolz/Code/UI Model Elements/Geometry.swift:1:8: error: no such module 'simd'
 1 | import simd
   |        `- error: no such module 'simd'
 2 |
 3 | public struct Rectangle: Equatable
<unknown>:0: warning: upcoming feature 'InferSendableFromCaptures' is already enabled as of Swift version 6
<unknown>:0: warning: upcoming feature 'GlobalActorIsolatedTypesUsability' is already enabled as of Swift version 6
<unknown>:0: warning: upcoming feature 'DisableOutwardActorInference' is already enabled as of Swift version 6
/host/spi-builder-workspace/.build/checkouts/SwiftyToolz/Code/UI Model Elements/Geometry.swift:1:8: error: no such module 'simd'
 1 | import simd
   |        `- error: no such module 'simd'
 2 |
 3 | public struct Rectangle: Equatable
[134/1035] Compiling SwiftASN1 BER.swift
<unknown>:0: warning: upcoming feature 'InferSendableFromCaptures' is already enabled as of Swift version 6
<unknown>:0: warning: upcoming feature 'GlobalActorIsolatedTypesUsability' is already enabled as of Swift version 6
<unknown>:0: warning: upcoming feature 'DisableOutwardActorInference' is already enabled as of Swift version 6
/host/spi-builder-workspace/.build/checkouts/SwiftyToolz/Code/UI Model Elements/Geometry.swift:1:8: error: no such module 'simd'
 1 | import simd
   |        `- error: no such module 'simd'
 2 |
 3 | public struct Rectangle: Equatable
[135/1035] Compiling SwiftASN1 ASN1Any.swift
<unknown>:0: warning: upcoming feature 'InferSendableFromCaptures' is already enabled as of Swift version 6
<unknown>:0: warning: upcoming feature 'GlobalActorIsolatedTypesUsability' is already enabled as of Swift version 6
<unknown>:0: warning: upcoming feature 'DisableOutwardActorInference' is already enabled as of Swift version 6
/host/spi-builder-workspace/.build/checkouts/SwiftyToolz/Code/UI Model Elements/Geometry.swift:1:8: error: no such module 'simd'
 1 | import simd
   |        `- error: no such module 'simd'
 2 |
 3 | public struct Rectangle: Equatable
<unknown>:0: warning: upcoming feature 'InferSendableFromCaptures' is already enabled as of Swift version 6
<unknown>:0: warning: upcoming feature 'GlobalActorIsolatedTypesUsability' is already enabled as of Swift version 6
<unknown>:0: warning: upcoming feature 'DisableOutwardActorInference' is already enabled as of Swift version 6
/host/spi-builder-workspace/.build/checkouts/SwiftyToolz/Code/UI Model Elements/Geometry.swift:1:8: error: no such module 'simd'
 1 | import simd
   |        `- error: no such module 'simd'
 2 |
 3 | public struct Rectangle: Equatable
<unknown>:0: warning: upcoming feature 'InferSendableFromCaptures' is already enabled as of Swift version 6
<unknown>:0: warning: upcoming feature 'GlobalActorIsolatedTypesUsability' is already enabled as of Swift version 6
<unknown>:0: warning: upcoming feature 'DisableOutwardActorInference' is already enabled as of Swift version 6
/host/spi-builder-workspace/.build/checkouts/SwiftyToolz/Code/UI Model Elements/Geometry.swift:1:8: error: no such module 'simd'
 1 | import simd
   |        `- error: no such module 'simd'
 2 |
 3 | public struct Rectangle: Equatable
<unknown>:0: warning: upcoming feature 'InferSendableFromCaptures' is already enabled as of Swift version 6
<unknown>:0: warning: upcoming feature 'GlobalActorIsolatedTypesUsability' is already enabled as of Swift version 6
<unknown>:0: warning: upcoming feature 'DisableOutwardActorInference' is already enabled as of Swift version 6
/host/spi-builder-workspace/.build/checkouts/SwiftyToolz/Code/UI Model Elements/Geometry.swift:1:8: error: no such module 'simd'
 1 | import simd
   |        `- error: no such module 'simd'
 2 |
 3 | public struct Rectangle: Equatable
<unknown>:0: warning: upcoming feature 'InferSendableFromCaptures' is already enabled as of Swift version 6
<unknown>:0: warning: upcoming feature 'GlobalActorIsolatedTypesUsability' is already enabled as of Swift version 6
<unknown>:0: warning: upcoming feature 'DisableOutwardActorInference' is already enabled as of Swift version 6
/host/spi-builder-workspace/.build/checkouts/SwiftyToolz/Code/UI Model Elements/Geometry.swift:1:8: error: no such module 'simd'
 1 | import simd
   |        `- error: no such module 'simd'
 2 |
 3 | public struct Rectangle: Equatable
[143/1035] Compiling SwiftASN1 ObjectIdentifier.swift
<unknown>:0: warning: upcoming feature 'InferSendableFromCaptures' is already enabled as of Swift version 6
<unknown>:0: warning: upcoming feature 'GlobalActorIsolatedTypesUsability' is already enabled as of Swift version 6
<unknown>:0: warning: upcoming feature 'DisableOutwardActorInference' is already enabled as of Swift version 6
/host/spi-builder-workspace/.build/checkouts/SwiftyToolz/Code/UI Model Elements/Geometry.swift:1:8: error: no such module 'simd'
 1 | import simd
   |        `- error: no such module 'simd'
 2 |
 3 | public struct Rectangle: Equatable
[144/1035] Compiling SwiftASN1 PEMDocument.swift
<unknown>:0: warning: upcoming feature 'InferSendableFromCaptures' is already enabled as of Swift version 6
<unknown>:0: warning: upcoming feature 'GlobalActorIsolatedTypesUsability' is already enabled as of Swift version 6
<unknown>:0: warning: upcoming feature 'DisableOutwardActorInference' is already enabled as of Swift version 6
/host/spi-builder-workspace/.build/checkouts/SwiftyToolz/Code/UI Model Elements/Geometry.swift:1:8: error: no such module 'simd'
 1 | import simd
   |        `- error: no such module 'simd'
 2 |
 3 | public struct Rectangle: Equatable
<unknown>:0: warning: upcoming feature 'InferSendableFromCaptures' is already enabled as of Swift version 6
<unknown>:0: warning: upcoming feature 'GlobalActorIsolatedTypesUsability' is already enabled as of Swift version 6
<unknown>:0: warning: upcoming feature 'DisableOutwardActorInference' is already enabled as of Swift version 6
/host/spi-builder-workspace/.build/checkouts/SwiftyToolz/Code/UI Model Elements/Geometry.swift:1:8: error: no such module 'simd'
 1 | import simd
   |        `- error: no such module 'simd'
 2 |
 3 | public struct Rectangle: Equatable
[146/1035] Compiling RealModule Float80+Real.swift
[147/1035] Compiling ServiceContextModule ServiceContextKey.swift
<unknown>:0: warning: upcoming feature 'InferSendableFromCaptures' is already enabled as of Swift version 6
<unknown>:0: warning: upcoming feature 'GlobalActorIsolatedTypesUsability' is already enabled as of Swift version 6
<unknown>:0: warning: upcoming feature 'DisableOutwardActorInference' is already enabled as of Swift version 6
[152/1035] Compiling RealModule Float16+Real.swift
[153/1035] Compiling ServiceContextModule ServiceContext.swift
<unknown>:0: warning: upcoming feature 'InferSendableFromCaptures' is already enabled as of Swift version 6
<unknown>:0: warning: upcoming feature 'GlobalActorIsolatedTypesUsability' is already enabled as of Swift version 6
<unknown>:0: warning: upcoming feature 'DisableOutwardActorInference' is already enabled as of Swift version 6
[154/1036] Emitting module RealModule
[155/1036] Emitting module _CertificateInternals
<unknown>:0: warning: upcoming feature 'InferSendableFromCaptures' is already enabled as of Swift version 6
<unknown>:0: warning: upcoming feature 'GlobalActorIsolatedTypesUsability' is already enabled as of Swift version 6
<unknown>:0: warning: upcoming feature 'DisableOutwardActorInference' is already enabled as of Swift version 6
[156/1036] Compiling _CertificateInternals _TinyArray.swift
<unknown>:0: warning: upcoming feature 'InferSendableFromCaptures' is already enabled as of Swift version 6
<unknown>:0: warning: upcoming feature 'GlobalActorIsolatedTypesUsability' is already enabled as of Swift version 6
<unknown>:0: warning: upcoming feature 'DisableOutwardActorInference' is already enabled as of Swift version 6
<unknown>:0: warning: upcoming feature 'InferSendableFromCaptures' is already enabled as of Swift version 6
<unknown>:0: warning: upcoming feature 'GlobalActorIsolatedTypesUsability' is already enabled as of Swift version 6
<unknown>:0: warning: upcoming feature 'DisableOutwardActorInference' is already enabled as of Swift version 6
/host/spi-builder-workspace/.build/checkouts/SwiftyToolz/Code/UI Model Elements/Geometry.swift:1:8: error: no such module 'simd'
 1 | import simd
   |        `- error: no such module 'simd'
 2 |
 3 | public struct Rectangle: Equatable
<unknown>:0: warning: upcoming feature 'InferSendableFromCaptures' is already enabled as of Swift version 6
<unknown>:0: warning: upcoming feature 'GlobalActorIsolatedTypesUsability' is already enabled as of Swift version 6
<unknown>:0: warning: upcoming feature 'DisableOutwardActorInference' is already enabled as of Swift version 6
/host/spi-builder-workspace/.build/checkouts/SwiftyToolz/Code/UI Model Elements/Geometry.swift:1:8: error: no such module 'simd'
 1 | import simd
   |        `- error: no such module 'simd'
 2 |
 3 | public struct Rectangle: Equatable
<unknown>:0: warning: upcoming feature 'InferSendableFromCaptures' is already enabled as of Swift version 6
<unknown>:0: warning: upcoming feature 'GlobalActorIsolatedTypesUsability' is already enabled as of Swift version 6
<unknown>:0: warning: upcoming feature 'DisableOutwardActorInference' is already enabled as of Swift version 6
[161/1038] Emitting module _NIODataStructures
<unknown>:0: warning: upcoming feature 'InferSendableFromCaptures' is already enabled as of Swift version 6
<unknown>:0: warning: upcoming feature 'GlobalActorIsolatedTypesUsability' is already enabled as of Swift version 6
<unknown>:0: warning: upcoming feature 'DisableOutwardActorInference' is already enabled as of Swift version 6
<unknown>:0: warning: upcoming feature 'InferSendableFromCaptures' is already enabled as of Swift version 6
<unknown>:0: warning: upcoming feature 'GlobalActorIsolatedTypesUsability' is already enabled as of Swift version 6
<unknown>:0: warning: upcoming feature 'DisableOutwardActorInference' is already enabled as of Swift version 6
Running build ...
bash -c docker run --pull=always --rm -v "checkouts-54344847-1":/host -w "$PWD" -e JAVA_HOME="/root/.sdkman/candidates/java/current" -e SPI_BUILD="1" -e SPI_PROCESSING="1" registry.gitlab.com/saguaro1/spi-images:basic-6.1-latest swift build --triple x86_64-unknown-linux-gnu 2>&1
basic-6.1-latest: Pulling from saguaro1/spi-images
Digest: sha256:0f094b998e61bb35b7a666f42e392cfb12929ea8fa9160622b1badd8b73d5c87
Status: Image is up to date for registry.gitlab.com/saguaro1/spi-images:basic-6.1-latest
[0/1] Planning build
Building for debugging...
[0/840] Write sources
[3/841] Compiling CNIOFreeBSD shim.c
[4/841] Compiling CNIOExtrasZlib inffast.c
[5/841] Compiling CNIOExtrasZlib zutil.c
[6/841] Compiling CNIOExtrasZlib inftrees.c
[7/841] Compiling CNIOExtrasZlib adler32.c
[8/841] Compiling CNIODarwin shim.c
[9/841] Compiling fiat_p256_adx_sqr.S
[10/841] Compiling CNIOExtrasZlib trees.c
[11/841] Compiling CNIOExtrasZlib inflate.c
[12/841] Compiling fiat_p256_adx_mul.S
[13/841] Compiling CNIOExtrasZlib crc32.c
[14/841] Compiling CNIOExtrasZlib deflate.c
[15/841] Compiling fiat_curve25519_adx_mul.S
[16/841] Compiling fiat_curve25519_adx_square.S
[17/841] Write swift-version-24593BA9C3E375BF.txt
[18/841] Compiling CNIOBoringSSLShims shims.c
[20/845] Compiling _NIODataStructures Heap.swift
[21/845] Compiling _NIODataStructures PriorityQueue.swift
[22/845] Compiling _NIODataStructures _TinyArray.swift
[23/845] Emitting module _NIODataStructures
[23/846] Compiling tls13_both.cc
[25/848] Compiling tls13_client.cc
[26/850] Compiling tls_record.cc
[27/850] Compiling t1_enc.cc
[28/850] Compiling tls13_enc.cc
[29/850] Compiling tls13_server.cc
[30/850] Compiling tls_method.cc
[32/951] Compiling _NIOBase64 Base64.swift
[33/951] Emitting module _NIOBase64
[34/952] Compiling SwiftyToolz Dictionary+SwiftyToolz.swift
/host/spi-builder-workspace/.build/checkouts/SwiftyToolz/Code/UI Model Elements/Geometry.swift:1:8: error: no such module 'simd'
 1 | import simd
   |        `- error: no such module 'simd'
 2 |
 3 | public struct Rectangle: Equatable
[35/952] Compiling SwiftyToolz Int+SwiftyToolz.swift
/host/spi-builder-workspace/.build/checkouts/SwiftyToolz/Code/UI Model Elements/Geometry.swift:1:8: error: no such module 'simd'
 1 | import simd
   |        `- error: no such module 'simd'
 2 |
 3 | public struct Rectangle: Equatable
[36/952] Compiling SwiftyToolz Optional+SwiftyToolz.swift
/host/spi-builder-workspace/.build/checkouts/SwiftyToolz/Code/UI Model Elements/Geometry.swift:1:8: error: no such module 'simd'
 1 | import simd
   |        `- error: no such module 'simd'
 2 |
 3 | public struct Rectangle: Equatable
[37/952] Compiling RealModule AlgebraicField.swift
/host/spi-builder-workspace/.build/checkouts/SwiftyToolz/Code/UI Model Elements/Geometry.swift:1:8: error: no such module 'simd'
 1 | import simd
   |        `- error: no such module 'simd'
 2 |
 3 | public struct Rectangle: Equatable
[38/952] Compiling RealModule ApproximateEquality.swift
/host/spi-builder-workspace/.build/checkouts/SwiftyToolz/Code/UI Model Elements/Geometry.swift:1:8: error: no such module 'simd'
 1 | import simd
   |        `- error: no such module 'simd'
 2 |
 3 | public struct Rectangle: Equatable
[39/952] Compiling RealModule ElementaryFunctions.swift
/host/spi-builder-workspace/.build/checkouts/SwiftyToolz/Code/UI Model Elements/Geometry.swift:1:8: error: no such module 'simd'
 1 | import simd
   |        `- error: no such module 'simd'
 2 |
 3 | public struct Rectangle: Equatable
[40/954] Emitting module _CertificateInternals
[41/954] Compiling _CertificateInternals _TinyArray.swift
[42/955] Compiling SwiftyToolz Color.swift
/host/spi-builder-workspace/.build/checkouts/SwiftyToolz/Code/UI Model Elements/Geometry.swift:1:8: error: no such module 'simd'
 1 | import simd
   |        `- error: no such module 'simd'
 2 |
 3 | public struct Rectangle: Equatable
[43/955] Compiling SwiftyToolz Font.swift
/host/spi-builder-workspace/.build/checkouts/SwiftyToolz/Code/UI Model Elements/Geometry.swift:1:8: error: no such module 'simd'
 1 | import simd
   |        `- error: no such module 'simd'
 2 |
 3 | public struct Rectangle: Equatable
[44/955] Compiling SwiftyToolz Geometry.swift
/host/spi-builder-workspace/.build/checkouts/SwiftyToolz/Code/UI Model Elements/Geometry.swift:1:8: error: no such module 'simd'
 1 | import simd
   |        `- error: no such module 'simd'
 2 |
 3 | public struct Rectangle: Equatable
[45/955] Compiling SwiftyToolz Task+SwiftyToolz.swift
/host/spi-builder-workspace/.build/checkouts/SwiftyToolz/Code/UI Model Elements/Geometry.swift:1:8: error: no such module 'simd'
 1 | import simd
   |        `- error: no such module 'simd'
 2 |
 3 | public struct Rectangle: Equatable
[46/955] Compiling SwiftyToolz SwiftHelpers.swift
/host/spi-builder-workspace/.build/checkouts/SwiftyToolz/Code/UI Model Elements/Geometry.swift:1:8: error: no such module 'simd'
 1 | import simd
   |        `- error: no such module 'simd'
 2 |
 3 | public struct Rectangle: Equatable
[47/955] Compiling SwiftyToolz Timeout.swift
/host/spi-builder-workspace/.build/checkouts/SwiftyToolz/Code/UI Model Elements/Geometry.swift:1:8: error: no such module 'simd'
 1 | import simd
   |        `- error: no such module 'simd'
 2 |
 3 | public struct Rectangle: Equatable
[48/955] Compiling SwiftyToolz Sequence+Async.swift
/host/spi-builder-workspace/.build/checkouts/SwiftyToolz/Code/UI Model Elements/Geometry.swift:1:8: error: no such module 'simd'
 1 | import simd
   |        `- error: no such module 'simd'
 2 |
 3 | public struct Rectangle: Equatable
[49/955] Compiling SwiftyToolz Set+SwiftyToolz.swift
/host/spi-builder-workspace/.build/checkouts/SwiftyToolz/Code/UI Model Elements/Geometry.swift:1:8: error: no such module 'simd'
 1 | import simd
   |        `- error: no such module 'simd'
 2 |
 3 | public struct Rectangle: Equatable
[50/955] Compiling SwiftyToolz String+SwiftyToolz.swift
/host/spi-builder-workspace/.build/checkouts/SwiftyToolz/Code/UI Model Elements/Geometry.swift:1:8: error: no such module 'simd'
 1 | import simd
   |        `- error: no such module 'simd'
 2 |
 3 | public struct Rectangle: Equatable
[51/955] Compiling RealModule RealFunctions.swift
[53/956] Compiling ServiceContextModule ServiceContextKey.swift
[55/956] Compiling RealModule Real.swift
[58/956] Compiling ServiceContextModule ServiceContext.swift
[59/956] Emitting module ServiceContextModule
[60/956] Compiling SwiftyToolz URLString.swift
/host/spi-builder-workspace/.build/checkouts/SwiftyToolz/Code/UI Model Elements/Geometry.swift:1:8: error: no such module 'simd'
 1 | import simd
   |        `- error: no such module 'simd'
 2 |
 3 | public struct Rectangle: Equatable
[61/956] Compiling SwiftyToolz WeakArray.swift
/host/spi-builder-workspace/.build/checkouts/SwiftyToolz/Code/UI Model Elements/Geometry.swift:1:8: error: no such module 'simd'
 1 | import simd
   |        `- error: no such module 'simd'
 2 |
 3 | public struct Rectangle: Equatable
[62/957] Compiling Logging Logger+With.swift
unable to find node: pound
unable to find node: pound
[63/958] Compiling RealModule RelaxedArithmetic.swift
[64/958] Compiling Logging LoggingSystem.swift
[65/958] Compiling RealModule Float80+Real.swift
[66/958] Compiling RealModule Float16+Real.swift
[68/958] Compiling SwiftyToolz Copyable.swift
[70/960] Compiling RealModule Float+Real.swift
[72/983] Compiling InternalCollectionsUtilities _UnsafeBitSet.swift
[73/983] Compiling InternalCollectionsUtilities String+Padding.swift
[74/983] Compiling InternalCollectionsUtilities Debugging.swift
/host/spi-builder-workspace/.build/checkouts/SwiftyToolz/Code/UI Model Elements/Geometry.swift:1:8: error: no such module 'simd'
 1 | import simd
   |        `- error: no such module 'simd'
 2 |
 3 | public struct Rectangle: Equatable
[75/983] Compiling InternalCollectionsUtilities Descriptions.swift
/host/spi-builder-workspace/.build/checkouts/SwiftyToolz/Code/UI Model Elements/Geometry.swift:1:8: error: no such module 'simd'
 1 | import simd
   |        `- error: no such module 'simd'
 2 |
 3 | public struct Rectangle: Equatable
[76/983] Compiling InternalCollectionsUtilities FixedWidthInteger+roundUpToPowerOfTwo.swift
/host/spi-builder-workspace/.build/checkouts/SwiftyToolz/Code/UI Model Elements/Geometry.swift:1:8: error: no such module 'simd'
 1 | import simd
   |        `- error: no such module 'simd'
 2 |
 3 | public struct Rectangle: Equatable
error: emit-module command failed with exit code 1 (use -v to see invocation)
[77/983] Emitting module SwiftyToolz
/host/spi-builder-workspace/.build/checkouts/SwiftyToolz/Code/UI Model Elements/Geometry.swift:1:8: error: no such module 'simd'
 1 | import simd
   |        `- error: no such module 'simd'
 2 |
 3 | public struct Rectangle: Equatable
[78/983] Compiling InternalCollectionsUtilities _UnsafeBitSet+_Word.swift
/host/spi-builder-workspace/.build/checkouts/SwiftyToolz/Code/UI Model Elements/Geometry.swift:1:8: error: no such module 'simd'
 1 | import simd
   |        `- error: no such module 'simd'
 2 |
 3 | public struct Rectangle: Equatable
/host/spi-builder-workspace/.build/checkouts/SwiftyToolz/Code/UI Model Elements/Geometry.swift:1:8: error: no such module 'simd'
 1 | import simd
   |        `- error: no such module 'simd'
 2 |
 3 | public struct Rectangle: Equatable
/host/spi-builder-workspace/.build/checkouts/SwiftyToolz/Code/UI Model Elements/Geometry.swift:1:8: error: no such module 'simd'
 1 | import simd
   |        `- error: no such module 'simd'
 2 |
 3 | public struct Rectangle: Equatable
[81/983] Compiling Logging MetadataProvider.swift
[84/983] Compiling InternalCollectionsUtilities Integer rank.swift
[85/983] Compiling InternalCollectionsUtilities UInt+first and last set bit.swift
[86/983] Compiling InternalCollectionsUtilities UInt+reversed.swift
BUILD FAILURE 6.1 linux