Build Information
Failed to build RingSig, reference v1.1.0 (5d3305), with Swift 6.4 for tvOS using Xcode 27.0 on 16 Sep 2026 06:28:58 UTC.
Build Command
No build command. This typically means the build failed at an early stage where we determine the build command.Build Log
========================================
RunAll
========================================
Builder version: 5.1.0
Interrupt handler set up.
========================================
Checkout
========================================
Clone URL: https://github.com/FabioTacke/RingSig.git
Reference: v1.1.0
Initialized empty Git repository in /Users/admin/builder/spi-builder-workspace/.git/
From https://github.com/FabioTacke/RingSig
* tag v1.1.0 -> FETCH_HEAD
HEAD is now at 5d33056 Update project to Swift 4
Cloned https://github.com/FabioTacke/RingSig.git
Revision (git rev-parse @):
5d330567da76f68c656052f37f52cd428e949c49
SUCCESS checkout https://github.com/FabioTacke/RingSig.git at v1.1.0
========================================
Build
========================================
Selected platform: tvOS
Swift version: 6.4
Building package at path: $PWD
https://github.com/FabioTacke/RingSig.git
Command line invocation:
/Applications/Xcode-27.0.0-Release.Candidate.app/Contents/Developer/usr/bin/xcodebuild -IDEClonedSourcePackagesDirPathOverride=/Users/admin/builder/spi-builder-workspace/.dependencies -resolvePackageDependencies
Resolve Package Graph
Fetching from https://github.com/lorentey/BigInt.git
Fetching from https://github.com/krzyzanowskim/CryptoSwift.git
could not find a branch named ‘master’ in https://github.com/krzyzanowskim/CryptoSwift.git (did you mean ‘main’?)Resolve Package Graph
Updating from https://github.com/lorentey/BigInt.git
Updating from https://github.com/krzyzanowskim/CryptoSwift.git
could not find a branch named ‘master’ in https://github.com/krzyzanowskim/CryptoSwift.git (did you mean ‘main’?)Resolve Package Graph
Updating from https://github.com/lorentey/BigInt.git
Updating from https://github.com/krzyzanowskim/CryptoSwift.git
could not find a branch named ‘master’ in https://github.com/krzyzanowskim/CryptoSwift.git (did you mean ‘main’?)Resolve Package Graph
Updating from https://github.com/lorentey/BigInt.git
Updating from https://github.com/krzyzanowskim/CryptoSwift.git
could not find a branch named ‘master’ in https://github.com/krzyzanowskim/CryptoSwift.git (did you mean ‘main’?)
Resolved source packages:
spi-builder-workspace: (null)
2026-09-16 02:28:56.526 xcodebuild[529:3013] Writing error result bundle to /var/folders/xq/y_g06wb113726d38xsyx71_h0000gn/T/ResultBundle_2026-16-09_02-28-0056.xcresult
xcodebuild: error: Could not resolve package dependencies:
could not find a branch named ‘master’ in https://github.com/krzyzanowskim/CryptoSwift.git (did you mean ‘main’?)
Command line invocation:
/Applications/Xcode-27.0.0-Release.Candidate.app/Contents/Developer/usr/bin/xcodebuild -IDEClonedSourcePackagesDirPathOverride=/Users/admin/builder/spi-builder-workspace/.dependencies -resolvePackageDependencies
Resolve Package Graph
Updating from https://github.com/lorentey/BigInt.git
Updating from https://github.com/krzyzanowskim/CryptoSwift.git
could not find a branch named ‘master’ in https://github.com/krzyzanowskim/CryptoSwift.git (did you mean ‘main’?)
Resolved source packages:
spi-builder-workspace: (null)
2026-09-16 02:28:58.750 xcodebuild[697:4001] Writing error result bundle to /var/folders/xq/y_g06wb113726d38xsyx71_h0000gn/T/ResultBundle_2026-16-09_02-28-0058.xcresult
xcodebuild: error: Could not resolve package dependencies:
could not find a branch named ‘master’ in https://github.com/krzyzanowskim/CryptoSwift.git (did you mean ‘main’?)
BUILD FAILURE 6.4 tvOS