The Swift Package Index logo.Swift Package Index

Build Information

Failed to build swift-ssrf-guard, reference main (79438f), with Swift 6.4 for Android on 26 Sep 2026 10:57:46 UTC.

Build Command

bash -c docker run --pull=always --rm -v "checkouts-54344843-0":/host -w "$PWD" -e JAVA_HOME="/root/.sdkman/candidates/java/current" -e SPI_BUILD="1" -e SPI_PROCESSING="1" registry.gitlab.com/saguaro1/spi-images:android-6.4-latest swift build --swift-sdk aarch64-unknown-linux-android28 2>&1

Build Log

========================================
RunAll
========================================
Builder version: 5.1.0
Interrupt handler set up.
========================================
Checkout
========================================
Clone URL: https://github.com/ivan-magda/swift-ssrf-guard.git
Reference: main
Initialized empty Git repository in /host/spi-builder-workspace/.git/
hint: Using 'master' as the name for the initial branch. This default branch name
hint: is subject to change. To configure the initial branch name to use in all
hint: of your new repositories, which will suppress this warning, call:
hint:
hint: 	git config --global init.defaultBranch <name>
hint:
hint: Names commonly chosen instead of 'master' are 'main', 'trunk' and
hint: 'development'. The just-created branch can be renamed via this command:
hint:
hint: 	git branch -m <name>
From https://github.com/ivan-magda/swift-ssrf-guard
 * branch            main       -> FETCH_HEAD
 * [new branch]      main       -> origin/main
HEAD is now at 79438fe Update EgressPolicy.swift
Cloned https://github.com/ivan-magda/swift-ssrf-guard.git
Revision (git rev-parse @):
79438fe69dd8e568d93c092dcc648a60408cc660
SPI manifest file found: $PWD/.spi.yml
SUCCESS checkout https://github.com/ivan-magda/swift-ssrf-guard.git at main
========================================
Build
========================================
Selected platform:         android
Swift version:             6.4
Building package at path:  $PWD
https://github.com/ivan-magda/swift-ssrf-guard.git
Running build ...
bash -c docker run --pull=always --rm -v "checkouts-54344843-0":/host -w "$PWD" -e JAVA_HOME="/root/.sdkman/candidates/java/current" -e SPI_BUILD="1" -e SPI_PROCESSING="1" registry.gitlab.com/saguaro1/spi-images:android-6.4-latest swift build --swift-sdk aarch64-unknown-linux-android28 2>&1
android-6.4-latest: Pulling from saguaro1/spi-images
Digest: sha256:abadcff584c273feba50641b454858d377ba30b35ea7287a94f45ebd8afd0ea0
Status: Image is up to date for registry.gitlab.com/saguaro1/spi-images:android-6.4-latest
Fetching https://github.com/swiftlang/swift-docc-plugin
[1/2345] Fetching swift-docc-plugin
Fetched https://github.com/swiftlang/swift-docc-plugin (0.57s)
Computing version for https://github.com/swiftlang/swift-docc-plugin
Computed https://github.com/swiftlang/swift-docc-plugin at 1.5.0 (1.65s)
Fetching https://github.com/swiftlang/swift-docc-symbolkit
[1/3831] Fetching swift-docc-symbolkit
Fetched https://github.com/swiftlang/swift-docc-symbolkit (0.57s)
Computing version for https://github.com/swiftlang/swift-docc-symbolkit
Computed https://github.com/swiftlang/swift-docc-symbolkit at 1.0.0 (0.81s)
Creating working copy for https://github.com/swiftlang/swift-docc-plugin
Working copy of https://github.com/swiftlang/swift-docc-plugin resolved at 1.5.0
Creating working copy for https://github.com/swiftlang/swift-docc-symbolkit
Working copy of https://github.com/swiftlang/swift-docc-symbolkit resolved at 1.0.0
Building for debugging...
[Planning deferred tasks]
[27 / 35] SSRFGuard
[32 / 35] SSRFGuard
error: SwiftCompile normal aarch64 /host/spi-builder-workspace/Sources/SSRFGuard/Resolver/SystemAddressResolver.swift failed with a nonzero exit code. Command line:     cd /host
    builtin-SwiftPerFileCompile SystemAddressResolver.swift
/host/spi-builder-workspace/Sources/SSRFGuard/Resolver/SystemAddressResolver.swift:34:17: error: cannot find 'addrinfo' in scope
32 |
33 |   private static func blockingResolve(host: String) throws -> [ResolvedAddress] {
34 |     var hints = addrinfo()
   |                 `- error: cannot find 'addrinfo' in scope
35 |     #if canImport(Glibc)
36 |       // Glibc types SOCK_STREAM as the `__socket_type` enum; ai_socktype is a plain CInt.
/host/spi-builder-workspace/Sources/SSRFGuard/Resolver/SystemAddressResolver.swift:42:27: error: cannot find 'SOCK_STREAM' in scope
40 |       hints.ai_socktype = Int32(SOCK_STREAM)
41 |     #else
42 |       hints.ai_socktype = SOCK_STREAM  // Darwin already types SOCK_STREAM as Int32.
   |                           `- error: cannot find 'SOCK_STREAM' in scope
43 |     #endif
44 |
/host/spi-builder-workspace/Sources/SSRFGuard/Resolver/SystemAddressResolver.swift:45:39: error: cannot find type 'addrinfo' in scope
43 |     #endif
44 |
45 |     var results: UnsafeMutablePointer<addrinfo>?
   |                                       `- error: cannot find type 'addrinfo' in scope
46 |     let status = getaddrinfo(host, nil, &hints, &results)
47 |     defer {
/host/spi-builder-workspace/Sources/SSRFGuard/Resolver/SystemAddressResolver.swift:46:18: error: cannot find 'getaddrinfo' in scope
44 |
45 |     var results: UnsafeMutablePointer<addrinfo>?
46 |     let status = getaddrinfo(host, nil, &hints, &results)
   |                  `- error: cannot find 'getaddrinfo' in scope
47 |     defer {
48 |       if let results {
/host/spi-builder-workspace/Sources/SSRFGuard/Resolver/SystemAddressResolver.swift:49:9: error: cannot find 'freeaddrinfo' in scope
47 |     defer {
48 |       if let results {
49 |         freeaddrinfo(results)
   |         `- error: cannot find 'freeaddrinfo' in scope
50 |       }
51 |     }
/host/spi-builder-workspace/Sources/SSRFGuard/Resolver/SystemAddressResolver.swift:60:36: error: cannot find 'AF_INET' in scope
58 |
59 |     while let info = cursor {
60 |       if info.pointee.ai_family == AF_INET, let rawAddress = info.pointee.ai_addr {
   |                                    `- error: cannot find 'AF_INET' in scope
61 |         rawAddress.withMemoryRebound(to: sockaddr_in.self, capacity: 1) { pointer in
62 |           addresses.append(.ipv4(UInt32(bigEndian: pointer.pointee.sin_addr.s_addr)))
/host/spi-builder-workspace/Sources/SSRFGuard/Resolver/SystemAddressResolver.swift:61:42: error: cannot find 'sockaddr_in' in scope
59 |     while let info = cursor {
60 |       if info.pointee.ai_family == AF_INET, let rawAddress = info.pointee.ai_addr {
61 |         rawAddress.withMemoryRebound(to: sockaddr_in.self, capacity: 1) { pointer in
   |                                          `- error: cannot find 'sockaddr_in' in scope
62 |           addresses.append(.ipv4(UInt32(bigEndian: pointer.pointee.sin_addr.s_addr)))
63 |         }
/host/spi-builder-workspace/Sources/SSRFGuard/Resolver/SystemAddressResolver.swift:64:43: error: cannot find 'AF_INET6' in scope
62 |           addresses.append(.ipv4(UInt32(bigEndian: pointer.pointee.sin_addr.s_addr)))
63 |         }
64 |       } else if info.pointee.ai_family == AF_INET6, let rawAddress = info.pointee.ai_addr {
   |                                           `- error: cannot find 'AF_INET6' in scope
65 |         rawAddress.withMemoryRebound(to: sockaddr_in6.self, capacity: 1) { pointer in
66 |           var v6Address = pointer.pointee.sin6_addr
/host/spi-builder-workspace/Sources/SSRFGuard/Resolver/SystemAddressResolver.swift:65:42: error: cannot find 'sockaddr_in6' in scope
63 |         }
64 |       } else if info.pointee.ai_family == AF_INET6, let rawAddress = info.pointee.ai_addr {
65 |         rawAddress.withMemoryRebound(to: sockaddr_in6.self, capacity: 1) { pointer in
   |                                          `- error: cannot find 'sockaddr_in6' in scope
66 |           var v6Address = pointer.pointee.sin6_addr
67 |           let bytes = withUnsafeBytes(of: &v6Address) { raw in Array(raw) }
Failed frontend command:
/root/.local/share/swiftly/toolchains/6.4.x-snapshot-2026-09-04/usr/bin/swift-frontend -frontend -c /host/spi-builder-workspace/Sources/SSRFGuard/Address/CIDR.swift /host/spi-builder-workspace/Sources/SSRFGuard/Address/ResolvedAddress.swift /host/spi-builder-workspace/Sources/SSRFGuard/Classifier/Classification.swift /host/spi-builder-workspace/Sources/SSRFGuard/Classifier/EgressClassifier.swift /host/spi-builder-workspace/Sources/SSRFGuard/Classifier/EgressPolicy.swift /host/spi-builder-workspace/Sources/SSRFGuard/Resolver/AddressResolving.swift -primary-file /host/spi-builder-workspace/Sources/SSRFGuard/Resolver/SystemAddressResolver.swift -emit-dependencies-path /host/spi-builder-workspace/.build/out/Intermediates.noindex/swift-ssrf-guard.build/Debug-android-aarch64/SSRFGuard-t.build/Objects-normal/aarch64/SystemAddressResolver.d -emit-const-values-path /host/spi-builder-workspace/.build/out/Intermediates.noindex/swift-ssrf-guard.build/Debug-android-aarch64/SSRFGuard-t.build/Objects-normal/aarch64/SystemAddressResolver.swiftconstvalues -emit-reference-dependencies-path /host/spi-builder-workspace/.build/out/Intermediates.noindex/swift-ssrf-guard.build/Debug-android-aarch64/SSRFGuard-t.build/Objects-normal/aarch64/SystemAddressResolver.swiftdeps -serialize-diagnostics-path /host/spi-builder-workspace/.build/out/Intermediates.noindex/swift-ssrf-guard.build/Debug-android-aarch64/SSRFGuard-t.build/Objects-normal/aarch64/SystemAddressResolver.dia -target aarch64-unknown-linux-android28 -Xllvm -aarch64-use-tbi -disable-objc-interop -sdk /android-ndk/android-ndk-r27d/toolchains/llvm/prebuilt/linux-x86_64/sysroot -sysroot /android-ndk/android-ndk-r27d/toolchains/llvm/prebuilt/linux-x86_64/sysroot -I /host/spi-builder-workspace/.build/out/Products/Debug-android-aarch64 -module-cache-path /host/spi-builder-workspace/.build/out/ModuleCache.noindex -color-diagnostics -Xcc -fcolor-diagnostics -enable-testing -g -debug-info-format\=dwarf -dwarf-version\=4 -swift-version 6 -Onone -D SWIFT_PACKAGE -D DEBUG -D SWIFT_MODULE_RESOURCE_BUNDLE_UNAVAILABLE -D Xcode -serialize-debugging-options -enable-experimental-feature DebugDescriptionMacro -empty-abi-descriptor -external-plugin-path /root/.local/share/swiftly/toolchains/6.4.x-snapshot-2026-09-04/usr/lib/swift/host/plugins/testing\#/root/.local/share/swiftly/toolchains/6.4.x-snapshot-2026-09-04/usr/bin/swift-plugin-server -validate-clang-modules-once -clang-build-session-file /host/spi-builder-workspace/.build/out/ModuleCache.noindex/Session.modulevalidation -Xcc -working-directory -Xcc /host -resource-dir /root/.swiftpm/swift-sdks/swift-6.4.x-DEVELOPMENT-SNAPSHOT-2026-09-04-a_android.artifactbundle/swift-android/swift-resources/usr/lib/swift-aarch64 -enable-anonymous-context-mangled-names -file-compilation-dir /host -Xcc -resource-dir -Xcc /android-ndk/android-ndk-r27d/toolchains/llvm/prebuilt/linux-x86_64/lib/clang/18 -Xcc -fno-omit-frame-pointer -Xcc -D_LIBCPP_HARDENING_MODE\=_LIBCPP_HARDENING_MODE_DEBUG -Xcc -fmodules-prune-interval\=86400 -Xcc -fmodules-prune-after\=345600 -Xcc -I/host/spi-builder-workspace/.build/out/Products/Debug-android-aarch64/include -Xcc -I/host/spi-builder-workspace/.build/out/Intermediates.noindex/swift-ssrf-guard.build/Debug-android-aarch64/SSRFGuard-t.build/DerivedSources-normal/aarch64 -Xcc -I/host/spi-builder-workspace/.build/out/Intermediates.noindex/swift-ssrf-guard.build/Debug-android-aarch64/SSRFGuard-t.build/DerivedSources/aarch64 -Xcc -I/host/spi-builder-workspace/.build/out/Intermediates.noindex/swift-ssrf-guard.build/Debug-android-aarch64/SSRFGuard-t.build/DerivedSources -Xcc -DSWIFT_PACKAGE -Xcc -DDEBUG\=1 -no-auto-bridging-header-chaining -module-name SSRFGuard -package-name spi_builder_workspace -const-gather-protocols-file /host/spi-builder-workspace/.build/out/Intermediates.noindex/swift-ssrf-guard.build/Debug-android-aarch64/SSRFGuard-t.build/Objects-normal/aarch64/SSRFGuard_const_extract_protocols.json -in-process-plugin-server-path /root/.local/share/swiftly/toolchains/6.4.x-snapshot-2026-09-04/usr/lib/swift/host/libSwiftInProcPluginServer.so -plugin-path /root/.local/share/swiftly/toolchains/6.4.x-snapshot-2026-09-04/usr/lib/swift/host/plugins -plugin-path /root/.local/share/swiftly/toolchains/6.4.x-snapshot-2026-09-04/usr/local/lib/swift/host/plugins -parse-as-library -o /host/spi-builder-workspace/.build/out/Intermediates.noindex/swift-ssrf-guard.build/Debug-android-aarch64/SSRFGuard-t.build/Objects-normal/aarch64/SystemAddressResolver.o -index-unit-output-path /swift-ssrf-guard.build/Debug-android-aarch64/SSRFGuard-t.build/Objects-normal/aarch64/SystemAddressResolver.o -index-store-path /host/spi-builder-workspace/.build/out -index-system-modules
error: Build failed
BUILD FAILURE 6.4 android