The Swift Package Index logo.Swift Package Index

Build Information

Failed to build ExtraComponents, reference main (69f23e), with Swift 6.2 for iOS using Xcode 26.3 on 12 Sep 2026 02:35:37 UTC.

Build Command

No build command. This typically means the build failed at an early stage where we determine the build command.

Build Log

========================================
RunAll
========================================
Builder version: 5.0.2
Interrupt handler set up.
========================================
Checkout
========================================
Clone URL: https://github.com/markbattistella/extra-components-publish-plugin.git
Reference: main
Initialized empty Git repository in /Users/admin/builder/spi-builder-workspace/.git/
From https://github.com/markbattistella/extra-components-publish-plugin
 * branch            main       -> FETCH_HEAD
 * [new branch]      main       -> origin/main
HEAD is now at 69f23e5 2026-09-09
Cloned https://github.com/markbattistella/extra-components-publish-plugin.git
Revision (git rev-parse @):
69f23e53d77d6a754921c4ba404f735695c05737
SUCCESS checkout https://github.com/markbattistella/extra-components-publish-plugin.git at main
========================================
Build
========================================
Selected platform:         iOS
Swift version:             6.2
Building package at path:  $PWD
https://github.com/markbattistella/extra-components-publish-plugin.git
Command line invocation:
    /Applications/Xcode-26.3.0.app/Contents/Developer/usr/bin/xcodebuild -IDEClonedSourcePackagesDirPathOverride=/Users/admin/builder/spi-builder-workspace/.dependencies -resolvePackageDependencies
Resolve Package Graph
Fetching from https://github.com/johnsundell/publish.git
Fetching from https://github.com/johnsundell/ink.git
Fetching from https://github.com/johnsundell/collectionConcurrencyKit.git
Fetching from https://github.com/johnsundell/plot.git
Fetching from https://github.com/johnsundell/sweep.git
Fetching from https://github.com/johnsundell/files.git
Fetching from https://github.com/johnsundell/shellout.git
Fetching from https://github.com/johnsundell/codextended.git
Creating working copy of package ‘files’
Checking out 4.3.0 of package ‘files’
Creating working copy of package ‘collectionConcurrencyKit’
Checking out 0.2.0 of package ‘collectionConcurrencyKit’
Creating working copy of package ‘plot’
Checking out 0.14.0 of package ‘plot’
Creating working copy of package ‘shellout’
Checking out 2.3.0 of package ‘shellout’
Creating working copy of package ‘sweep’
Checking out 0.4.0 of package ‘sweep’
Creating working copy of package ‘publish’
Checking out 0.9.0 of package ‘publish’
Creating working copy of package ‘codextended’
Checking out 0.3.0 of package ‘codextended’
Creating working copy of package ‘ink’
Checking out 0.6.0 of package ‘ink’
dependency 'Publish' in target 'ExtraComponents' requires explicit declaration; reference the package in the target dependency with '.product(name: "Publish", package: "publish")'Resolve Package Graph
dependency 'Publish' in target 'ExtraComponents' requires explicit declaration; reference the package in the target dependency with '.product(name: "Publish", package: "publish")'
Resolved source packages:
  spi-builder-workspace: (null)
2026-09-11 22:35:36.098 xcodebuild[538:3072] Writing error result bundle to /var/folders/xq/y_g06wb113726d38xsyx71_h0000gn/T/ResultBundle_2026-11-09_22-35-0036.xcresult
xcodebuild: error: Could not resolve package dependencies:
  dependency 'Publish' in target 'ExtraComponents' requires explicit declaration; reference the package in the target dependency with '.product(name: "Publish", package: "publish")'
Command line invocation:
    /Applications/Xcode-26.3.0.app/Contents/Developer/usr/bin/xcodebuild -IDEClonedSourcePackagesDirPathOverride=/Users/admin/builder/spi-builder-workspace/.dependencies -resolvePackageDependencies
Resolve Package Graph
dependency 'Publish' in target 'ExtraComponents' requires explicit declaration; reference the package in the target dependency with '.product(name: "Publish", package: "publish")'
Resolved source packages:
  spi-builder-workspace: (null)
2026-09-11 22:35:37.129 xcodebuild[916:5193] Writing error result bundle to /var/folders/xq/y_g06wb113726d38xsyx71_h0000gn/T/ResultBundle_2026-11-09_22-35-0037.xcresult
xcodebuild: error: Could not resolve package dependencies:
  dependency 'Publish' in target 'ExtraComponents' requires explicit declaration; reference the package in the target dependency with '.product(name: "Publish", package: "publish")'
BUILD FAILURE 6.2 iOS