The Swift Package Index logo.Swift Package Index

Build Information

Failed to build baton, reference main (c5f1f4), with Swift 6.3 for Android on 29 Jun 2026 07:41:39 UTC.

Build Command

bash -c docker run --pull=always --rm -v "checkouts-53886768-0":/host -w "$PWD" -e JAVA_HOME="/root/.sdkman/candidates/java/current" -e SPI_BUILD="1" -e SPI_PROCESSING="1" registry.gitlab.com/saguaro1/spi-images:android-6.3-latest swift build --swift-sdk aarch64-unknown-linux-android28 2>&1

Build Log

========================================
RunAll
========================================
Builder version: 0e64495ecc1688c3b3e031a5ef1348b5c05091ae
Interrupt handler set up.
========================================
Checkout
========================================
Clone URL: https://github.com/alexey1312/baton.git
Reference: main
Initialized empty Git repository in /host/spi-builder-workspace/.git/
hint: Using 'master' as the name for the initial branch. This default branch name
hint: is subject to change. To configure the initial branch name to use in all
hint: of your new repositories, which will suppress this warning, call:
hint:
hint: 	git config --global init.defaultBranch <name>
hint:
hint: Names commonly chosen instead of 'master' are 'main', 'trunk' and
hint: 'development'. The just-created branch can be renamed via this command:
hint:
hint: 	git branch -m <name>
From https://github.com/alexey1312/baton
 * branch            main       -> FETCH_HEAD
 * [new branch]      main       -> origin/main
HEAD is now at c5f1f41 ci: bust stale SPM cache after swift-baton -> baton rename
Cloned https://github.com/alexey1312/baton.git
Revision (git rev-parse @):
c5f1f41cfae3811856aeac2d9d7534204cce3cdd
SUCCESS checkout https://github.com/alexey1312/baton.git at main
========================================
Build
========================================
Selected platform:         android
Swift version:             6.3
Building package at path:  $PWD
https://github.com/alexey1312/baton.git
Running build ...
bash -c docker run --pull=always --rm -v "checkouts-53886768-0":/host -w "$PWD" -e JAVA_HOME="/root/.sdkman/candidates/java/current" -e SPI_BUILD="1" -e SPI_PROCESSING="1" registry.gitlab.com/saguaro1/spi-images:android-6.3-latest swift build --swift-sdk aarch64-unknown-linux-android28 2>&1
android-6.3-latest: Pulling from saguaro1/spi-images
Digest: sha256:451958f7df55f9af673f8b0851dc526f2aee3222db374ae53b89fa21ad564bc8
Status: Image is up to date for registry.gitlab.com/saguaro1/spi-images:android-6.3-latest
Fetching https://github.com/mattt/swift-toml
Fetching https://github.com/tuist/Noora
Fetching https://github.com/mattt/swift-yyjson
Fetching https://github.com/swiftlang/swift-docc-plugin
Fetching https://github.com/stephencelis/SQLite.swift
Fetching https://github.com/huggingface/swift-jinja.git
[1/331] Fetching swift-toml
[332/1467] Fetching swift-toml, swift-jinja
[344/3792] Fetching swift-toml, swift-jinja, swift-docc-plugin
[539/4348] Fetching swift-toml, swift-jinja, swift-docc-plugin, swift-yyjson
[2068/15560] Fetching swift-toml, swift-jinja, swift-docc-plugin, swift-yyjson, sqlite.swift
[2482/34827] Fetching swift-toml, swift-jinja, swift-docc-plugin, swift-yyjson, sqlite.swift, noora
Fetched https://github.com/huggingface/swift-jinja.git from cache (0.47s)
[1682/33691] Fetching swift-toml, swift-docc-plugin, swift-yyjson, sqlite.swift, noora
Fetching https://github.com/apple/swift-log.git
Fetched https://github.com/mattt/swift-toml from cache (0.75s)
Fetched https://github.com/mattt/swift-yyjson from cache (0.75s)
Fetched https://github.com/swiftlang/swift-docc-plugin from cache (0.76s)
Fetching https://github.com/apple/swift-argument-parser
Fetched https://github.com/stephencelis/SQLite.swift from cache (0.76s)
[8286/26865] Fetching noora, swift-log
Fetched https://github.com/apple/swift-log.git from cache (0.46s)
[8286/37216] Fetching noora, swift-argument-parser
Fetched https://github.com/apple/swift-argument-parser from cache (0.67s)
[8375/19267] Fetching noora
Fetched https://github.com/tuist/Noora from cache (2.57s)
Computing version for https://github.com/swiftlang/swift-docc-plugin
Computed https://github.com/swiftlang/swift-docc-plugin at 1.5.0 (3.47s)
Fetching https://github.com/swiftlang/swift-docc-symbolkit
[1/3749] Fetching swift-docc-symbolkit
Fetched https://github.com/swiftlang/swift-docc-symbolkit from cache (0.48s)
Computing version for https://github.com/stephencelis/SQLite.swift
Computed https://github.com/stephencelis/SQLite.swift at 0.16.0 (0.65s)
Fetching https://github.com/stephencelis/CSQLite
[1/290] Fetching csqlite
Fetched https://github.com/stephencelis/CSQLite from cache (0.77s)
Computing version for https://github.com/huggingface/swift-jinja.git
Computed https://github.com/huggingface/swift-jinja.git at 2.3.6 (0.92s)
Fetching https://github.com/apple/swift-collections.git
[1/25251] Fetching swift-collections
Fetched https://github.com/apple/swift-collections.git from cache (1.14s)
Computing version for https://github.com/mattt/swift-toml
Computed https://github.com/mattt/swift-toml at 2.0.0 (1.29s)
Computing version for https://github.com/tuist/Noora
Computed https://github.com/tuist/Noora at 0.56.0 (0.14s)
Fetching https://github.com/onevcat/Rainbow
Fetching https://github.com/tuist/path
[1/1450] Fetching rainbow
[175/1862] Fetching rainbow, path
Fetched https://github.com/tuist/path from cache (0.47s)
Fetched https://github.com/onevcat/Rainbow from cache (0.48s)
Computing version for https://github.com/swiftlang/swift-docc-symbolkit
Computed https://github.com/swiftlang/swift-docc-symbolkit at 1.0.0 (0.68s)
Computing version for https://github.com/tuist/path
Computed https://github.com/tuist/path at 0.3.8 (0.17s)
Computing version for https://github.com/onevcat/Rainbow
Computed https://github.com/onevcat/Rainbow at 4.2.1 (0.87s)
Computing version for https://github.com/mattt/swift-yyjson
Computed https://github.com/mattt/swift-yyjson at 0.6.0 (0.16s)
Computing version for https://github.com/apple/swift-argument-parser
Computed https://github.com/apple/swift-argument-parser at 1.8.2 (0.15s)
Computing version for https://github.com/stephencelis/CSQLite
Computed https://github.com/stephencelis/CSQLite at 3.53.3 (0.14s)
Computing version for https://github.com/apple/swift-log.git
Computed https://github.com/apple/swift-log.git at 1.14.0 (0.15s)
Computing version for https://github.com/apple/swift-collections.git
Computed https://github.com/apple/swift-collections.git at 1.6.0 (0.23s)
Creating working copy for https://github.com/tuist/Noora
Working copy of https://github.com/tuist/Noora resolved at 0.56.0
Creating working copy for https://github.com/stephencelis/SQLite.swift
Working copy of https://github.com/stephencelis/SQLite.swift resolved at 0.16.0
Creating working copy for https://github.com/stephencelis/CSQLite
Working copy of https://github.com/stephencelis/CSQLite resolved at 3.53.3
Creating working copy for https://github.com/apple/swift-log.git
Working copy of https://github.com/apple/swift-log.git resolved at 1.14.0
Creating working copy for https://github.com/mattt/swift-yyjson
Working copy of https://github.com/mattt/swift-yyjson resolved at 0.6.0
Creating working copy for https://github.com/apple/swift-collections.git
Working copy of https://github.com/apple/swift-collections.git resolved at 1.6.0
Creating working copy for https://github.com/huggingface/swift-jinja.git
Working copy of https://github.com/huggingface/swift-jinja.git resolved at 2.3.6
Creating working copy for https://github.com/swiftlang/swift-docc-plugin
Working copy of https://github.com/swiftlang/swift-docc-plugin resolved at 1.5.0
Creating working copy for https://github.com/onevcat/Rainbow
Working copy of https://github.com/onevcat/Rainbow resolved at 4.2.1
Creating working copy for https://github.com/tuist/path
Working copy of https://github.com/tuist/path resolved at 0.3.8
Creating working copy for https://github.com/mattt/swift-toml
Working copy of https://github.com/mattt/swift-toml resolved at 2.0.0
Creating working copy for https://github.com/swiftlang/swift-docc-symbolkit
Working copy of https://github.com/swiftlang/swift-docc-symbolkit resolved at 1.0.0
Creating working copy for https://github.com/apple/swift-argument-parser
Working copy of https://github.com/apple/swift-argument-parser resolved at 1.8.2
[1/1] Compiling plugin Swift-DocC Preview
[2/2] Compiling plugin Swift-DocC
[3/3] Compiling plugin GenerateManual
[4/4] Compiling plugin GenerateDoccReference
Building for debugging...
[4/43] Write sources
[7/43] Copying PrivacyInfo.xcprivacy
[8/43] Write sources
[20/43] Write swift-version-272D24FF697CF451.txt
[22/91] Emitting module ArgumentParserToolInfo
[23/91] Emitting module InternalCollectionsUtilities
[23/93] Compiling Cyyjson yyjson.c
[25/101] Compiling InternalCollectionsUtilities UnsafeBufferPointer+Extras.swift
[26/101] Compiling InternalCollectionsUtilities UnsafeMutableBufferPointer+Extras.swift
[27/101] Compiling InternalCollectionsUtilities _UnsafeBitSet.swift
[28/101] Compiling InternalCollectionsUtilities UnsafeMutableRawBufferPointer+Extras.swift
[29/102] Compiling Logging Logger+Attributes.swift
[30/103] Compiling InternalCollectionsUtilities String+Padding.swift
[31/103] Compiling InternalCollectionsUtilities _UnsafeBitSet+Index.swift
[32/103] Compiling InternalCollectionsUtilities _UnsafeBitSet+_Word.swift
[34/103] Compiling InternalCollectionsUtilities _SortedCollection.swift
[35/103] Compiling InternalCollectionsUtilities _UniqueCollection.swift
[38/103] Compiling InternalCollectionsUtilities Integer rank.swift
[39/103] Compiling InternalCollectionsUtilities UInt+first and last set bit.swift
[40/103] Compiling InternalCollectionsUtilities UInt+reversed.swift
[41/103] Compiling InternalCollectionsUtilities Debugging.swift
[42/103] Compiling InternalCollectionsUtilities Descriptions.swift
[43/103] Compiling InternalCollectionsUtilities FixedWidthInteger+roundUpToPowerOfTwo.swift
[45/103] Compiling InternalCollectionsUtilities UnsafeRawBufferPointer+Extras.swift
[46/103] Compiling Logging Logger+With.swift
[49/103] Compiling InternalCollectionsUtilities LifetimeOverride.swift
[50/103] Compiling InternalCollectionsUtilities RandomAccessCollection+Offsets.swift
[51/103] Compiling InternalCollectionsUtilities Span+Extras.swift
[54/104] Compiling CTomlPlusPlus ctoml.cpp
[56/104] Compiling ArgumentParserToolInfo ToolInfo.swift
[57/111] Emitting module Path
[58/111] Compiling Path Path.swift
[59/111] Compiling Logging LoggingSystem.swift
[60/111] Compiling Logging Logger.swift
[62/170] Wrapping AST for InternalCollectionsUtilities for debugging
[63/216] Wrapping AST for Path for debugging
[64/216] Wrapping AST for ArgumentParserToolInfo for debugging
[66/216] Compiling TOML LocalDateTime.swift
[67/216] Compiling ArgumentParser Errors.swift
[68/216] Compiling ArgumentParser Flag.swift
[69/216] Compiling ArgumentParser NameSpecification.swift
[70/216] Compiling ArgumentParser Option.swift
[71/216] Compiling ArgumentParser OptionGroup.swift
[72/216] Compiling ArgumentParser ParsableCommand.swift
[73/216] Compiling ArgumentParser ArgumentDecoder.swift
[74/216] Compiling ArgumentParser ArgumentDefinition.swift
[74/223] Compiling SQLiteSwiftCSQLite sqlite3.c
[76/223] Emitting module YYJSON
[77/258] Compiling SQLite FTS4.swift
[78/258] Compiling ArgumentParser Tree.swift
[79/258] Compiling ArgumentParser Name.swift
[80/258] Compiling ArgumentParser Parsed.swift
[81/258] Compiling ArgumentParser ParsedValues.swift
[82/258] Compiling ArgumentParser ParserError.swift
[83/258] Compiling ArgumentParser SplitArguments.swift
[84/258] Compiling ArgumentParser DumpHelpGenerator.swift
[85/258] Emitting module ArgumentParser
[86/264] Compiling SQLite Collation.swift
[87/264] Compiling SQLite CoreFunctions.swift
[88/264] Compiling SQLite CustomFunctions.swift
[89/264] Compiling SQLite DateAndTimeFunctions.swift
[90/264] Compiling SQLite Statement.swift
[91/264] Compiling SQLite URIQueryParameter.swift
[92/264] Compiling SQLite Value.swift
[93/264] Compiling SQLite Cipher.swift
[94/264] Compiling SQLite Foundation.swift
[95/264] Compiling SQLite Helpers.swift
[96/264] Compiling SQLite Connection+Schema.swift
[97/264] Compiling SQLite Connection.swift
[98/264] Compiling SQLite Errors.swift
[99/264] Compiling SQLite Result.swift
[100/264] Compiling SQLite SQLiteFeature.swift
[101/264] Compiling ArgumentParser NonsenseFlagsValidator.swift
[102/264] Compiling ArgumentParser ParsableArgumentsValidation.swift
[103/264] Compiling ArgumentParser PositionalArgumentsValidator.swift
[104/264] Compiling ArgumentParser UniqueNamesValidator.swift
[105/264] Compiling OrderedCollections OrderedSet+Partial SetAlgebra isEqualSet.swift
[106/264] Compiling OrderedCollections OrderedSet+Partial SetAlgebra isStrictSubset.swift
[107/264] Compiling OrderedCollections OrderedSet+Partial SetAlgebra isStrictSuperset.swift
[108/264] Compiling OrderedCollections OrderedSet+Partial SetAlgebra isSubset.swift
[109/264] Compiling ArgumentParser HelpCommand.swift
[110/264] Compiling ArgumentParser HelpGenerator.swift
[111/264] Compiling ArgumentParser MessageInfo.swift
[112/264] Compiling ArgumentParser UsageGenerator.swift
[113/264] Compiling ArgumentParser CollectionExtensions.swift
[114/264] Compiling ArgumentParser Foundation.swift
[115/264] Compiling ArgumentParser AsyncCompletionsValidator.swift
[116/264] Compiling ArgumentParser CodingKeyValidator.swift
[123/264] Compiling SQLite SQLiteVersion.swift
[124/264] Compiling SQLite SchemaChanger.swift
[125/264] Compiling SQLite Backup.swift
[126/264] Compiling SQLite Blob.swift
[127/264] Compiling SQLite Connection+Aggregation.swift
[128/264] Compiling SQLite Connection+Attach.swift
[129/264] Compiling SQLite Connection+Pragmas.swift
[130/264] Compiling SQLite FTS5.swift
[131/264] Compiling SQLite RTree.swift
[141/264] Emitting module Logging
[150/264] Compiling Logging MetadataProvider.swift
[152/265] Compiling OrderedCollections OrderedSet+Sendable.swift
[153/265] Compiling OrderedCollections OrderedSet+SubSequence.swift
[154/265] Compiling OrderedCollections OrderedSet+Testing.swift
[155/265] Compiling OrderedCollections OrderedSet+UnorderedView.swift
[156/265] Compiling OrderedCollections OrderedSet+UnstableInternals.swift
[157/265] Compiling OrderedCollections OrderedSet.swift
[158/265] Compiling OrderedCollections _UnsafeBitset.swift
[158/265] Wrapping AST for Logging for debugging
[181/265] Compiling SQLite SchemaDefinitions.swift
[182/265] Compiling SQLite SchemaReader.swift
[183/265] Compiling SQLite AggregateFunctions.swift
[184/265] Compiling SQLite Coding.swift
[185/265] Compiling SQLite Expression.swift
[186/265] Compiling YYJSON Serialization.swift
/host/spi-builder-workspace/.build/checkouts/swift-yyjson/Sources/YYJSON/Serialization.swift:28:13: error: cannot find 'errno' in scope
 26 |             guard len > 0 else { return nil }
 27 |             var end: UnsafeMutablePointer<CChar>?
 28 |             errno = 0
    |             `- error: cannot find 'errno' in scope
 29 |             if T.isSigned {
 30 |                 let v = strtoll(ptr, &end, 0)
/root/.swiftpm/swift-sdks/swift-6.3.2-RELEASE_android.artifactbundle/swift-android/ndk-sysroot/usr/include/errno.h:58:9: note: macro 'errno' unavailable: structure not supported
56 |  * thread.
57 |  */
58 | #define errno (*__errno())
   |         `- note: macro 'errno' unavailable: structure not supported
59 |
60 | __END_DECLS
/host/spi-builder-workspace/.build/checkouts/swift-yyjson/Sources/YYJSON/Serialization.swift:31:23: error: cannot find 'errno' in scope
 29 |             if T.isSigned {
 30 |                 let v = strtoll(ptr, &end, 0)
 31 |                 guard errno == 0, let e = end, ptr.distance(to: UnsafePointer(e)) == Int(len)
    |                       `- error: cannot find 'errno' in scope
 32 |                 else { return nil }
 33 |                 return T(exactly: v)
/root/.swiftpm/swift-sdks/swift-6.3.2-RELEASE_android.artifactbundle/swift-android/ndk-sysroot/usr/include/errno.h:58:9: note: macro 'errno' unavailable: structure not supported
56 |  * thread.
57 |  */
58 | #define errno (*__errno())
   |         `- note: macro 'errno' unavailable: structure not supported
59 |
60 | __END_DECLS
/host/spi-builder-workspace/.build/checkouts/swift-yyjson/Sources/YYJSON/Serialization.swift:37:19: error: cannot find 'errno' in scope
 35 |             if ptr.pointee == 0x2D /* '-' */ { return nil }
 36 |             let v = strtoull(ptr, &end, 0)
 37 |             guard errno == 0, let e = end, ptr.distance(to: UnsafePointer(e)) == Int(len)
    |                   `- error: cannot find 'errno' in scope
 38 |             else { return nil }
 39 |             return T(exactly: v)
/root/.swiftpm/swift-sdks/swift-6.3.2-RELEASE_android.artifactbundle/swift-android/ndk-sysroot/usr/include/errno.h:58:9: note: macro 'errno' unavailable: structure not supported
56 |  * thread.
57 |  */
58 | #define errno (*__errno())
   |         `- note: macro 'errno' unavailable: structure not supported
59 |
60 | __END_DECLS
[187/265] Compiling YYJSON Helpers.swift
[188/265] Compiling TOML Shared.swift
[189/265] Compiling TOML Value.swift
error: emit-module command failed with exit code 1 (use -v to see invocation)
[192/265] Emitting module Rainbow
/host/spi-builder-workspace/.build/checkouts/Rainbow/Sources/OutputTarget.swift:49:58: error: cannot find 'isatty' in scope
47 |         // Check if we are in any term env and the output is a tty.
48 |         let termType = getEnvValue("TERM")
49 |         if let t = termType, t.lowercased() != "dumb" && isatty(fileno(stdout)) != 0 {
   |                                                          `- error: cannot find 'isatty' in scope
50 |             return .console
51 |         }
/host/spi-builder-workspace/.build/checkouts/Rainbow/Sources/OutputTarget.swift:49:58: error: cannot find 'isatty' in scope
47 |         // Check if we are in any term env and the output is a tty.
48 |         let termType = getEnvValue("TERM")
49 |         if let t = termType, t.lowercased() != "dumb" && isatty(fileno(stdout)) != 0 {
   |                                                          `- error: cannot find 'isatty' in scope
50 |             return .console
51 |         }
/host/spi-builder-workspace/.build/checkouts/Rainbow/Sources/OutputTarget.swift:49:58: error: cannot find 'isatty' in scope
47 |         // Check if we are in any term env and the output is a tty.
48 |         let termType = getEnvValue("TERM")
49 |         if let t = termType, t.lowercased() != "dumb" && isatty(fileno(stdout)) != 0 {
   |                                                          `- error: cannot find 'isatty' in scope
50 |             return .console
51 |         }
[199/265] Compiling YYJSON Error.swift
[200/265] Compiling YYJSON Decoder.swift
/host/spi-builder-workspace/.build/checkouts/swift-yyjson/Sources/YYJSON/Decoder.swift:120:13: error: cannot find 'errno' in scope
 118 |             let len = unsafe_yyjson_get_len(val)
 119 |             var iend: UnsafeMutablePointer<CChar>?
 120 |             errno = 0
     |             `- error: cannot find 'errno' in scope
 121 |             let i = strtoll(ptr, &iend, 0)
 122 |             if errno == 0, let e = iend, ptr.distance(to: UnsafePointer(e)) == len {
/root/.swiftpm/swift-sdks/swift-6.3.2-RELEASE_android.artifactbundle/swift-android/ndk-sysroot/usr/include/errno.h:58:9: note: macro 'errno' unavailable: structure not supported
56 |  * thread.
57 |  */
58 | #define errno (*__errno())
   |         `- note: macro 'errno' unavailable: structure not supported
59 |
60 | __END_DECLS
/host/spi-builder-workspace/.build/checkouts/swift-yyjson/Sources/YYJSON/Decoder.swift:122:16: error: cannot find 'errno' in scope
 120 |             errno = 0
 121 |             let i = strtoll(ptr, &iend, 0)
 122 |             if errno == 0, let e = iend, ptr.distance(to: UnsafePointer(e)) == len {
     |                `- error: cannot find 'errno' in scope
 123 |                 return Double(i)
 124 |             }
/root/.swiftpm/swift-sdks/swift-6.3.2-RELEASE_android.artifactbundle/swift-android/ndk-sysroot/usr/include/errno.h:58:9: note: macro 'errno' unavailable: structure not supported
56 |  * thread.
57 |  */
58 | #define errno (*__errno())
   |         `- note: macro 'errno' unavailable: structure not supported
59 |
60 | __END_DECLS
/host/spi-builder-workspace/.build/checkouts/swift-yyjson/Sources/YYJSON/Decoder.swift:126:17: error: cannot find 'errno' in scope
 124 |             }
 125 |             if len == 0 || ptr.pointee != 0x2D /* '-' */ {
 126 |                 errno = 0
     |                 `- error: cannot find 'errno' in scope
 127 |                 var uend: UnsafeMutablePointer<CChar>?
 128 |                 let u = strtoull(ptr, &uend, 0)
/root/.swiftpm/swift-sdks/swift-6.3.2-RELEASE_android.artifactbundle/swift-android/ndk-sysroot/usr/include/errno.h:58:9: note: macro 'errno' unavailable: structure not supported
56 |  * thread.
57 |  */
58 | #define errno (*__errno())
   |         `- note: macro 'errno' unavailable: structure not supported
59 |
60 | __END_DECLS
/host/spi-builder-workspace/.build/checkouts/swift-yyjson/Sources/YYJSON/Decoder.swift:129:20: error: cannot find 'errno' in scope
 127 |                 var uend: UnsafeMutablePointer<CChar>?
 128 |                 let u = strtoull(ptr, &uend, 0)
 129 |                 if errno == 0, let e = uend, ptr.distance(to: UnsafePointer(e)) == len {
     |                    `- error: cannot find 'errno' in scope
 130 |                     return Double(u)
 131 |                 }
/root/.swiftpm/swift-sdks/swift-6.3.2-RELEASE_android.artifactbundle/swift-android/ndk-sysroot/usr/include/errno.h:58:9: note: macro 'errno' unavailable: structure not supported
56 |  * thread.
57 |  */
58 | #define errno (*__errno())
   |         `- note: macro 'errno' unavailable: structure not supported
59 |
60 | __END_DECLS
/host/spi-builder-workspace/.build/checkouts/swift-yyjson/Sources/YYJSON/Decoder.swift:161:13: error: cannot find 'errno' in scope
 159 |             let len = unsafe_yyjson_get_len(val)
 160 |             var iend: UnsafeMutablePointer<CChar>?
 161 |             errno = 0
     |             `- error: cannot find 'errno' in scope
 162 |             let i = strtoll(ptr, &iend, 0)
 163 |             if errno == 0, let e = iend, ptr.distance(to: UnsafePointer(e)) == len {
/root/.swiftpm/swift-sdks/swift-6.3.2-RELEASE_android.artifactbundle/swift-android/ndk-sysroot/usr/include/errno.h:58:9: note: macro 'errno' unavailable: structure not supported
56 |  * thread.
57 |  */
58 | #define errno (*__errno())
   |         `- note: macro 'errno' unavailable: structure not supported
59 |
60 | __END_DECLS
/host/spi-builder-workspace/.build/checkouts/swift-yyjson/Sources/YYJSON/Decoder.swift:163:16: error: cannot find 'errno' in scope
 161 |             errno = 0
 162 |             let i = strtoll(ptr, &iend, 0)
 163 |             if errno == 0, let e = iend, ptr.distance(to: UnsafePointer(e)) == len {
     |                `- error: cannot find 'errno' in scope
 164 |                 return T(exactly: i)
 165 |             }
/root/.swiftpm/swift-sdks/swift-6.3.2-RELEASE_android.artifactbundle/swift-android/ndk-sysroot/usr/include/errno.h:58:9: note: macro 'errno' unavailable: structure not supported
56 |  * thread.
57 |  */
58 | #define errno (*__errno())
   |         `- note: macro 'errno' unavailable: structure not supported
59 |
60 | __END_DECLS
/host/spi-builder-workspace/.build/checkouts/swift-yyjson/Sources/YYJSON/Decoder.swift:200:13: error: cannot find 'errno' in scope
 198 |             if len > 0, ptr.pointee == 0x2D /* '-' */ { return nil }
 199 |             var iend: UnsafeMutablePointer<CChar>?
 200 |             errno = 0
     |             `- error: cannot find 'errno' in scope
 201 |             let i = strtoull(ptr, &iend, 0)
 202 |             if errno == 0, let e = iend, ptr.distance(to: UnsafePointer(e)) == len {
/root/.swiftpm/swift-sdks/swift-6.3.2-RELEASE_android.artifactbundle/swift-android/ndk-sysroot/usr/include/errno.h:58:9: note: macro 'errno' unavailable: structure not supported
56 |  * thread.
57 |  */
58 | #define errno (*__errno())
   |         `- note: macro 'errno' unavailable: structure not supported
59 |
60 | __END_DECLS
/host/spi-builder-workspace/.build/checkouts/swift-yyjson/Sources/YYJSON/Decoder.swift:202:16: error: cannot find 'errno' in scope
 200 |             errno = 0
 201 |             let i = strtoull(ptr, &iend, 0)
 202 |             if errno == 0, let e = iend, ptr.distance(to: UnsafePointer(e)) == len {
     |                `- error: cannot find 'errno' in scope
 203 |                 return T(exactly: i)
 204 |             }
/root/.swiftpm/swift-sdks/swift-6.3.2-RELEASE_android.artifactbundle/swift-android/ndk-sysroot/usr/include/errno.h:58:9: note: macro 'errno' unavailable: structure not supported
56 |  * thread.
57 |  */
58 | #define errno (*__errno())
   |         `- note: macro 'errno' unavailable: structure not supported
59 |
60 | __END_DECLS
[201/265] Compiling YYJSON CodingKeys.swift
[202/265] Compiling Rainbow StyledStringBuilder.swift
[203/265] Compiling YYJSON Configuration.swift
BUILD FAILURE 6.3 android