Build Information
Failed to build Pow, reference main (1b4b1d), with Swift 6.4 for watchOS using Xcode 27.0 on 24 Sep 2026 05:11:22 UTC.
Build Command
env DEVELOPER_DIR=/Applications/Xcode-27.0.0-Release.Candidate.app xcrun xcodebuild -IDEClonedSourcePackagesDirPathOverride=$PWD/.dependencies -skipMacroValidation -skipPackagePluginValidation -derivedDataPath $PWD/.derivedData build -scheme Pow -destination generic/platform=watchOSBuild Log
========================================
RunAll
========================================
Builder version: 5.1.0
Interrupt handler set up.
========================================
Checkout
========================================
Clone URL: https://github.com/EmergeTools/Pow.git
Reference: main
Initialized empty Git repository in /Users/admin/builder/spi-builder-workspace/.git/
From https://github.com/EmergeTools/Pow
* branch main -> FETCH_HEAD
* [new branch] main -> origin/main
HEAD is now at 1b4b1dd Fix ambiguous use of .pi (#83)
Cloned https://github.com/EmergeTools/Pow.git
Revision (git rev-parse @):
1b4b1dda28c50b95f0872927ee2226fe8b58950e
SUCCESS checkout https://github.com/EmergeTools/Pow.git at main
========================================
Build
========================================
Selected platform: watchOS
Swift version: 6.4
Building package at path: $PWD
https://github.com/EmergeTools/Pow.git
Command line invocation:
/Applications/Xcode-27.0.0-Release.Candidate.app/Contents/Developer/usr/bin/xcodebuild -IDEClonedSourcePackagesDirPathOverride=/Users/admin/builder/spi-builder-workspace/.dependencies -resolvePackageDependencies
Resolve Package Graph
Fetching from https://github.com/EmergeTools/SnapshotPreviews-iOS
Fetching from https://github.com/swhitty/FlyingFox.git
Fetching from https://github.com/EmergeTools/AccessibilitySnapshot.git
Fetching from https://github.com/EmergeTools/SimpleDebugger.git
Creating working copy of package ‘SimpleDebugger’
Checking out 1.0.0 of package ‘SimpleDebugger’
Creating working copy of package ‘AccessibilitySnapshot’
Checking out 1.0.2 of package ‘AccessibilitySnapshot’
Creating working copy of package ‘SnapshotPreviews-iOS’
Checking out 0.10.21 of package ‘SnapshotPreviews-iOS’
Creating working copy of package ‘FlyingFox’
Checking out 0.16.0 of package ‘FlyingFox’
dependency 'snapshotpreviews-ios' is not used by any targetResolve Package Graph
dependency 'snapshotpreviews-ios' is not used by any target
Resolved source packages:
AccessibilitySnapshot: https://github.com/EmergeTools/AccessibilitySnapshot.git @ 1.0.2
SimpleDebugger: https://github.com/EmergeTools/SimpleDebugger.git @ 1.0.0
Pow: /Users/admin/builder/spi-builder-workspace
SnapshotPreviews: https://github.com/EmergeTools/SnapshotPreviews-iOS @ 0.10.21
FlyingFox: https://github.com/swhitty/FlyingFox.git @ 0.16.0
resolved source packages: AccessibilitySnapshot, SimpleDebugger, Pow, SnapshotPreviews, FlyingFox
2026-09-24 01:10:18.752 xcodebuild[529:3051] [MT] IDERunDestination: Supported platforms for the buildables in the current scheme is empty.
{
"dependencies" : [
{
"identity" : "snapshotpreviews-ios",
"requirement" : {
"exact" : [
"0.10.21"
]
},
"type" : "sourceControl",
"url" : "https://github.com/EmergeTools/SnapshotPreviews-iOS"
}
],
"manifest_display_name" : "Pow",
"name" : "Pow",
"path" : "/Users/admin/builder/spi-builder-workspace",
"platforms" : [
{
"name" : "ios",
"version" : "15.0"
},
{
"name" : "macos",
"version" : "12.0"
},
{
"name" : "maccatalyst",
"version" : "15.0"
},
{
"name" : "tvos",
"version" : "15.0"
}
],
"products" : [
{
"name" : "Pow",
"targets" : [
"Pow"
],
"type" : {
"library" : [
"automatic"
]
}
}
],
"swift_languages_versions" : [
"5"
],
"targets" : [
{
"c99name" : "PowTests",
"module_type" : "SwiftTarget",
"name" : "PowTests",
"path" : "Tests/PowTests",
"sources" : [
"PowTests.swift"
],
"target_dependencies" : [
"Pow"
],
"type" : "test"
},
{
"c99name" : "Pow",
"module_type" : "SwiftTarget",
"name" : "Pow",
"path" : "Sources/Pow",
"product_memberships" : [
"Pow"
],
"resources" : [
{
"path" : "/Users/admin/builder/spi-builder-workspace/Sources/Pow/Assets.xcassets",
"rule" : {
"process" : {
}
}
}
],
"sources" : [
"Effects/GlowEffect.swift",
"Effects/HapticFeedbackEffect.swift",
"Effects/JumpEffect.swift",
"Effects/PingEffect.swift",
"Effects/PulseEffect.swift",
"Effects/PushDownEffect.swift",
"Effects/RisingParticleEffect.swift",
"Effects/ShakeEffect.swift",
"Effects/ShineEffect.swift",
"Effects/SmokeEffect.swift",
"Effects/SoundEffect.swift",
"Effects/SpinEffect.swift",
"Effects/SprayEffect.swift",
"Effects/WiggleEffect.swift",
"Extensions/Animation+TimingCurves.swift",
"Extensions/CGAffineTransform+Shear.swift",
"Extensions/CGPoint+Utilities.swift",
"Extensions/CGRect+Utilities.swift",
"Extensions/CGSize+Utilities.swift",
"Extensions/Duration+TimeInterval.swift",
"Extensions/ProjectionTransform+Utilities.swift",
"Extensions/UnitPoint+CircularCoordinates.swift",
"Extensions/ViewModifier+DefaultAnimation.swift",
"Extensions/simd+Utilities.swift",
"Infrastructure/AngleControl.swift",
"Infrastructure/AnyAnimatableViewModifier.swift",
"Infrastructure/AnyChangeEffect.swift",
"Infrastructure/AnyContinuousEffect.swift",
"Infrastructure/AnyViewModifier.swift",
"Infrastructure/Haptics.swift",
"Infrastructure/MathUtilities.swift",
"Infrastructure/Namespace.swift",
"Infrastructure/OnChangeEffect.swift",
"Infrastructure/ParticleLayer.swift",
"Infrastructure/ProgressableAnimation.swift",
"Infrastructure/Scaled.swift",
"Infrastructure/SecondOrderDynamics.swift",
"Infrastructure/SeededRandomNumberGenerator.swift",
"Infrastructure/Simulative.swift",
"Infrastructure/Spring.swift",
"Infrastructure/TRS.swift",
"Infrastructure/Transform3DEffect.swift",
"Infrastructure/ViewRepresentable.swift",
"Infrastructure/WhileEffect.swift",
"Transitions/Anvil.swift",
"Transitions/Blinds.swift",
"Transitions/Blur.swift",
"Transitions/Boing.swift",
"Transitions/Clock.swift",
"Transitions/FilmExposure.swift",
"Transitions/Flicker.swift",
"Transitions/Flip.swift",
"Transitions/Glare.swift",
"Transitions/Iris.swift",
"Transitions/Move.swift",
"Transitions/Poof.swift",
"Transitions/Pop.swift",
"Transitions/Skid.swift",
"Transitions/Swoosh.swift",
"Transitions/Vanish.swift",
"Transitions/Wipe.swift"
],
"type" : "library"
}
],
"tools_version" : "5.7"
}
{
"workspace" : {
"name" : "Pow",
"schemes" : [
"Pow"
]
}
}
2026-09-24 01:11:00.770 xcodebuild[867:5205] [MT] IDERunDestination: Supported platforms for the buildables in the current scheme is empty.
Running build ...
env DEVELOPER_DIR=/Applications/Xcode-27.0.0-Release.Candidate.app xcrun xcodebuild -IDEClonedSourcePackagesDirPathOverride=$PWD/.dependencies -skipMacroValidation -skipPackagePluginValidation -derivedDataPath $PWD/.derivedData build -scheme Pow -destination generic/platform=watchOS
Command line invocation:
/Applications/Xcode-27.0.0-Release.Candidate.app/Contents/Developer/usr/bin/xcodebuild -IDEClonedSourcePackagesDirPathOverride=/Users/admin/builder/spi-builder-workspace/.dependencies -skipMacroValidation -skipPackagePluginValidation -derivedDataPath /Users/admin/builder/spi-builder-workspace/.derivedData build -scheme Pow -destination generic/platform=watchOS
Resolve Package Graph
dependency 'snapshotpreviews-ios' is not used by any target
Resolve Package Graph
dependency 'snapshotpreviews-ios' is not used by any target
Resolved source packages:
Pow: /Users/admin/builder/spi-builder-workspace
AccessibilitySnapshot: https://github.com/EmergeTools/AccessibilitySnapshot.git @ 1.0.2
SnapshotPreviews: https://github.com/EmergeTools/SnapshotPreviews-iOS @ 0.10.21
FlyingFox: https://github.com/swhitty/FlyingFox.git @ 0.16.0
SimpleDebugger: https://github.com/EmergeTools/SimpleDebugger.git @ 1.0.0
ComputePackagePrebuildTargetDependencyGraph
Prepare packages
CreateBuildRequest
SendProjectDescription
CreateBuildOperation
ComputeTargetDependencyGraph
note: Building targets in dependency order
note: Target dependency graph (3 targets)
Target 'Pow-product' in project 'Pow'
➜ Explicit dependency on target 'Pow' in project 'Pow'
➜ Explicit dependency on target 'Pow_Pow' in project 'Pow'
Target 'Pow' in project 'Pow'
➜ Explicit dependency on target 'Pow_Pow' in project 'Pow'
Target 'Pow_Pow' in project 'Pow' (no dependencies)
GatherProvisioningInputs
CreateBuildDescription
ExecuteExternalTool /Applications/Xcode-27.0.0-Release.Candidate.app/Contents/Developer/Toolchains/XcodeDefault.xctoolchain/usr/bin/clang -v -E -dM -isysroot /Applications/Xcode-27.0.0-Release.Candidate.app/Contents/Developer/Platforms/WatchOS.platform/Developer/SDKs/WatchOS27.0.sdk -x c -c /dev/null
ExecuteExternalTool /Applications/Xcode-27.0.0-Release.Candidate.app/Contents/Developer/usr/bin/actool --version --output-format xml1
ExecuteExternalTool /Applications/Xcode-27.0.0-Release.Candidate.app/Contents/Developer/Toolchains/XcodeDefault.xctoolchain/usr/bin/swiftc --version
ExecuteExternalTool /Applications/Xcode-27.0.0-Release.Candidate.app/Contents/Developer/Toolchains/XcodeDefault.xctoolchain/usr/bin/ld -version_details
Build description signature: c4eb3f75e28b4d1df9b068fe4f8d1da6
Build description path: /Users/admin/builder/spi-builder-workspace/.derivedData/Build/Intermediates.noindex/XCBuildData/c4eb3f75e28b4d1df9b068fe4f8d1da6.xcbuilddata
CreateBuildDirectory /Users/admin/builder/spi-builder-workspace/.derivedData/CompilationCache.noindex
cd /Users/admin/builder/spi-builder-workspace/.swiftpm/xcode
builtin-create-build-directory /Users/admin/builder/spi-builder-workspace/.derivedData/CompilationCache.noindex
CreateBuildDirectory /Users/admin/builder/spi-builder-workspace/.derivedData/ModuleCache.noindex
cd /Users/admin/builder/spi-builder-workspace/.swiftpm/xcode
builtin-create-build-directory /Users/admin/builder/spi-builder-workspace/.derivedData/ModuleCache.noindex
CreateBuildDirectory /Users/admin/builder/spi-builder-workspace/.derivedData/SDKExplicitPrecompiledModules
cd /Users/admin/builder/spi-builder-workspace/.swiftpm/xcode
builtin-create-build-directory /Users/admin/builder/spi-builder-workspace/.derivedData/SDKExplicitPrecompiledModules
ClangStatCache /Applications/Xcode-27.0.0-Release.Candidate.app/Contents/Developer/Toolchains/XcodeDefault.xctoolchain/usr/bin/clang-stat-cache /Applications/Xcode-27.0.0-Release.Candidate.app/Contents/Developer/Platforms/WatchOS.platform/Developer/SDKs/WatchOS27.0.sdk /Users/admin/builder/spi-builder-workspace/.derivedData/SDKStatCaches.noindex/watchos27.0-24R360-e829b21a6f8c9b70876ba0858053c04477534ef55a1706bf4c1112bbb242f0a2.sdkstatcache
cd /Users/admin/builder/spi-builder-workspace/.swiftpm/xcode
/Applications/Xcode-27.0.0-Release.Candidate.app/Contents/Developer/Toolchains/XcodeDefault.xctoolchain/usr/bin/clang-stat-cache /Applications/Xcode-27.0.0-Release.Candidate.app/Contents/Developer/Platforms/WatchOS.platform/Developer/SDKs/WatchOS27.0.sdk -o /Users/admin/builder/spi-builder-workspace/.derivedData/SDKStatCaches.noindex/watchos27.0-24R360-e829b21a6f8c9b70876ba0858053c04477534ef55a1706bf4c1112bbb242f0a2.sdkstatcache
CreateBuildDirectory /Users/admin/builder/spi-builder-workspace/.derivedData/Build/Intermediates.noindex
cd /Users/admin/builder/spi-builder-workspace/.swiftpm/xcode
builtin-create-build-directory /Users/admin/builder/spi-builder-workspace/.derivedData/Build/Intermediates.noindex
CreateBuildDirectory /Users/admin/builder/spi-builder-workspace/.derivedData/Build/Products
cd /Users/admin/builder/spi-builder-workspace/.swiftpm/xcode
builtin-create-build-directory /Users/admin/builder/spi-builder-workspace/.derivedData/Build/Products
CreateBuildDirectory /Users/admin/builder/spi-builder-workspace/.derivedData/Build/Intermediates.noindex/PrecompiledHeaders
cd /Users/admin/builder/spi-builder-workspace/.swiftpm/xcode
builtin-create-build-directory /Users/admin/builder/spi-builder-workspace/.derivedData/Build/Intermediates.noindex/PrecompiledHeaders
CreateBuildDirectory /Users/admin/builder/spi-builder-workspace/.derivedData/Build/Intermediates.noindex/SwiftExplicitPrecompiledModules
cd /Users/admin/builder/spi-builder-workspace/.swiftpm/xcode
builtin-create-build-directory /Users/admin/builder/spi-builder-workspace/.derivedData/Build/Intermediates.noindex/SwiftExplicitPrecompiledModules
CreateBuildDirectory /Users/admin/builder/spi-builder-workspace/.derivedData/Build/Intermediates.noindex/ExplicitPrecompiledModules
cd /Users/admin/builder/spi-builder-workspace/.swiftpm/xcode
builtin-create-build-directory /Users/admin/builder/spi-builder-workspace/.derivedData/Build/Intermediates.noindex/ExplicitPrecompiledModules
CreateBuildDirectory /Users/admin/builder/spi-builder-workspace/.derivedData/Build/Intermediates.noindex/EagerLinkingTBDs/Debug-watchos
cd /Users/admin/builder/spi-builder-workspace/.swiftpm/xcode
builtin-create-build-directory /Users/admin/builder/spi-builder-workspace/.derivedData/Build/Intermediates.noindex/EagerLinkingTBDs/Debug-watchos
CreateBuildDirectory /Users/admin/builder/spi-builder-workspace/.derivedData/Build/Products/Debug-watchos
cd /Users/admin/builder/spi-builder-workspace/.swiftpm/xcode
builtin-create-build-directory /Users/admin/builder/spi-builder-workspace/.derivedData/Build/Products/Debug-watchos
CreateBuildDirectory /Users/admin/builder/spi-builder-workspace/.derivedData/Build/Products/Debug-watchos/PackageFrameworks
cd /Users/admin/builder/spi-builder-workspace/.swiftpm/xcode
builtin-create-build-directory /Users/admin/builder/spi-builder-workspace/.derivedData/Build/Products/Debug-watchos/PackageFrameworks
WriteAuxiliaryFile /Users/admin/builder/spi-builder-workspace/.derivedData/Build/Intermediates.noindex/Pow.build/Debug-watchos/Pow-t.build/Pow.modulemap (in target 'Pow' from project 'Pow')
cd /Users/admin/builder/spi-builder-workspace
write-file /Users/admin/builder/spi-builder-workspace/.derivedData/Build/Intermediates.noindex/Pow.build/Debug-watchos/Pow-t.build/Pow.modulemap
WriteAuxiliaryFile /Users/admin/builder/spi-builder-workspace/.derivedData/Build/Intermediates.noindex/Pow.build/Debug-watchos/Pow_Pow-b.build/Pow_Pow.DependencyStaticMetadataFileList (in target 'Pow_Pow' from project 'Pow')
cd /Users/admin/builder/spi-builder-workspace
write-file /Users/admin/builder/spi-builder-workspace/.derivedData/Build/Intermediates.noindex/Pow.build/Debug-watchos/Pow_Pow-b.build/Pow_Pow.DependencyStaticMetadataFileList
WriteAuxiliaryFile /Users/admin/builder/spi-builder-workspace/.derivedData/Build/Intermediates.noindex/Pow.build/Debug-watchos/Pow_Pow-b.build/Pow_Pow.DependencyMetadataFileList (in target 'Pow_Pow' from project 'Pow')
cd /Users/admin/builder/spi-builder-workspace
write-file /Users/admin/builder/spi-builder-workspace/.derivedData/Build/Intermediates.noindex/Pow.build/Debug-watchos/Pow_Pow-b.build/Pow_Pow.DependencyMetadataFileList
WriteAuxiliaryFile /Users/admin/builder/spi-builder-workspace/.derivedData/Build/Intermediates.noindex/Pow.build/Debug-watchos/Pow_Pow-b.build/empty-Pow_Pow.plist (in target 'Pow_Pow' from project 'Pow')
cd /Users/admin/builder/spi-builder-workspace
write-file /Users/admin/builder/spi-builder-workspace/.derivedData/Build/Intermediates.noindex/Pow.build/Debug-watchos/Pow_Pow-b.build/empty-Pow_Pow.plist
WriteAuxiliaryFile /Users/admin/builder/spi-builder-workspace/.derivedData/Build/Intermediates.noindex/Pow.build/Debug-watchos/Pow-t.build/Pow.DependencyStaticMetadataFileList (in target 'Pow' from project 'Pow')
cd /Users/admin/builder/spi-builder-workspace
write-file /Users/admin/builder/spi-builder-workspace/.derivedData/Build/Intermediates.noindex/Pow.build/Debug-watchos/Pow-t.build/Pow.DependencyStaticMetadataFileList
WriteAuxiliaryFile /Users/admin/builder/spi-builder-workspace/.derivedData/Build/Intermediates.noindex/Pow.build/Debug-watchos/Pow-t.build/Objects-normal/arm64_32/Pow-OutputFileMap.json (in target 'Pow' from project 'Pow')
cd /Users/admin/builder/spi-builder-workspace
write-file /Users/admin/builder/spi-builder-workspace/.derivedData/Build/Intermediates.noindex/Pow.build/Debug-watchos/Pow-t.build/Objects-normal/arm64_32/Pow-OutputFileMap.json
WriteAuxiliaryFile /Users/admin/builder/spi-builder-workspace/.derivedData/Build/Intermediates.noindex/Pow.build/Debug-watchos/Pow-t.build/Objects-normal/arm64_32/Pow_const_extract_protocols.json (in target 'Pow' from project 'Pow')
cd /Users/admin/builder/spi-builder-workspace
write-file /Users/admin/builder/spi-builder-workspace/.derivedData/Build/Intermediates.noindex/Pow.build/Debug-watchos/Pow-t.build/Objects-normal/arm64_32/Pow_const_extract_protocols.json
WriteAuxiliaryFile /Users/admin/builder/spi-builder-workspace/.derivedData/Build/Intermediates.noindex/Pow.build/Debug-watchos/Pow-t.build/Objects-normal/arm64_32/Pow.LinkFileList (in target 'Pow' from project 'Pow')
cd /Users/admin/builder/spi-builder-workspace
write-file /Users/admin/builder/spi-builder-workspace/.derivedData/Build/Intermediates.noindex/Pow.build/Debug-watchos/Pow-t.build/Objects-normal/arm64_32/Pow.LinkFileList
WriteAuxiliaryFile /Users/admin/builder/spi-builder-workspace/.derivedData/Build/Intermediates.noindex/Pow.build/Debug-watchos/Pow-t.build/Pow.DependencyMetadataFileList (in target 'Pow' from project 'Pow')
cd /Users/admin/builder/spi-builder-workspace
write-file /Users/admin/builder/spi-builder-workspace/.derivedData/Build/Intermediates.noindex/Pow.build/Debug-watchos/Pow-t.build/Pow.DependencyMetadataFileList
WriteAuxiliaryFile /Users/admin/builder/spi-builder-workspace/.derivedData/Build/Intermediates.noindex/Pow.build/Debug-watchos/Pow-t.build/Objects-normal/arm64_32/Pow.SwiftFileList (in target 'Pow' from project 'Pow')
cd /Users/admin/builder/spi-builder-workspace
write-file /Users/admin/builder/spi-builder-workspace/.derivedData/Build/Intermediates.noindex/Pow.build/Debug-watchos/Pow-t.build/Objects-normal/arm64_32/Pow.SwiftFileList
WriteAuxiliaryFile /Users/admin/builder/spi-builder-workspace/.derivedData/Build/Intermediates.noindex/Pow.build/Debug-watchos/Pow-t.build/Objects-normal/arm64_32/Pow.SwiftConstValuesFileList (in target 'Pow' from project 'Pow')
cd /Users/admin/builder/spi-builder-workspace
write-file /Users/admin/builder/spi-builder-workspace/.derivedData/Build/Intermediates.noindex/Pow.build/Debug-watchos/Pow-t.build/Objects-normal/arm64_32/Pow.SwiftConstValuesFileList
WriteAuxiliaryFile /Users/admin/builder/spi-builder-workspace/.derivedData/Build/Intermediates.noindex/Pow.build/Debug-watchos/Pow-t.build/Objects-normal/arm64/Pow.SwiftConstValuesFileList (in target 'Pow' from project 'Pow')
cd /Users/admin/builder/spi-builder-workspace
write-file /Users/admin/builder/spi-builder-workspace/.derivedData/Build/Intermediates.noindex/Pow.build/Debug-watchos/Pow-t.build/Objects-normal/arm64/Pow.SwiftConstValuesFileList
WriteAuxiliaryFile /Users/admin/builder/spi-builder-workspace/.derivedData/Build/Intermediates.noindex/Pow.build/Debug-watchos/Pow-t.build/Objects-normal/arm64/Pow_const_extract_protocols.json (in target 'Pow' from project 'Pow')
cd /Users/admin/builder/spi-builder-workspace
write-file /Users/admin/builder/spi-builder-workspace/.derivedData/Build/Intermediates.noindex/Pow.build/Debug-watchos/Pow-t.build/Objects-normal/arm64/Pow_const_extract_protocols.json
WriteAuxiliaryFile /Users/admin/builder/spi-builder-workspace/.derivedData/Build/Intermediates.noindex/Pow.build/Debug-watchos/Pow-t.build/Objects-normal/arm64/Pow.SwiftFileList (in target 'Pow' from project 'Pow')
cd /Users/admin/builder/spi-builder-workspace
write-file /Users/admin/builder/spi-builder-workspace/.derivedData/Build/Intermediates.noindex/Pow.build/Debug-watchos/Pow-t.build/Objects-normal/arm64/Pow.SwiftFileList
WriteAuxiliaryFile /Users/admin/builder/spi-builder-workspace/.derivedData/Build/Intermediates.noindex/Pow.build/Debug-watchos/Pow-t.build/Objects-normal/arm64/Pow.LinkFileList (in target 'Pow' from project 'Pow')
cd /Users/admin/builder/spi-builder-workspace
write-file /Users/admin/builder/spi-builder-workspace/.derivedData/Build/Intermediates.noindex/Pow.build/Debug-watchos/Pow-t.build/Objects-normal/arm64/Pow.LinkFileList
WriteAuxiliaryFile /Users/admin/builder/spi-builder-workspace/.derivedData/Build/Intermediates.noindex/Pow.build/Debug-watchos/Pow-t.build/Objects-normal/arm64/Pow-OutputFileMap.json (in target 'Pow' from project 'Pow')
cd /Users/admin/builder/spi-builder-workspace
write-file /Users/admin/builder/spi-builder-workspace/.derivedData/Build/Intermediates.noindex/Pow.build/Debug-watchos/Pow-t.build/Objects-normal/arm64/Pow-OutputFileMap.json
WriteAuxiliaryFile /Users/admin/builder/spi-builder-workspace/.derivedData/Build/Intermediates.noindex/Pow.build/Debug-watchos/Pow-t.build/DerivedSources/resource_bundle_accessor.swift (in target 'Pow' from project 'Pow')
cd /Users/admin/builder/spi-builder-workspace
write-file /Users/admin/builder/spi-builder-workspace/.derivedData/Build/Intermediates.noindex/Pow.build/Debug-watchos/Pow-t.build/DerivedSources/resource_bundle_accessor.swift
Copy /Users/admin/builder/spi-builder-workspace/.derivedData/Build/Intermediates.noindex/GeneratedModuleMaps-watchos/Pow.modulemap /Users/admin/builder/spi-builder-workspace/.derivedData/Build/Intermediates.noindex/Pow.build/Debug-watchos/Pow-t.build/Pow.modulemap (in target 'Pow' from project 'Pow')
cd /Users/admin/builder/spi-builder-workspace
builtin-copy -exclude .DS_Store -exclude CVS -exclude .svn -exclude .git -exclude .hg -resolve-src-symlinks /Users/admin/builder/spi-builder-workspace/.derivedData/Build/Intermediates.noindex/Pow.build/Debug-watchos/Pow-t.build/Pow.modulemap /Users/admin/builder/spi-builder-workspace/.derivedData/Build/Intermediates.noindex/GeneratedModuleMaps-watchos
MkDir /Users/admin/builder/spi-builder-workspace/.derivedData/Build/Products/Debug-watchos/Pow_Pow.bundle (in target 'Pow_Pow' from project 'Pow')
cd /Users/admin/builder/spi-builder-workspace
/bin/mkdir -p /Users/admin/builder/spi-builder-workspace/.derivedData/Build/Products/Debug-watchos/Pow_Pow.bundle
MkDir /Users/admin/builder/spi-builder-workspace/.derivedData/Build/Intermediates.noindex/Pow.build/Debug-watchos/Pow_Pow-b.build/assetcatalog_output/thinned (in target 'Pow_Pow' from project 'Pow')
cd /Users/admin/builder/spi-builder-workspace
/bin/mkdir -p /Users/admin/builder/spi-builder-workspace/.derivedData/Build/Intermediates.noindex/Pow.build/Debug-watchos/Pow_Pow-b.build/assetcatalog_output/thinned
MkDir /Users/admin/builder/spi-builder-workspace/.derivedData/Build/Intermediates.noindex/Pow.build/Debug-watchos/Pow_Pow-b.build/assetcatalog_output/unthinned (in target 'Pow_Pow' from project 'Pow')
cd /Users/admin/builder/spi-builder-workspace
/bin/mkdir -p /Users/admin/builder/spi-builder-workspace/.derivedData/Build/Intermediates.noindex/Pow.build/Debug-watchos/Pow_Pow-b.build/assetcatalog_output/unthinned
GenerateAssetSymbols /Users/admin/builder/spi-builder-workspace/Sources/Pow/Assets.xcassets (in target 'Pow' from project 'Pow')
cd /Users/admin/builder/spi-builder-workspace
/Applications/Xcode-27.0.0-Release.Candidate.app/Contents/Developer/usr/bin/actool /Users/admin/builder/spi-builder-workspace/Sources/Pow/Assets.xcassets --compile /Users/admin/builder/spi-builder-workspace/.derivedData/Build/Products/Debug-watchos --output-format human-readable-text --notices --warnings --export-dependency-info /Users/admin/builder/spi-builder-workspace/.derivedData/Build/Intermediates.noindex/Pow.build/Debug-watchos/Pow-t.build/assetcatalog_dependencies --output-partial-info-plist /Users/admin/builder/spi-builder-workspace/.derivedData/Build/Intermediates.noindex/Pow.build/Debug-watchos/Pow-t.build/assetcatalog_generated_info.plist --compress-pngs --enable-on-demand-resources NO --development-region en --target-device watch --minimum-deployment-target 9.0 --platform watchos --bundle-identifier spi-builder-workspace.Pow --generate-swift-asset-symbol-extensions NO --generate-swift-asset-symbols /Users/admin/builder/spi-builder-workspace/.derivedData/Build/Intermediates.noindex/Pow.build/Debug-watchos/Pow-t.build/DerivedSources/GeneratedAssetSymbols.swift --generate-objc-asset-symbols /Users/admin/builder/spi-builder-workspace/.derivedData/Build/Intermediates.noindex/Pow.build/Debug-watchos/Pow-t.build/DerivedSources/GeneratedAssetSymbols.h --generate-asset-symbol-index /Users/admin/builder/spi-builder-workspace/.derivedData/Build/Intermediates.noindex/Pow.build/Debug-watchos/Pow-t.build/DerivedSources/GeneratedAssetSymbols-Index.plist
/* com.apple.actool.compilation-results */
/Users/admin/builder/spi-builder-workspace/.derivedData/Build/Intermediates.noindex/Pow.build/Debug-watchos/Pow-t.build/DerivedSources/GeneratedAssetSymbols-Index.plist
/Users/admin/builder/spi-builder-workspace/.derivedData/Build/Intermediates.noindex/Pow.build/Debug-watchos/Pow-t.build/DerivedSources/GeneratedAssetSymbols.h
/Users/admin/builder/spi-builder-workspace/.derivedData/Build/Intermediates.noindex/Pow.build/Debug-watchos/Pow-t.build/DerivedSources/GeneratedAssetSymbols.swift
CompileAssetCatalogVariant thinned /Users/admin/builder/spi-builder-workspace/.derivedData/Build/Products/Debug-watchos/Pow_Pow.bundle /Users/admin/builder/spi-builder-workspace/Sources/Pow/Assets.xcassets (in target 'Pow_Pow' from project 'Pow')
cd /Users/admin/builder/spi-builder-workspace
/Applications/Xcode-27.0.0-Release.Candidate.app/Contents/Developer/usr/bin/actool /Users/admin/builder/spi-builder-workspace/Sources/Pow/Assets.xcassets --compile /Users/admin/builder/spi-builder-workspace/.derivedData/Build/Intermediates.noindex/Pow.build/Debug-watchos/Pow_Pow-b.build/assetcatalog_output/thinned --output-format human-readable-text --notices --warnings --export-dependency-info /Users/admin/builder/spi-builder-workspace/.derivedData/Build/Intermediates.noindex/Pow.build/Debug-watchos/Pow_Pow-b.build/assetcatalog_dependencies_thinned --output-partial-info-plist /Users/admin/builder/spi-builder-workspace/.derivedData/Build/Intermediates.noindex/Pow.build/Debug-watchos/Pow_Pow-b.build/assetcatalog_generated_info.plist_thinned --compress-pngs --enable-on-demand-resources NO --development-region en --target-device watch --minimum-deployment-target 9.0 --platform watchos
/* com.apple.actool.compilation-results */
/Users/admin/builder/spi-builder-workspace/.derivedData/Build/Intermediates.noindex/Pow.build/Debug-watchos/Pow_Pow-b.build/assetcatalog_generated_info.plist_thinned
/Users/admin/builder/spi-builder-workspace/.derivedData/Build/Intermediates.noindex/Pow.build/Debug-watchos/Pow_Pow-b.build/assetcatalog_output/thinned/Assets.car
SwiftDriver Pow normal arm64 com.apple.xcode.tools.swift.compiler (in target 'Pow' from project 'Pow')
cd /Users/admin/builder/spi-builder-workspace/.swiftpm/xcode
builtin-SwiftDriver -- /Applications/Xcode-27.0.0-Release.Candidate.app/Contents/Developer/Toolchains/XcodeDefault.xctoolchain/usr/bin/swiftc -parse-as-library -module-name Pow -Onone @/Users/admin/builder/spi-builder-workspace/.derivedData/Build/Intermediates.noindex/Pow.build/Debug-watchos/Pow-t.build/Objects-normal/arm64/Pow.SwiftFileList -DSWIFT_PACKAGE -DDEBUG -DSWIFT_MODULE_RESOURCE_BUNDLE_AVAILABLE -DXcode -plugin-path /Applications/Xcode-27.0.0-Release.Candidate.app/Contents/Developer/Toolchains/XcodeDefault.xctoolchain/usr/lib/swift/host/plugins/testing -enable-experimental-feature DebugDescriptionMacro -sdk /Applications/Xcode-27.0.0-Release.Candidate.app/Contents/Developer/Platforms/WatchOS.platform/Developer/SDKs/WatchOS27.0.sdk -target arm64-apple-watchos9.0 -g -module-cache-path /Users/admin/builder/spi-builder-workspace/.derivedData/ModuleCache.noindex -Xfrontend -serialize-debugging-options -profile-coverage-mapping -profile-generate -enable-testing -index-store-path /Users/admin/builder/spi-builder-workspace/.derivedData/Index.noindex/DataStore -Xcc -D_LIBCPP_HARDENING_MODE\=_LIBCPP_HARDENING_MODE_DEBUG -swift-version 5 -I /Users/admin/builder/spi-builder-workspace/.derivedData/Build/Products/Debug-watchos -Isystem /Applications/Xcode-27.0.0-Release.Candidate.app/Contents/Developer/Platforms/WatchOS.platform/Developer/usr/lib -F /Users/admin/builder/spi-builder-workspace/.derivedData/Build/Products/Debug-watchos -F /Applications/Xcode-27.0.0-Release.Candidate.app/Contents/Developer/Platforms/WatchOS.platform/Developer/Library/Frameworks -F /Applications/Xcode-27.0.0-Release.Candidate.app/Contents/Developer/Platforms/WatchOS.platform/Developer/SDKs/WatchOS27.0.sdk/Developer/Library/Frameworks -c -j10 -enable-batch-mode -incremental -Xcc -ivfsstatcache -Xcc /Users/admin/builder/spi-builder-workspace/.derivedData/SDKStatCaches.noindex/watchos27.0-24R360-e829b21a6f8c9b70876ba0858053c04477534ef55a1706bf4c1112bbb242f0a2.sdkstatcache -output-file-map /Users/admin/builder/spi-builder-workspace/.derivedData/Build/Intermediates.noindex/Pow.build/Debug-watchos/Pow-t.build/Objects-normal/arm64/Pow-OutputFileMap.json -save-temps -no-color-diagnostics -explicit-module-build -module-cache-path /Users/admin/builder/spi-builder-workspace/.derivedData/Build/Intermediates.noindex/SwiftExplicitPrecompiledModules -clang-scanner-module-cache-path /Users/admin/builder/spi-builder-workspace/.derivedData/ModuleCache.noindex -sdk-module-cache-path /Users/admin/builder/spi-builder-workspace/.derivedData/SDKExplicitPrecompiledModules -emit-dependencies -emit-module -emit-module-path /Users/admin/builder/spi-builder-workspace/.derivedData/Build/Intermediates.noindex/Pow.build/Debug-watchos/Pow-t.build/Objects-normal/arm64/Pow.swiftmodule -serialize-diagnostics -dependency-scan-serialize-diagnostics-path /Users/admin/builder/spi-builder-workspace/.derivedData/Build/Intermediates.noindex/Pow.build/Debug-watchos/Pow-t.build/Objects-normal/arm64/Pow-dependency-scan.dia -validate-clang-modules-once -clang-build-session-file /Users/admin/builder/spi-builder-workspace/.derivedData/ModuleCache.noindex/Session.modulevalidation -Xcc -fmodules-prune-interval\=86400 -Xcc -fmodules-prune-after\=345600 -emit-const-values -const-gather-protocols-list /Users/admin/builder/spi-builder-workspace/.derivedData/Build/Intermediates.noindex/Pow.build/Debug-watchos/Pow-t.build/Objects-normal/arm64/Pow_const_extract_protocols.json -Xcc -I/Users/admin/builder/spi-builder-workspace/.derivedData/Build/Products/Debug-watchos/include -Xcc -I/Users/admin/builder/spi-builder-workspace/.derivedData/Build/Intermediates.noindex/Pow.build/Debug-watchos/Pow-t.build/DerivedSources-normal/arm64 -Xcc -I/Users/admin/builder/spi-builder-workspace/.derivedData/Build/Intermediates.noindex/Pow.build/Debug-watchos/Pow-t.build/DerivedSources/arm64 -Xcc -I/Users/admin/builder/spi-builder-workspace/.derivedData/Build/Intermediates.noindex/Pow.build/Debug-watchos/Pow-t.build/DerivedSources -Xcc -DSWIFT_PACKAGE -Xcc -DDEBUG\=1 -emit-objc-header -emit-objc-header-path /Users/admin/builder/spi-builder-workspace/.derivedData/Build/Intermediates.noindex/Pow.build/Debug-watchos/Pow-t.build/Objects-normal/arm64/Pow-Swift.h -working-directory /Users/admin/builder/spi-builder-workspace/.swiftpm/xcode -experimental-emit-module-separately -disable-cmo
SwiftDriver Pow normal arm64_32 com.apple.xcode.tools.swift.compiler (in target 'Pow' from project 'Pow')
cd /Users/admin/builder/spi-builder-workspace/.swiftpm/xcode
builtin-SwiftDriver -- /Applications/Xcode-27.0.0-Release.Candidate.app/Contents/Developer/Toolchains/XcodeDefault.xctoolchain/usr/bin/swiftc -parse-as-library -module-name Pow -Onone @/Users/admin/builder/spi-builder-workspace/.derivedData/Build/Intermediates.noindex/Pow.build/Debug-watchos/Pow-t.build/Objects-normal/arm64_32/Pow.SwiftFileList -DSWIFT_PACKAGE -DDEBUG -DSWIFT_MODULE_RESOURCE_BUNDLE_AVAILABLE -DXcode -plugin-path /Applications/Xcode-27.0.0-Release.Candidate.app/Contents/Developer/Toolchains/XcodeDefault.xctoolchain/usr/lib/swift/host/plugins/testing -enable-experimental-feature DebugDescriptionMacro -sdk /Applications/Xcode-27.0.0-Release.Candidate.app/Contents/Developer/Platforms/WatchOS.platform/Developer/SDKs/WatchOS27.0.sdk -target arm64_32-apple-watchos9.0 -g -module-cache-path /Users/admin/builder/spi-builder-workspace/.derivedData/ModuleCache.noindex -Xfrontend -serialize-debugging-options -profile-coverage-mapping -profile-generate -enable-testing -index-store-path /Users/admin/builder/spi-builder-workspace/.derivedData/Index.noindex/DataStore -Xcc -D_LIBCPP_HARDENING_MODE\=_LIBCPP_HARDENING_MODE_DEBUG -swift-version 5 -I /Users/admin/builder/spi-builder-workspace/.derivedData/Build/Products/Debug-watchos -Isystem /Applications/Xcode-27.0.0-Release.Candidate.app/Contents/Developer/Platforms/WatchOS.platform/Developer/usr/lib -F /Users/admin/builder/spi-builder-workspace/.derivedData/Build/Products/Debug-watchos -F /Applications/Xcode-27.0.0-Release.Candidate.app/Contents/Developer/Platforms/WatchOS.platform/Developer/Library/Frameworks -F /Applications/Xcode-27.0.0-Release.Candidate.app/Contents/Developer/Platforms/WatchOS.platform/Developer/SDKs/WatchOS27.0.sdk/Developer/Library/Frameworks -c -j10 -enable-batch-mode -incremental -Xcc -ivfsstatcache -Xcc /Users/admin/builder/spi-builder-workspace/.derivedData/SDKStatCaches.noindex/watchos27.0-24R360-e829b21a6f8c9b70876ba0858053c04477534ef55a1706bf4c1112bbb242f0a2.sdkstatcache -output-file-map /Users/admin/builder/spi-builder-workspace/.derivedData/Build/Intermediates.noindex/Pow.build/Debug-watchos/Pow-t.build/Objects-normal/arm64_32/Pow-OutputFileMap.json -save-temps -no-color-diagnostics -explicit-module-build -module-cache-path /Users/admin/builder/spi-builder-workspace/.derivedData/Build/Intermediates.noindex/SwiftExplicitPrecompiledModules -clang-scanner-module-cache-path /Users/admin/builder/spi-builder-workspace/.derivedData/ModuleCache.noindex -sdk-module-cache-path /Users/admin/builder/spi-builder-workspace/.derivedData/SDKExplicitPrecompiledModules -emit-dependencies -emit-module -emit-module-path /Users/admin/builder/spi-builder-workspace/.derivedData/Build/Intermediates.noindex/Pow.build/Debug-watchos/Pow-t.build/Objects-normal/arm64_32/Pow.swiftmodule -serialize-diagnostics -dependency-scan-serialize-diagnostics-path /Users/admin/builder/spi-builder-workspace/.derivedData/Build/Intermediates.noindex/Pow.build/Debug-watchos/Pow-t.build/Objects-normal/arm64_32/Pow-dependency-scan.dia -validate-clang-modules-once -clang-build-session-file /Users/admin/builder/spi-builder-workspace/.derivedData/ModuleCache.noindex/Session.modulevalidation -Xcc -fmodules-prune-interval\=86400 -Xcc -fmodules-prune-after\=345600 -emit-const-values -const-gather-protocols-list /Users/admin/builder/spi-builder-workspace/.derivedData/Build/Intermediates.noindex/Pow.build/Debug-watchos/Pow-t.build/Objects-normal/arm64_32/Pow_const_extract_protocols.json -Xcc -I/Users/admin/builder/spi-builder-workspace/.derivedData/Build/Products/Debug-watchos/include -Xcc -I/Users/admin/builder/spi-builder-workspace/.derivedData/Build/Intermediates.noindex/Pow.build/Debug-watchos/Pow-t.build/DerivedSources-normal/arm64_32 -Xcc -I/Users/admin/builder/spi-builder-workspace/.derivedData/Build/Intermediates.noindex/Pow.build/Debug-watchos/Pow-t.build/DerivedSources/arm64_32 -Xcc -I/Users/admin/builder/spi-builder-workspace/.derivedData/Build/Intermediates.noindex/Pow.build/Debug-watchos/Pow-t.build/DerivedSources -Xcc -DSWIFT_PACKAGE -Xcc -DDEBUG\=1 -emit-objc-header -emit-objc-header-path /Users/admin/builder/spi-builder-workspace/.derivedData/Build/Intermediates.noindex/Pow.build/Debug-watchos/Pow-t.build/Objects-normal/arm64_32/Pow-Swift.h -working-directory /Users/admin/builder/spi-builder-workspace/.swiftpm/xcode -experimental-emit-module-separately -disable-cmo
LinkAssetCatalog /Users/admin/builder/spi-builder-workspace/Sources/Pow/Assets.xcassets (in target 'Pow_Pow' from project 'Pow')
cd /Users/admin/builder/spi-builder-workspace
builtin-linkAssetCatalog --thinned /Users/admin/builder/spi-builder-workspace/.derivedData/Build/Intermediates.noindex/Pow.build/Debug-watchos/Pow_Pow-b.build/assetcatalog_output/thinned --thinned-dependencies /Users/admin/builder/spi-builder-workspace/.derivedData/Build/Intermediates.noindex/Pow.build/Debug-watchos/Pow_Pow-b.build/assetcatalog_dependencies_thinned --thinned-info-plist-content /Users/admin/builder/spi-builder-workspace/.derivedData/Build/Intermediates.noindex/Pow.build/Debug-watchos/Pow_Pow-b.build/assetcatalog_generated_info.plist_thinned --unthinned /Users/admin/builder/spi-builder-workspace/.derivedData/Build/Intermediates.noindex/Pow.build/Debug-watchos/Pow_Pow-b.build/assetcatalog_output/unthinned --unthinned-dependencies /Users/admin/builder/spi-builder-workspace/.derivedData/Build/Intermediates.noindex/Pow.build/Debug-watchos/Pow_Pow-b.build/assetcatalog_dependencies_unthinned --unthinned-info-plist-content /Users/admin/builder/spi-builder-workspace/.derivedData/Build/Intermediates.noindex/Pow.build/Debug-watchos/Pow_Pow-b.build/assetcatalog_generated_info.plist_unthinned --output /Users/admin/builder/spi-builder-workspace/.derivedData/Build/Products/Debug-watchos/Pow_Pow.bundle --plist-output /Users/admin/builder/spi-builder-workspace/.derivedData/Build/Intermediates.noindex/Pow.build/Debug-watchos/Pow_Pow-b.build/assetcatalog_generated_info.plist
note: Emplaced /Users/admin/builder/spi-builder-workspace/.derivedData/Build/Products/Debug-watchos/Pow_Pow.bundle/Assets.car (in target 'Pow_Pow' from project 'Pow')
ProcessInfoPlistFile /Users/admin/builder/spi-builder-workspace/.derivedData/Build/Products/Debug-watchos/Pow_Pow.bundle/Info.plist /Users/admin/builder/spi-builder-workspace/.derivedData/Build/Intermediates.noindex/Pow.build/Debug-watchos/Pow_Pow-b.build/empty-Pow_Pow.plist (in target 'Pow_Pow' from project 'Pow')
cd /Users/admin/builder/spi-builder-workspace
builtin-infoPlistUtility /Users/admin/builder/spi-builder-workspace/.derivedData/Build/Intermediates.noindex/Pow.build/Debug-watchos/Pow_Pow-b.build/empty-Pow_Pow.plist -producttype com.apple.product-type.bundle -expandbuildsettings -format binary -platform watchos -additionalcontentfile /Users/admin/builder/spi-builder-workspace/.derivedData/Build/Intermediates.noindex/Pow.build/Debug-watchos/Pow_Pow-b.build/assetcatalog_generated_info.plist -o /Users/admin/builder/spi-builder-workspace/.derivedData/Build/Products/Debug-watchos/Pow_Pow.bundle/Info.plist
RegisterExecutionPolicyException /Users/admin/builder/spi-builder-workspace/.derivedData/Build/Products/Debug-watchos/Pow_Pow.bundle (in target 'Pow_Pow' from project 'Pow')
cd /Users/admin/builder/spi-builder-workspace
builtin-RegisterExecutionPolicyException /Users/admin/builder/spi-builder-workspace/.derivedData/Build/Products/Debug-watchos/Pow_Pow.bundle
Touch /Users/admin/builder/spi-builder-workspace/.derivedData/Build/Products/Debug-watchos/Pow_Pow.bundle (in target 'Pow_Pow' from project 'Pow')
cd /Users/admin/builder/spi-builder-workspace
/usr/bin/touch -c /Users/admin/builder/spi-builder-workspace/.derivedData/Build/Products/Debug-watchos/Pow_Pow.bundle
SwiftExplicitDependencyGeneratePcm arm64_32 /Users/admin/builder/spi-builder-workspace/.derivedData/SDKExplicitPrecompiledModules/_Builtin_stdbool-A967K8W8YUYEC9SN52KJ7OO88.pcm
SwiftExplicitDependencyGeneratePcm arm64_32 /Users/admin/builder/spi-builder-workspace/.derivedData/SDKExplicitPrecompiledModules/_Builtin_stdarg-D305JG44A2WPI6CJY37X3QJE8.pcm
SwiftExplicitDependencyGeneratePcm arm64_32 /Users/admin/builder/spi-builder-workspace/.derivedData/SDKExplicitPrecompiledModules/SwiftShims-9CQQGWTSNTN9EB5NSHDWUJICH.pcm
SwiftExplicitDependencyGeneratePcm arm64_32 /Users/admin/builder/spi-builder-workspace/.derivedData/SDKExplicitPrecompiledModules/_Builtin_stddef-H44EFHQX6XSS5MZ7QP6YJZ76.pcm
SwiftExplicitDependencyGeneratePcm arm64_32 /Users/admin/builder/spi-builder-workspace/.derivedData/SDKExplicitPrecompiledModules/ptrcheck-7ELIH9BTIGVKX3UBITM9N72WD.pcm
SwiftExplicitDependencyGeneratePcm arm64_32 /Users/admin/builder/spi-builder-workspace/.derivedData/SDKExplicitPrecompiledModules/DeveloperToolsSupport-DZU5G1OCMNWU0AQRULIFHUJ1Z.pcm
SwiftExplicitDependencyGeneratePcm arm64_32 /Users/admin/builder/spi-builder-workspace/.derivedData/SDKExplicitPrecompiledModules/_AvailabilityInternal-244WAN3Z1QBT7PIA64EZEFY1R.pcm
SwiftExplicitDependencyGeneratePcm arm64 /Users/admin/builder/spi-builder-workspace/.derivedData/SDKExplicitPrecompiledModules/SwiftShims-4MXFZPV6FEB0XBYXCGPWAMQGL.pcm
SwiftExplicitDependencyGeneratePcm arm64 /Users/admin/builder/spi-builder-workspace/.derivedData/SDKExplicitPrecompiledModules/_Builtin_float-C0CW5Q4HGBQYKE77TC42IAFB5.pcm
SwiftExplicitDependencyGeneratePcm arm64_32 /Users/admin/builder/spi-builder-workspace/.derivedData/SDKExplicitPrecompiledModules/_SwiftConcurrencyShims-6RTBPQ03V7BM9SPRK8SUE055H.pcm
SwiftExplicitDependencyGeneratePcm arm64 /Users/admin/builder/spi-builder-workspace/.derivedData/SDKExplicitPrecompiledModules/_Builtin_stdbool-83J96QSOFE9VX04AAS6310UAE.pcm
SwiftExplicitDependencyGeneratePcm arm64 /Users/admin/builder/spi-builder-workspace/.derivedData/SDKExplicitPrecompiledModules/_Builtin_stddef-1FU30Y8SWFB7OUUHMJQH5J6FM.pcm
SwiftExplicitDependencyGeneratePcm arm64 /Users/admin/builder/spi-builder-workspace/.derivedData/SDKExplicitPrecompiledModules/DeveloperToolsSupport-E7CNISCB36UE8XQ9IOHK9XDX1.pcm
SwiftExplicitDependencyGeneratePcm arm64 /Users/admin/builder/spi-builder-workspace/.derivedData/SDKExplicitPrecompiledModules/ptrauth-3TZ9WJCGLYD25HQPWH4968ONX.pcm
SwiftExplicitDependencyGeneratePcm arm64 /Users/admin/builder/spi-builder-workspace/.derivedData/SDKExplicitPrecompiledModules/ptrcheck-AIF0NDOYZ8ORBNHQAQR5NNB8M.pcm
SwiftExplicitDependencyGeneratePcm arm64 /Users/admin/builder/spi-builder-workspace/.derivedData/SDKExplicitPrecompiledModules/_SwiftConcurrencyShims-659N52XSKR5F0QSB880BH2FJR.pcm
SwiftExplicitDependencyGeneratePcm arm64 /Users/admin/builder/spi-builder-workspace/.derivedData/SDKExplicitPrecompiledModules/_Builtin_stdarg-A7UU8LE6MP85SM26YO7PBZNUQ.pcm
SwiftExplicitDependencyGeneratePcm arm64_32 /Users/admin/builder/spi-builder-workspace/.derivedData/SDKExplicitPrecompiledModules/ptrauth-BFXF358ME5AK535N5A9Z766WU.pcm
SwiftExplicitDependencyGeneratePcm arm64_32 /Users/admin/builder/spi-builder-workspace/.derivedData/SDKExplicitPrecompiledModules/_Builtin_float-6KO8O3PEWRCA4WC6PPLOYO6WJ.pcm
SwiftExplicitDependencyGeneratePcm arm64 /Users/admin/builder/spi-builder-workspace/.derivedData/SDKExplicitPrecompiledModules/_AvailabilityInternal-BUNV3UXM65NT37THI4W1AM0SF.pcm
SwiftExplicitDependencyGeneratePcm arm64_32 /Users/admin/builder/spi-builder-workspace/.derivedData/SDKExplicitPrecompiledModules/_DarwinFoundation1-2GWF9RFMPLQW4PDHS3NARVI3G.pcm
SwiftExplicitDependencyGeneratePcm arm64 /Users/admin/builder/spi-builder-workspace/.derivedData/SDKExplicitPrecompiledModules/_DarwinFoundation1-7SPX3MD0HMP55E4OLNCPNDQ53.pcm
SwiftExplicitDependencyGeneratePcm arm64_32 /Users/admin/builder/spi-builder-workspace/.derivedData/SDKExplicitPrecompiledModules/_Builtin_limits-3VKBU2AFTD65PAJZ5CJ3LHFM2.pcm
SwiftExplicitDependencyGeneratePcm arm64_32 /Users/admin/builder/spi-builder-workspace/.derivedData/SDKExplicitPrecompiledModules/_DarwinFoundation2-9MY8GOSYRO0M9MKNXF6D3MBNK.pcm
SwiftExplicitDependencyGeneratePcm arm64 /Users/admin/builder/spi-builder-workspace/.derivedData/SDKExplicitPrecompiledModules/_DarwinFoundation2-D0XAPJU49S5E9XMKYOFGSTB1Q.pcm
SwiftExplicitDependencyGeneratePcm arm64 /Users/admin/builder/spi-builder-workspace/.derivedData/SDKExplicitPrecompiledModules/_Builtin_limits-9GWPA2B0H20DYUNYHYCWKABJG.pcm
SwiftExplicitDependencyGeneratePcm arm64_32 /Users/admin/builder/spi-builder-workspace/.derivedData/SDKExplicitPrecompiledModules/sys_types-8TLLMW08ZJWDGIIPKOYFGHHZW.pcm
SwiftExplicitDependencyGeneratePcm arm64_32 /Users/admin/builder/spi-builder-workspace/.derivedData/SDKExplicitPrecompiledModules/_Builtin_stdint-1HMXWI3V0V4TXHRWZOMZGZ80Y.pcm
SwiftExplicitDependencyGeneratePcm arm64_32 /Users/admin/builder/spi-builder-workspace/.derivedData/SDKExplicitPrecompiledModules/string_h-BFVLUQUSBZWYMLCU9QI7VZALW.pcm
SwiftExplicitDependencyGeneratePcm arm64_32 /Users/admin/builder/spi-builder-workspace/.derivedData/SDKExplicitPrecompiledModules/_Builtin_tgmath-23PGCKURCQILXMK0MYZRYDCOU.pcm
SwiftExplicitDependencyGeneratePcm arm64 /Users/admin/builder/spi-builder-workspace/.derivedData/SDKExplicitPrecompiledModules/string_h-E6PRXK75PHIPCZFWOFCQ3QBMK.pcm
SwiftExplicitDependencyGeneratePcm arm64 /Users/admin/builder/spi-builder-workspace/.derivedData/SDKExplicitPrecompiledModules/_Builtin_tgmath-8NQ96OZ0YHXEC24JI95P01UF8.pcm
SwiftExplicitDependencyGeneratePcm arm64 /Users/admin/builder/spi-builder-workspace/.derivedData/SDKExplicitPrecompiledModules/sys_types-2KXQLI78OUCDP779AE68GZJ2.pcm
SwiftExplicitDependencyGeneratePcm arm64 /Users/admin/builder/spi-builder-workspace/.derivedData/SDKExplicitPrecompiledModules/_Builtin_stdint-8XMILLJZEGRN2XG7XZUXZ5RLX.pcm
SwiftExplicitDependencyGeneratePcm arm64_32 /Users/admin/builder/spi-builder-workspace/.derivedData/SDKExplicitPrecompiledModules/_Builtin_intrinsics-196IIAKDQVU42DLOZP9OQCV76.pcm
SwiftExplicitDependencyGeneratePcm arm64_32 /Users/admin/builder/spi-builder-workspace/.derivedData/SDKExplicitPrecompiledModules/_DarwinFoundation3-3DUTYQDQSD9HUAAVY947NMWOI.pcm
SwiftExplicitDependencyGeneratePcm arm64_32 /Users/admin/builder/spi-builder-workspace/.derivedData/SDKExplicitPrecompiledModules/_Builtin_stdatomic-1TY035TURL76BF2U98PZPPZRX.pcm
SwiftExplicitDependencyGeneratePcm arm64 /Users/admin/builder/spi-builder-workspace/.derivedData/SDKExplicitPrecompiledModules/_Builtin_intrinsics-75960HIPCIYA06IUW8FIIPQT.pcm
SwiftExplicitDependencyGeneratePcm arm64 /Users/admin/builder/spi-builder-workspace/.derivedData/SDKExplicitPrecompiledModules/_DarwinFoundation3-B97LRG0E9GON2NUE65TVG81HU.pcm
SwiftExplicitDependencyGeneratePcm arm64 /Users/admin/builder/spi-builder-workspace/.derivedData/SDKExplicitPrecompiledModules/_Builtin_stdatomic-7JEFA3KBJJJN6TKJWY3OG1VG5.pcm
SwiftExplicitDependencyGeneratePcm arm64 /Users/admin/builder/spi-builder-workspace/.derivedData/SDKExplicitPrecompiledModules/_Builtin_inttypes-3UQSCM7WNM9EK4HZML8TY5J3D.pcm
SwiftExplicitDependencyGeneratePcm arm64_32 /Users/admin/builder/spi-builder-workspace/.derivedData/SDKExplicitPrecompiledModules/_Builtin_inttypes-D2KPCR4PEX9AQA33NGLUT5SBR.pcm
SwiftExplicitDependencyGeneratePcm arm64 /Users/admin/builder/spi-builder-workspace/.derivedData/SDKExplicitPrecompiledModules/Darwin-3984OXKFNSPE77NT743WK8SEX.pcm
SwiftExplicitDependencyGeneratePcm arm64_32 /Users/admin/builder/spi-builder-workspace/.derivedData/SDKExplicitPrecompiledModules/Darwin-3FVT1SKLN2ZQ5RVOABMTQBB34.pcm
SwiftExplicitDependencyGeneratePcm arm64_32 /Users/admin/builder/spi-builder-workspace/.derivedData/SDKExplicitPrecompiledModules/simd-21UNWYOBUZI1LVSQ99S1XBLMO.pcm
SwiftExplicitDependencyGeneratePcm arm64 /Users/admin/builder/spi-builder-workspace/.derivedData/SDKExplicitPrecompiledModules/simd-EH08NODU6574T74ZKU61VP9BW.pcm
SwiftExplicitDependencyGeneratePcm arm64_32 /Users/admin/builder/spi-builder-workspace/.derivedData/SDKExplicitPrecompiledModules/MachO-56838ZJ0NC1EBAJ0O6O8QMPDX.pcm
SwiftExplicitDependencyGeneratePcm arm64_32 /Users/admin/builder/spi-builder-workspace/.derivedData/SDKExplicitPrecompiledModules/ObjectiveC-6IJNELR2E80E7LUKESVCP2KET.pcm
SwiftExplicitDependencyGeneratePcm arm64 /Users/admin/builder/spi-builder-workspace/.derivedData/SDKExplicitPrecompiledModules/ObjectiveC-72IVD3VS2RS8Q28D9PIMY0KQP.pcm
SwiftExplicitDependencyGeneratePcm arm64 /Users/admin/builder/spi-builder-workspace/.derivedData/SDKExplicitPrecompiledModules/MachO-2U90NNSAQILBNBPS1SA4F8TYP.pcm
SwiftExplicitDependencyGeneratePcm arm64_32 /Users/admin/builder/spi-builder-workspace/.derivedData/SDKExplicitPrecompiledModules/os_object-5YWTC6L4756IWSTPGXS5NM0D0.pcm
SwiftExplicitDependencyGeneratePcm arm64 /Users/admin/builder/spi-builder-workspace/.derivedData/SDKExplicitPrecompiledModules/os_object-3SDKD7F87FTZ26OON37DRYT6O.pcm
SwiftExplicitDependencyGeneratePcm arm64_32 /Users/admin/builder/spi-builder-workspace/.derivedData/SDKExplicitPrecompiledModules/os_workgroup-5JHTPDMNBUNHLJI8LPHKQK1JK.pcm
SwiftExplicitDependencyGeneratePcm arm64 /Users/admin/builder/spi-builder-workspace/.derivedData/SDKExplicitPrecompiledModules/os_workgroup-89GG5G7YC2D0ZTK6AZXXQ20DH.pcm
SwiftExplicitDependencyGeneratePcm arm64_32 /Users/admin/builder/spi-builder-workspace/.derivedData/SDKExplicitPrecompiledModules/Spatial-CWVWNML3T0NXVHZDKVLD3X1YZ.pcm
SwiftExplicitDependencyGeneratePcm arm64 /Users/admin/builder/spi-builder-workspace/.derivedData/SDKExplicitPrecompiledModules/Spatial-44FJGYXFAT2AQAW9Z6T7YS02U.pcm
SwiftExplicitDependencyGeneratePcm arm64_32 /Users/admin/builder/spi-builder-workspace/.derivedData/SDKExplicitPrecompiledModules/Dispatch-2P62F1T4XV63S4P99TUDTOK2Q.pcm
SwiftExplicitDependencyGeneratePcm arm64 /Users/admin/builder/spi-builder-workspace/.derivedData/SDKExplicitPrecompiledModules/Dispatch-1NLJOVAK60XP0DUB05XA59EIM.pcm
SwiftExplicitDependencyGeneratePcm arm64_32 /Users/admin/builder/spi-builder-workspace/.derivedData/SDKExplicitPrecompiledModules/CoreFoundation-8E6Y4BA3EXYKUGJ24GT9LGV3N.pcm
SwiftExplicitDependencyGeneratePcm arm64_32 /Users/admin/builder/spi-builder-workspace/.derivedData/SDKExplicitPrecompiledModules/XPC-81Y45QFY96XYYFCW2GT6FY8S4.pcm
SwiftExplicitDependencyGeneratePcm arm64 /Users/admin/builder/spi-builder-workspace/.derivedData/SDKExplicitPrecompiledModules/XPC-40DR0X1DHKGCV4J1IOLFS8MOU.pcm
SwiftExplicitDependencyGeneratePcm arm64 /Users/admin/builder/spi-builder-workspace/.derivedData/SDKExplicitPrecompiledModules/CoreFoundation-8T2L24YC5NU7WO6WQJWRY7W08.pcm
SwiftExplicitDependencyGeneratePcm arm64_32 /Users/admin/builder/spi-builder-workspace/.derivedData/SDKExplicitPrecompiledModules/os-E5IGB442IA6SBB25TTCOLK2OC.pcm
SwiftExplicitDependencyGeneratePcm arm64 /Users/admin/builder/spi-builder-workspace/.derivedData/SDKExplicitPrecompiledModules/os-5DIL6Z9LFIGLMZAHM7X2T5435.pcm
SwiftExplicitDependencyGeneratePcm arm64 /Users/admin/builder/spi-builder-workspace/.derivedData/SDKExplicitPrecompiledModules/CoreGraphics-DWNZ73GEH98SBJXZ7DEXB420K.pcm
SwiftExplicitDependencyGeneratePcm arm64_32 /Users/admin/builder/spi-builder-workspace/.derivedData/SDKExplicitPrecompiledModules/CoreAudioTypes-9GVB1DHA32M46R4A9NWSI3I2K.pcm
SwiftExplicitDependencyGeneratePcm arm64 /Users/admin/builder/spi-builder-workspace/.derivedData/SDKExplicitPrecompiledModules/Security-6RZ6YBRU8WCUHRFFRVUK5WKMM.pcm
SwiftExplicitDependencyGeneratePcm arm64 /Users/admin/builder/spi-builder-workspace/.derivedData/SDKExplicitPrecompiledModules/CoreAudioTypes-A9MF7N5LT63G21HNFVM6BT14B.pcm
SwiftExplicitDependencyGeneratePcm arm64_32 /Users/admin/builder/spi-builder-workspace/.derivedData/SDKExplicitPrecompiledModules/CoreGraphics-9FDXYX6BKBUT6TJ2VF819E7T5.pcm
SwiftExplicitDependencyGeneratePcm arm64_32 /Users/admin/builder/spi-builder-workspace/.derivedData/SDKExplicitPrecompiledModules/Security-D7TOWF88VWF67TB9HAFP5UWB1.pcm
SwiftExplicitDependencyGeneratePcm arm64 /Users/admin/builder/spi-builder-workspace/.derivedData/SDKExplicitPrecompiledModules/CoreAudio-1B79RJJTP71GE6UY9WLESAN3C.pcm
SwiftExplicitDependencyGeneratePcm arm64_32 /Users/admin/builder/spi-builder-workspace/.derivedData/SDKExplicitPrecompiledModules/CoreAudio-5W6MX6OUPWBMUR8VD5LHT1PZF.pcm
SwiftExplicitDependencyGeneratePcm arm64_32 /Users/admin/builder/spi-builder-workspace/.derivedData/SDKExplicitPrecompiledModules/Foundation-BJ2VQGI3OGR34500MEQ1VKHPH.pcm
SwiftExplicitDependencyGeneratePcm arm64 /Users/admin/builder/spi-builder-workspace/.derivedData/SDKExplicitPrecompiledModules/Foundation-DLBKUSGXN8QHAT8W0OARR9S8A.pcm
SwiftExplicitDependencyGeneratePcm arm64_32 /Users/admin/builder/spi-builder-workspace/.derivedData/SDKExplicitPrecompiledModules/CoreText-C9X2REPZN2V5BSU4G80FCETDR.pcm
SwiftExplicitDependencyGeneratePcm arm64_32 /Users/admin/builder/spi-builder-workspace/.derivedData/SDKExplicitPrecompiledModules/ImageIO-2Y4S05VUFWLNTRW92S35BUMG8.pcm
SwiftExplicitDependencyGeneratePcm arm64_32 /Users/admin/builder/spi-builder-workspace/.derivedData/SDKExplicitPrecompiledModules/CoreVideo-2P8HI0403J99LBDPKNFJ5D4DL.pcm
SwiftExplicitDependencyGeneratePcm arm64 /Users/admin/builder/spi-builder-workspace/.derivedData/SDKExplicitPrecompiledModules/CoreVideo-8MRR5MNWUOAW2DBPGUQ8FKK4.pcm
SwiftExplicitDependencyGeneratePcm arm64 /Users/admin/builder/spi-builder-workspace/.derivedData/SDKExplicitPrecompiledModules/ImageIO-208F4GO13XRG67XXLAMH07N4X.pcm
SwiftExplicitDependencyGeneratePcm arm64 /Users/admin/builder/spi-builder-workspace/.derivedData/SDKExplicitPrecompiledModules/CoreText-970YJN6NIYGK1316L35Z0O8QT.pcm
SwiftExplicitDependencyGeneratePcm arm64_32 /Users/admin/builder/spi-builder-workspace/.derivedData/SDKExplicitPrecompiledModules/CoreMedia-AO387T8CHWTTZODD1DGT0UAFA.pcm
SwiftExplicitDependencyGeneratePcm arm64 /Users/admin/builder/spi-builder-workspace/.derivedData/SDKExplicitPrecompiledModules/CoreMedia-1AJVCUZNAO74KIKMFVFUUHWDI.pcm
SwiftExplicitDependencyGeneratePcm arm64 /Users/admin/builder/spi-builder-workspace/.derivedData/SDKExplicitPrecompiledModules/UniformTypeIdentifiers-8L08Q8DQJV8C4AW84YVGFGTRN.pcm
SwiftExplicitDependencyGeneratePcm arm64 /Users/admin/builder/spi-builder-workspace/.derivedData/SDKExplicitPrecompiledModules/DataDetection-7BNVI1SZW5ISQL5SX4WL2X7I5.pcm
SwiftExplicitDependencyGeneratePcm arm64 /Users/admin/builder/spi-builder-workspace/.derivedData/SDKExplicitPrecompiledModules/UIUtilities-IR7RNW23VAUKYI9MLCS9NL9A.pcm
SwiftExplicitDependencyGeneratePcm arm64 /Users/admin/builder/spi-builder-workspace/.derivedData/SDKExplicitPrecompiledModules/UserNotifications-ARAH8MEQ0C2L0FBO39HITJMAO.pcm
SwiftExplicitDependencyGeneratePcm arm64 /Users/admin/builder/spi-builder-workspace/.derivedData/SDKExplicitPrecompiledModules/Symbols-3EFABTJ9L5PQDJ7RQCYQWEJMM.pcm
SwiftExplicitDependencyGeneratePcm arm64 /Users/admin/builder/spi-builder-workspace/.derivedData/SDKExplicitPrecompiledModules/_LocationEssentials-5ZZDGDXB6HLQUC72SJW7YJ7MK.pcm
SwiftExplicitDependencyGeneratePcm arm64 /Users/admin/builder/spi-builder-workspace/.derivedData/SDKExplicitPrecompiledModules/QuartzCore-94KFMWNOU7ZLUZNB4T5DLZC9D.pcm
SwiftExplicitDependencyGeneratePcm arm64 /Users/admin/builder/spi-builder-workspace/.derivedData/SDKExplicitPrecompiledModules/OSLog-B7VGO357Y3GJG35TST7DKDSI3.pcm
SwiftExplicitDependencyGeneratePcm arm64 /Users/admin/builder/spi-builder-workspace/.derivedData/SDKExplicitPrecompiledModules/CoreTransferable-9PPG3SLJ55T4LITIFYX2M0NOZ.pcm
SwiftExplicitDependencyGeneratePcm arm64 /Users/admin/builder/spi-builder-workspace/.derivedData/SDKExplicitPrecompiledModules/SceneKit-5HZKIL7XETTTD8TOHYPN8JKRJ.pcm
SwiftExplicitDependencyGeneratePcm arm64_32 /Users/admin/builder/spi-builder-workspace/.derivedData/SDKExplicitPrecompiledModules/UserNotifications-6TBN8TEAKO014N1T2QD926XED.pcm
SwiftExplicitDependencyGeneratePcm arm64_32 /Users/admin/builder/spi-builder-workspace/.derivedData/SDKExplicitPrecompiledModules/CoreMIDI-8Q3SSIDM9J726670QKKYTPP3W.pcm
SwiftExplicitDependencyGeneratePcm arm64_32 /Users/admin/builder/spi-builder-workspace/.derivedData/SDKExplicitPrecompiledModules/DataDetection-U9BF7WHFVA6BZGFXXXP272PS.pcm
SwiftExplicitDependencyGeneratePcm arm64_32 /Users/admin/builder/spi-builder-workspace/.derivedData/SDKExplicitPrecompiledModules/QuartzCore-6375NPYACK5NYVHPMC1QQ8MC2.pcm
SwiftExplicitDependencyGeneratePcm arm64_32 /Users/admin/builder/spi-builder-workspace/.derivedData/SDKExplicitPrecompiledModules/SceneKit-DKNLHKM5FJBQ79LSNMSSMBUBR.pcm
SwiftExplicitDependencyGeneratePcm arm64 /Users/admin/builder/spi-builder-workspace/.derivedData/SDKExplicitPrecompiledModules/Accessibility-27QMG6ZQ1NKYTNBYFPM1XKNFC.pcm
SwiftExplicitDependencyGeneratePcm arm64_32 /Users/admin/builder/spi-builder-workspace/.derivedData/SDKExplicitPrecompiledModules/UIUtilities-9YFVNIMRC5HRVOIARNWHP1E3H.pcm
SwiftExplicitDependencyGeneratePcm arm64_32 /Users/admin/builder/spi-builder-workspace/.derivedData/SDKExplicitPrecompiledModules/Symbols-1H97WMG76HU94F5VGJR19PXFY.pcm
SwiftExplicitDependencyGeneratePcm arm64_32 /Users/admin/builder/spi-builder-workspace/.derivedData/SDKExplicitPrecompiledModules/_LocationEssentials-AQ1OL9QKC3LQLY5CNSRM1HB53.pcm
SwiftExplicitDependencyGeneratePcm arm64 /Users/admin/builder/spi-builder-workspace/.derivedData/SDKExplicitPrecompiledModules/SwiftUICore-C1DST1IX2Z0PTH5SJJZ1IULRB.pcm
SwiftExplicitDependencyGeneratePcm arm64_32 /Users/admin/builder/spi-builder-workspace/.derivedData/SDKExplicitPrecompiledModules/CoreData-7AU1AFQWUH88EAPDKVMLJPKVD.pcm
SwiftExplicitDependencyGeneratePcm arm64_32 /Users/admin/builder/spi-builder-workspace/.derivedData/SDKExplicitPrecompiledModules/UniformTypeIdentifiers-CJZ3NTHPSBH4XWX5EVOG56UZS.pcm
SwiftExplicitDependencyGeneratePcm arm64 /Users/admin/builder/spi-builder-workspace/.derivedData/SDKExplicitPrecompiledModules/CoreData-9JFJC4UET8BAO5IPV2JU6W9V8.pcm
SwiftExplicitDependencyGeneratePcm arm64_32 /Users/admin/builder/spi-builder-workspace/.derivedData/SDKExplicitPrecompiledModules/OSLog-D9AVFY0KWO7RVBIQ73CBIJVCN.pcm
SwiftExplicitDependencyGeneratePcm arm64_32 /Users/admin/builder/spi-builder-workspace/.derivedData/SDKExplicitPrecompiledModules/Accessibility-F385OMZ5GYBUY5O4QAJB4NRII.pcm
SwiftExplicitDependencyGeneratePcm arm64_32 /Users/admin/builder/spi-builder-workspace/.derivedData/SDKExplicitPrecompiledModules/CoreTransferable-5D4IR6X37682FPHJ5CBPTKQV6.pcm
SwiftExplicitDependencyGeneratePcm arm64_32 /Users/admin/builder/spi-builder-workspace/.derivedData/SDKExplicitPrecompiledModules/CoreLocation-8XU5YMYM4P11RQMYCQAG65ITK.pcm
SwiftExplicitDependencyGeneratePcm arm64_32 /Users/admin/builder/spi-builder-workspace/.derivedData/SDKExplicitPrecompiledModules/AVFAudio-E592LPPEJNCSUD5VBNV0IP3RS.pcm
SwiftExplicitDependencyGeneratePcm arm64_32 /Users/admin/builder/spi-builder-workspace/.derivedData/SDKExplicitPrecompiledModules/SwiftUICore-3Q7WLRD8MR9R3NGIPUBQCP6F6.pcm
SwiftExplicitDependencyGeneratePcm arm64 /Users/admin/builder/spi-builder-workspace/.derivedData/SDKExplicitPrecompiledModules/CoreMIDI-DMNFPOXYVF7STUO5GNB3DF2BQ.pcm
SwiftExplicitDependencyGeneratePcm arm64 /Users/admin/builder/spi-builder-workspace/.derivedData/SDKExplicitPrecompiledModules/CoreLocation-ACKJ9K7ABI14F97Y46Y6SRR17.pcm
SwiftExplicitDependencyGeneratePcm arm64_32 /Users/admin/builder/spi-builder-workspace/.derivedData/SDKExplicitPrecompiledModules/CoreMotion-1XGTVTE5PP32UHME8AC63TL6.pcm
SwiftExplicitDependencyGeneratePcm arm64 /Users/admin/builder/spi-builder-workspace/.derivedData/SDKExplicitPrecompiledModules/CoreMotion-6RD5K48QT1F4L9CATNFD2O7YB.pcm
SwiftExplicitDependencyGeneratePcm arm64 /Users/admin/builder/spi-builder-workspace/.derivedData/SDKExplicitPrecompiledModules/AVFAudio-6A028BJEJQTO3623H6QZ4E26C.pcm
SwiftExplicitDependencyGeneratePcm arm64_32 /Users/admin/builder/spi-builder-workspace/.derivedData/SDKExplicitPrecompiledModules/AVFoundation-EPE1OBOP1126QTAL5QEGZFKYT.pcm
SwiftExplicitDependencyGeneratePcm arm64_32 /Users/admin/builder/spi-builder-workspace/.derivedData/SDKExplicitPrecompiledModules/UIKit-6PPV7YPZ89CZPHYAP072QH8B6.pcm
SwiftExplicitDependencyGeneratePcm arm64 /Users/admin/builder/spi-builder-workspace/.derivedData/SDKExplicitPrecompiledModules/UIKit-27R3P1YMV4C6JLDT661G3MRIA.pcm
SwiftExplicitDependencyGeneratePcm arm64 /Users/admin/builder/spi-builder-workspace/.derivedData/SDKExplicitPrecompiledModules/AVFoundation-78VW43DHMXH57E9M5JLISD2E9.pcm
SwiftExplicitDependencyGeneratePcm arm64_32 /Users/admin/builder/spi-builder-workspace/.derivedData/SDKExplicitPrecompiledModules/HomeKit-DUDZOMSN3UK8GNTNBNMPIWJRN.pcm
SwiftExplicitDependencyGeneratePcm arm64_32 /Users/admin/builder/spi-builder-workspace/.derivedData/SDKExplicitPrecompiledModules/MapKit-CWGB4YMP1VX1NYQN5FULFD5DR.pcm
SwiftExplicitDependencyGeneratePcm arm64 /Users/admin/builder/spi-builder-workspace/.derivedData/SDKExplicitPrecompiledModules/MapKit-EJJWC7IL56MPLQMI93GJRE5OG.pcm
SwiftExplicitDependencyGeneratePcm arm64 /Users/admin/builder/spi-builder-workspace/.derivedData/SDKExplicitPrecompiledModules/HomeKit-DTS1N4AWILAL1URZ5IOXV5221.pcm
SwiftExplicitDependencyGeneratePcm arm64_32 /Users/admin/builder/spi-builder-workspace/.derivedData/SDKExplicitPrecompiledModules/WatchKit-FHF6WTKLC2APGK3LA2XJ6516.pcm
SwiftExplicitDependencyGeneratePcm arm64 /Users/admin/builder/spi-builder-workspace/.derivedData/SDKExplicitPrecompiledModules/WatchKit-3VT3K8YON6FJ6OWSUFJMFMP8J.pcm
SwiftExplicitDependencyGeneratePcm arm64_32 /Users/admin/builder/spi-builder-workspace/.derivedData/SDKExplicitPrecompiledModules/SwiftUI-9AYG9OCT5VOJK7V4MX1WYR86T.pcm
SwiftExplicitDependencyGeneratePcm arm64 /Users/admin/builder/spi-builder-workspace/.derivedData/SDKExplicitPrecompiledModules/SwiftUI-APXDH8ULYLM6FD17YRA73TULO.pcm
SwiftCompile normal arm64_32 Compiling\ Pop.swift,\ Skid.swift,\ Swoosh.swift,\ Vanish.swift,\ Wipe.swift,\ GeneratedAssetSymbols.swift /Users/admin/builder/spi-builder-workspace/Sources/Pow/Transitions/Pop.swift /Users/admin/builder/spi-builder-workspace/Sources/Pow/Transitions/Skid.swift /Users/admin/builder/spi-builder-workspace/Sources/Pow/Transitions/Swoosh.swift /Users/admin/builder/spi-builder-workspace/Sources/Pow/Transitions/Vanish.swift /Users/admin/builder/spi-builder-workspace/Sources/Pow/Transitions/Wipe.swift /Users/admin/builder/spi-builder-workspace/.derivedData/Build/Intermediates.noindex/Pow.build/Debug-watchos/Pow-t.build/DerivedSources/GeneratedAssetSymbols.swift (in target 'Pow' from project 'Pow')
SwiftCompile normal arm64_32 /Users/admin/builder/spi-builder-workspace/Sources/Pow/Transitions/Pop.swift (in target 'Pow' from project 'Pow')
cd /Users/admin/builder/spi-builder-workspace/.swiftpm/xcode
builtin-SwiftPerFileCompile Pop.swift
SwiftCompile normal arm64_32 /Users/admin/builder/spi-builder-workspace/Sources/Pow/Transitions/Skid.swift (in target 'Pow' from project 'Pow')
cd /Users/admin/builder/spi-builder-workspace/.swiftpm/xcode
builtin-SwiftPerFileCompile Skid.swift
SwiftCompile normal arm64_32 /Users/admin/builder/spi-builder-workspace/Sources/Pow/Transitions/Swoosh.swift (in target 'Pow' from project 'Pow')
cd /Users/admin/builder/spi-builder-workspace/.swiftpm/xcode
builtin-SwiftPerFileCompile Swoosh.swift
SwiftCompile normal arm64_32 /Users/admin/builder/spi-builder-workspace/Sources/Pow/Transitions/Vanish.swift (in target 'Pow' from project 'Pow')
cd /Users/admin/builder/spi-builder-workspace/.swiftpm/xcode
builtin-SwiftPerFileCompile Vanish.swift
SwiftCompile normal arm64_32 /Users/admin/builder/spi-builder-workspace/Sources/Pow/Transitions/Wipe.swift (in target 'Pow' from project 'Pow')
cd /Users/admin/builder/spi-builder-workspace/.swiftpm/xcode
builtin-SwiftPerFileCompile Wipe.swift
SwiftCompile normal arm64_32 /Users/admin/builder/spi-builder-workspace/.derivedData/Build/Intermediates.noindex/Pow.build/Debug-watchos/Pow-t.build/DerivedSources/GeneratedAssetSymbols.swift (in target 'Pow' from project 'Pow')
cd /Users/admin/builder/spi-builder-workspace/.swiftpm/xcode
builtin-SwiftPerFileCompile GeneratedAssetSymbols.swift
SwiftEmitModule normal arm64_32 Emitting\ module\ for\ Pow (in target 'Pow' from project 'Pow')
/Users/admin/builder/spi-builder-workspace/Sources/Pow/Effects/SmokeEffect.swift:120:40: error: cannot find type 'EmitterView' in scope
118 | var seed: UInt32
119 |
120 | func makeView(context: Context) -> EmitterView {
| `- error: cannot find type 'EmitterView' in scope
121 | let view = EmitterView()
122 |
/Users/admin/builder/spi-builder-workspace/Sources/Pow/Effects/SmokeEffect.swift:120:28: error: cannot find type 'Context' in scope
118 | var seed: UInt32
119 |
120 | func makeView(context: Context) -> EmitterView {
| `- error: cannot find type 'Context' in scope
121 | let view = EmitterView()
122 |
/Users/admin/builder/spi-builder-workspace/Sources/Pow/Effects/SmokeEffect.swift:170:29: error: cannot find type 'EmitterView' in scope
168 | }
169 |
170 | func updateView(_ view: EmitterView, context: Context) {
| `- error: cannot find type 'EmitterView' in scope
171 | view.emitterLayer.lifetime = isActive ? 1 : 0
172 | }
/Users/admin/builder/spi-builder-workspace/Sources/Pow/Effects/SmokeEffect.swift:170:51: error: cannot find type 'Context' in scope
168 | }
169 |
170 | func updateView(_ view: EmitterView, context: Context) {
| `- error: cannot find type 'Context' in scope
171 | view.emitterLayer.lifetime = isActive ? 1 : 0
172 | }
/Users/admin/builder/spi-builder-workspace/Sources/Pow/Effects/SmokeEffect.swift:111:32: error: cannot find type 'ViewRepresentable' in scope
109 | #endif
110 |
111 | private struct SmokeLayerView: ViewRepresentable {
| `- error: cannot find type 'ViewRepresentable' in scope
112 | var size: CGSize
113 |
Failed frontend command:
/Applications/Xcode-27.0.0-Release.Candidate.app/Contents/Developer/Toolchains/XcodeDefault.xctoolchain/usr/bin/swift-frontend -frontend -emit-module -experimental-skip-non-inlinable-function-bodies-without-types /Users/admin/builder/spi-builder-workspace/.derivedData/Build/Intermediates.noindex/Pow.build/Debug-watchos/Pow-t.build/DerivedSources/resource_bundle_accessor.swift /Users/admin/builder/spi-builder-workspace/Sources/Pow/Effects/GlowEffect.swift /Users/admin/builder/spi-builder-workspace/Sources/Pow/Effects/HapticFeedbackEffect.swift /Users/admin/builder/spi-builder-workspace/Sources/Pow/Effects/JumpEffect.swift /Users/admin/builder/spi-builder-workspace/Sources/Pow/Effects/PingEffect.swift /Users/admin/builder/spi-builder-workspace/Sources/Pow/Effects/PulseEffect.swift /Users/admin/builder/spi-builder-workspace/Sources/Pow/Effects/PushDownEffect.swift /Users/admin/builder/spi-builder-workspace/Sources/Pow/Effects/RisingParticleEffect.swift /Users/admin/builder/spi-builder-workspace/Sources/Pow/Effects/ShakeEffect.swift /Users/admin/builder/spi-builder-workspace/Sources/Pow/Effects/ShineEffect.swift /Users/admin/builder/spi-builder-workspace/Sources/Pow/Effects/SmokeEffect.swift /Users/admin/builder/spi-builder-workspace/Sources/Pow/Effects/SoundEffect.swift /Users/admin/builder/spi-builder-workspace/Sources/Pow/Effects/SpinEffect.swift /Users/admin/builder/spi-builder-workspace/Sources/Pow/Effects/SprayEffect.swift /Users/admin/builder/spi-builder-workspace/Sources/Pow/Effects/WiggleEffect.swift /Users/admin/builder/spi-builder-workspace/Sources/Pow/Extensions/Animation+TimingCurves.swift /Users/admin/builder/spi-builder-workspace/Sources/Pow/Extensions/CGAffineTransform+Shear.swift /Users/admin/builder/spi-builder-workspace/Sources/Pow/Extensions/CGPoint+Utilities.swift /Users/admin/builder/spi-builder-workspace/Sources/Pow/Extensions/CGRect+Utilities.swift /Users/admin/builder/spi-builder-workspace/Sources/Pow/Extensions/CGSize+Utilities.swift /Users/admin/builder/spi-builder-workspace/Sources/Pow/Extensions/Duration+TimeInterval.swift /Users/admin/builder/spi-builder-workspace/Sources/Pow/Extensions/ProjectionTransform+Utilities.swift /Users/admin/builder/spi-builder-workspace/Sources/Pow/Extensions/UnitPoint+CircularCoordinates.swift /Users/admin/builder/spi-builder-workspace/Sources/Pow/Extensions/ViewModifier+DefaultAnimation.swift /Users/admin/builder/spi-builder-workspace/Sources/Pow/Extensions/simd+Utilities.swift /Users/admin/builder/spi-builder-workspace/Sources/Pow/Infrastructure/AngleControl.swift /Users/admin/builder/spi-builder-workspace/Sources/Pow/Infrastructure/AnyAnimatableViewModifier.swift /Users/admin/builder/spi-builder-workspace/Sources/Pow/Infrastructure/AnyChangeEffect.swift /Users/admin/builder/spi-builder-workspace/Sources/Pow/Infrastructure/AnyContinuousEffect.swift /Users/admin/builder/spi-builder-workspace/Sources/Pow/Infrastructure/AnyViewModifier.swift /Users/admin/builder/spi-builder-workspace/Sources/Pow/Infrastructure/Haptics.swift /Users/admin/builder/spi-builder-workspace/Sources/Pow/Infrastructure/MathUtilities.swift /Users/admin/builder/spi-builder-workspace/Sources/Pow/Infrastructure/Namespace.swift /Users/admin/builder/spi-builder-workspace/Sources/Pow/Infrastructure/OnChangeEffect.swift /Users/admin/builder/spi-builder-workspace/Sources/Pow/Infrastructure/ParticleLayer.swift /Users/admin/builder/spi-builder-workspace/Sources/Pow/Infrastructure/ProgressableAnimation.swift /Users/admin/builder/spi-builder-workspace/Sources/Pow/Infrastructure/Scaled.swift /Users/admin/builder/spi-builder-workspace/Sources/Pow/Infrastructure/SecondOrderDynamics.swift /Users/admin/builder/spi-builder-workspace/Sources/Pow/Infrastructure/SeededRandomNumberGenerator.swift /Users/admin/builder/spi-builder-workspace/Sources/Pow/Infrastructure/Simulative.swift /Users/admin/builder/spi-builder-workspace/Sources/Pow/Infrastructure/Spring.swift /Users/admin/builder/spi-builder-workspace/Sources/Pow/Infrastructure/TRS.swift /Users/admin/builder/spi-builder-workspace/Sources/Pow/Infrastructure/Transform3DEffect.swift /Users/admin/builder/spi-builder-workspace/Sources/Pow/Infrastructure/ViewRepresentable.swift /Users/admin/builder/spi-builder-workspace/Sources/Pow/Infrastructure/WhileEffect.swift /Users/admin/builder/spi-builder-workspace/Sources/Pow/Transitions/Anvil.swift /Users/admin/builder/spi-builder-workspace/Sources/Pow/Transitions/Blinds.swift /Users/admin/builder/spi-builder-workspace/Sources/Pow/Transitions/Blur.swift /Users/admin/builder/spi-builder-workspace/Sources/Pow/Transitions/Boing.swift /Users/admin/builder/spi-builder-workspace/Sources/Pow/Transitions/Clock.swift /Users/admin/builder/spi-builder-workspace/Sources/Pow/Transitions/FilmExposure.swift /Users/admin/builder/spi-builder-workspace/Sources/Pow/Transitions/Flicker.swift /Users/admin/builder/spi-builder-workspace/Sources/Pow/Transitions/Flip.swift /Users/admin/builder/spi-builder-workspace/Sources/Pow/Transitions/Glare.swift /Users/admin/builder/spi-builder-workspace/Sources/Pow/Transitions/Iris.swift /Users/admin/builder/spi-builder-workspace/Sources/Pow/Transitions/Move.swift /Users/admin/builder/spi-builder-workspace/Sources/Pow/Transitions/Poof.swift /Users/admin/builder/spi-builder-workspace/Sources/Pow/Transitions/Pop.swift /Users/admin/builder/spi-builder-workspace/Sources/Pow/Transitions/Skid.swift /Users/admin/builder/spi-builder-workspace/Sources/Pow/Transitions/Swoosh.swift /Users/admin/builder/spi-builder-workspace/Sources/Pow/Transitions/Vanish.swift /Users/admin/builder/spi-builder-workspace/Sources/Pow/Transitions/Wipe.swift /Users/admin/builder/spi-builder-workspace/.derivedData/Build/Intermediates.noindex/Pow.build/Debug-watchos/Pow-t.build/DerivedSources/GeneratedAssetSymbols.swift -target arm64_32-apple-watchos9.0 -module-can-import-version DeveloperToolsSupport 24.0.24 24.0.24 -module-can-import-version SwiftUI 8.0.84.1 8.0.84 -module-can-import-version UIKit 9127.0.84.1 9127.0.84 -disable-cross-import-overlay-search -load-resolved-plugin /Applications/Xcode-27.0.0-Release.Candidate.app/Contents/Developer/Platforms/WatchOS.platform/Developer/usr/lib/swift/host/plugins/libFoundationMacros.dylib\#/Applications/Xcode-27.0.0-Release.Candidate.app/Contents/Developer/Platforms/WatchOS.platform/Developer/usr/bin/swift-plugin-server\#FoundationMacros -load-resolved-plugin /Applications/Xcode-27.0.0-Release.Candidate.app/Contents/Developer/Platforms/WatchOS.platform/Developer/usr/lib/swift/host/plugins/libObservationMacros.dylib\#/Applications/Xcode-27.0.0-Release.Candidate.app/Contents/Developer/Platforms/WatchOS.platform/Developer/usr/bin/swift-plugin-server\#ObservationMacros -load-resolved-plugin /Applications/Xcode-27.0.0-Release.Candidate.app/Contents/Developer/Platforms/WatchOS.platform/Developer/usr/lib/swift/host/plugins/libPreviewsMacros.dylib\#/Applications/Xcode-27.0.0-Release.Candidate.app/Contents/Developer/Platforms/WatchOS.platform/Developer/usr/bin/swift-plugin-server\#PreviewsMacros -load-resolved-plugin /Applications/Xcode-27.0.0-Release.Candidate.app/Contents/Developer/Platforms/WatchOS.platform/Developer/usr/lib/swift/host/plugins/libSwiftMacros.dylib\#/Applications/Xcode-27.0.0-Release.Candidate.app/Contents/Developer/Platforms/WatchOS.platform/Developer/usr/bin/swift-plugin-server\#SwiftMacros -load-resolved-plugin /Applications/Xcode-27.0.0-Release.Candidate.app/Contents/Developer/Platforms/WatchOS.platform/Developer/usr/lib/swift/host/plugins/libSwiftUIMacros.dylib\#/Applications/Xcode-27.0.0-Release.Candidate.app/Contents/Developer/Platforms/WatchOS.platform/Developer/usr/bin/swift-plugin-server\#SwiftUIMacros -disable-implicit-swift-modules -Xcc -fno-implicit-modules -Xcc -fno-implicit-module-maps -explicit-swift-module-map-file /Users/admin/builder/spi-builder-workspace/.derivedData/Build/Intermediates.noindex/Pow.build/Debug-watchos/Pow-t.build/Objects-normal/arm64_32/Pow-dependencies-2.json -enable-objc-interop -sdk /Applications/Xcode-27.0.0-Release.Candidate.app/Contents/Developer/Platforms/WatchOS.platform/Developer/SDKs/WatchOS27.0.sdk -I /Users/admin/builder/spi-builder-workspace/.derivedData/Build/Products/Debug-watchos -Isystem /Applications/Xcode-27.0.0-Release.Candidate.app/Contents/Developer/Platforms/WatchOS.platform/Developer/usr/lib -F /Users/admin/builder/spi-builder-workspace/.derivedData/Build/Products/Debug-watchos -F /Applications/Xcode-27.0.0-Release.Candidate.app/Contents/Developer/Platforms/WatchOS.platform/Developer/Library/Frameworks -F /Applications/Xcode-27.0.0-Release.Candidate.app/Contents/Developer/Platforms/WatchOS.platform/Developer/SDKs/WatchOS27.0.sdk/Developer/Library/Frameworks -module-cache-path /Users/admin/builder/spi-builder-workspace/.derivedData/Build/Intermediates.noindex/SwiftExplicitPrecompiledModules -no-color-diagnostics -Xcc -fno-color-diagnostics -enable-testing -g -debug-info-format\=dwarf -dwarf-version\=4 -profile-generate -profile-coverage-mapping -swift-version 5 -Onone -D SWIFT_PACKAGE -D DEBUG -D SWIFT_MODULE_RESOURCE_BUNDLE_AVAILABLE -D Xcode -serialize-debugging-options -enable-experimental-feature DebugDescriptionMacro -empty-abi-descriptor -validate-clang-modules-once -clang-build-session-file /Users/admin/builder/spi-builder-workspace/.derivedData/ModuleCache.noindex/Session.modulevalidation -Xcc -working-directory -Xcc /Users/admin/builder/spi-builder-workspace/.swiftpm/xcode -enable-anonymous-context-mangled-names -file-compilation-dir /Users/admin/builder/spi-builder-workspace/.swiftpm/xcode -Xcc -D_LIBCPP_HARDENING_MODE\=_LIBCPP_HARDENING_MODE_DEBUG -Xcc -ivfsstatcache -Xcc /Users/admin/builder/spi-builder-workspace/.derivedData/SDKStatCaches.noindex/watchos27.0-24R360-e829b21a6f8c9b70876ba0858053c04477534ef55a1706bf4c1112bbb242f0a2.sdkstatcache -Xcc -fmodules-prune-interval\=86400 -Xcc -fmodules-prune-after\=345600 -Xcc -I/Users/admin/builder/spi-builder-workspace/.derivedData/Build/Products/Debug-watchos/include -Xcc -I/Users/admin/builder/spi-builder-workspace/.derivedData/Build/Intermediates.noindex/Pow.build/Debug-watchos/Pow-t.build/DerivedSources-normal/arm64_32 -Xcc -I/Users/admin/builder/spi-builder-workspace/.derivedData/Build/Intermediates.noindex/Pow.build/Debug-watchos/Pow-t.build/DerivedSources/arm64_32 -Xcc -I/Users/admin/builder/spi-builder-workspace/.derivedData/Build/Intermediates.noindex/Pow.build/Debug-watchos/Pow-t.build/DerivedSources -Xcc -DSWIFT_PACKAGE -Xcc -DDEBUG\=1 -no-auto-bridging-header-chaining -module-name Pow -const-gather-protocols-file /Users/admin/builder/spi-builder-workspace/.derivedData/Build/Intermediates.noindex/Pow.build/Debug-watchos/Pow-t.build/Objects-normal/arm64_32/Pow_const_extract_protocols.json -disable-clang-spi -clang-target arm64_32-apple-watchos27.0 -target-sdk-version 27.0 -target-sdk-name watchos27.0 -in-process-plugin-server-path /Applications/Xcode-27.0.0-Release.Candidate.app/Contents/Developer/Toolchains/XcodeDefault.xctoolchain/usr/lib/swift/host/libSwiftInProcPluginServer.dylib -emit-module-doc-path /Users/admin/builder/spi-builder-workspace/.derivedData/Build/Intermediates.noindex/Pow.build/Debug-watchos/Pow-t.build/Objects-normal/arm64_32/Pow.swiftdoc -emit-module-source-info-path /Users/admin/builder/spi-builder-workspace/.derivedData/Build/Intermediates.noindex/Pow.build/Debug-watchos/Pow-t.build/Objects-normal/arm64_32/Pow.swiftsourceinfo -emit-objc-header-path /Users/admin/builder/spi-builder-workspace/.derivedData/Build/Intermediates.noindex/Pow.build/Debug-watchos/Pow-t.build/Objects-normal/arm64_32/Pow-Swift.h -serialize-diagnostics-path /Users/admin/builder/spi-builder-workspace/.derivedData/Build/Intermediates.noindex/Pow.build/Debug-watchos/Pow-t.build/Objects-normal/arm64_32/Pow-primary-emit-module.dia -emit-dependencies-path /Users/admin/builder/spi-builder-workspace/.derivedData/Build/Intermediates.noindex/Pow.build/Debug-watchos/Pow-t.build/Objects-normal/arm64_32/Pow-primary-emit-module.d -parse-as-library -o /Users/admin/builder/spi-builder-workspace/.derivedData/Build/Intermediates.noindex/Pow.build/Debug-watchos/Pow-t.build/Objects-normal/arm64_32/Pow.swiftmodule -emit-abi-descriptor-path /Users/admin/builder/spi-builder-workspace/.derivedData/Build/Intermediates.noindex/Pow.build/Debug-watchos/Pow-t.build/Objects-normal/arm64_32/Pow.abi.json
SwiftCompile normal arm64_32 (in target 'Pow' from project 'Pow')
cd /Users/admin/builder/spi-builder-workspace/.swiftpm/xcode
SwiftCompile normal arm64_32 Compiling\ OnChangeEffect.swift,\ ParticleLayer.swift,\ ProgressableAnimation.swift,\ Scaled.swift,\ SecondOrderDynamics.swift,\ SeededRandomNumberGenerator.swift /Users/admin/builder/spi-builder-workspace/Sources/Pow/Infrastructure/OnChangeEffect.swift /Users/admin/builder/spi-builder-workspace/Sources/Pow/Infrastructure/ParticleLayer.swift /Users/admin/builder/spi-builder-workspace/Sources/Pow/Infrastructure/ProgressableAnimation.swift /Users/admin/builder/spi-builder-workspace/Sources/Pow/Infrastructure/Scaled.swift /Users/admin/builder/spi-builder-workspace/Sources/Pow/Infrastructure/SecondOrderDynamics.swift /Users/admin/builder/spi-builder-workspace/Sources/Pow/Infrastructure/SeededRandomNumberGenerator.swift (in target 'Pow' from project 'Pow')
SwiftCompile normal arm64_32 /Users/admin/builder/spi-builder-workspace/Sources/Pow/Infrastructure/OnChangeEffect.swift (in target 'Pow' from project 'Pow')
cd /Users/admin/builder/spi-builder-workspace/.swiftpm/xcode
builtin-SwiftPerFileCompile OnChangeEffect.swift
SwiftCompile normal arm64_32 /Users/admin/builder/spi-builder-workspace/Sources/Pow/Infrastructure/ParticleLayer.swift (in target 'Pow' from project 'Pow')
cd /Users/admin/builder/spi-builder-workspace/.swiftpm/xcode
builtin-SwiftPerFileCompile ParticleLayer.swift
SwiftCompile normal arm64_32 /Users/admin/builder/spi-builder-workspace/Sources/Pow/Infrastructure/ProgressableAnimation.swift (in target 'Pow' from project 'Pow')
cd /Users/admin/builder/spi-builder-workspace/.swiftpm/xcode
builtin-SwiftPerFileCompile ProgressableAnimation.swift
SwiftCompile normal arm64_32 /Users/admin/builder/spi-builder-workspace/Sources/Pow/Infrastructure/Scaled.swift (in target 'Pow' from project 'Pow')
cd /Users/admin/builder/spi-builder-workspace/.swiftpm/xcode
builtin-SwiftPerFileCompile Scaled.swift
SwiftCompile normal arm64_32 /Users/admin/builder/spi-builder-workspace/Sources/Pow/Infrastructure/SecondOrderDynamics.swift (in target 'Pow' from project 'Pow')
cd /Users/admin/builder/spi-builder-workspace/.swiftpm/xcode
builtin-SwiftPerFileCompile SecondOrderDynamics.swift
SwiftCompile normal arm64_32 /Users/admin/builder/spi-builder-workspace/Sources/Pow/Infrastructure/SeededRandomNumberGenerator.swift (in target 'Pow' from project 'Pow')
cd /Users/admin/builder/spi-builder-workspace/.swiftpm/xcode
builtin-SwiftPerFileCompile SeededRandomNumberGenerator.swift
SwiftCompile normal arm64_32 Compiling\ ProjectionTransform+Utilities.swift,\ UnitPoint+CircularCoordinates.swift,\ ViewModifier+DefaultAnimation.swift,\ simd+Utilities.swift,\ AngleControl.swift,\ AnyAnimatableViewModifier.swift /Users/admin/builder/spi-builder-workspace/Sources/Pow/Extensions/ProjectionTransform+Utilities.swift /Users/admin/builder/spi-builder-workspace/Sources/Pow/Extensions/UnitPoint+CircularCoordinates.swift /Users/admin/builder/spi-builder-workspace/Sources/Pow/Extensions/ViewModifier+DefaultAnimation.swift /Users/admin/builder/spi-builder-workspace/Sources/Pow/Extensions/simd+Utilities.swift /Users/admin/builder/spi-builder-workspace/Sources/Pow/Infrastructure/AngleControl.swift /Users/admin/builder/spi-builder-workspace/Sources/Pow/Infrastructure/AnyAnimatableViewModifier.swift (in target 'Pow' from project 'Pow')
SwiftCompile normal arm64_32 /Users/admin/builder/spi-builder-workspace/Sources/Pow/Extensions/ProjectionTransform+Utilities.swift (in target 'Pow' from project 'Pow')
cd /Users/admin/builder/spi-builder-workspace/.swiftpm/xcode
builtin-SwiftPerFileCompile ProjectionTransform+Utilities.swift
SwiftCompile normal arm64_32 /Users/admin/builder/spi-builder-workspace/Sources/Pow/Extensions/UnitPoint+CircularCoordinates.swift (in target 'Pow' from project 'Pow')
cd /Users/admin/builder/spi-builder-workspace/.swiftpm/xcode
builtin-SwiftPerFileCompile UnitPoint+CircularCoordinates.swift
SwiftCompile normal arm64_32 /Users/admin/builder/spi-builder-workspace/Sources/Pow/Extensions/ViewModifier+DefaultAnimation.swift (in target 'Pow' from project 'Pow')
cd /Users/admin/builder/spi-builder-workspace/.swiftpm/xcode
builtin-SwiftPerFileCompile ViewModifier+DefaultAnimation.swift
SwiftCompile normal arm64_32 /Users/admin/builder/spi-builder-workspace/Sources/Pow/Extensions/simd+Utilities.swift (in target 'Pow' from project 'Pow')
cd /Users/admin/builder/spi-builder-workspace/.swiftpm/xcode
builtin-SwiftPerFileCompile simd+Utilities.swift
SwiftCompile normal arm64_32 /Users/admin/builder/spi-builder-workspace/Sources/Pow/Infrastructure/AngleControl.swift (in target 'Pow' from project 'Pow')
cd /Users/admin/builder/spi-builder-workspace/.swiftpm/xcode
builtin-SwiftPerFileCompile AngleControl.swift
SwiftCompile normal arm64_32 /Users/admin/builder/spi-builder-workspace/Sources/Pow/Infrastructure/AnyAnimatableViewModifier.swift (in target 'Pow' from project 'Pow')
cd /Users/admin/builder/spi-builder-workspace/.swiftpm/xcode
builtin-SwiftPerFileCompile AnyAnimatableViewModifier.swift
/Users/admin/builder/spi-builder-workspace/Sources/Pow/Extensions/ProjectionTransform+Utilities.swift:6:17: error: 'CATransform3D' is unavailable in watchOS
4 | internal extension ProjectionTransform {
5 | init(_ m: simd_double4x4) {
6 | let d = CATransform3D(
| `- error: 'CATransform3D' is unavailable in watchOS
7 | m11: m[0][0], m12: m[0][1], m13: m[0][2], m14: m[0][3],
8 | m21: m[1][0], m22: m[1][1], m23: m[1][2], m24: m[1][3],
/Applications/Xcode-27.0.0-Release.Candidate.app/Contents/Developer/Platforms/WatchOS.platform/Developer/SDKs/WatchOS27.0.sdk/System/Library/Frameworks/QuartzCore.framework/Headers/CATransform3D.h:17:8: note: 'CATransform3D' has been explicitly marked unavailable here
15 | /* Homogeneous three-dimensional transforms. */
16 |
17 | struct CATransform3D
| `- note: 'CATransform3D' has been explicitly marked unavailable here
18 | {
19 | CGFloat m11, m12, m13, m14;
SwiftCompile normal arm64_32 Compiling\ AnyChangeEffect.swift,\ AnyContinuousEffect.swift,\ AnyViewModifier.swift,\ Haptics.swift,\ MathUtilities.swift,\ Namespace.swift /Users/admin/builder/spi-builder-workspace/Sources/Pow/Infrastructure/AnyChangeEffect.swift /Users/admin/builder/spi-builder-workspace/Sources/Pow/Infrastructure/AnyContinuousEffect.swift /Users/admin/builder/spi-builder-workspace/Sources/Pow/Infrastructure/AnyViewModifier.swift /Users/admin/builder/spi-builder-workspace/Sources/Pow/Infrastructure/Haptics.swift /Users/admin/builder/spi-builder-workspace/Sources/Pow/Infrastructure/MathUtilities.swift /Users/admin/builder/spi-builder-workspace/Sources/Pow/Infrastructure/Namespace.swift (in target 'Pow' from project 'Pow')
SwiftCompile normal arm64_32 /Users/admin/builder/spi-builder-workspace/Sources/Pow/Infrastructure/AnyChangeEffect.swift (in target 'Pow' from project 'Pow')
cd /Users/admin/builder/spi-builder-workspace/.swiftpm/xcode
builtin-SwiftPerFileCompile AnyChangeEffect.swift
SwiftCompile normal arm64_32 /Users/admin/builder/spi-builder-workspace/Sources/Pow/Infrastructure/AnyContinuousEffect.swift (in target 'Pow' from project 'Pow')
cd /Users/admin/builder/spi-builder-workspace/.swiftpm/xcode
builtin-SwiftPerFileCompile AnyContinuousEffect.swift
SwiftCompile normal arm64_32 /Users/admin/builder/spi-builder-workspace/Sources/Pow/Infrastructure/AnyViewModifier.swift (in target 'Pow' from project 'Pow')
cd /Users/admin/builder/spi-builder-workspace/.swiftpm/xcode
builtin-SwiftPerFileCompile AnyViewModifier.swift
SwiftCompile normal arm64_32 /Users/admin/builder/spi-builder-workspace/Sources/Pow/Infrastructure/Haptics.swift (in target 'Pow' from project 'Pow')
cd /Users/admin/builder/spi-builder-workspace/.swiftpm/xcode
builtin-SwiftPerFileCompile Haptics.swift
SwiftCompile normal arm64_32 /Users/admin/builder/spi-builder-workspace/Sources/Pow/Infrastructure/MathUtilities.swift (in target 'Pow' from project 'Pow')
cd /Users/admin/builder/spi-builder-workspace/.swiftpm/xcode
builtin-SwiftPerFileCompile MathUtilities.swift
SwiftCompile normal arm64_32 /Users/admin/builder/spi-builder-workspace/Sources/Pow/Infrastructure/Namespace.swift (in target 'Pow' from project 'Pow')
cd /Users/admin/builder/spi-builder-workspace/.swiftpm/xcode
builtin-SwiftPerFileCompile Namespace.swift
SwiftCompile normal arm64_32 Compiling\ RisingParticleEffect.swift,\ ShakeEffect.swift,\ ShineEffect.swift,\ SmokeEffect.swift,\ SoundEffect.swift,\ SpinEffect.swift,\ SprayEffect.swift /Users/admin/builder/spi-builder-workspace/Sources/Pow/Effects/RisingParticleEffect.swift /Users/admin/builder/spi-builder-workspace/Sources/Pow/Effects/ShakeEffect.swift /Users/admin/builder/spi-builder-workspace/Sources/Pow/Effects/ShineEffect.swift /Users/admin/builder/spi-builder-workspace/Sources/Pow/Effects/SmokeEffect.swift /Users/admin/builder/spi-builder-workspace/Sources/Pow/Effects/SoundEffect.swift /Users/admin/builder/spi-builder-workspace/Sources/Pow/Effects/SpinEffect.swift /Users/admin/builder/spi-builder-workspace/Sources/Pow/Effects/SprayEffect.swift (in target 'Pow' from project 'Pow')
/Users/admin/builder/spi-builder-workspace/Sources/Pow/Effects/SmokeEffect.swift:120:40: error: cannot find type 'EmitterView' in scope
118 | var seed: UInt32
119 |
120 | func makeView(context: Context) -> EmitterView {
| `- error: cannot find type 'EmitterView' in scope
121 | let view = EmitterView()
122 |
/Users/admin/builder/spi-builder-workspace/Sources/Pow/Effects/SmokeEffect.swift:120:28: error: cannot find type 'Context' in scope
118 | var seed: UInt32
119 |
120 | func makeView(context: Context) -> EmitterView {
| `- error: cannot find type 'Context' in scope
121 | let view = EmitterView()
122 |
/Users/admin/builder/spi-builder-workspace/Sources/Pow/Effects/SmokeEffect.swift:170:29: error: cannot find type 'EmitterView' in scope
168 | }
169 |
170 | func updateView(_ view: EmitterView, context: Context) {
| `- error: cannot find type 'EmitterView' in scope
171 | view.emitterLayer.lifetime = isActive ? 1 : 0
172 | }
/Users/admin/builder/spi-builder-workspace/Sources/Pow/Effects/SmokeEffect.swift:170:51: error: cannot find type 'Context' in scope
168 | }
169 |
170 | func updateView(_ view: EmitterView, context: Context) {
| `- error: cannot find type 'Context' in scope
171 | view.emitterLayer.lifetime = isActive ? 1 : 0
172 | }
/Users/admin/builder/spi-builder-workspace/Sources/Pow/Effects/SmokeEffect.swift:111:32: error: cannot find type 'ViewRepresentable' in scope
109 | #endif
110 |
111 | private struct SmokeLayerView: ViewRepresentable {
| `- error: cannot find type 'ViewRepresentable' in scope
112 | var size: CGSize
113 |
/Users/admin/builder/spi-builder-workspace/Sources/Pow/Effects/SmokeEffect.swift:66:84: error: cannot find 'image' in scope
64 | #endif
65 |
66 | SmokeLayerView(size: proxy.size, isActive: isActive, particle: image, seed: UInt32(offset))
| `- error: cannot find 'image' in scope
67 | }
68 | }
/Users/admin/builder/spi-builder-workspace/Sources/Pow/Effects/SmokeEffect.swift:121:20: error: cannot find 'EmitterView' in scope
119 |
120 | func makeView(context: Context) -> EmitterView {
121 | let view = EmitterView()
| `- error: cannot find 'EmitterView' in scope
122 |
123 | let emitterLayer = view.emitterLayer
/Users/admin/builder/spi-builder-workspace/Sources/Pow/Effects/SmokeEffect.swift:140:42: error: cannot infer contextual base in reference to member 'rectangle'
138 | .insetBy(dx: inset, dy: inset)
139 | .size
140 | emitterLayer.emitterShape = .rectangle
| `- error: cannot infer contextual base in reference to member 'rectangle'
141 |
142 | let cell = CAEmitterCell()
/Users/admin/builder/spi-builder-workspace/Sources/Pow/Effects/SmokeEffect.swift:142:24: error: 'CAEmitterCell' is unavailable in watchOS
140 | emitterLayer.emitterShape = .rectangle
141 |
142 | let cell = CAEmitterCell()
| `- error: 'CAEmitterCell' is unavailable in watchOS
143 | cell.birthRate = max(10.0, Float(size.width / 5.0))
144 | cell.lifetime = 1.5
/Applications/Xcode-27.0.0-Release.Candidate.app/Contents/Developer/Platforms/WatchOS.platform/Developer/SDKs/WatchOS27.0.sdk/System/Library/Frameworks/QuartzCore.framework/Headers/CAEmitterCell.h:13:12: note: 'CAEmitterCell' has been explicitly marked unavailable here
11 |
12 | API_AVAILABLE(macos(10.6), ios(5.0), tvos(9.0)) API_UNAVAILABLE(watchos)
13 | @interface CAEmitterCell : NSObject <NSSecureCoding, CAMediaTiming>
| `- note: 'CAEmitterCell' has been explicitly marked unavailable here
14 | {
15 | @private
/Users/admin/builder/spi-builder-workspace/Sources/Pow/Effects/SmokeEffect.swift:182:13: error: 'GroupBox' is unavailable in watchOS
180 |
181 | var body: some View {
182 | GroupBox("Smoke") {
| `- error: 'GroupBox' is unavailable in watchOS
183 | VStack {
184 | Toggle("Enabled", isOn: $isEnabled)
SwiftUI.GroupBox:4:27: note: 'GroupBox' has been explicitly marked unavailable here
2 | @available(tvOS, unavailable)
3 | @available(watchOS, unavailable)
4 | nonisolated public struct GroupBox<Label, Content> : View, ~Sendable where Label : View, Content : View {
| `- note: 'GroupBox' has been explicitly marked unavailable here
5 | @available(iOS 14.0, macOS 10.15, *)
6 | @available(tvOS, unavailable)
/Users/admin/builder/spi-builder-workspace/Sources/Pow/Effects/SmokeEffect.swift:182:13: error: 'init(_:content:)' is unavailable in watchOS
180 |
181 | var body: some View {
182 | GroupBox("Smoke") {
| `- error: 'init(_:content:)' is unavailable in watchOS
183 | VStack {
184 | Toggle("Enabled", isOn: $isEnabled)
SwiftUI.GroupBox.init:2:20: note: 'init(_:content:)' has been explicitly marked unavailable here
1 | generic struct GroupBox {
2 | nonisolated public init(_ titleKey: LocalizedStringKey, @ContentBuilder content: () -> Content)}
| `- note: 'init(_:content:)' has been explicitly marked unavailable here
3 |
/Users/admin/builder/spi-builder-workspace/Sources/Pow/Effects/SmokeEffect.swift:209:13: error: 'GroupBox' is unavailable in watchOS
207 |
208 | var body: some View {
209 | GroupBox("Smoke") {
| `- error: 'GroupBox' is unavailable in watchOS
210 | VStack {
211 | Toggle("Enabled", isOn: $isEnabled)
SwiftUI.GroupBox:4:27: note: 'GroupBox' has been explicitly marked unavailable here
2 | @available(tvOS, unavailable)
3 | @available(watchOS, unavailable)
4 | nonisolated public struct GroupBox<Label, Content> : View, ~Sendable where Label : View, Content : View {
| `- note: 'GroupBox' has been explicitly marked unavailable here
5 | @available(iOS 14.0, macOS 10.15, *)
6 | @available(tvOS, unavailable)
/Users/admin/builder/spi-builder-workspace/Sources/Pow/Effects/SmokeEffect.swift:209:13: error: 'init(_:content:)' is unavailable in watchOS
207 |
208 | var body: some View {
209 | GroupBox("Smoke") {
| `- error: 'init(_:content:)' is unavailable in watchOS
210 | VStack {
211 | Toggle("Enabled", isOn: $isEnabled)
SwiftUI.GroupBox.init:2:20: note: 'init(_:content:)' has been explicitly marked unavailable here
1 | generic struct GroupBox {
2 | nonisolated public init(_ titleKey: LocalizedStringKey, @ContentBuilder content: () -> Content)}
| `- note: 'init(_:content:)' has been explicitly marked unavailable here
3 |
/Users/admin/builder/spi-builder-workspace/Sources/Pow/Effects/SmokeEffect.swift:235:13: error: 'GroupBox' is unavailable in watchOS
233 |
234 | var body: some View {
235 | GroupBox("Smoke") {
| `- error: 'GroupBox' is unavailable in watchOS
236 | VStack {
237 | Toggle("Enabled", isOn: $isEnabled)
SwiftUI.GroupBox:4:27: note: 'GroupBox' has been explicitly marked unavailable here
2 | @available(tvOS, unavailable)
3 | @available(watchOS, unavailable)
4 | nonisolated public struct GroupBox<Label, Content> : View, ~Sendable where Label : View, Content : View {
| `- note: 'GroupBox' has been explicitly marked unavailable here
5 | @available(iOS 14.0, macOS 10.15, *)
6 | @available(tvOS, unavailable)
/Users/admin/builder/spi-builder-workspace/Sources/Pow/Effects/SmokeEffect.swift:235:13: error: 'init(_:content:)' is unavailable in watchOS
233 |
234 | var body: some View {
235 | GroupBox("Smoke") {
| `- error: 'init(_:content:)' is unavailable in watchOS
236 | VStack {
237 | Toggle("Enabled", isOn: $isEnabled)
SwiftUI.GroupBox.init:2:20: note: 'init(_:content:)' has been explicitly marked unavailable here
1 | generic struct GroupBox {
2 | nonisolated public init(_ titleKey: LocalizedStringKey, @ContentBuilder content: () -> Content)}
| `- note: 'init(_:content:)' has been explicitly marked unavailable here
3 |
/Users/admin/builder/spi-builder-workspace/Sources/Pow/Effects/SmokeEffect.swift:266:21: error: 'GroupBox' is unavailable in watchOS
264 | NavigationView {
265 | ScrollView {
266 | GroupBox("Smoke") {
| `- error: 'GroupBox' is unavailable in watchOS
267 | VStack {
268 | Button {
SwiftUI.GroupBox:4:27: note: 'GroupBox' has been explicitly marked unavailable here
2 | @available(tvOS, unavailable)
3 | @available(watchOS, unavailable)
4 | nonisolated public struct GroupBox<Label, Content> : View, ~Sendable where Label : View, Content : View {
| `- note: 'GroupBox' has been explicitly marked unavailable here
5 | @available(iOS 14.0, macOS 10.15, *)
6 | @available(tvOS, unavailable)
/Users/admin/builder/spi-builder-workspace/Sources/Pow/Effects/SmokeEffect.swift:266:21: error: 'init(_:content:)' is unavailable in watchOS
264 | NavigationView {
265 | ScrollView {
266 | GroupBox("Smoke") {
| `- error: 'init(_:content:)' is unavailable in watchOS
267 | VStack {
268 | Button {
SwiftUI.GroupBox.init:2:20: note: 'init(_:content:)' has been explicitly marked unavailable here
1 | generic struct GroupBox {
2 | nonisolated public init(_ titleKey: LocalizedStringKey, @ContentBuilder content: () -> Content)}
| `- note: 'init(_:content:)' has been explicitly marked unavailable here
3 |
/Users/admin/builder/spi-builder-workspace/Sources/Pow/Effects/SmokeEffect.swift:319:13: error: 'GroupBox' is unavailable in watchOS
317 |
318 | var body: some View {
319 | GroupBox("Smoke") {
| `- error: 'GroupBox' is unavailable in watchOS
320 | VStack {
321 | Toggle("Enabled", isOn: $isEnabled)
SwiftUI.GroupBox:4:27: note: 'GroupBox' has been explicitly marked unavailable here
2 | @available(tvOS, unavailable)
3 | @available(watchOS, unavailable)
4 | nonisolated public struct GroupBox<Label, Content> : View, ~Sendable where Label : View, Content : View {
| `- note: 'GroupBox' has been explicitly marked unavailable here
5 | @available(iOS 14.0, macOS 10.15, *)
6 | @available(tvOS, unavailable)
SwiftCompile normal arm64_32 /Users/admin/builder/spi-builder-workspace/Sources/Pow/Effects/RisingParticleEffect.swift (in target 'Pow' from project 'Pow')
cd /Users/admin/builder/spi-builder-workspace/.swiftpm/xcode
builtin-SwiftPerFileCompile RisingParticleEffect.swift
SwiftCompile normal arm64_32 /Users/admin/builder/spi-builder-workspace/Sources/Pow/Effects/ShakeEffect.swift (in target 'Pow' from project 'Pow')
cd /Users/admin/builder/spi-builder-workspace/.swiftpm/xcode
builtin-SwiftPerFileCompile ShakeEffect.swift
SwiftCompile normal arm64_32 /Users/admin/builder/spi-builder-workspace/Sources/Pow/Effects/ShineEffect.swift (in target 'Pow' from project 'Pow')
cd /Users/admin/builder/spi-builder-workspace/.swiftpm/xcode
builtin-SwiftPerFileCompile ShineEffect.swift
SwiftCompile normal arm64_32 /Users/admin/builder/spi-builder-workspace/Sources/Pow/Effects/SmokeEffect.swift (in target 'Pow' from project 'Pow')
cd /Users/admin/builder/spi-builder-workspace/.swiftpm/xcode
builtin-SwiftPerFileCompile SmokeEffect.swift
SwiftCompile normal arm64_32 /Users/admin/builder/spi-builder-workspace/Sources/Pow/Effects/SoundEffect.swift (in target 'Pow' from project 'Pow')
cd /Users/admin/builder/spi-builder-workspace/.swiftpm/xcode
builtin-SwiftPerFileCompile SoundEffect.swift
SwiftCompile normal arm64_32 /Users/admin/builder/spi-builder-workspace/Sources/Pow/Effects/SpinEffect.swift (in target 'Pow' from project 'Pow')
cd /Users/admin/builder/spi-builder-workspace/.swiftpm/xcode
builtin-SwiftPerFileCompile SpinEffect.swift
SwiftCompile normal arm64_32 /Users/admin/builder/spi-builder-workspace/Sources/Pow/Effects/SprayEffect.swift (in target 'Pow' from project 'Pow')
cd /Users/admin/builder/spi-builder-workspace/.swiftpm/xcode
builtin-SwiftPerFileCompile SprayEffect.swift
SwiftCompile normal arm64_32 Compiling\ Anvil.swift,\ Blinds.swift,\ Blur.swift,\ Boing.swift,\ Clock.swift,\ FilmExposure.swift /Users/admin/builder/spi-builder-workspace/Sources/Pow/Transitions/Anvil.swift /Users/admin/builder/spi-builder-workspace/Sources/Pow/Transitions/Blinds.swift /Users/admin/builder/spi-builder-workspace/Sources/Pow/Transitions/Blur.swift /Users/admin/builder/spi-builder-workspace/Sources/Pow/Transitions/Boing.swift /Users/admin/builder/spi-builder-workspace/Sources/Pow/Transitions/Clock.swift /Users/admin/builder/spi-builder-workspace/Sources/Pow/Transitions/FilmExposure.swift (in target 'Pow' from project 'Pow')
SwiftCompile normal arm64_32 /Users/admin/builder/spi-builder-workspace/Sources/Pow/Transitions/Anvil.swift (in target 'Pow' from project 'Pow')
cd /Users/admin/builder/spi-builder-workspace/.swiftpm/xcode
builtin-SwiftPerFileCompile Anvil.swift
SwiftCompile normal arm64_32 /Users/admin/builder/spi-builder-workspace/Sources/Pow/Transitions/Blinds.swift (in target 'Pow' from project 'Pow')
cd /Users/admin/builder/spi-builder-workspace/.swiftpm/xcode
builtin-SwiftPerFileCompile Blinds.swift
SwiftCompile normal arm64_32 /Users/admin/builder/spi-builder-workspace/Sources/Pow/Transitions/Blur.swift (in target 'Pow' from project 'Pow')
cd /Users/admin/builder/spi-builder-workspace/.swiftpm/xcode
builtin-SwiftPerFileCompile Blur.swift
SwiftCompile normal arm64_32 /Users/admin/builder/spi-builder-workspace/Sources/Pow/Transitions/Boing.swift (in target 'Pow' from project 'Pow')
cd /Users/admin/builder/spi-builder-workspace/.swiftpm/xcode
builtin-SwiftPerFileCompile Boing.swift
SwiftCompile normal arm64_32 /Users/admin/builder/spi-builder-workspace/Sources/Pow/Transitions/Clock.swift (in target 'Pow' from project 'Pow')
cd /Users/admin/builder/spi-builder-workspace/.swiftpm/xcode
builtin-SwiftPerFileCompile Clock.swift
SwiftCompile normal arm64_32 /Users/admin/builder/spi-builder-workspace/Sources/Pow/Transitions/FilmExposure.swift (in target 'Pow' from project 'Pow')
cd /Users/admin/builder/spi-builder-workspace/.swiftpm/xcode
builtin-SwiftPerFileCompile FilmExposure.swift
SwiftCompile normal arm64_32 Compiling\ WiggleEffect.swift,\ Animation+TimingCurves.swift,\ CGAffineTransform+Shear.swift,\ CGPoint+Utilities.swift,\ CGRect+Utilities.swift,\ CGSize+Utilities.swift,\ Duration+TimeInterval.swift /Users/admin/builder/spi-builder-workspace/Sources/Pow/Effects/WiggleEffect.swift /Users/admin/builder/spi-builder-workspace/Sources/Pow/Extensions/Animation+TimingCurves.swift /Users/admin/builder/spi-builder-workspace/Sources/Pow/Extensions/CGAffineTransform+Shear.swift /Users/admin/builder/spi-builder-workspace/Sources/Pow/Extensions/CGPoint+Utilities.swift /Users/admin/builder/spi-builder-workspace/Sources/Pow/Extensions/CGRect+Utilities.swift /Users/admin/builder/spi-builder-workspace/Sources/Pow/Extensions/CGSize+Utilities.swift /Users/admin/builder/spi-builder-workspace/Sources/Pow/Extensions/Duration+TimeInterval.swift (in target 'Pow' from project 'Pow')
SwiftCompile normal arm64_32 /Users/admin/builder/spi-builder-workspace/Sources/Pow/Effects/WiggleEffect.swift (in target 'Pow' from project 'Pow')
cd /Users/admin/builder/spi-builder-workspace/.swiftpm/xcode
builtin-SwiftPerFileCompile WiggleEffect.swift
SwiftCompile normal arm64_32 /Users/admin/builder/spi-builder-workspace/Sources/Pow/Extensions/Animation+TimingCurves.swift (in target 'Pow' from project 'Pow')
cd /Users/admin/builder/spi-builder-workspace/.swiftpm/xcode
builtin-SwiftPerFileCompile Animation+TimingCurves.swift
SwiftCompile normal arm64_32 /Users/admin/builder/spi-builder-workspace/Sources/Pow/Extensions/CGAffineTransform+Shear.swift (in target 'Pow' from project 'Pow')
cd /Users/admin/builder/spi-builder-workspace/.swiftpm/xcode
builtin-SwiftPerFileCompile CGAffineTransform+Shear.swift
SwiftCompile normal arm64_32 /Users/admin/builder/spi-builder-workspace/Sources/Pow/Extensions/CGPoint+Utilities.swift (in target 'Pow' from project 'Pow')
cd /Users/admin/builder/spi-builder-workspace/.swiftpm/xcode
builtin-SwiftPerFileCompile CGPoint+Utilities.swift
SwiftCompile normal arm64_32 /Users/admin/builder/spi-builder-workspace/Sources/Pow/Extensions/CGRect+Utilities.swift (in target 'Pow' from project 'Pow')
cd /Users/admin/builder/spi-builder-workspace/.swiftpm/xcode
builtin-SwiftPerFileCompile CGRect+Utilities.swift
SwiftCompile normal arm64_32 /Users/admin/builder/spi-builder-workspace/Sources/Pow/Extensions/CGSize+Utilities.swift (in target 'Pow' from project 'Pow')
cd /Users/admin/builder/spi-builder-workspace/.swiftpm/xcode
builtin-SwiftPerFileCompile CGSize+Utilities.swift
SwiftCompile normal arm64_32 /Users/admin/builder/spi-builder-workspace/Sources/Pow/Extensions/Duration+TimeInterval.swift (in target 'Pow' from project 'Pow')
cd /Users/admin/builder/spi-builder-workspace/.swiftpm/xcode
builtin-SwiftPerFileCompile Duration+TimeInterval.swift
SwiftCompile normal arm64_32 Compiling\ resource_bundle_accessor.swift,\ GlowEffect.swift,\ HapticFeedbackEffect.swift,\ JumpEffect.swift,\ PingEffect.swift,\ PulseEffect.swift,\ PushDownEffect.swift /Users/admin/builder/spi-builder-workspace/.derivedData/Build/Intermediates.noindex/Pow.build/Debug-watchos/Pow-t.build/DerivedSources/resource_bundle_accessor.swift /Users/admin/builder/spi-builder-workspace/Sources/Pow/Effects/GlowEffect.swift /Users/admin/builder/spi-builder-workspace/Sources/Pow/Effects/HapticFeedbackEffect.swift /Users/admin/builder/spi-builder-workspace/Sources/Pow/Effects/JumpEffect.swift /Users/admin/builder/spi-builder-workspace/Sources/Pow/Effects/PingEffect.swift /Users/admin/builder/spi-builder-workspace/Sources/Pow/Effects/PulseEffect.swift /Users/admin/builder/spi-builder-workspace/Sources/Pow/Effects/PushDownEffect.swift (in target 'Pow' from project 'Pow')
SwiftCompile normal arm64_32 /Users/admin/builder/spi-builder-workspace/.derivedData/Build/Intermediates.noindex/Pow.build/Debug-watchos/Pow-t.build/DerivedSources/resource_bundle_accessor.swift (in target 'Pow' from project 'Pow')
cd /Users/admin/builder/spi-builder-workspace/.swiftpm/xcode
builtin-SwiftPerFileCompile resource_bundle_accessor.swift
SwiftCompile normal arm64_32 /Users/admin/builder/spi-builder-workspace/Sources/Pow/Effects/GlowEffect.swift (in target 'Pow' from project 'Pow')
cd /Users/admin/builder/spi-builder-workspace/.swiftpm/xcode
builtin-SwiftPerFileCompile GlowEffect.swift
SwiftCompile normal arm64_32 /Users/admin/builder/spi-builder-workspace/Sources/Pow/Effects/HapticFeedbackEffect.swift (in target 'Pow' from project 'Pow')
cd /Users/admin/builder/spi-builder-workspace/.swiftpm/xcode
builtin-SwiftPerFileCompile HapticFeedbackEffect.swift
SwiftCompile normal arm64_32 /Users/admin/builder/spi-builder-workspace/Sources/Pow/Effects/JumpEffect.swift (in target 'Pow' from project 'Pow')
cd /Users/admin/builder/spi-builder-workspace/.swiftpm/xcode
builtin-SwiftPerFileCompile JumpEffect.swift
SwiftCompile normal arm64_32 /Users/admin/builder/spi-builder-workspace/Sources/Pow/Effects/PingEffect.swift (in target 'Pow' from project 'Pow')
cd /Users/admin/builder/spi-builder-workspace/.swiftpm/xcode
builtin-SwiftPerFileCompile PingEffect.swift
SwiftCompile normal arm64_32 /Users/admin/builder/spi-builder-workspace/Sources/Pow/Effects/PulseEffect.swift (in target 'Pow' from project 'Pow')
cd /Users/admin/builder/spi-builder-workspace/.swiftpm/xcode
builtin-SwiftPerFileCompile PulseEffect.swift
SwiftCompile normal arm64_32 /Users/admin/builder/spi-builder-workspace/Sources/Pow/Effects/PushDownEffect.swift (in target 'Pow' from project 'Pow')
cd /Users/admin/builder/spi-builder-workspace/.swiftpm/xcode
builtin-SwiftPerFileCompile PushDownEffect.swift
SwiftCompile normal arm64_32 Compiling\ Flicker.swift,\ Flip.swift,\ Glare.swift,\ Iris.swift,\ Move.swift,\ Poof.swift /Users/admin/builder/spi-builder-workspace/Sources/Pow/Transitions/Flicker.swift /Users/admin/builder/spi-builder-workspace/Sources/Pow/Transitions/Flip.swift /Users/admin/builder/spi-builder-workspace/Sources/Pow/Transitions/Glare.swift /Users/admin/builder/spi-builder-workspace/Sources/Pow/Transitions/Iris.swift /Users/admin/builder/spi-builder-workspace/Sources/Pow/Transitions/Move.swift /Users/admin/builder/spi-builder-workspace/Sources/Pow/Transitions/Poof.swift (in target 'Pow' from project 'Pow')
SwiftCompile normal arm64_32 /Users/admin/builder/spi-builder-workspace/Sources/Pow/Transitions/Flicker.swift (in target 'Pow' from project 'Pow')
cd /Users/admin/builder/spi-builder-workspace/.swiftpm/xcode
builtin-SwiftPerFileCompile Flicker.swift
SwiftCompile normal arm64_32 /Users/admin/builder/spi-builder-workspace/Sources/Pow/Transitions/Flip.swift (in target 'Pow' from project 'Pow')
cd /Users/admin/builder/spi-builder-workspace/.swiftpm/xcode
builtin-SwiftPerFileCompile Flip.swift
SwiftCompile normal arm64_32 /Users/admin/builder/spi-builder-workspace/Sources/Pow/Transitions/Glare.swift (in target 'Pow' from project 'Pow')
cd /Users/admin/builder/spi-builder-workspace/.swiftpm/xcode
builtin-SwiftPerFileCompile Glare.swift
SwiftCompile normal arm64_32 /Users/admin/builder/spi-builder-workspace/Sources/Pow/Transitions/Iris.swift (in target 'Pow' from project 'Pow')
cd /Users/admin/builder/spi-builder-workspace/.swiftpm/xcode
builtin-SwiftPerFileCompile Iris.swift
SwiftCompile normal arm64_32 /Users/admin/builder/spi-builder-workspace/Sources/Pow/Transitions/Move.swift (in target 'Pow' from project 'Pow')
cd /Users/admin/builder/spi-builder-workspace/.swiftpm/xcode
builtin-SwiftPerFileCompile Move.swift
SwiftCompile normal arm64_32 /Users/admin/builder/spi-builder-workspace/Sources/Pow/Transitions/Poof.swift (in target 'Pow' from project 'Pow')
cd /Users/admin/builder/spi-builder-workspace/.swiftpm/xcode
builtin-SwiftPerFileCompile Poof.swift
SwiftEmitModule normal arm64 Emitting\ module\ for\ Pow (in target 'Pow' from project 'Pow')
SwiftCompile normal arm64 (in target 'Pow' from project 'Pow')
cd /Users/admin/builder/spi-builder-workspace/.swiftpm/xcode
PruneExplicitPrecompiledModules /Users/admin/builder/spi-builder-workspace/.derivedData/Build/Intermediates.noindex/ExplicitPrecompiledModules
PruneExplicitPrecompiledModules /Users/admin/builder/spi-builder-workspace/.derivedData/SDKExplicitPrecompiledModules
PruneExplicitPrecompiledModules /Users/admin/builder/spi-builder-workspace/.derivedData/Build/Intermediates.noindex/SwiftExplicitPrecompiledModules
2026-09-24 01:11:04.523 xcodebuild[868:5245] [MT] IDERunDestination: Supported platforms for the buildables in the current scheme is empty.
** BUILD FAILED **
The following build commands failed:
SwiftEmitModule normal arm64_32 Emitting\ module\ for\ Pow (in target 'Pow' from project 'Pow')
SwiftCompile normal arm64_32 (in target 'Pow' from project 'Pow')
Building workspace Pow with scheme Pow
(3 failures)
Command line invocation:
/Applications/Xcode-27.0.0-Release.Candidate.app/Contents/Developer/usr/bin/xcodebuild -IDEClonedSourcePackagesDirPathOverride=/Users/admin/builder/spi-builder-workspace/.dependencies -resolvePackageDependencies
Resolve Package Graph
dependency 'snapshotpreviews-ios' is not used by any target
Resolved source packages:
Pow: /Users/admin/builder/spi-builder-workspace
SimpleDebugger: https://github.com/EmergeTools/SimpleDebugger.git @ 1.0.0
AccessibilitySnapshot: https://github.com/EmergeTools/AccessibilitySnapshot.git @ 1.0.2
SnapshotPreviews: https://github.com/EmergeTools/SnapshotPreviews-iOS @ 0.10.21
FlyingFox: https://github.com/swhitty/FlyingFox.git @ 0.16.0
resolved source packages: Pow, SimpleDebugger, AccessibilitySnapshot, SnapshotPreviews, FlyingFox
2026-09-24 01:11:14.657 xcodebuild[1067:6102] [MT] IDERunDestination: Supported platforms for the buildables in the current scheme is empty.
{
"dependencies" : [
{
"identity" : "snapshotpreviews-ios",
"requirement" : {
"exact" : [
"0.10.21"
]
},
"type" : "sourceControl",
"url" : "https://github.com/EmergeTools/SnapshotPreviews-iOS"
}
],
"manifest_display_name" : "Pow",
"name" : "Pow",
"path" : "/Users/admin/builder/spi-builder-workspace",
"platforms" : [
{
"name" : "ios",
"version" : "15.0"
},
{
"name" : "macos",
"version" : "12.0"
},
{
"name" : "maccatalyst",
"version" : "15.0"
},
{
"name" : "tvos",
"version" : "15.0"
}
],
"products" : [
{
"name" : "Pow",
"targets" : [
"Pow"
],
"type" : {
"library" : [
"automatic"
]
}
}
],
"swift_languages_versions" : [
"5"
],
"targets" : [
{
"c99name" : "PowTests",
"module_type" : "SwiftTarget",
"name" : "PowTests",
"path" : "Tests/PowTests",
"sources" : [
"PowTests.swift"
],
"target_dependencies" : [
"Pow"
],
"type" : "test"
},
{
"c99name" : "Pow",
"module_type" : "SwiftTarget",
"name" : "Pow",
"path" : "Sources/Pow",
"product_memberships" : [
"Pow"
],
"resources" : [
{
"path" : "/Users/admin/builder/spi-builder-workspace/Sources/Pow/Assets.xcassets",
"rule" : {
"process" : {
}
}
}
],
"sources" : [
"Effects/GlowEffect.swift",
"Effects/HapticFeedbackEffect.swift",
"Effects/JumpEffect.swift",
"Effects/PingEffect.swift",
"Effects/PulseEffect.swift",
"Effects/PushDownEffect.swift",
"Effects/RisingParticleEffect.swift",
"Effects/ShakeEffect.swift",
"Effects/ShineEffect.swift",
"Effects/SmokeEffect.swift",
"Effects/SoundEffect.swift",
"Effects/SpinEffect.swift",
"Effects/SprayEffect.swift",
"Effects/WiggleEffect.swift",
"Extensions/Animation+TimingCurves.swift",
"Extensions/CGAffineTransform+Shear.swift",
"Extensions/CGPoint+Utilities.swift",
"Extensions/CGRect+Utilities.swift",
"Extensions/CGSize+Utilities.swift",
"Extensions/Duration+TimeInterval.swift",
"Extensions/ProjectionTransform+Utilities.swift",
"Extensions/UnitPoint+CircularCoordinates.swift",
"Extensions/ViewModifier+DefaultAnimation.swift",
"Extensions/simd+Utilities.swift",
"Infrastructure/AngleControl.swift",
"Infrastructure/AnyAnimatableViewModifier.swift",
"Infrastructure/AnyChangeEffect.swift",
"Infrastructure/AnyContinuousEffect.swift",
"Infrastructure/AnyViewModifier.swift",
"Infrastructure/Haptics.swift",
"Infrastructure/MathUtilities.swift",
"Infrastructure/Namespace.swift",
"Infrastructure/OnChangeEffect.swift",
"Infrastructure/ParticleLayer.swift",
"Infrastructure/ProgressableAnimation.swift",
"Infrastructure/Scaled.swift",
"Infrastructure/SecondOrderDynamics.swift",
"Infrastructure/SeededRandomNumberGenerator.swift",
"Infrastructure/Simulative.swift",
"Infrastructure/Spring.swift",
"Infrastructure/TRS.swift",
"Infrastructure/Transform3DEffect.swift",
"Infrastructure/ViewRepresentable.swift",
"Infrastructure/WhileEffect.swift",
"Transitions/Anvil.swift",
"Transitions/Blinds.swift",
"Transitions/Blur.swift",
"Transitions/Boing.swift",
"Transitions/Clock.swift",
"Transitions/FilmExposure.swift",
"Transitions/Flicker.swift",
"Transitions/Flip.swift",
"Transitions/Glare.swift",
"Transitions/Iris.swift",
"Transitions/Move.swift",
"Transitions/Poof.swift",
"Transitions/Pop.swift",
"Transitions/Skid.swift",
"Transitions/Swoosh.swift",
"Transitions/Vanish.swift",
"Transitions/Wipe.swift"
],
"type" : "library"
}
],
"tools_version" : "5.7"
}
{
"workspace" : {
"name" : "Pow",
"schemes" : [
"Pow"
]
}
}
2026-09-24 01:11:16.026 xcodebuild[1075:6165] [MT] IDERunDestination: Supported platforms for the buildables in the current scheme is empty.
Running build ...
env DEVELOPER_DIR=/Applications/Xcode-27.0.0-Release.Candidate.app xcrun xcodebuild -IDEClonedSourcePackagesDirPathOverride=$PWD/.dependencies -skipMacroValidation -skipPackagePluginValidation -derivedDataPath $PWD/.derivedData build -scheme Pow -destination generic/platform=watchOS
Command line invocation:
/Applications/Xcode-27.0.0-Release.Candidate.app/Contents/Developer/usr/bin/xcodebuild -IDEClonedSourcePackagesDirPathOverride=/Users/admin/builder/spi-builder-workspace/.dependencies -skipMacroValidation -skipPackagePluginValidation -derivedDataPath /Users/admin/builder/spi-builder-workspace/.derivedData build -scheme Pow -destination generic/platform=watchOS
Resolve Package Graph
dependency 'snapshotpreviews-ios' is not used by any target
Resolved source packages:
AccessibilitySnapshot: https://github.com/EmergeTools/AccessibilitySnapshot.git @ 1.0.2
Pow: /Users/admin/builder/spi-builder-workspace
SimpleDebugger: https://github.com/EmergeTools/SimpleDebugger.git @ 1.0.0
FlyingFox: https://github.com/swhitty/FlyingFox.git @ 0.16.0
SnapshotPreviews: https://github.com/EmergeTools/SnapshotPreviews-iOS @ 0.10.21
ComputePackagePrebuildTargetDependencyGraph
Prepare packages
CreateBuildRequest
SendProjectDescription
CreateBuildOperation
ComputeTargetDependencyGraph
note: Building targets in dependency order
note: Target dependency graph (3 targets)
Target 'Pow-product' in project 'Pow'
➜ Explicit dependency on target 'Pow' in project 'Pow'
➜ Explicit dependency on target 'Pow_Pow' in project 'Pow'
Target 'Pow' in project 'Pow'
➜ Explicit dependency on target 'Pow_Pow' in project 'Pow'
Target 'Pow_Pow' in project 'Pow' (no dependencies)
GatherProvisioningInputs
CreateBuildDescription
ClangStatCache /Applications/Xcode-27.0.0-Release.Candidate.app/Contents/Developer/Toolchains/XcodeDefault.xctoolchain/usr/bin/clang-stat-cache /Applications/Xcode-27.0.0-Release.Candidate.app/Contents/Developer/Platforms/WatchOS.platform/Developer/SDKs/WatchOS27.0.sdk /Users/admin/builder/spi-builder-workspace/.derivedData/SDKStatCaches.noindex/watchos27.0-24R360-e829b21a6f8c9b70876ba0858053c04477534ef55a1706bf4c1112bbb242f0a2.sdkstatcache
cd /Users/admin/builder/spi-builder-workspace/.swiftpm/xcode
/Applications/Xcode-27.0.0-Release.Candidate.app/Contents/Developer/Toolchains/XcodeDefault.xctoolchain/usr/bin/clang-stat-cache /Applications/Xcode-27.0.0-Release.Candidate.app/Contents/Developer/Platforms/WatchOS.platform/Developer/SDKs/WatchOS27.0.sdk -o /Users/admin/builder/spi-builder-workspace/.derivedData/SDKStatCaches.noindex/watchos27.0-24R360-e829b21a6f8c9b70876ba0858053c04477534ef55a1706bf4c1112bbb242f0a2.sdkstatcache
SwiftDriver Pow normal arm64_32 com.apple.xcode.tools.swift.compiler (in target 'Pow' from project 'Pow')
cd /Users/admin/builder/spi-builder-workspace/.swiftpm/xcode
builtin-SwiftDriver -- /Applications/Xcode-27.0.0-Release.Candidate.app/Contents/Developer/Toolchains/XcodeDefault.xctoolchain/usr/bin/swiftc -parse-as-library -module-name Pow -Onone @/Users/admin/builder/spi-builder-workspace/.derivedData/Build/Intermediates.noindex/Pow.build/Debug-watchos/Pow-t.build/Objects-normal/arm64_32/Pow.SwiftFileList -DSWIFT_PACKAGE -DDEBUG -DSWIFT_MODULE_RESOURCE_BUNDLE_AVAILABLE -DXcode -plugin-path /Applications/Xcode-27.0.0-Release.Candidate.app/Contents/Developer/Toolchains/XcodeDefault.xctoolchain/usr/lib/swift/host/plugins/testing -enable-experimental-feature DebugDescriptionMacro -sdk /Applications/Xcode-27.0.0-Release.Candidate.app/Contents/Developer/Platforms/WatchOS.platform/Developer/SDKs/WatchOS27.0.sdk -target arm64_32-apple-watchos9.0 -g -module-cache-path /Users/admin/builder/spi-builder-workspace/.derivedData/ModuleCache.noindex -Xfrontend -serialize-debugging-options -profile-coverage-mapping -profile-generate -enable-testing -index-store-path /Users/admin/builder/spi-builder-workspace/.derivedData/Index.noindex/DataStore -Xcc -D_LIBCPP_HARDENING_MODE\=_LIBCPP_HARDENING_MODE_DEBUG -swift-version 5 -I /Users/admin/builder/spi-builder-workspace/.derivedData/Build/Products/Debug-watchos -Isystem /Applications/Xcode-27.0.0-Release.Candidate.app/Contents/Developer/Platforms/WatchOS.platform/Developer/usr/lib -F /Users/admin/builder/spi-builder-workspace/.derivedData/Build/Products/Debug-watchos -F /Applications/Xcode-27.0.0-Release.Candidate.app/Contents/Developer/Platforms/WatchOS.platform/Developer/Library/Frameworks -F /Applications/Xcode-27.0.0-Release.Candidate.app/Contents/Developer/Platforms/WatchOS.platform/Developer/SDKs/WatchOS27.0.sdk/Developer/Library/Frameworks -c -j10 -enable-batch-mode -incremental -Xcc -ivfsstatcache -Xcc /Users/admin/builder/spi-builder-workspace/.derivedData/SDKStatCaches.noindex/watchos27.0-24R360-e829b21a6f8c9b70876ba0858053c04477534ef55a1706bf4c1112bbb242f0a2.sdkstatcache -output-file-map /Users/admin/builder/spi-builder-workspace/.derivedData/Build/Intermediates.noindex/Pow.build/Debug-watchos/Pow-t.build/Objects-normal/arm64_32/Pow-OutputFileMap.json -save-temps -no-color-diagnostics -explicit-module-build -module-cache-path /Users/admin/builder/spi-builder-workspace/.derivedData/Build/Intermediates.noindex/SwiftExplicitPrecompiledModules -clang-scanner-module-cache-path /Users/admin/builder/spi-builder-workspace/.derivedData/ModuleCache.noindex -sdk-module-cache-path /Users/admin/builder/spi-builder-workspace/.derivedData/SDKExplicitPrecompiledModules -emit-dependencies -emit-module -emit-module-path /Users/admin/builder/spi-builder-workspace/.derivedData/Build/Intermediates.noindex/Pow.build/Debug-watchos/Pow-t.build/Objects-normal/arm64_32/Pow.swiftmodule -serialize-diagnostics -dependency-scan-serialize-diagnostics-path /Users/admin/builder/spi-builder-workspace/.derivedData/Build/Intermediates.noindex/Pow.build/Debug-watchos/Pow-t.build/Objects-normal/arm64_32/Pow-dependency-scan.dia -validate-clang-modules-once -clang-build-session-file /Users/admin/builder/spi-builder-workspace/.derivedData/ModuleCache.noindex/Session.modulevalidation -Xcc -fmodules-prune-interval\=86400 -Xcc -fmodules-prune-after\=345600 -emit-const-values -const-gather-protocols-list /Users/admin/builder/spi-builder-workspace/.derivedData/Build/Intermediates.noindex/Pow.build/Debug-watchos/Pow-t.build/Objects-normal/arm64_32/Pow_const_extract_protocols.json -Xcc -I/Users/admin/builder/spi-builder-workspace/.derivedData/Build/Products/Debug-watchos/include -Xcc -I/Users/admin/builder/spi-builder-workspace/.derivedData/Build/Intermediates.noindex/Pow.build/Debug-watchos/Pow-t.build/DerivedSources-normal/arm64_32 -Xcc -I/Users/admin/builder/spi-builder-workspace/.derivedData/Build/Intermediates.noindex/Pow.build/Debug-watchos/Pow-t.build/DerivedSources/arm64_32 -Xcc -I/Users/admin/builder/spi-builder-workspace/.derivedData/Build/Intermediates.noindex/Pow.build/Debug-watchos/Pow-t.build/DerivedSources -Xcc -DSWIFT_PACKAGE -Xcc -DDEBUG\=1 -emit-objc-header -emit-objc-header-path /Users/admin/builder/spi-builder-workspace/.derivedData/Build/Intermediates.noindex/Pow.build/Debug-watchos/Pow-t.build/Objects-normal/arm64_32/Pow-Swift.h -working-directory /Users/admin/builder/spi-builder-workspace/.swiftpm/xcode -experimental-emit-module-separately -disable-cmo
SwiftDriver Pow normal arm64 com.apple.xcode.tools.swift.compiler (in target 'Pow' from project 'Pow')
cd /Users/admin/builder/spi-builder-workspace/.swiftpm/xcode
builtin-SwiftDriver -- /Applications/Xcode-27.0.0-Release.Candidate.app/Contents/Developer/Toolchains/XcodeDefault.xctoolchain/usr/bin/swiftc -parse-as-library -module-name Pow -Onone @/Users/admin/builder/spi-builder-workspace/.derivedData/Build/Intermediates.noindex/Pow.build/Debug-watchos/Pow-t.build/Objects-normal/arm64/Pow.SwiftFileList -DSWIFT_PACKAGE -DDEBUG -DSWIFT_MODULE_RESOURCE_BUNDLE_AVAILABLE -DXcode -plugin-path /Applications/Xcode-27.0.0-Release.Candidate.app/Contents/Developer/Toolchains/XcodeDefault.xctoolchain/usr/lib/swift/host/plugins/testing -enable-experimental-feature DebugDescriptionMacro -sdk /Applications/Xcode-27.0.0-Release.Candidate.app/Contents/Developer/Platforms/WatchOS.platform/Developer/SDKs/WatchOS27.0.sdk -target arm64-apple-watchos9.0 -g -module-cache-path /Users/admin/builder/spi-builder-workspace/.derivedData/ModuleCache.noindex -Xfrontend -serialize-debugging-options -profile-coverage-mapping -profile-generate -enable-testing -index-store-path /Users/admin/builder/spi-builder-workspace/.derivedData/Index.noindex/DataStore -Xcc -D_LIBCPP_HARDENING_MODE\=_LIBCPP_HARDENING_MODE_DEBUG -swift-version 5 -I /Users/admin/builder/spi-builder-workspace/.derivedData/Build/Products/Debug-watchos -Isystem /Applications/Xcode-27.0.0-Release.Candidate.app/Contents/Developer/Platforms/WatchOS.platform/Developer/usr/lib -F /Users/admin/builder/spi-builder-workspace/.derivedData/Build/Products/Debug-watchos -F /Applications/Xcode-27.0.0-Release.Candidate.app/Contents/Developer/Platforms/WatchOS.platform/Developer/Library/Frameworks -F /Applications/Xcode-27.0.0-Release.Candidate.app/Contents/Developer/Platforms/WatchOS.platform/Developer/SDKs/WatchOS27.0.sdk/Developer/Library/Frameworks -c -j10 -enable-batch-mode -incremental -Xcc -ivfsstatcache -Xcc /Users/admin/builder/spi-builder-workspace/.derivedData/SDKStatCaches.noindex/watchos27.0-24R360-e829b21a6f8c9b70876ba0858053c04477534ef55a1706bf4c1112bbb242f0a2.sdkstatcache -output-file-map /Users/admin/builder/spi-builder-workspace/.derivedData/Build/Intermediates.noindex/Pow.build/Debug-watchos/Pow-t.build/Objects-normal/arm64/Pow-OutputFileMap.json -save-temps -no-color-diagnostics -explicit-module-build -module-cache-path /Users/admin/builder/spi-builder-workspace/.derivedData/Build/Intermediates.noindex/SwiftExplicitPrecompiledModules -clang-scanner-module-cache-path /Users/admin/builder/spi-builder-workspace/.derivedData/ModuleCache.noindex -sdk-module-cache-path /Users/admin/builder/spi-builder-workspace/.derivedData/SDKExplicitPrecompiledModules -emit-dependencies -emit-module -emit-module-path /Users/admin/builder/spi-builder-workspace/.derivedData/Build/Intermediates.noindex/Pow.build/Debug-watchos/Pow-t.build/Objects-normal/arm64/Pow.swiftmodule -serialize-diagnostics -dependency-scan-serialize-diagnostics-path /Users/admin/builder/spi-builder-workspace/.derivedData/Build/Intermediates.noindex/Pow.build/Debug-watchos/Pow-t.build/Objects-normal/arm64/Pow-dependency-scan.dia -validate-clang-modules-once -clang-build-session-file /Users/admin/builder/spi-builder-workspace/.derivedData/ModuleCache.noindex/Session.modulevalidation -Xcc -fmodules-prune-interval\=86400 -Xcc -fmodules-prune-after\=345600 -emit-const-values -const-gather-protocols-list /Users/admin/builder/spi-builder-workspace/.derivedData/Build/Intermediates.noindex/Pow.build/Debug-watchos/Pow-t.build/Objects-normal/arm64/Pow_const_extract_protocols.json -Xcc -I/Users/admin/builder/spi-builder-workspace/.derivedData/Build/Products/Debug-watchos/include -Xcc -I/Users/admin/builder/spi-builder-workspace/.derivedData/Build/Intermediates.noindex/Pow.build/Debug-watchos/Pow-t.build/DerivedSources-normal/arm64 -Xcc -I/Users/admin/builder/spi-builder-workspace/.derivedData/Build/Intermediates.noindex/Pow.build/Debug-watchos/Pow-t.build/DerivedSources/arm64 -Xcc -I/Users/admin/builder/spi-builder-workspace/.derivedData/Build/Intermediates.noindex/Pow.build/Debug-watchos/Pow-t.build/DerivedSources -Xcc -DSWIFT_PACKAGE -Xcc -DDEBUG\=1 -emit-objc-header -emit-objc-header-path /Users/admin/builder/spi-builder-workspace/.derivedData/Build/Intermediates.noindex/Pow.build/Debug-watchos/Pow-t.build/Objects-normal/arm64/Pow-Swift.h -working-directory /Users/admin/builder/spi-builder-workspace/.swiftpm/xcode -experimental-emit-module-separately -disable-cmo
SwiftCompile normal arm64 Compiling\ ProjectionTransform+Utilities.swift,\ UnitPoint+CircularCoordinates.swift,\ ViewModifier+DefaultAnimation.swift,\ simd+Utilities.swift,\ AngleControl.swift,\ AnyAnimatableViewModifier.swift /Users/admin/builder/spi-builder-workspace/Sources/Pow/Extensions/ProjectionTransform+Utilities.swift /Users/admin/builder/spi-builder-workspace/Sources/Pow/Extensions/UnitPoint+CircularCoordinates.swift /Users/admin/builder/spi-builder-workspace/Sources/Pow/Extensions/ViewModifier+DefaultAnimation.swift /Users/admin/builder/spi-builder-workspace/Sources/Pow/Extensions/simd+Utilities.swift /Users/admin/builder/spi-builder-workspace/Sources/Pow/Infrastructure/AngleControl.swift /Users/admin/builder/spi-builder-workspace/Sources/Pow/Infrastructure/AnyAnimatableViewModifier.swift (in target 'Pow' from project 'Pow')
/Users/admin/builder/spi-builder-workspace/Sources/Pow/Extensions/ProjectionTransform+Utilities.swift:6:17: error: 'CATransform3D' is unavailable in watchOS
4 | internal extension ProjectionTransform {
5 | init(_ m: simd_double4x4) {
6 | let d = CATransform3D(
| `- error: 'CATransform3D' is unavailable in watchOS
7 | m11: m[0][0], m12: m[0][1], m13: m[0][2], m14: m[0][3],
8 | m21: m[1][0], m22: m[1][1], m23: m[1][2], m24: m[1][3],
/Applications/Xcode-27.0.0-Release.Candidate.app/Contents/Developer/Platforms/WatchOS.platform/Developer/SDKs/WatchOS27.0.sdk/System/Library/Frameworks/QuartzCore.framework/Headers/CATransform3D.h:17:8: note: 'CATransform3D' has been explicitly marked unavailable here
15 | /* Homogeneous three-dimensional transforms. */
16 |
17 | struct CATransform3D
| `- note: 'CATransform3D' has been explicitly marked unavailable here
18 | {
19 | CGFloat m11, m12, m13, m14;
/Users/admin/builder/spi-builder-workspace/Sources/Pow/Extensions/ProjectionTransform+Utilities.swift:13:14: error: no exact matches in call to initializer
3 |
4 | internal extension ProjectionTransform {
5 | init(_ m: simd_double4x4) {
| `- note: candidate expects value of type 'simd_double4x4' for parameter #1 (got 'CATransform3D')
6 | let d = CATransform3D(
7 | m11: m[0][0], m12: m[0][1], m13: m[0][2], m14: m[0][3],
:
11 | )
12 |
13 | self.init(d)
| `- error: no exact matches in call to initializer
14 | }
15 | }
SwiftUI.ProjectionTransform.init:2:19: note: candidate expects value of type 'CGAffineTransform' for parameter #1 (got 'CATransform3D')
1 | struct ProjectionTransform {
2 | @inlinable public init(_ m: CGAffineTransform)}
| `- note: candidate expects value of type 'CGAffineTransform' for parameter #1 (got 'CATransform3D')
3 |
Failed frontend command:
SwiftCompile normal arm64 /Users/admin/builder/spi-builder-workspace/Sources/Pow/Extensions/ProjectionTransform+Utilities.swift (in target 'Pow' from project 'Pow')
cd /Users/admin/builder/spi-builder-workspace/.swiftpm/xcode
builtin-SwiftPerFileCompile ProjectionTransform+Utilities.swift
SwiftCompile normal arm64 /Users/admin/builder/spi-builder-workspace/Sources/Pow/Extensions/UnitPoint+CircularCoordinates.swift (in target 'Pow' from project 'Pow')
cd /Users/admin/builder/spi-builder-workspace/.swiftpm/xcode
builtin-SwiftPerFileCompile UnitPoint+CircularCoordinates.swift
SwiftCompile normal arm64 /Users/admin/builder/spi-builder-workspace/Sources/Pow/Extensions/ViewModifier+DefaultAnimation.swift (in target 'Pow' from project 'Pow')
cd /Users/admin/builder/spi-builder-workspace/.swiftpm/xcode
builtin-SwiftPerFileCompile ViewModifier+DefaultAnimation.swift
SwiftCompile normal arm64 /Users/admin/builder/spi-builder-workspace/Sources/Pow/Extensions/simd+Utilities.swift (in target 'Pow' from project 'Pow')
cd /Users/admin/builder/spi-builder-workspace/.swiftpm/xcode
builtin-SwiftPerFileCompile simd+Utilities.swift
SwiftCompile normal arm64 /Users/admin/builder/spi-builder-workspace/Sources/Pow/Infrastructure/AngleControl.swift (in target 'Pow' from project 'Pow')
cd /Users/admin/builder/spi-builder-workspace/.swiftpm/xcode
builtin-SwiftPerFileCompile AngleControl.swift
SwiftCompile normal arm64 /Users/admin/builder/spi-builder-workspace/Sources/Pow/Infrastructure/AnyAnimatableViewModifier.swift (in target 'Pow' from project 'Pow')
cd /Users/admin/builder/spi-builder-workspace/.swiftpm/xcode
builtin-SwiftPerFileCompile AnyAnimatableViewModifier.swift
/Applications/Xcode-27.0.0-Release.Candidate.app/Contents/Developer/Toolchains/XcodeDefault.xctoolchain/usr/bin/swift-frontend -frontend -c /Users/admin/builder/spi-builder-workspace/.derivedData/Build/Intermediates.noindex/Pow.build/Debug-watchos/Pow-t.build/DerivedSources/resource_bundle_accessor.swift /Users/admin/builder/spi-builder-workspace/Sources/Pow/Effects/GlowEffect.swift /Users/admin/builder/spi-builder-workspace/Sources/Pow/Effects/HapticFeedbackEffect.swift /Users/admin/builder/spi-builder-workspace/Sources/Pow/Effects/JumpEffect.swift /Users/admin/builder/spi-builder-workspace/Sources/Pow/Effects/PingEffect.swift /Users/admin/builder/spi-builder-workspace/Sources/Pow/Effects/PulseEffect.swift /Users/admin/builder/spi-builder-workspace/Sources/Pow/Effects/PushDownEffect.swift /Users/admin/builder/spi-builder-workspace/Sources/Pow/Effects/RisingParticleEffect.swift /Users/admin/builder/spi-builder-workspace/Sources/Pow/Effects/ShakeEffect.swift /Users/admin/builder/spi-builder-workspace/Sources/Pow/Effects/ShineEffect.swift /Users/admin/builder/spi-builder-workspace/Sources/Pow/Effects/SmokeEffect.swift /Users/admin/builder/spi-builder-workspace/Sources/Pow/Effects/SoundEffect.swift /Users/admin/builder/spi-builder-workspace/Sources/Pow/Effects/SpinEffect.swift /Users/admin/builder/spi-builder-workspace/Sources/Pow/Effects/SprayEffect.swift /Users/admin/builder/spi-builder-workspace/Sources/Pow/Effects/WiggleEffect.swift /Users/admin/builder/spi-builder-workspace/Sources/Pow/Extensions/Animation+TimingCurves.swift /Users/admin/builder/spi-builder-workspace/Sources/Pow/Extensions/CGAffineTransform+Shear.swift /Users/admin/builder/spi-builder-workspace/Sources/Pow/Extensions/CGPoint+Utilities.swift /Users/admin/builder/spi-builder-workspace/Sources/Pow/Extensions/CGRect+Utilities.swift /Users/admin/builder/spi-builder-workspace/Sources/Pow/Extensions/CGSize+Utilities.swift /Users/admin/builder/spi-builder-workspace/Sources/Pow/Extensions/Duration+TimeInterval.swift -primary-file /Users/admin/builder/spi-builder-workspace/Sources/Pow/Extensions/ProjectionTransform+Utilities.swift -primary-file /Users/admin/builder/spi-builder-workspace/Sources/Pow/Extensions/UnitPoint+CircularCoordinates.swift -primary-file /Users/admin/builder/spi-builder-workspace/Sources/Pow/Extensions/ViewModifier+DefaultAnimation.swift -primary-file /Users/admin/builder/spi-builder-workspace/Sources/Pow/Extensions/simd+Utilities.swift -primary-file /Users/admin/builder/spi-builder-workspace/Sources/Pow/Infrastructure/AngleControl.swift -primary-file /Users/admin/builder/spi-builder-workspace/Sources/Pow/Infrastructure/AnyAnimatableViewModifier.swift /Users/admin/builder/spi-builder-workspace/Sources/Pow/Infrastructure/AnyChangeEffect.swift /Users/admin/builder/spi-builder-workspace/Sources/Pow/Infrastructure/AnyContinuousEffect.swift /Users/admin/builder/spi-builder-workspace/Sources/Pow/Infrastructure/AnyViewModifier.swift /Users/admin/builder/spi-builder-workspace/Sources/Pow/Infrastructure/Haptics.swift /Users/admin/builder/spi-builder-workspace/Sources/Pow/Infrastructure/MathUtilities.swift /Users/admin/builder/spi-builder-workspace/Sources/Pow/Infrastructure/Namespace.swift /Users/admin/builder/spi-builder-workspace/Sources/Pow/Infrastructure/OnChangeEffect.swift /Users/admin/builder/spi-builder-workspace/Sources/Pow/Infrastructure/ParticleLayer.swift /Users/admin/builder/spi-builder-workspace/Sources/Pow/Infrastructure/ProgressableAnimation.swift /Users/admin/builder/spi-builder-workspace/Sources/Pow/Infrastructure/Scaled.swift /Users/admin/builder/spi-builder-workspace/Sources/Pow/Infrastructure/SecondOrderDynamics.swift /Users/admin/builder/spi-builder-workspace/Sources/Pow/Infrastructure/SeededRandomNumberGenerator.swift /Users/admin/builder/spi-builder-workspace/Sources/Pow/Infrastructure/Simulative.swift /Users/admin/builder/spi-builder-workspace/Sources/Pow/Infrastructure/Spring.swift /Users/admin/builder/spi-builder-workspace/Sources/Pow/Infrastructure/TRS.swift /Users/admin/builder/spi-builder-workspace/Sources/Pow/Infrastructure/Transform3DEffect.swift /Users/admin/builder/spi-builder-workspace/Sources/Pow/Infrastructure/ViewRepresentable.swift /Users/admin/builder/spi-builder-workspace/Sources/Pow/Infrastructure/WhileEffect.swift /Users/admin/builder/spi-builder-workspace/Sources/Pow/Transitions/Anvil.swift /Users/admin/builder/spi-builder-workspace/Sources/Pow/Transitions/Blinds.swift /Users/admin/builder/spi-builder-workspace/Sources/Pow/Transitions/Blur.swift /Users/admin/builder/spi-builder-workspace/Sources/Pow/Transitions/Boing.swift /Users/admin/builder/spi-builder-workspace/Sources/Pow/Transitions/Clock.swift /Users/admin/builder/spi-builder-workspace/Sources/Pow/Transitions/FilmExposure.swift /Users/admin/builder/spi-builder-workspace/Sources/Pow/Transitions/Flicker.swift /Users/admin/builder/spi-builder-workspace/Sources/Pow/Transitions/Flip.swift /Users/admin/builder/spi-builder-workspace/Sources/Pow/Transitions/Glare.swift /Users/admin/builder/spi-builder-workspace/Sources/Pow/Transitions/Iris.swift /Users/admin/builder/spi-builder-workspace/Sources/Pow/Transitions/Move.swift /Users/admin/builder/spi-builder-workspace/Sources/Pow/Transitions/Poof.swift /Users/admin/builder/spi-builder-workspace/Sources/Pow/Transitions/Pop.swift /Users/admin/builder/spi-builder-workspace/Sources/Pow/Transitions/Skid.swift /Users/admin/builder/spi-builder-workspace/Sources/Pow/Transitions/Swoosh.swift /Users/admin/builder/spi-builder-workspace/Sources/Pow/Transitions/Vanish.swift /Users/admin/builder/spi-builder-workspace/Sources/Pow/Transitions/Wipe.swift /Users/admin/builder/spi-builder-workspace/.derivedData/Build/Intermediates.noindex/Pow.build/Debug-watchos/Pow-t.build/DerivedSources/GeneratedAssetSymbols.swift -supplementary-output-file-map /Users/admin/builder/spi-builder-workspace/.derivedData/Build/Intermediates.noindex/Pow.build/Debug-watchos/Pow-t.build/Objects-normal/arm64/supplementaryOutputs-7 -target arm64-apple-watchos9.0 -module-can-import-version DeveloperToolsSupport 24.0.24 24.0.24 -module-can-import-version SwiftUI 8.0.84.1 8.0.84 -module-can-import-version UIKit 9127.0.84.1 9127.0.84 -disable-cross-import-overlay-search -load-resolved-plugin /Applications/Xcode-27.0.0-Release.Candidate.app/Contents/Developer/Platforms/WatchOS.platform/Developer/usr/lib/swift/host/plugins/libFoundationMacros.dylib\#/Applications/Xcode-27.0.0-Release.Candidate.app/Contents/Developer/Platforms/WatchOS.platform/Developer/usr/bin/swift-plugin-server\#FoundationMacros -load-resolved-plugin /Applications/Xcode-27.0.0-Release.Candidate.app/Contents/Developer/Platforms/WatchOS.platform/Developer/usr/lib/swift/host/plugins/libObservationMacros.dylib\#/Applications/Xcode-27.0.0-Release.Candidate.app/Contents/Developer/Platforms/WatchOS.platform/Developer/usr/bin/swift-plugin-server\#ObservationMacros -load-resolved-plugin /Applications/Xcode-27.0.0-Release.Candidate.app/Contents/Developer/Platforms/WatchOS.platform/Developer/usr/lib/swift/host/plugins/libPreviewsMacros.dylib\#/Applications/Xcode-27.0.0-Release.Candidate.app/Contents/Developer/Platforms/WatchOS.platform/Developer/usr/bin/swift-plugin-server\#PreviewsMacros -load-resolved-plugin /Applications/Xcode-27.0.0-Release.Candidate.app/Contents/Developer/Platforms/WatchOS.platform/Developer/usr/lib/swift/host/plugins/libSwiftMacros.dylib\#/Applications/Xcode-27.0.0-Release.Candidate.app/Contents/Developer/Platforms/WatchOS.platform/Developer/usr/bin/swift-plugin-server\#SwiftMacros -load-resolved-plugin /Applications/Xcode-27.0.0-Release.Candidate.app/Contents/Developer/Platforms/WatchOS.platform/Developer/usr/lib/swift/host/plugins/libSwiftUIMacros.dylib\#/Applications/Xcode-27.0.0-Release.Candidate.app/Contents/Developer/Platforms/WatchOS.platform/Developer/usr/bin/swift-plugin-server\#SwiftUIMacros -disable-implicit-swift-modules -Xcc -fno-implicit-modules -Xcc -fno-implicit-module-maps -explicit-swift-module-map-file /Users/admin/builder/spi-builder-workspace/.derivedData/Build/Intermediates.noindex/Pow.build/Debug-watchos/Pow-t.build/Objects-normal/arm64/Pow-dependencies-1.json -Xllvm -aarch64-use-tbi -enable-objc-interop -stack-check -sdk /Applications/Xcode-27.0.0-Release.Candidate.app/Contents/Developer/Platforms/WatchOS.platform/Developer/SDKs/WatchOS27.0.sdk -I /Users/admin/builder/spi-builder-workspace/.derivedData/Build/Products/Debug-watchos -Isystem /Applications/Xcode-27.0.0-Release.Candidate.app/Contents/Developer/Platforms/WatchOS.platform/Developer/usr/lib -F /Users/admin/builder/spi-builder-workspace/.derivedData/Build/Products/Debug-watchos -F /Applications/Xcode-27.0.0-Release.Candidate.app/Contents/Developer/Platforms/WatchOS.platform/Developer/Library/Frameworks -F /Applications/Xcode-27.0.0-Release.Candidate.app/Contents/Developer/Platforms/WatchOS.platform/Developer/SDKs/WatchOS27.0.sdk/Developer/Library/Frameworks -module-cache-path /Users/admin/builder/spi-builder-workspace/.derivedData/Build/Intermediates.noindex/SwiftExplicitPrecompiledModules -no-color-diagnostics -Xcc -fno-color-diagnostics -enable-testing -g -debug-info-format\=dwarf -dwarf-version\=4 -profile-generate -profile-coverage-mapping -swift-version 5 -Onone -D SWIFT_PACKAGE -D DEBUG -D SWIFT_MODULE_RESOURCE_BUNDLE_AVAILABLE -D Xcode -serialize-debugging-options -enable-experimental-feature DebugDescriptionMacro -empty-abi-descriptor -validate-clang-modules-once -clang-build-session-file /Users/admin/builder/spi-builder-workspace/.derivedData/ModuleCache.noindex/Session.modulevalidation -Xcc -working-directory -Xcc /Users/admin/builder/spi-builder-workspace/.swiftpm/xcode -enable-anonymous-context-mangled-names -file-compilation-dir /Users/admin/builder/spi-builder-workspace/.swiftpm/xcode -Xcc -D_LIBCPP_HARDENING_MODE\=_LIBCPP_HARDENING_MODE_DEBUG -Xcc -ivfsstatcache -Xcc /Users/admin/builder/spi-builder-workspace/.derivedData/SDKStatCaches.noindex/watchos27.0-24R360-e829b21a6f8c9b70876ba0858053c04477534ef55a1706bf4c1112bbb242f0a2.sdkstatcache -Xcc -fmodules-prune-interval\=86400 -Xcc -fmodules-prune-after\=345600 -Xcc -I/Users/admin/builder/spi-builder-workspace/.derivedData/Build/Products/Debug-watchos/include -Xcc -I/Users/admin/builder/spi-builder-workspace/.derivedData/Build/Intermediates.noindex/Pow.build/Debug-watchos/Pow-t.build/DerivedSources-normal/arm64 -Xcc -I/Users/admin/builder/spi-builder-workspace/.derivedData/Build/Intermediates.noindex/Pow.build/Debug-watchos/Pow-t.build/DerivedSources/arm64 -Xcc -I/Users/admin/builder/spi-builder-workspace/.derivedData/Build/Intermediates.noindex/Pow.build/Debug-watchos/Pow-t.build/DerivedSources -Xcc -DSWIFT_PACKAGE -Xcc -DDEBUG\=1 -no-auto-bridging-header-chaining -module-name Pow -const-gather-protocols-file /Users/admin/builder/spi-builder-workspace/.derivedData/Build/Intermediates.noindex/Pow.build/Debug-watchos/Pow-t.build/Objects-normal/arm64/Pow_const_extract_protocols.json -disable-clang-spi -clang-target arm64-apple-watchos27.0 -target-sdk-version 27.0 -target-sdk-name watchos27.0 -in-process-plugin-server-path /Applications/Xcode-27.0.0-Release.Candidate.app/Contents/Developer/Toolchains/XcodeDefault.xctoolchain/usr/lib/swift/host/libSwiftInProcPluginServer.dylib -parse-as-library -o /Users/admin/builder/spi-builder-workspace/.derivedData/Build/Intermediates.noindex/Pow.build/Debug-watchos/Pow-t.build/Objects-normal/arm64/ProjectionTransform+Utilities.o -o /Users/admin/builder/spi-builder-workspace/.derivedData/Build/Intermediates.noindex/Pow.build/Debug-watchos/Pow-t.build/Objects-normal/arm64/UnitPoint+CircularCoordinates.o -o /Users/admin/builder/spi-builder-workspace/.derivedData/Build/Intermediates.noindex/Pow.build/Debug-watchos/Pow-t.build/Objects-normal/arm64/ViewModifier+DefaultAnimation.o -o /Users/admin/builder/spi-builder-workspace/.derivedData/Build/Intermediates.noindex/Pow.build/Debug-watchos/Pow-t.build/Objects-normal/arm64/simd+Utilities.o -o /Users/admin/builder/spi-builder-workspace/.derivedData/Build/Intermediates.noindex/Pow.build/Debug-watchos/Pow-t.build/Objects-normal/arm64/AngleControl.o -o /Users/admin/builder/spi-builder-workspace/.derivedData/Build/Intermediates.noindex/Pow.build/Debug-watchos/Pow-t.build/Objects-normal/arm64/AnyAnimatableViewModifier.o -debug-module-path /Users/admin/builder/spi-builder-workspace/.derivedData/Build/Intermediates.noindex/Pow.build/Debug-watchos/Pow-t.build/Objects-normal/arm64/Pow.swiftmodule -index-unit-output-path /Pow.build/Debug-watchos/Pow-t.build/Objects-normal/arm64/ProjectionTransform+Utilities.o -index-unit-output-path /Pow.build/Debug-watchos/Pow-t.build/Objects-normal/arm64/UnitPoint+CircularCoordinates.o -index-unit-output-path /Pow.build/Debug-watchos/Pow-t.build/Objects-normal/arm64/ViewModifier+DefaultAnimation.o -index-unit-output-path /Pow.build/Debug-watchos/Pow-t.build/Objects-normal/arm64/simd+Utilities.o -index-unit-output-path /Pow.build/Debug-watchos/Pow-t.build/Objects-normal/arm64/AngleControl.o -index-unit-output-path /Pow.build/Debug-watchos/Pow-t.build/Objects-normal/arm64/AnyAnimatableViewModifier.o -index-store-path /Users/admin/builder/spi-builder-workspace/.derivedData/Index.noindex/DataStore -index-system-modules
SwiftCompile normal arm64 Compiling\ AnyChangeEffect.swift,\ AnyContinuousEffect.swift,\ AnyViewModifier.swift,\ Haptics.swift,\ MathUtilities.swift,\ Namespace.swift /Users/admin/builder/spi-builder-workspace/Sources/Pow/Infrastructure/AnyChangeEffect.swift /Users/admin/builder/spi-builder-workspace/Sources/Pow/Infrastructure/AnyContinuousEffect.swift /Users/admin/builder/spi-builder-workspace/Sources/Pow/Infrastructure/AnyViewModifier.swift /Users/admin/builder/spi-builder-workspace/Sources/Pow/Infrastructure/Haptics.swift /Users/admin/builder/spi-builder-workspace/Sources/Pow/Infrastructure/MathUtilities.swift /Users/admin/builder/spi-builder-workspace/Sources/Pow/Infrastructure/Namespace.swift (in target 'Pow' from project 'Pow')
SwiftCompile normal arm64 /Users/admin/builder/spi-builder-workspace/Sources/Pow/Infrastructure/AnyChangeEffect.swift (in target 'Pow' from project 'Pow')
cd /Users/admin/builder/spi-builder-workspace/.swiftpm/xcode
builtin-SwiftPerFileCompile AnyChangeEffect.swift
SwiftCompile normal arm64 /Users/admin/builder/spi-builder-workspace/Sources/Pow/Infrastructure/AnyContinuousEffect.swift (in target 'Pow' from project 'Pow')
cd /Users/admin/builder/spi-builder-workspace/.swiftpm/xcode
builtin-SwiftPerFileCompile AnyContinuousEffect.swift
SwiftCompile normal arm64 /Users/admin/builder/spi-builder-workspace/Sources/Pow/Infrastructure/AnyViewModifier.swift (in target 'Pow' from project 'Pow')
cd /Users/admin/builder/spi-builder-workspace/.swiftpm/xcode
builtin-SwiftPerFileCompile AnyViewModifier.swift
SwiftCompile normal arm64 /Users/admin/builder/spi-builder-workspace/Sources/Pow/Infrastructure/Haptics.swift (in target 'Pow' from project 'Pow')
cd /Users/admin/builder/spi-builder-workspace/.swiftpm/xcode
builtin-SwiftPerFileCompile Haptics.swift
SwiftCompile normal arm64 /Users/admin/builder/spi-builder-workspace/Sources/Pow/Infrastructure/MathUtilities.swift (in target 'Pow' from project 'Pow')
cd /Users/admin/builder/spi-builder-workspace/.swiftpm/xcode
builtin-SwiftPerFileCompile MathUtilities.swift
SwiftCompile normal arm64 /Users/admin/builder/spi-builder-workspace/Sources/Pow/Infrastructure/Namespace.swift (in target 'Pow' from project 'Pow')
cd /Users/admin/builder/spi-builder-workspace/.swiftpm/xcode
builtin-SwiftPerFileCompile Namespace.swift
SwiftCompile normal arm64 Compiling\ OnChangeEffect.swift,\ ParticleLayer.swift,\ ProgressableAnimation.swift,\ Scaled.swift,\ SecondOrderDynamics.swift,\ SeededRandomNumberGenerator.swift /Users/admin/builder/spi-builder-workspace/Sources/Pow/Infrastructure/OnChangeEffect.swift /Users/admin/builder/spi-builder-workspace/Sources/Pow/Infrastructure/ParticleLayer.swift /Users/admin/builder/spi-builder-workspace/Sources/Pow/Infrastructure/ProgressableAnimation.swift /Users/admin/builder/spi-builder-workspace/Sources/Pow/Infrastructure/Scaled.swift /Users/admin/builder/spi-builder-workspace/Sources/Pow/Infrastructure/SecondOrderDynamics.swift /Users/admin/builder/spi-builder-workspace/Sources/Pow/Infrastructure/SeededRandomNumberGenerator.swift (in target 'Pow' from project 'Pow')
SwiftCompile normal arm64 /Users/admin/builder/spi-builder-workspace/Sources/Pow/Infrastructure/OnChangeEffect.swift (in target 'Pow' from project 'Pow')
cd /Users/admin/builder/spi-builder-workspace/.swiftpm/xcode
builtin-SwiftPerFileCompile OnChangeEffect.swift
SwiftCompile normal arm64 /Users/admin/builder/spi-builder-workspace/Sources/Pow/Infrastructure/ParticleLayer.swift (in target 'Pow' from project 'Pow')
cd /Users/admin/builder/spi-builder-workspace/.swiftpm/xcode
builtin-SwiftPerFileCompile ParticleLayer.swift
SwiftCompile normal arm64 /Users/admin/builder/spi-builder-workspace/Sources/Pow/Infrastructure/ProgressableAnimation.swift (in target 'Pow' from project 'Pow')
cd /Users/admin/builder/spi-builder-workspace/.swiftpm/xcode
builtin-SwiftPerFileCompile ProgressableAnimation.swift
SwiftCompile normal arm64 /Users/admin/builder/spi-builder-workspace/Sources/Pow/Infrastructure/Scaled.swift (in target 'Pow' from project 'Pow')
cd /Users/admin/builder/spi-builder-workspace/.swiftpm/xcode
builtin-SwiftPerFileCompile Scaled.swift
SwiftCompile normal arm64 /Users/admin/builder/spi-builder-workspace/Sources/Pow/Infrastructure/SecondOrderDynamics.swift (in target 'Pow' from project 'Pow')
cd /Users/admin/builder/spi-builder-workspace/.swiftpm/xcode
builtin-SwiftPerFileCompile SecondOrderDynamics.swift
SwiftCompile normal arm64 /Users/admin/builder/spi-builder-workspace/Sources/Pow/Infrastructure/SeededRandomNumberGenerator.swift (in target 'Pow' from project 'Pow')
cd /Users/admin/builder/spi-builder-workspace/.swiftpm/xcode
builtin-SwiftPerFileCompile SeededRandomNumberGenerator.swift
SwiftCompile normal arm64 Compiling\ Simulative.swift,\ Spring.swift,\ TRS.swift,\ Transform3DEffect.swift,\ ViewRepresentable.swift,\ WhileEffect.swift /Users/admin/builder/spi-builder-workspace/Sources/Pow/Infrastructure/Simulative.swift /Users/admin/builder/spi-builder-workspace/Sources/Pow/Infrastructure/Spring.swift /Users/admin/builder/spi-builder-workspace/Sources/Pow/Infrastructure/TRS.swift /Users/admin/builder/spi-builder-workspace/Sources/Pow/Infrastructure/Transform3DEffect.swift /Users/admin/builder/spi-builder-workspace/Sources/Pow/Infrastructure/ViewRepresentable.swift /Users/admin/builder/spi-builder-workspace/Sources/Pow/Infrastructure/WhileEffect.swift (in target 'Pow' from project 'Pow')
SwiftCompile normal arm64 /Users/admin/builder/spi-builder-workspace/Sources/Pow/Infrastructure/Simulative.swift (in target 'Pow' from project 'Pow')
cd /Users/admin/builder/spi-builder-workspace/.swiftpm/xcode
builtin-SwiftPerFileCompile Simulative.swift
SwiftCompile normal arm64 /Users/admin/builder/spi-builder-workspace/Sources/Pow/Infrastructure/Spring.swift (in target 'Pow' from project 'Pow')
cd /Users/admin/builder/spi-builder-workspace/.swiftpm/xcode
builtin-SwiftPerFileCompile Spring.swift
SwiftCompile normal arm64 /Users/admin/builder/spi-builder-workspace/Sources/Pow/Infrastructure/TRS.swift (in target 'Pow' from project 'Pow')
cd /Users/admin/builder/spi-builder-workspace/.swiftpm/xcode
builtin-SwiftPerFileCompile TRS.swift
SwiftCompile normal arm64 /Users/admin/builder/spi-builder-workspace/Sources/Pow/Infrastructure/Transform3DEffect.swift (in target 'Pow' from project 'Pow')
cd /Users/admin/builder/spi-builder-workspace/.swiftpm/xcode
builtin-SwiftPerFileCompile Transform3DEffect.swift
SwiftCompile normal arm64 /Users/admin/builder/spi-builder-workspace/Sources/Pow/Infrastructure/ViewRepresentable.swift (in target 'Pow' from project 'Pow')
cd /Users/admin/builder/spi-builder-workspace/.swiftpm/xcode
builtin-SwiftPerFileCompile ViewRepresentable.swift
SwiftCompile normal arm64 /Users/admin/builder/spi-builder-workspace/Sources/Pow/Infrastructure/WhileEffect.swift (in target 'Pow' from project 'Pow')
cd /Users/admin/builder/spi-builder-workspace/.swiftpm/xcode
builtin-SwiftPerFileCompile WhileEffect.swift
SwiftCompile normal arm64 Compiling\ Anvil.swift,\ Blinds.swift,\ Blur.swift,\ Boing.swift,\ Clock.swift,\ FilmExposure.swift /Users/admin/builder/spi-builder-workspace/Sources/Pow/Transitions/Anvil.swift /Users/admin/builder/spi-builder-workspace/Sources/Pow/Transitions/Blinds.swift /Users/admin/builder/spi-builder-workspace/Sources/Pow/Transitions/Blur.swift /Users/admin/builder/spi-builder-workspace/Sources/Pow/Transitions/Boing.swift /Users/admin/builder/spi-builder-workspace/Sources/Pow/Transitions/Clock.swift /Users/admin/builder/spi-builder-workspace/Sources/Pow/Transitions/FilmExposure.swift (in target 'Pow' from project 'Pow')
SwiftCompile normal arm64 /Users/admin/builder/spi-builder-workspace/Sources/Pow/Transitions/Anvil.swift (in target 'Pow' from project 'Pow')
cd /Users/admin/builder/spi-builder-workspace/.swiftpm/xcode
builtin-SwiftPerFileCompile Anvil.swift
SwiftCompile normal arm64 /Users/admin/builder/spi-builder-workspace/Sources/Pow/Transitions/Blinds.swift (in target 'Pow' from project 'Pow')
cd /Users/admin/builder/spi-builder-workspace/.swiftpm/xcode
builtin-SwiftPerFileCompile Blinds.swift
SwiftCompile normal arm64 /Users/admin/builder/spi-builder-workspace/Sources/Pow/Transitions/Blur.swift (in target 'Pow' from project 'Pow')
cd /Users/admin/builder/spi-builder-workspace/.swiftpm/xcode
builtin-SwiftPerFileCompile Blur.swift
SwiftCompile normal arm64 /Users/admin/builder/spi-builder-workspace/Sources/Pow/Transitions/Boing.swift (in target 'Pow' from project 'Pow')
cd /Users/admin/builder/spi-builder-workspace/.swiftpm/xcode
builtin-SwiftPerFileCompile Boing.swift
SwiftCompile normal arm64 /Users/admin/builder/spi-builder-workspace/Sources/Pow/Transitions/Clock.swift (in target 'Pow' from project 'Pow')
cd /Users/admin/builder/spi-builder-workspace/.swiftpm/xcode
builtin-SwiftPerFileCompile Clock.swift
SwiftCompile normal arm64 /Users/admin/builder/spi-builder-workspace/Sources/Pow/Transitions/FilmExposure.swift (in target 'Pow' from project 'Pow')
cd /Users/admin/builder/spi-builder-workspace/.swiftpm/xcode
builtin-SwiftPerFileCompile FilmExposure.swift
SwiftCompile normal arm64 Compiling\ WiggleEffect.swift,\ Animation+TimingCurves.swift,\ CGAffineTransform+Shear.swift,\ CGPoint+Utilities.swift,\ CGRect+Utilities.swift,\ CGSize+Utilities.swift,\ Duration+TimeInterval.swift /Users/admin/builder/spi-builder-workspace/Sources/Pow/Effects/WiggleEffect.swift /Users/admin/builder/spi-builder-workspace/Sources/Pow/Extensions/Animation+TimingCurves.swift /Users/admin/builder/spi-builder-workspace/Sources/Pow/Extensions/CGAffineTransform+Shear.swift /Users/admin/builder/spi-builder-workspace/Sources/Pow/Extensions/CGPoint+Utilities.swift /Users/admin/builder/spi-builder-workspace/Sources/Pow/Extensions/CGRect+Utilities.swift /Users/admin/builder/spi-builder-workspace/Sources/Pow/Extensions/CGSize+Utilities.swift /Users/admin/builder/spi-builder-workspace/Sources/Pow/Extensions/Duration+TimeInterval.swift (in target 'Pow' from project 'Pow')
SwiftCompile normal arm64 /Users/admin/builder/spi-builder-workspace/Sources/Pow/Effects/WiggleEffect.swift (in target 'Pow' from project 'Pow')
cd /Users/admin/builder/spi-builder-workspace/.swiftpm/xcode
builtin-SwiftPerFileCompile WiggleEffect.swift
SwiftCompile normal arm64 /Users/admin/builder/spi-builder-workspace/Sources/Pow/Extensions/Animation+TimingCurves.swift (in target 'Pow' from project 'Pow')
cd /Users/admin/builder/spi-builder-workspace/.swiftpm/xcode
builtin-SwiftPerFileCompile Animation+TimingCurves.swift
SwiftCompile normal arm64 /Users/admin/builder/spi-builder-workspace/Sources/Pow/Extensions/CGAffineTransform+Shear.swift (in target 'Pow' from project 'Pow')
cd /Users/admin/builder/spi-builder-workspace/.swiftpm/xcode
builtin-SwiftPerFileCompile CGAffineTransform+Shear.swift
SwiftCompile normal arm64 /Users/admin/builder/spi-builder-workspace/Sources/Pow/Extensions/CGPoint+Utilities.swift (in target 'Pow' from project 'Pow')
cd /Users/admin/builder/spi-builder-workspace/.swiftpm/xcode
builtin-SwiftPerFileCompile CGPoint+Utilities.swift
SwiftCompile normal arm64 /Users/admin/builder/spi-builder-workspace/Sources/Pow/Extensions/CGRect+Utilities.swift (in target 'Pow' from project 'Pow')
cd /Users/admin/builder/spi-builder-workspace/.swiftpm/xcode
builtin-SwiftPerFileCompile CGRect+Utilities.swift
SwiftCompile normal arm64 /Users/admin/builder/spi-builder-workspace/Sources/Pow/Extensions/CGSize+Utilities.swift (in target 'Pow' from project 'Pow')
cd /Users/admin/builder/spi-builder-workspace/.swiftpm/xcode
builtin-SwiftPerFileCompile CGSize+Utilities.swift
SwiftCompile normal arm64 /Users/admin/builder/spi-builder-workspace/Sources/Pow/Extensions/Duration+TimeInterval.swift (in target 'Pow' from project 'Pow')
cd /Users/admin/builder/spi-builder-workspace/.swiftpm/xcode
builtin-SwiftPerFileCompile Duration+TimeInterval.swift
SwiftCompile normal arm64 Compiling\ RisingParticleEffect.swift,\ ShakeEffect.swift,\ ShineEffect.swift,\ SmokeEffect.swift,\ SoundEffect.swift,\ SpinEffect.swift,\ SprayEffect.swift /Users/admin/builder/spi-builder-workspace/Sources/Pow/Effects/RisingParticleEffect.swift /Users/admin/builder/spi-builder-workspace/Sources/Pow/Effects/ShakeEffect.swift /Users/admin/builder/spi-builder-workspace/Sources/Pow/Effects/ShineEffect.swift /Users/admin/builder/spi-builder-workspace/Sources/Pow/Effects/SmokeEffect.swift /Users/admin/builder/spi-builder-workspace/Sources/Pow/Effects/SoundEffect.swift /Users/admin/builder/spi-builder-workspace/Sources/Pow/Effects/SpinEffect.swift /Users/admin/builder/spi-builder-workspace/Sources/Pow/Effects/SprayEffect.swift (in target 'Pow' from project 'Pow')
/Users/admin/builder/spi-builder-workspace/Sources/Pow/Effects/SmokeEffect.swift:120:40: error: cannot find type 'EmitterView' in scope
118 | var seed: UInt32
119 |
120 | func makeView(context: Context) -> EmitterView {
| `- error: cannot find type 'EmitterView' in scope
121 | let view = EmitterView()
122 |
/Users/admin/builder/spi-builder-workspace/Sources/Pow/Effects/SmokeEffect.swift:120:28: error: cannot find type 'Context' in scope
118 | var seed: UInt32
119 |
120 | func makeView(context: Context) -> EmitterView {
| `- error: cannot find type 'Context' in scope
121 | let view = EmitterView()
122 |
/Users/admin/builder/spi-builder-workspace/Sources/Pow/Effects/SmokeEffect.swift:170:29: error: cannot find type 'EmitterView' in scope
168 | }
169 |
170 | func updateView(_ view: EmitterView, context: Context) {
| `- error: cannot find type 'EmitterView' in scope
171 | view.emitterLayer.lifetime = isActive ? 1 : 0
172 | }
/Users/admin/builder/spi-builder-workspace/Sources/Pow/Effects/SmokeEffect.swift:170:51: error: cannot find type 'Context' in scope
168 | }
169 |
170 | func updateView(_ view: EmitterView, context: Context) {
| `- error: cannot find type 'Context' in scope
171 | view.emitterLayer.lifetime = isActive ? 1 : 0
172 | }
/Users/admin/builder/spi-builder-workspace/Sources/Pow/Effects/SmokeEffect.swift:111:32: error: cannot find type 'ViewRepresentable' in scope
109 | #endif
110 |
111 | private struct SmokeLayerView: ViewRepresentable {
| `- error: cannot find type 'ViewRepresentable' in scope
112 | var size: CGSize
113 |
/Users/admin/builder/spi-builder-workspace/Sources/Pow/Effects/SmokeEffect.swift:66:84: error: cannot find 'image' in scope
64 | #endif
65 |
66 | SmokeLayerView(size: proxy.size, isActive: isActive, particle: image, seed: UInt32(offset))
| `- error: cannot find 'image' in scope
67 | }
68 | }
/Users/admin/builder/spi-builder-workspace/Sources/Pow/Effects/SmokeEffect.swift:121:20: error: cannot find 'EmitterView' in scope
119 |
120 | func makeView(context: Context) -> EmitterView {
121 | let view = EmitterView()
| `- error: cannot find 'EmitterView' in scope
122 |
123 | let emitterLayer = view.emitterLayer
/Users/admin/builder/spi-builder-workspace/Sources/Pow/Effects/SmokeEffect.swift:140:42: error: cannot infer contextual base in reference to member 'rectangle'
138 | .insetBy(dx: inset, dy: inset)
139 | .size
140 | emitterLayer.emitterShape = .rectangle
| `- error: cannot infer contextual base in reference to member 'rectangle'
141 |
142 | let cell = CAEmitterCell()
/Users/admin/builder/spi-builder-workspace/Sources/Pow/Effects/SmokeEffect.swift:142:24: error: 'CAEmitterCell' is unavailable in watchOS
140 | emitterLayer.emitterShape = .rectangle
141 |
142 | let cell = CAEmitterCell()
| `- error: 'CAEmitterCell' is unavailable in watchOS
143 | cell.birthRate = max(10.0, Float(size.width / 5.0))
144 | cell.lifetime = 1.5
/Applications/Xcode-27.0.0-Release.Candidate.app/Contents/Developer/Platforms/WatchOS.platform/Developer/SDKs/WatchOS27.0.sdk/System/Library/Frameworks/QuartzCore.framework/Headers/CAEmitterCell.h:13:12: note: 'CAEmitterCell' has been explicitly marked unavailable here
11 |
12 | API_AVAILABLE(macos(10.6), ios(5.0), tvos(9.0)) API_UNAVAILABLE(watchos)
13 | @interface CAEmitterCell : NSObject <NSSecureCoding, CAMediaTiming>
| `- note: 'CAEmitterCell' has been explicitly marked unavailable here
14 | {
15 | @private
/Users/admin/builder/spi-builder-workspace/Sources/Pow/Effects/SmokeEffect.swift:182:13: error: 'GroupBox' is unavailable in watchOS
180 |
181 | var body: some View {
182 | GroupBox("Smoke") {
| `- error: 'GroupBox' is unavailable in watchOS
183 | VStack {
184 | Toggle("Enabled", isOn: $isEnabled)
SwiftUI.GroupBox:4:27: note: 'GroupBox' has been explicitly marked unavailable here
2 | @available(tvOS, unavailable)
3 | @available(watchOS, unavailable)
4 | nonisolated public struct GroupBox<Label, Content> : View, ~Sendable where Label : View, Content : View {
| `- note: 'GroupBox' has been explicitly marked unavailable here
5 | @available(iOS 14.0, macOS 10.15, *)
6 | @available(tvOS, unavailable)
/Users/admin/builder/spi-builder-workspace/Sources/Pow/Effects/SmokeEffect.swift:182:13: error: 'init(_:content:)' is unavailable in watchOS
180 |
181 | var body: some View {
182 | GroupBox("Smoke") {
| `- error: 'init(_:content:)' is unavailable in watchOS
183 | VStack {
184 | Toggle("Enabled", isOn: $isEnabled)
SwiftUI.GroupBox.init:2:20: note: 'init(_:content:)' has been explicitly marked unavailable here
1 | generic struct GroupBox {
2 | nonisolated public init(_ titleKey: LocalizedStringKey, @ContentBuilder content: () -> Content)}
| `- note: 'init(_:content:)' has been explicitly marked unavailable here
3 |
/Users/admin/builder/spi-builder-workspace/Sources/Pow/Effects/SmokeEffect.swift:209:13: error: 'GroupBox' is unavailable in watchOS
207 |
208 | var body: some View {
209 | GroupBox("Smoke") {
| `- error: 'GroupBox' is unavailable in watchOS
210 | VStack {
211 | Toggle("Enabled", isOn: $isEnabled)
SwiftUI.GroupBox:4:27: note: 'GroupBox' has been explicitly marked unavailable here
2 | @available(tvOS, unavailable)
3 | @available(watchOS, unavailable)
4 | nonisolated public struct GroupBox<Label, Content> : View, ~Sendable where Label : View, Content : View {
| `- note: 'GroupBox' has been explicitly marked unavailable here
5 | @available(iOS 14.0, macOS 10.15, *)
6 | @available(tvOS, unavailable)
/Users/admin/builder/spi-builder-workspace/Sources/Pow/Effects/SmokeEffect.swift:209:13: error: 'init(_:content:)' is unavailable in watchOS
207 |
208 | var body: some View {
209 | GroupBox("Smoke") {
| `- error: 'init(_:content:)' is unavailable in watchOS
210 | VStack {
211 | Toggle("Enabled", isOn: $isEnabled)
SwiftUI.GroupBox.init:2:20: note: 'init(_:content:)' has been explicitly marked unavailable here
1 | generic struct GroupBox {
2 | nonisolated public init(_ titleKey: LocalizedStringKey, @ContentBuilder content: () -> Content)}
| `- note: 'init(_:content:)' has been explicitly marked unavailable here
3 |
/Users/admin/builder/spi-builder-workspace/Sources/Pow/Effects/SmokeEffect.swift:235:13: error: 'GroupBox' is unavailable in watchOS
233 |
234 | var body: some View {
235 | GroupBox("Smoke") {
| `- error: 'GroupBox' is unavailable in watchOS
236 | VStack {
237 | Toggle("Enabled", isOn: $isEnabled)
SwiftUI.GroupBox:4:27: note: 'GroupBox' has been explicitly marked unavailable here
2 | @available(tvOS, unavailable)
3 | @available(watchOS, unavailable)
4 | nonisolated public struct GroupBox<Label, Content> : View, ~Sendable where Label : View, Content : View {
| `- note: 'GroupBox' has been explicitly marked unavailable here
5 | @available(iOS 14.0, macOS 10.15, *)
6 | @available(tvOS, unavailable)
/Users/admin/builder/spi-builder-workspace/Sources/Pow/Effects/SmokeEffect.swift:235:13: error: 'init(_:content:)' is unavailable in watchOS
233 |
234 | var body: some View {
235 | GroupBox("Smoke") {
| `- error: 'init(_:content:)' is unavailable in watchOS
236 | VStack {
237 | Toggle("Enabled", isOn: $isEnabled)
SwiftUI.GroupBox.init:2:20: note: 'init(_:content:)' has been explicitly marked unavailable here
1 | generic struct GroupBox {
2 | nonisolated public init(_ titleKey: LocalizedStringKey, @ContentBuilder content: () -> Content)}
| `- note: 'init(_:content:)' has been explicitly marked unavailable here
3 |
/Users/admin/builder/spi-builder-workspace/Sources/Pow/Effects/SmokeEffect.swift:266:21: error: 'GroupBox' is unavailable in watchOS
264 | NavigationView {
265 | ScrollView {
266 | GroupBox("Smoke") {
| `- error: 'GroupBox' is unavailable in watchOS
267 | VStack {
268 | Button {
SwiftUI.GroupBox:4:27: note: 'GroupBox' has been explicitly marked unavailable here
2 | @available(tvOS, unavailable)
3 | @available(watchOS, unavailable)
4 | nonisolated public struct GroupBox<Label, Content> : View, ~Sendable where Label : View, Content : View {
| `- note: 'GroupBox' has been explicitly marked unavailable here
5 | @available(iOS 14.0, macOS 10.15, *)
6 | @available(tvOS, unavailable)
/Users/admin/builder/spi-builder-workspace/Sources/Pow/Effects/SmokeEffect.swift:266:21: error: 'init(_:content:)' is unavailable in watchOS
264 | NavigationView {
265 | ScrollView {
266 | GroupBox("Smoke") {
| `- error: 'init(_:content:)' is unavailable in watchOS
267 | VStack {
268 | Button {
SwiftUI.GroupBox.init:2:20: note: 'init(_:content:)' has been explicitly marked unavailable here
1 | generic struct GroupBox {
2 | nonisolated public init(_ titleKey: LocalizedStringKey, @ContentBuilder content: () -> Content)}
| `- note: 'init(_:content:)' has been explicitly marked unavailable here
3 |
/Users/admin/builder/spi-builder-workspace/Sources/Pow/Effects/SmokeEffect.swift:319:13: error: 'GroupBox' is unavailable in watchOS
317 |
318 | var body: some View {
319 | GroupBox("Smoke") {
| `- error: 'GroupBox' is unavailable in watchOS
320 | VStack {
321 | Toggle("Enabled", isOn: $isEnabled)
SwiftUI.GroupBox:4:27: note: 'GroupBox' has been explicitly marked unavailable here
2 | @available(tvOS, unavailable)
3 | @available(watchOS, unavailable)
4 | nonisolated public struct GroupBox<Label, Content> : View, ~Sendable where Label : View, Content : View {
| `- note: 'GroupBox' has been explicitly marked unavailable here
5 | @available(iOS 14.0, macOS 10.15, *)
6 | @available(tvOS, unavailable)
/Users/admin/builder/spi-builder-workspace/Sources/Pow/Effects/SmokeEffect.swift:319:13: error: 'init(_:content:)' is unavailable in watchOS
317 |
318 | var body: some View {
319 | GroupBox("Smoke") {
| `- error: 'init(_:content:)' is unavailable in watchOS
320 | VStack {
321 | Toggle("Enabled", isOn: $isEnabled)
SwiftUI.GroupBox.init:2:20: note: 'init(_:content:)' has been explicitly marked unavailable here
1 | generic struct GroupBox {
2 | nonisolated public init(_ titleKey: LocalizedStringKey, @ContentBuilder content: () -> Content)}
| `- note: 'init(_:content:)' has been explicitly marked unavailable here
3 |
Failed frontend command:
/Applications/Xcode-27.0.0-Release.Candidate.app/Contents/Developer/Toolchains/XcodeDefault.xctoolchain/usr/bin/swift-frontend -frontend -c /Users/admin/builder/spi-builder-workspace/.derivedData/Build/Intermediates.noindex/Pow.build/Debug-watchos/Pow-t.build/DerivedSources/resource_bundle_accessor.swift /Users/admin/builder/spi-builder-workspace/Sources/Pow/Effects/GlowEffect.swift /Users/admin/builder/spi-builder-workspace/Sources/Pow/Effects/HapticFeedbackEffect.swift /Users/admin/builder/spi-builder-workspace/Sources/Pow/Effects/JumpEffect.swift /Users/admin/builder/spi-builder-workspace/Sources/Pow/Effects/PingEffect.swift /Users/admin/builder/spi-builder-workspace/Sources/Pow/Effects/PulseEffect.swift /Users/admin/builder/spi-builder-workspace/Sources/Pow/Effects/PushDownEffect.swift -primary-file /Users/admin/builder/spi-builder-workspace/Sources/Pow/Effects/RisingParticleEffect.swift -primary-file /Users/admin/builder/spi-builder-workspace/Sources/Pow/Effects/ShakeEffect.swift -primary-file /Users/admin/builder/spi-builder-workspace/Sources/Pow/Effects/ShineEffect.swift -primary-file /Users/admin/builder/spi-builder-workspace/Sources/Pow/Effects/SmokeEffect.swift -primary-file /Users/admin/builder/spi-builder-workspace/Sources/Pow/Effects/SoundEffect.swift -primary-file /Users/admin/builder/spi-builder-workspace/Sources/Pow/Effects/SpinEffect.swift -primary-file /Users/admin/builder/spi-builder-workspace/Sources/Pow/Effects/SprayEffect.swift /Users/admin/builder/spi-builder-workspace/Sources/Pow/Effects/WiggleEffect.swift /Users/admin/builder/spi-builder-workspace/Sources/Pow/Extensions/Animation+TimingCurves.swift /Users/admin/builder/spi-builder-workspace/Sources/Pow/Extensions/CGAffineTransform+Shear.swift /Users/admin/builder/spi-builder-workspace/Sources/Pow/Extensions/CGPoint+Utilities.swift /Users/admin/builder/spi-builder-workspace/Sources/Pow/Extensions/CGRect+Utilities.swift /Users/admin/builder/spi-builder-workspace/Sources/Pow/Extensions/CGSize+Utilities.swift /Users/admin/builder/spi-builder-workspace/Sources/Pow/Extensions/Duration+TimeInterval.swift /Users/admin/builder/spi-builder-workspace/Sources/Pow/Extensions/ProjectionTransform+Utilities.swift /Users/admin/builder/spi-builder-workspace/Sources/Pow/Extensions/UnitPoint+CircularCoordinates.swift /Users/admin/builder/spi-builder-workspace/Sources/Pow/Extensions/ViewModifier+DefaultAnimation.swift /Users/admin/builder/spi-builder-workspace/Sources/Pow/Extensions/simd+Utilities.swift /Users/admin/builder/spi-builder-workspace/Sources/Pow/Infrastructure/AngleControl.swift /Users/admin/builder/spi-builder-workspace/Sources/Pow/Infrastructure/AnyAnimatableViewModifier.swift /Users/admin/builder/spi-builder-workspace/Sources/Pow/Infrastructure/AnyChangeEffect.swift /Users/admin/builder/spi-builder-workspace/Sources/Pow/Infrastructure/AnyContinuousEffect.swift /Users/admin/builder/spi-builder-workspace/Sources/Pow/Infrastructure/AnyViewModifier.swift /Users/admin/builder/spi-builder-workspace/Sources/Pow/Infrastructure/Haptics.swift /Users/admin/builder/spi-builder-workspace/Sources/Pow/Infrastructure/MathUtilities.swift /Users/admin/builder/spi-builder-workspace/Sources/Pow/Infrastructure/Namespace.swift /Users/admin/builder/spi-builder-workspace/Sources/Pow/Infrastructure/OnChangeEffect.swift /Users/admin/builder/spi-builder-workspace/Sources/Pow/Infrastructure/ParticleLayer.swift /Users/admin/builder/spi-builder-workspace/Sources/Pow/Infrastructure/ProgressableAnimation.swift /Users/admin/builder/spi-builder-workspace/Sources/Pow/Infrastructure/Scaled.swift /Users/admin/builder/spi-builder-workspace/Sources/Pow/Infrastructure/SecondOrderDynamics.swift /Users/admin/builder/spi-builder-workspace/Sources/Pow/Infrastructure/SeededRandomNumberGenerator.swift /Users/admin/builder/spi-builder-workspace/Sources/Pow/Infrastructure/Simulative.swift /Users/admin/builder/spi-builder-workspace/Sources/Pow/Infrastructure/Spring.swift /Users/admin/builder/spi-builder-workspace/Sources/Pow/Infrastructure/TRS.swift /Users/admin/builder/spi-builder-workspace/Sources/Pow/Infrastructure/Transform3DEffect.swift /Users/admin/builder/spi-builder-workspace/Sources/Pow/Infrastructure/ViewRepresentable.swift /Users/admin/builder/spi-builder-workspace/Sources/Pow/Infrastructure/WhileEffect.swift /Users/admin/builder/spi-builder-workspace/Sources/Pow/Transitions/Anvil.swift /Users/admin/builder/spi-builder-workspace/Sources/Pow/Transitions/Blinds.swift /Users/admin/builder/spi-builder-workspace/Sources/Pow/Transitions/Blur.swift /Users/admin/builder/spi-builder-workspace/Sources/Pow/Transitions/Boing.swift /Users/admin/builder/spi-builder-workspace/Sources/Pow/Transitions/Clock.swift /Users/admin/builder/spi-builder-workspace/Sources/Pow/Transitions/FilmExposure.swift /Users/admin/builder/spi-builder-workspace/Sources/Pow/Transitions/Flicker.swift /Users/admin/builder/spi-builder-workspace/Sources/Pow/Transitions/Flip.swift /Users/admin/builder/spi-builder-workspace/Sources/Pow/Transitions/Glare.swift /Users/admin/builder/spi-builder-workspace/Sources/Pow/Transitions/Iris.swift /Users/admin/builder/spi-builder-workspace/Sources/Pow/Transitions/Move.swift /Users/admin/builder/spi-builder-workspace/Sources/Pow/Transitions/Poof.swift /Users/admin/builder/spi-builder-workspace/Sources/Pow/Transitions/Pop.swift /Users/admin/builder/spi-builder-workspace/Sources/Pow/Transitions/Skid.swift /Users/admin/builder/spi-builder-workspace/Sources/Pow/Transitions/Swoosh.swift /Users/admin/builder/spi-builder-workspace/Sources/Pow/Transitions/Vanish.swift /Users/admin/builder/spi-builder-workspace/Sources/Pow/Transitions/Wipe.swift /Users/admin/builder/spi-builder-workspace/.derivedData/Build/Intermediates.noindex/Pow.build/Debug-watchos/Pow-t.build/DerivedSources/GeneratedAssetSymbols.swift -supplementary-output-file-map /Users/admin/builder/spi-builder-workspace/.derivedData/Build/Intermediates.noindex/Pow.build/Debug-watchos/Pow-t.build/Objects-normal/arm64/supplementaryOutputs-3 -target arm64-apple-watchos9.0 -module-can-import-version DeveloperToolsSupport 24.0.24 24.0.24 -module-can-import-version SwiftUI 8.0.84.1 8.0.84 -module-can-import-version UIKit 9127.0.84.1 9127.0.84 -disable-cross-import-overlay-search -load-resolved-plugin /Applications/Xcode-27.0.0-Release.Candidate.app/Contents/Developer/Platforms/WatchOS.platform/Developer/usr/lib/swift/host/plugins/libFoundationMacros.dylib\#/Applications/Xcode-27.0.0-Release.Candidate.app/Contents/Developer/Platforms/WatchOS.platform/Developer/usr/bin/swift-plugin-server\#FoundationMacros -load-resolved-plugin /Applications/Xcode-27.0.0-Release.Candidate.app/Contents/Developer/Platforms/WatchOS.platform/Developer/usr/lib/swift/host/plugins/libObservationMacros.dylib\#/Applications/Xcode-27.0.0-Release.Candidate.app/Contents/Developer/Platforms/WatchOS.platform/Developer/usr/bin/swift-plugin-server\#ObservationMacros -load-resolved-plugin /Applications/Xcode-27.0.0-Release.Candidate.app/Contents/Developer/Platforms/WatchOS.platform/Developer/usr/lib/swift/host/plugins/libPreviewsMacros.dylib\#/Applications/Xcode-27.0.0-Release.Candidate.app/Contents/Developer/Platforms/WatchOS.platform/Developer/usr/bin/swift-plugin-server\#PreviewsMacros -load-resolved-plugin /Applications/Xcode-27.0.0-Release.Candidate.app/Contents/Developer/Platforms/WatchOS.platform/Developer/usr/lib/swift/host/plugins/libSwiftMacros.dylib\#/Applications/Xcode-27.0.0-Release.Candidate.app/Contents/Developer/Platforms/WatchOS.platform/Developer/usr/bin/swift-plugin-server\#SwiftMacros -load-resolved-plugin /Applications/Xcode-27.0.0-Release.Candidate.app/Contents/Developer/Platforms/WatchOS.platform/Developer/usr/lib/swift/host/plugins/libSwiftUIMacros.dylib\#/Applications/Xcode-27.0.0-Release.Candidate.app/Contents/Developer/Platforms/WatchOS.platform/Developer/usr/bin/swift-plugin-server\#SwiftUIMacros -disable-implicit-swift-modules -Xcc -fno-implicit-modules -Xcc -fno-implicit-module-maps -explicit-swift-module-map-file /Users/admin/builder/spi-builder-workspace/.derivedData/Build/Intermediates.noindex/Pow.build/Debug-watchos/Pow-t.build/Objects-normal/arm64/Pow-dependencies-1.json -Xllvm -aarch64-use-tbi -enable-objc-interop -stack-check -sdk /Applications/Xcode-27.0.0-Release.Candidate.app/Contents/Developer/Platforms/WatchOS.platform/Developer/SDKs/WatchOS27.0.sdk -I /Users/admin/builder/spi-builder-workspace/.derivedData/Build/Products/Debug-watchos -Isystem /Applications/Xcode-27.0.0-Release.Candidate.app/Contents/Developer/Platforms/WatchOS.platform/Developer/usr/lib -F /Users/admin/builder/spi-builder-workspace/.derivedData/Build/Products/Debug-watchos -F /Applications/Xcode-27.0.0-Release.Candidate.app/Contents/Developer/Platforms/WatchOS.platform/Developer/Library/Frameworks -F /Applications/Xcode-27.0.0-Release.Candidate.app/Contents/Developer/Platforms/WatchOS.platform/Developer/SDKs/WatchOS27.0.sdk/Developer/Library/Frameworks -module-cache-path /Users/admin/builder/spi-builder-workspace/.derivedData/Build/Intermediates.noindex/SwiftExplicitPrecompiledModules -no-color-diagnostics -Xcc -fno-color-diagnostics -enable-testing -g -debug-info-format\=dwarf -dwarf-version\=4 -profile-generate -profile-coverage-mapping -swift-version 5 -Onone -D SWIFT_PACKAGE -D DEBUG -D SWIFT_MODULE_RESOURCE_BUNDLE_AVAILABLE -D Xcode -serialize-debugging-options -enable-experimental-feature DebugDescriptionMacro -empty-abi-descriptor -validate-clang-modules-once -clang-build-session-file /Users/admin/builder/spi-builder-workspace/.derivedData/ModuleCache.noindex/Session.modulevalidation -Xcc -working-directory -Xcc /Users/admin/builder/spi-builder-workspace/.swiftpm/xcode -enable-anonymous-context-mangled-names -file-compilation-dir /Users/admin/builder/spi-builder-workspace/.swiftpm/xcode -Xcc -D_LIBCPP_HARDENING_MODE\=_LIBCPP_HARDENING_MODE_DEBUG -Xcc -ivfsstatcache -Xcc /Users/admin/builder/spi-builder-workspace/.derivedData/SDKStatCaches.noindex/watchos27.0-24R360-e829b21a6f8c9b70876ba0858053c04477534ef55a1706bf4c1112bbb242f0a2.sdkstatcache -Xcc -fmodules-prune-interval\=86400 -Xcc -fmodules-prune-after\=345600 -Xcc -I/Users/admin/builder/spi-builder-workspace/.derivedData/Build/Products/Debug-watchos/include -Xcc -I/Users/admin/builder/spi-builder-workspace/.derivedData/Build/Intermediates.noindex/Pow.build/Debug-watchos/Pow-t.build/DerivedSources-normal/arm64 -Xcc -I/Users/admin/builder/spi-builder-workspace/.derivedData/Build/Intermediates.noindex/Pow.build/Debug-watchos/Pow-t.build/DerivedSources/arm64 -Xcc -I/Users/admin/builder/spi-builder-workspace/.derivedData/Build/Intermediates.noindex/Pow.build/Debug-watchos/Pow-t.build/DerivedSources -Xcc -DSWIFT_PACKAGE -Xcc -DDEBUG\=1 -no-auto-bridging-header-chaining -module-name Pow -const-gather-protocols-file /Users/admin/builder/spi-builder-workspace/.derivedData/Build/Intermediates.noindex/Pow.build/Debug-watchos/Pow-t.build/Objects-normal/arm64/Pow_const_extract_protocols.json -disable-clang-spi -clang-target arm64-apple-watchos27.0 -target-sdk-version 27.0 -target-sdk-name watchos27.0 -in-process-plugin-server-path /Applications/Xcode-27.0.0-Release.Candidate.app/Contents/Developer/Toolchains/XcodeDefault.xctoolchain/usr/lib/swift/host/libSwiftInProcPluginServer.dylib -parse-as-library -o /Users/admin/builder/spi-builder-workspace/.derivedData/Build/Intermediates.noindex/Pow.build/Debug-watchos/Pow-t.build/Objects-normal/arm64/RisingParticleEffect.o -o /Users/admin/builder/spi-builder-workspace/.derivedData/Build/Intermediates.noindex/Pow.build/Debug-watchos/Pow-t.build/Objects-normal/arm64/ShakeEffect.o -o /Users/admin/builder/spi-builder-workspace/.derivedData/Build/Intermediates.noindex/Pow.build/Debug-watchos/Pow-t.build/Objects-normal/arm64/ShineEffect.o -o /Users/admin/builder/spi-builder-workspace/.derivedData/Build/Intermediates.noindex/Pow.build/Debug-watchos/Pow-t.build/Objects-normal/arm64/SmokeEffect.o -o /Users/admin/builder/spi-builder-workspace/.derivedData/Build/Intermediates.noindex/Pow.build/Debug-watchos/Pow-t.build/Objects-normal/arm64/SoundEffect.o -o /Users/admin/builder/spi-builder-workspace/.derivedData/Build/Intermediates.noindex/Pow.build/Debug-watchos/Pow-t.build/Objects-normal/arm64/SpinEffect.o -o /Users/admin/builder/spi-builder-workspace/.derivedData/Build/Intermediates.noindex/Pow.build/Debug-watchos/Pow-t.build/Objects-normal/arm64/SprayEffect.o -debug-module-path /Users/admin/builder/spi-builder-workspace/.derivedData/Build/Intermediates.noindex/Pow.build/Debug-watchos/Pow-t.build/Objects-normal/arm64/Pow.swiftmodule -index-unit-output-path /Pow.build/Debug-watchos/Pow-t.build/Objects-normal/arm64/RisingParticleEffect.o -index-unit-output-path /Pow.build/Debug-watchos/Pow-t.build/Objects-normal/arm64/ShakeEffect.o -index-unit-output-path /Pow.build/Debug-watchos/Pow-t.build/Objects-normal/arm64/ShineEffect.o -index-unit-output-path /Pow.build/Debug-watchos/Pow-t.build/Objects-normal/arm64/SmokeEffect.o -index-unit-output-path /Pow.build/Debug-watchos/Pow-t.build/Objects-normal/arm64/SoundEffect.o -index-unit-output-path /Pow.build/Debug-watchos/Pow-t.build/Objects-normal/arm64/SpinEffect.o -index-unit-output-path /Pow.build/Debug-watchos/Pow-t.build/Objects-normal/arm64/SprayEffect.o -index-store-path /Users/admin/builder/spi-builder-workspace/.derivedData/Index.noindex/DataStore -index-system-modules
SwiftCompile normal arm64 /Users/admin/builder/spi-builder-workspace/Sources/Pow/Effects/RisingParticleEffect.swift (in target 'Pow' from project 'Pow')
cd /Users/admin/builder/spi-builder-workspace/.swiftpm/xcode
builtin-SwiftPerFileCompile RisingParticleEffect.swift
SwiftCompile normal arm64 /Users/admin/builder/spi-builder-workspace/Sources/Pow/Effects/ShakeEffect.swift (in target 'Pow' from project 'Pow')
cd /Users/admin/builder/spi-builder-workspace/.swiftpm/xcode
builtin-SwiftPerFileCompile ShakeEffect.swift
SwiftCompile normal arm64 /Users/admin/builder/spi-builder-workspace/Sources/Pow/Effects/ShineEffect.swift (in target 'Pow' from project 'Pow')
cd /Users/admin/builder/spi-builder-workspace/.swiftpm/xcode
builtin-SwiftPerFileCompile ShineEffect.swift
SwiftCompile normal arm64 /Users/admin/builder/spi-builder-workspace/Sources/Pow/Effects/SmokeEffect.swift (in target 'Pow' from project 'Pow')
cd /Users/admin/builder/spi-builder-workspace/.swiftpm/xcode
builtin-SwiftPerFileCompile SmokeEffect.swift
SwiftCompile normal arm64 /Users/admin/builder/spi-builder-workspace/Sources/Pow/Effects/SoundEffect.swift (in target 'Pow' from project 'Pow')
cd /Users/admin/builder/spi-builder-workspace/.swiftpm/xcode
builtin-SwiftPerFileCompile SoundEffect.swift
SwiftCompile normal arm64 /Users/admin/builder/spi-builder-workspace/Sources/Pow/Effects/SpinEffect.swift (in target 'Pow' from project 'Pow')
cd /Users/admin/builder/spi-builder-workspace/.swiftpm/xcode
builtin-SwiftPerFileCompile SpinEffect.swift
SwiftCompile normal arm64 /Users/admin/builder/spi-builder-workspace/Sources/Pow/Effects/SprayEffect.swift (in target 'Pow' from project 'Pow')
cd /Users/admin/builder/spi-builder-workspace/.swiftpm/xcode
builtin-SwiftPerFileCompile SprayEffect.swift
SwiftCompile normal arm64 Compiling\ Flicker.swift,\ Flip.swift,\ Glare.swift,\ Iris.swift,\ Move.swift,\ Poof.swift /Users/admin/builder/spi-builder-workspace/Sources/Pow/Transitions/Flicker.swift /Users/admin/builder/spi-builder-workspace/Sources/Pow/Transitions/Flip.swift /Users/admin/builder/spi-builder-workspace/Sources/Pow/Transitions/Glare.swift /Users/admin/builder/spi-builder-workspace/Sources/Pow/Transitions/Iris.swift /Users/admin/builder/spi-builder-workspace/Sources/Pow/Transitions/Move.swift /Users/admin/builder/spi-builder-workspace/Sources/Pow/Transitions/Poof.swift (in target 'Pow' from project 'Pow')
SwiftCompile normal arm64 /Users/admin/builder/spi-builder-workspace/Sources/Pow/Transitions/Flicker.swift (in target 'Pow' from project 'Pow')
cd /Users/admin/builder/spi-builder-workspace/.swiftpm/xcode
builtin-SwiftPerFileCompile Flicker.swift
SwiftCompile normal arm64 /Users/admin/builder/spi-builder-workspace/Sources/Pow/Transitions/Flip.swift (in target 'Pow' from project 'Pow')
cd /Users/admin/builder/spi-builder-workspace/.swiftpm/xcode
builtin-SwiftPerFileCompile Flip.swift
SwiftCompile normal arm64 /Users/admin/builder/spi-builder-workspace/Sources/Pow/Transitions/Glare.swift (in target 'Pow' from project 'Pow')
cd /Users/admin/builder/spi-builder-workspace/.swiftpm/xcode
builtin-SwiftPerFileCompile Glare.swift
SwiftCompile normal arm64 /Users/admin/builder/spi-builder-workspace/Sources/Pow/Transitions/Iris.swift (in target 'Pow' from project 'Pow')
cd /Users/admin/builder/spi-builder-workspace/.swiftpm/xcode
builtin-SwiftPerFileCompile Iris.swift
SwiftCompile normal arm64 /Users/admin/builder/spi-builder-workspace/Sources/Pow/Transitions/Move.swift (in target 'Pow' from project 'Pow')
cd /Users/admin/builder/spi-builder-workspace/.swiftpm/xcode
builtin-SwiftPerFileCompile Move.swift
SwiftCompile normal arm64 /Users/admin/builder/spi-builder-workspace/Sources/Pow/Transitions/Poof.swift (in target 'Pow' from project 'Pow')
cd /Users/admin/builder/spi-builder-workspace/.swiftpm/xcode
builtin-SwiftPerFileCompile Poof.swift
SwiftCompile normal arm64 Compiling\ Pop.swift,\ Skid.swift,\ Swoosh.swift,\ Vanish.swift,\ Wipe.swift,\ GeneratedAssetSymbols.swift /Users/admin/builder/spi-builder-workspace/Sources/Pow/Transitions/Pop.swift /Users/admin/builder/spi-builder-workspace/Sources/Pow/Transitions/Skid.swift /Users/admin/builder/spi-builder-workspace/Sources/Pow/Transitions/Swoosh.swift /Users/admin/builder/spi-builder-workspace/Sources/Pow/Transitions/Vanish.swift /Users/admin/builder/spi-builder-workspace/Sources/Pow/Transitions/Wipe.swift /Users/admin/builder/spi-builder-workspace/.derivedData/Build/Intermediates.noindex/Pow.build/Debug-watchos/Pow-t.build/DerivedSources/GeneratedAssetSymbols.swift (in target 'Pow' from project 'Pow')
SwiftCompile normal arm64 /Users/admin/builder/spi-builder-workspace/Sources/Pow/Transitions/Pop.swift (in target 'Pow' from project 'Pow')
cd /Users/admin/builder/spi-builder-workspace/.swiftpm/xcode
builtin-SwiftPerFileCompile Pop.swift
SwiftCompile normal arm64 /Users/admin/builder/spi-builder-workspace/Sources/Pow/Transitions/Skid.swift (in target 'Pow' from project 'Pow')
cd /Users/admin/builder/spi-builder-workspace/.swiftpm/xcode
builtin-SwiftPerFileCompile Skid.swift
SwiftCompile normal arm64 /Users/admin/builder/spi-builder-workspace/Sources/Pow/Transitions/Swoosh.swift (in target 'Pow' from project 'Pow')
cd /Users/admin/builder/spi-builder-workspace/.swiftpm/xcode
builtin-SwiftPerFileCompile Swoosh.swift
SwiftCompile normal arm64 /Users/admin/builder/spi-builder-workspace/Sources/Pow/Transitions/Vanish.swift (in target 'Pow' from project 'Pow')
cd /Users/admin/builder/spi-builder-workspace/.swiftpm/xcode
builtin-SwiftPerFileCompile Vanish.swift
SwiftCompile normal arm64 /Users/admin/builder/spi-builder-workspace/Sources/Pow/Transitions/Wipe.swift (in target 'Pow' from project 'Pow')
cd /Users/admin/builder/spi-builder-workspace/.swiftpm/xcode
builtin-SwiftPerFileCompile Wipe.swift
SwiftCompile normal arm64 /Users/admin/builder/spi-builder-workspace/.derivedData/Build/Intermediates.noindex/Pow.build/Debug-watchos/Pow-t.build/DerivedSources/GeneratedAssetSymbols.swift (in target 'Pow' from project 'Pow')
cd /Users/admin/builder/spi-builder-workspace/.swiftpm/xcode
builtin-SwiftPerFileCompile GeneratedAssetSymbols.swift
SwiftCompile normal arm64 Compiling\ resource_bundle_accessor.swift,\ GlowEffect.swift,\ HapticFeedbackEffect.swift,\ JumpEffect.swift,\ PingEffect.swift,\ PulseEffect.swift,\ PushDownEffect.swift /Users/admin/builder/spi-builder-workspace/.derivedData/Build/Intermediates.noindex/Pow.build/Debug-watchos/Pow-t.build/DerivedSources/resource_bundle_accessor.swift /Users/admin/builder/spi-builder-workspace/Sources/Pow/Effects/GlowEffect.swift /Users/admin/builder/spi-builder-workspace/Sources/Pow/Effects/HapticFeedbackEffect.swift /Users/admin/builder/spi-builder-workspace/Sources/Pow/Effects/JumpEffect.swift /Users/admin/builder/spi-builder-workspace/Sources/Pow/Effects/PingEffect.swift /Users/admin/builder/spi-builder-workspace/Sources/Pow/Effects/PulseEffect.swift /Users/admin/builder/spi-builder-workspace/Sources/Pow/Effects/PushDownEffect.swift (in target 'Pow' from project 'Pow')
SwiftCompile normal arm64 /Users/admin/builder/spi-builder-workspace/.derivedData/Build/Intermediates.noindex/Pow.build/Debug-watchos/Pow-t.build/DerivedSources/resource_bundle_accessor.swift (in target 'Pow' from project 'Pow')
cd /Users/admin/builder/spi-builder-workspace/.swiftpm/xcode
builtin-SwiftPerFileCompile resource_bundle_accessor.swift
SwiftCompile normal arm64 /Users/admin/builder/spi-builder-workspace/Sources/Pow/Effects/GlowEffect.swift (in target 'Pow' from project 'Pow')
cd /Users/admin/builder/spi-builder-workspace/.swiftpm/xcode
builtin-SwiftPerFileCompile GlowEffect.swift
SwiftCompile normal arm64 /Users/admin/builder/spi-builder-workspace/Sources/Pow/Effects/HapticFeedbackEffect.swift (in target 'Pow' from project 'Pow')
cd /Users/admin/builder/spi-builder-workspace/.swiftpm/xcode
builtin-SwiftPerFileCompile HapticFeedbackEffect.swift
SwiftCompile normal arm64 /Users/admin/builder/spi-builder-workspace/Sources/Pow/Effects/JumpEffect.swift (in target 'Pow' from project 'Pow')
cd /Users/admin/builder/spi-builder-workspace/.swiftpm/xcode
builtin-SwiftPerFileCompile JumpEffect.swift
SwiftCompile normal arm64 /Users/admin/builder/spi-builder-workspace/Sources/Pow/Effects/PingEffect.swift (in target 'Pow' from project 'Pow')
cd /Users/admin/builder/spi-builder-workspace/.swiftpm/xcode
builtin-SwiftPerFileCompile PingEffect.swift
SwiftCompile normal arm64 /Users/admin/builder/spi-builder-workspace/Sources/Pow/Effects/PulseEffect.swift (in target 'Pow' from project 'Pow')
cd /Users/admin/builder/spi-builder-workspace/.swiftpm/xcode
builtin-SwiftPerFileCompile PulseEffect.swift
SwiftCompile normal arm64 /Users/admin/builder/spi-builder-workspace/Sources/Pow/Effects/PushDownEffect.swift (in target 'Pow' from project 'Pow')
cd /Users/admin/builder/spi-builder-workspace/.swiftpm/xcode
builtin-SwiftPerFileCompile PushDownEffect.swift
SwiftEmitModule normal arm64 Emitting\ module\ for\ Pow (in target 'Pow' from project 'Pow')
SwiftCompile normal arm64 (in target 'Pow' from project 'Pow')
cd /Users/admin/builder/spi-builder-workspace/.swiftpm/xcode
PruneExplicitPrecompiledModules /Users/admin/builder/spi-builder-workspace/.derivedData/Build/Intermediates.noindex/ExplicitPrecompiledModules
PruneExplicitPrecompiledModules /Users/admin/builder/spi-builder-workspace/.derivedData/SDKExplicitPrecompiledModules
PruneExplicitPrecompiledModules /Users/admin/builder/spi-builder-workspace/.derivedData/Build/Intermediates.noindex/SwiftExplicitPrecompiledModules
2026-09-24 01:11:17.183 xcodebuild[1076:6187] [MT] IDERunDestination: Supported platforms for the buildables in the current scheme is empty.
** BUILD FAILED **
The following build commands failed:
SwiftCompile normal arm64 /Users/admin/builder/spi-builder-workspace/Sources/Pow/Extensions/ProjectionTransform+Utilities.swift (in target 'Pow' from project 'Pow')
SwiftCompile normal arm64 Compiling\ ProjectionTransform+Utilities.swift,\ UnitPoint+CircularCoordinates.swift,\ ViewModifier+DefaultAnimation.swift,\ simd+Utilities.swift,\ AngleControl.swift,\ AnyAnimatableViewModifier.swift /Users/admin/builder/spi-builder-workspace/Sources/Pow/Extensions/ProjectionTransform+Utilities.swift /Users/admin/builder/spi-builder-workspace/Sources/Pow/Extensions/UnitPoint+CircularCoordinates.swift /Users/admin/builder/spi-builder-workspace/Sources/Pow/Extensions/ViewModifier+DefaultAnimation.swift /Users/admin/builder/spi-builder-workspace/Sources/Pow/Extensions/simd+Utilities.swift /Users/admin/builder/spi-builder-workspace/Sources/Pow/Infrastructure/AngleControl.swift /Users/admin/builder/spi-builder-workspace/Sources/Pow/Infrastructure/AnyAnimatableViewModifier.swift (in target 'Pow' from project 'Pow')
SwiftCompile normal arm64 Compiling\ RisingParticleEffect.swift,\ ShakeEffect.swift,\ ShineEffect.swift,\ SmokeEffect.swift,\ SoundEffect.swift,\ SpinEffect.swift,\ SprayEffect.swift /Users/admin/builder/spi-builder-workspace/Sources/Pow/Effects/RisingParticleEffect.swift /Users/admin/builder/spi-builder-workspace/Sources/Pow/Effects/ShakeEffect.swift /Users/admin/builder/spi-builder-workspace/Sources/Pow/Effects/ShineEffect.swift /Users/admin/builder/spi-builder-workspace/Sources/Pow/Effects/SmokeEffect.swift /Users/admin/builder/spi-builder-workspace/Sources/Pow/Effects/SoundEffect.swift /Users/admin/builder/spi-builder-workspace/Sources/Pow/Effects/SpinEffect.swift /Users/admin/builder/spi-builder-workspace/Sources/Pow/Effects/SprayEffect.swift (in target 'Pow' from project 'Pow')
SwiftCompile normal arm64 /Users/admin/builder/spi-builder-workspace/Sources/Pow/Effects/SmokeEffect.swift (in target 'Pow' from project 'Pow')
Building workspace Pow with scheme Pow
(5 failures)
BUILD FAILURE 6.4 watchOS