Build Information
Failed to build Fetch, reference master (f56748), with Swift 6.1 for visionOS using Xcode 16.3 on 19 Sep 2026 22:56:08 UTC.
Build Command
env DEVELOPER_DIR=/Applications/Xcode-16.3.0.app xcrun xcodebuild -IDEClonedSourcePackagesDirPathOverride=$PWD/.dependencies -skipMacroValidation -skipPackagePluginValidation -derivedDataPath $PWD/.derivedData build -scheme Fetch -destination generic/platform=xrOSBuild Log
========================================
RunAll
========================================
Builder version: 5.1.0
Interrupt handler set up.
========================================
Checkout
========================================
Clone URL: https://github.com/dhardiman/fetch.git
Reference: master
Initialized empty Git repository in /Users/admin/builder/spi-builder-workspace/.git/
From https://github.com/dhardiman/fetch
* branch master -> FETCH_HEAD
* [new branch] master -> origin/master
HEAD is now at f567488 Set minimum iOS deployment target for tests to iOS 17
Cloned https://github.com/dhardiman/fetch.git
Revision (git rev-parse @):
f5674887ae9afb9e0841092d69511c52b55ecced
SUCCESS checkout https://github.com/dhardiman/fetch.git at master
========================================
Build
========================================
Selected platform: visionOS
Swift version: 6.1
Building package at path: $PWD
https://github.com/dhardiman/fetch.git
https://github.com/dhardiman/fetch.git
{
"dependencies" : [
],
"manifest_display_name" : "Fetch",
"name" : "Fetch",
"path" : "/Users/admin/builder/spi-builder-workspace",
"platforms" : [
{
"name" : "ios",
"version" : "17.0"
},
{
"name" : "macos",
"version" : "13.0"
}
],
"products" : [
{
"name" : "Fetch",
"targets" : [
"Fetch"
],
"type" : {
"library" : [
"automatic"
]
}
}
],
"swift_languages_versions" : [
"5"
],
"targets" : [
{
"c99name" : "Fetch",
"module_type" : "BinaryTarget",
"name" : "Fetch",
"path" : "remote/archive/Fetch.zip",
"product_memberships" : [
"Fetch"
],
"sources" : [
],
"type" : "binary"
}
],
"tools_version" : "5.9"
}
Command line invocation:
/Applications/Xcode-16.3.0.app/Contents/Developer/usr/bin/xcodebuild -IDEClonedSourcePackagesDirPathOverride=/Users/admin/builder/spi-builder-workspace/.dependencies -resolvePackageDependencies
Resolve Package Graph
Fetching from https://github.com/mattgallagher/CwlPreconditionTesting.git
Fetching from https://github.com/Quick/Nimble
Fetching from https://github.com/mattgallagher/CwlCatchException.git
Fetching from https://github.com/AliSoftware/OHHTTPStubs
Creating working copy of package ‘CwlPreconditionTesting’
Checking out 2.2.1 of package ‘CwlPreconditionTesting’
Creating working copy of package ‘CwlCatchException’
Checking out 2.2.0 of package ‘CwlCatchException’
Creating working copy of package ‘Nimble’
Checking out 9.2.1 of package ‘Nimble’
Creating working copy of package ‘OHHTTPStubs’
Checking out 9.1.0 of package ‘OHHTTPStubs’
Resolved source packages:
OHHTTPStubs: https://github.com/AliSoftware/OHHTTPStubs @ 9.1.0
CwlPreconditionTesting: https://github.com/mattgallagher/CwlPreconditionTesting.git @ 2.2.1
Nimble: https://github.com/Quick/Nimble @ 9.2.1
CwlCatchException: https://github.com/mattgallagher/CwlCatchException.git @ 2.2.0
resolved source packages: OHHTTPStubs, CwlPreconditionTesting, Nimble, CwlCatchException
{
"dependencies" : [
],
"manifest_display_name" : "Fetch",
"name" : "Fetch",
"path" : "/Users/admin/builder/spi-builder-workspace",
"platforms" : [
{
"name" : "ios",
"version" : "17.0"
},
{
"name" : "macos",
"version" : "13.0"
}
],
"products" : [
{
"name" : "Fetch",
"targets" : [
"Fetch"
],
"type" : {
"library" : [
"automatic"
]
}
}
],
"swift_languages_versions" : [
"5"
],
"targets" : [
{
"c99name" : "Fetch",
"module_type" : "BinaryTarget",
"name" : "Fetch",
"path" : "remote/archive/Fetch.zip",
"product_memberships" : [
"Fetch"
],
"sources" : [
],
"type" : "binary"
}
],
"tools_version" : "5.9"
}
{
"project" : {
"configurations" : [
"Debug",
"Release"
],
"name" : "Fetch",
"schemes" : [
"Example",
"Fetch-iOS",
"Fetch-macOS",
"Fetch-tvOS"
],
"targets" : [
"Fetch-iOS",
"Fetch-iOSTests",
"Fetch-tvOS",
"Fetch-tvOSTests",
"Example",
"Fetch-macOS",
"Fetch-macOSTests"
]
}
}
{
"workspace" : {
"name" : "spi-builder-workspace",
"schemes" : [
"Fetch"
]
}
}
Running build ...
env DEVELOPER_DIR=/Applications/Xcode-16.3.0.app xcrun xcodebuild -IDEClonedSourcePackagesDirPathOverride=$PWD/.dependencies -skipMacroValidation -skipPackagePluginValidation -derivedDataPath $PWD/.derivedData build -scheme Fetch -destination generic/platform=xrOS OTHER_SWIFT_FLAGS=-stats-output-dir .stats -strict-concurrency=complete -enable-upcoming-feature StrictConcurrency -enable-upcoming-feature DisableOutwardActorInference -enable-upcoming-feature GlobalActorIsolatedTypesUsability -enable-upcoming-feature InferSendableFromCaptures
Command line invocation:
/Applications/Xcode-16.3.0.app/Contents/Developer/usr/bin/xcodebuild -IDEClonedSourcePackagesDirPathOverride=/Users/admin/builder/spi-builder-workspace/.dependencies -skipMacroValidation -skipPackagePluginValidation -derivedDataPath /Users/admin/builder/spi-builder-workspace/.derivedData build -scheme Fetch -destination generic/platform=xrOS "OTHER_SWIFT_FLAGS=-stats-output-dir .stats -strict-concurrency=complete -enable-upcoming-feature StrictConcurrency -enable-upcoming-feature DisableOutwardActorInference -enable-upcoming-feature GlobalActorIsolatedTypesUsability -enable-upcoming-feature InferSendableFromCaptures"
Build settings from command line:
OTHER_SWIFT_FLAGS = -stats-output-dir .stats -strict-concurrency=complete -enable-upcoming-feature StrictConcurrency -enable-upcoming-feature DisableOutwardActorInference -enable-upcoming-feature GlobalActorIsolatedTypesUsability -enable-upcoming-feature InferSendableFromCaptures
Resolve Package Graph
Resolved source packages:
Fetch: /Users/admin/builder/spi-builder-workspace
ComputePackagePrebuildTargetDependencyGraph
Prepare packages
CreateBuildRequest
SendProjectDescription
CreateBuildOperation
ComputeTargetDependencyGraph
note: Building targets in dependency order
note: Target dependency graph (1 target)
Target 'Fetch' in project 'Fetch' (no dependencies)
GatherProvisioningInputs
CreateBuildDescription
ExecuteExternalTool /Applications/Xcode-16.3.0.app/Contents/Developer/Toolchains/XcodeDefault.xctoolchain/usr/bin/clang -v -E -dM -isysroot /Applications/Xcode-16.3.0.app/Contents/Developer/Platforms/XROS.platform/Developer/SDKs/XROS2.4.sdk -x c -c /dev/null
Build description signature: 6ba408d9ac0e23b503f39327c653cc3b
Build description path: /Users/admin/builder/spi-builder-workspace/.derivedData/Build/Intermediates.noindex/XCBuildData/6ba408d9ac0e23b503f39327c653cc3b.xcbuilddata
/Users/admin/builder/spi-builder-workspace/.dependencies/artifacts/spi-builder-workspace/Fetch/Fetch.xcframework:1:1: error: While building for visionOS, no library for this platform was found in '/Users/admin/builder/spi-builder-workspace/.dependencies/artifacts/spi-builder-workspace/Fetch/Fetch.xcframework'. (in target 'Fetch' from project 'Fetch')
** BUILD FAILED **
The following build commands failed:
Building workspace spi-builder-workspace with scheme Fetch
(1 failure)
Command line invocation:
/Applications/Xcode-16.3.0.app/Contents/Developer/usr/bin/xcodebuild -IDEClonedSourcePackagesDirPathOverride=/Users/admin/builder/spi-builder-workspace/.dependencies -resolvePackageDependencies
Resolve Package Graph
Resolved source packages:
Fetch: /Users/admin/builder/spi-builder-workspace
resolved source packages: Fetch
{
"dependencies" : [
],
"manifest_display_name" : "Fetch",
"name" : "Fetch",
"path" : "/Users/admin/builder/spi-builder-workspace",
"platforms" : [
{
"name" : "ios",
"version" : "17.0"
},
{
"name" : "macos",
"version" : "13.0"
}
],
"products" : [
{
"name" : "Fetch",
"targets" : [
"Fetch"
],
"type" : {
"library" : [
"automatic"
]
}
}
],
"swift_languages_versions" : [
"5"
],
"targets" : [
{
"c99name" : "Fetch",
"module_type" : "BinaryTarget",
"name" : "Fetch",
"path" : "remote/archive/Fetch.zip",
"product_memberships" : [
"Fetch"
],
"sources" : [
],
"type" : "binary"
}
],
"tools_version" : "5.9"
}
{
"workspace" : {
"name" : "spi-builder-workspace",
"schemes" : [
"Fetch"
]
}
}
Running build ...
env DEVELOPER_DIR=/Applications/Xcode-16.3.0.app xcrun xcodebuild -IDEClonedSourcePackagesDirPathOverride=$PWD/.dependencies -skipMacroValidation -skipPackagePluginValidation -derivedDataPath $PWD/.derivedData build -scheme Fetch -destination generic/platform=xrOS
Command line invocation:
/Applications/Xcode-16.3.0.app/Contents/Developer/usr/bin/xcodebuild -IDEClonedSourcePackagesDirPathOverride=/Users/admin/builder/spi-builder-workspace/.dependencies -skipMacroValidation -skipPackagePluginValidation -derivedDataPath /Users/admin/builder/spi-builder-workspace/.derivedData build -scheme Fetch -destination generic/platform=xrOS
Resolve Package Graph
Resolved source packages:
Fetch: /Users/admin/builder/spi-builder-workspace
ComputePackagePrebuildTargetDependencyGraph
Prepare packages
CreateBuildRequest
SendProjectDescription
CreateBuildOperation
ComputeTargetDependencyGraph
note: Building targets in dependency order
note: Target dependency graph (1 target)
Target 'Fetch' in project 'Fetch' (no dependencies)
GatherProvisioningInputs
CreateBuildDescription
ExecuteExternalTool /Applications/Xcode-16.3.0.app/Contents/Developer/Toolchains/XcodeDefault.xctoolchain/usr/bin/clang -v -E -dM -isysroot /Applications/Xcode-16.3.0.app/Contents/Developer/Platforms/XROS.platform/Developer/SDKs/XROS2.4.sdk -x c -c /dev/null
Build description signature: d93de7fb631d84b0a81d321b5a2e40d6
Build description path: /Users/admin/builder/spi-builder-workspace/.derivedData/Build/Intermediates.noindex/XCBuildData/d93de7fb631d84b0a81d321b5a2e40d6.xcbuilddata
/Users/admin/builder/spi-builder-workspace/.dependencies/artifacts/spi-builder-workspace/Fetch/Fetch.xcframework:1:1: error: While building for visionOS, no library for this platform was found in '/Users/admin/builder/spi-builder-workspace/.dependencies/artifacts/spi-builder-workspace/Fetch/Fetch.xcframework'. (in target 'Fetch' from project 'Fetch')
** BUILD FAILED **
The following build commands failed:
Building workspace spi-builder-workspace with scheme Fetch
(1 failure)
BUILD FAILURE 6.1 visionOS