The Swift Package Index logo.Swift Package Index

Build Information

Failed to build NewGRF, reference v0.1.0 (86db5f), with Swift 6.4 for visionOS using Xcode 27.0 on 23 Sep 2026 23:41:04 UTC.

Build Command

No build command. This typically means the build failed at an early stage where we determine the build command.

Build Log

========================================
RunAll
========================================
Builder version: 5.1.0
Interrupt handler set up.
========================================
Checkout
========================================
Clone URL: https://github.com/Lancelotbronner/swift-opentdd-grf.git
Reference: v0.1.0
Initialized empty Git repository in /Users/admin/builder/spi-builder-workspace/.git/
From https://github.com/Lancelotbronner/swift-opentdd-grf
 * tag               v0.1.0     -> FETCH_HEAD
HEAD is now at 86db5f7 Start actions 0x2 and 0x3
Cloned https://github.com/Lancelotbronner/swift-opentdd-grf.git
Revision (git rev-parse @):
86db5f7c89d35911e44d16be9eeadddc40653b34
SUCCESS checkout https://github.com/Lancelotbronner/swift-opentdd-grf.git at v0.1.0
========================================
Build
========================================
Selected platform:         visionOS
Swift version:             6.4
Building package at path:  $PWD
https://github.com/Lancelotbronner/swift-opentdd-grf.git
Command line invocation:
    /Applications/Xcode-27.0.0-Release.Candidate.app/Contents/Developer/usr/bin/xcodebuild -IDEClonedSourcePackagesDirPathOverride=/Users/admin/builder/spi-builder-workspace/.dependencies -resolvePackageDependencies
Resolve Package Graph
Fetching from https://github.com/apple/swift-binary-parsing
Fetching from https://github.com/Lancelotbronner/swift-bits
skipping cache due to an error: Failed to clone repository https://github.com/Lancelotbronner/swift-bits:
    Cloning into bare repository '/Users/admin/Library/Caches/org.swift.swiftpm/repositories/swift-bits-458f2178'...
    fatal: could not read Username for 'https://github.com': terminal prompts disabled
Resolve Package Graph
Updating from https://github.com/apple/swift-binary-parsing
Fetching from https://github.com/Lancelotbronner/swift-bits
skipping cache due to an error: Failed to clone repository https://github.com/Lancelotbronner/swift-bits:
    Cloning into bare repository '/Users/admin/Library/Caches/org.swift.swiftpm/repositories/swift-bits-458f2178'...
    fatal: could not read Username for 'https://github.com': terminal prompts disabled
Resolve Package Graph
Updating from https://github.com/apple/swift-binary-parsing
Fetching from https://github.com/Lancelotbronner/swift-bits
skipping cache due to an error: Failed to clone repository https://github.com/Lancelotbronner/swift-bits:
    Cloning into bare repository '/Users/admin/Library/Caches/org.swift.swiftpm/repositories/swift-bits-458f2178'...
    fatal: could not read Username for 'https://github.com': terminal prompts disabled
Resolve Package Graph
Updating from https://github.com/apple/swift-binary-parsing
Fetching from https://github.com/Lancelotbronner/swift-bits
skipping cache due to an error: Failed to clone repository https://github.com/Lancelotbronner/swift-bits:
    Cloning into bare repository '/Users/admin/Library/Caches/org.swift.swiftpm/repositories/swift-bits-458f2178'...
    fatal: could not read Username for 'https://github.com': terminal prompts disabled
Resolve Package Graph
Updating from https://github.com/apple/swift-binary-parsing
Fetching from https://github.com/Lancelotbronner/swift-bits
skipping cache due to an error: Failed to clone repository https://github.com/Lancelotbronner/swift-bits:
    Cloning into bare repository '/Users/admin/Library/Caches/org.swift.swiftpm/repositories/swift-bits-458f2178'...
    fatal: could not read Username for 'https://github.com': terminal prompts disabled
Resolved source packages:
  spi-builder-workspace: (null)
2026-09-23 19:41:01.847 xcodebuild[525:3003] Writing error result bundle to /var/folders/xq/y_g06wb113726d38xsyx71_h0000gn/T/ResultBundle_2026-23-09_19-41-0001.xcresult
xcodebuild: error: Could not resolve package dependencies:
  Failed to clone repository https://github.com/Lancelotbronner/swift-bits:
    Cloning into bare repository '/Users/admin/builder/spi-builder-workspace/.dependencies/repositories/swift-bits-458f2178'...
    fatal: could not read Username for 'https://github.com': terminal prompts disabled
Command line invocation:
    /Applications/Xcode-27.0.0-Release.Candidate.app/Contents/Developer/usr/bin/xcodebuild -IDEClonedSourcePackagesDirPathOverride=/Users/admin/builder/spi-builder-workspace/.dependencies -resolvePackageDependencies
Resolve Package Graph
Updating from https://github.com/apple/swift-binary-parsing
Fetching from https://github.com/Lancelotbronner/swift-bits
skipping cache due to an error: Failed to clone repository https://github.com/Lancelotbronner/swift-bits:
    Cloning into bare repository '/Users/admin/Library/Caches/org.swift.swiftpm/repositories/swift-bits-458f2178'...
    fatal: could not read Username for 'https://github.com': terminal prompts disabled
Resolved source packages:
  spi-builder-workspace: (null)
2026-09-23 19:41:04.210 xcodebuild[715:4033] Writing error result bundle to /var/folders/xq/y_g06wb113726d38xsyx71_h0000gn/T/ResultBundle_2026-23-09_19-41-0004.xcresult
xcodebuild: error: Could not resolve package dependencies:
  Failed to clone repository https://github.com/Lancelotbronner/swift-bits:
    Cloning into bare repository '/Users/admin/builder/spi-builder-workspace/.dependencies/repositories/swift-bits-458f2178'...
    fatal: could not read Username for 'https://github.com': terminal prompts disabled
BUILD FAILURE 6.4 visionOS