The Swift Package Index logo.Swift Package Index

Build Information

Failed to build GoogleCloudGKEHubConfigManagementV1, reference main (fc5a5d), with Swift 6.4 for visionOS using Xcode 27.0 on 11 Oct 2026 00:46:31 UTC.

Build Command

env DEVELOPER_DIR=/Applications/Xcode-27.0.0-Release.Candidate.app xcrun xcodebuild -IDEClonedSourcePackagesDirPathOverride=$PWD/.dependencies -skipMacroValidation -skipPackagePluginValidation -derivedDataPath $PWD/.derivedData build -scheme GoogleCloudGKEHubConfigManagementV1 -destination generic/platform=xrOS

Build Log

========================================
RunAll
========================================
Builder version: 5.1.1
Interrupt handler set up.
========================================
Checkout
========================================
Clone URL: https://github.com/googleapis/swift-google-cloud-gkehub-configmanagement-v1.git
Reference: main
Initialized empty Git repository in /Users/admin/builder/spi-builder-workspace/.git/
From https://github.com/googleapis/swift-google-cloud-gkehub-configmanagement-v1
 * branch            main       -> FETCH_HEAD
 * [new branch]      main       -> origin/main
HEAD is now at fc5a5de chore: release circa 2026-10-07 (#1382)
Cloned https://github.com/googleapis/swift-google-cloud-gkehub-configmanagement-v1.git
Revision (git rev-parse @):
fc5a5de007187d014e64afcb4fece0bc9915aecc
SPI manifest file found: $PWD/.spi.yml
SUCCESS checkout https://github.com/googleapis/swift-google-cloud-gkehub-configmanagement-v1.git at main
========================================
Build
========================================
Selected platform:         visionOS
Swift version:             6.4
Building package at path:  $PWD
https://github.com/googleapis/swift-google-cloud-gkehub-configmanagement-v1.git
Command line invocation:
    /Applications/Xcode-27.0.0.app/Contents/Developer/usr/bin/xcodebuild -IDEClonedSourcePackagesDirPathOverride=/Users/admin/builder/spi-builder-workspace/.dependencies -resolvePackageDependencies
Resolve Package Graph
Fetching from https://github.com/googleapis/swift-google-wkt
Fetching from https://github.com/swift-extras/swift-extras-base64
Creating working copy of package ‘swift-google-wkt’
Checking out 0.5.0 of package ‘swift-google-wkt’
Creating working copy of package ‘swift-extras-base64’
Checking out 1.2.0 of package ‘swift-extras-base64’
Resolve Package Graph
Resolved source packages:
  GoogleWKT: https://github.com/googleapis/swift-google-wkt @ 0.5.0
  swift-extras-base64: https://github.com/swift-extras/swift-extras-base64 @ 1.2.0
  GoogleCloudGKEHubConfigManagementV1: /Users/admin/builder/spi-builder-workspace
resolved source packages: GoogleWKT, swift-extras-base64, GoogleCloudGKEHubConfigManagementV1
2026-10-10 20:45:45.419 xcodebuild[529:3056] [MT] IDERunDestination: Supported platforms for the buildables in the current scheme is empty.
{
  "dependencies" : [
    {
      "identity" : "swift-google-wkt",
      "requirement" : {
        "range" : [
          {
            "lower_bound" : "0.5.0",
            "upper_bound" : "1.0.0"
          }
        ]
      },
      "type" : "sourceControl",
      "url" : "https://github.com/googleapis/swift-google-wkt"
    }
  ],
  "manifest_display_name" : "GoogleCloudGKEHubConfigManagementV1",
  "name" : "GoogleCloudGKEHubConfigManagementV1",
  "path" : "/Users/admin/builder/spi-builder-workspace",
  "platforms" : [
    {
      "name" : "macos",
      "version" : "15.0"
    }
  ],
  "products" : [
    {
      "name" : "GoogleCloudGKEHubConfigManagementV1",
      "targets" : [
        "GoogleCloudGKEHubConfigManagementV1"
      ],
      "type" : {
        "library" : [
          "automatic"
        ]
      }
    }
  ],
  "targets" : [
    {
      "c99name" : "GoogleCloudGKEHubConfigManagementV1",
      "module_type" : "SwiftTarget",
      "name" : "GoogleCloudGKEHubConfigManagementV1",
      "path" : "Sources/GoogleCloudGKEHubConfigManagementV1",
      "product_dependencies" : [
        "GoogleWKT"
      ],
      "product_memberships" : [
        "GoogleCloudGKEHubConfigManagementV1"
      ],
      "sources" : [
        "ConfigSync.swift",
        "ConfigSyncDeploymentState.swift",
        "ConfigSyncError.swift",
        "ConfigSyncState.swift",
        "ConfigSyncVersion.swift",
        "DeploymentState.swift",
        "ErrorResource.swift",
        "GatekeeperDeploymentState.swift",
        "GitConfig.swift",
        "GroupVersionKind.swift",
        "HierarchyControllerConfig.swift",
        "HierarchyControllerDeploymentState.swift",
        "HierarchyControllerState.swift",
        "HierarchyControllerVersion.swift",
        "InstallError.swift",
        "MembershipSpec.swift",
        "MembershipState.swift",
        "OciConfig.swift",
        "OperatorState.swift",
        "PackageVersion.swift",
        "PolicyController.swift",
        "PolicyControllerState.swift",
        "PolicyControllerVersion.swift",
        "SyncError.swift",
        "SyncState.swift"
      ],
      "type" : "library"
    }
  ],
  "tools_version" : "6.2"
}
{
  "workspace" : {
    "name" : "GoogleCloudGKEHubConfigManagementV1",
    "schemes" : [
      "GoogleCloudGKEHubConfigManagementV1"
    ]
  }
}
2026-10-10 20:46:17.693 xcodebuild[721:4379] [MT] IDERunDestination: Supported platforms for the buildables in the current scheme is empty.
Running build ...
env DEVELOPER_DIR=/Applications/Xcode-27.0.0-Release.Candidate.app xcrun xcodebuild -IDEClonedSourcePackagesDirPathOverride=$PWD/.dependencies -skipMacroValidation -skipPackagePluginValidation -derivedDataPath $PWD/.derivedData build -scheme GoogleCloudGKEHubConfigManagementV1 -destination generic/platform=xrOS
Command line invocation:
    /Applications/Xcode-27.0.0.app/Contents/Developer/usr/bin/xcodebuild -IDEClonedSourcePackagesDirPathOverride=/Users/admin/builder/spi-builder-workspace/.dependencies -skipMacroValidation -skipPackagePluginValidation -derivedDataPath /Users/admin/builder/spi-builder-workspace/.derivedData build -scheme GoogleCloudGKEHubConfigManagementV1 -destination generic/platform=xrOS
Resolve Package Graph
Resolve Package Graph
Resolved source packages:
  GoogleWKT: https://github.com/googleapis/swift-google-wkt @ 0.5.0
  GoogleCloudGKEHubConfigManagementV1: /Users/admin/builder/spi-builder-workspace
  swift-extras-base64: https://github.com/swift-extras/swift-extras-base64 @ 1.2.0
ComputePackagePrebuildTargetDependencyGraph
Prepare packages
CreateBuildRequest
SendProjectDescription
CreateBuildOperation
ComputeTargetDependencyGraph
note: Building targets in dependency order
note: Target dependency graph (6 targets)
    Target 'GoogleCloudGKEHubConfigManagementV1-product' in project 'GoogleCloudGKEHubConfigManagementV1'
        ➜ Explicit dependency on target 'GoogleCloudGKEHubConfigManagementV1' in project 'GoogleCloudGKEHubConfigManagementV1'
        ➜ Explicit dependency on target 'GoogleWKT-product' in project 'GoogleWKT'
    Target 'GoogleCloudGKEHubConfigManagementV1' in project 'GoogleCloudGKEHubConfigManagementV1'
        ➜ Explicit dependency on target 'GoogleWKT-product' in project 'GoogleWKT'
    Target 'GoogleWKT-product' in project 'GoogleWKT'
        ➜ Explicit dependency on target 'GoogleWKT' in project 'GoogleWKT'
        ➜ Explicit dependency on target 'ExtrasBase64-product' in project 'swift-extras-base64'
    Target 'GoogleWKT' in project 'GoogleWKT'
        ➜ Explicit dependency on target 'ExtrasBase64-product' in project 'swift-extras-base64'
    Target 'ExtrasBase64-product' in project 'swift-extras-base64'
        ➜ Explicit dependency on target 'ExtrasBase64' in project 'swift-extras-base64'
    Target 'ExtrasBase64' in project 'swift-extras-base64' (no dependencies)
GatherProvisioningInputs
CreateBuildDescription
ExecuteExternalTool /Applications/Xcode-27.0.0.app/Contents/Developer/Toolchains/XcodeDefault.xctoolchain/usr/bin/swiftc --version
ExecuteExternalTool /Applications/Xcode-27.0.0.app/Contents/Developer/Toolchains/XcodeDefault.xctoolchain/usr/bin/clang -v -E -dM -isysroot /Applications/Xcode-27.0.0.app/Contents/Developer/Platforms/XROS.platform/Developer/SDKs/XROS27.0.sdk -x c -c /dev/null
ExecuteExternalTool /Applications/Xcode-27.0.0.app/Contents/Developer/Toolchains/XcodeDefault.xctoolchain/usr/bin/ld -version_details
ReadFileContents /Applications/Xcode-27.0.0.app/Contents/Developer/Toolchains/XcodeDefault.xctoolchain/usr/share/docc/features.json
Build description signature: 9696e376f8f323e6cca530b36dd39ef4
Build description path: /Users/admin/builder/spi-builder-workspace/.derivedData/Build/Intermediates.noindex/XCBuildData/9696e376f8f323e6cca530b36dd39ef4.xcbuilddata
CreateBuildDirectory /Users/admin/builder/spi-builder-workspace/.derivedData/ModuleCache.noindex
    cd /Users/admin/builder/spi-builder-workspace/.swiftpm/xcode
    builtin-create-build-directory /Users/admin/builder/spi-builder-workspace/.derivedData/ModuleCache.noindex
CreateBuildDirectory /Users/admin/builder/spi-builder-workspace/.derivedData/SDKExplicitPrecompiledModules
    cd /Users/admin/builder/spi-builder-workspace/.swiftpm/xcode
    builtin-create-build-directory /Users/admin/builder/spi-builder-workspace/.derivedData/SDKExplicitPrecompiledModules
CreateBuildDirectory /Users/admin/builder/spi-builder-workspace/.derivedData/CompilationCache.noindex
    cd /Users/admin/builder/spi-builder-workspace/.swiftpm/xcode
    builtin-create-build-directory /Users/admin/builder/spi-builder-workspace/.derivedData/CompilationCache.noindex
ClangStatCache /Applications/Xcode-27.0.0.app/Contents/Developer/Toolchains/XcodeDefault.xctoolchain/usr/bin/clang-stat-cache /Applications/Xcode-27.0.0.app/Contents/Developer/Platforms/XROS.platform/Developer/SDKs/XROS27.0.sdk /Users/admin/builder/spi-builder-workspace/.derivedData/SDKStatCaches.noindex/xros27.0-24M361-e829b21a6f8c9b70876ba0858053c04489c3c372b822c72ca60ec5271cbc7f3c.sdkstatcache
    cd /Users/admin/builder/spi-builder-workspace/.swiftpm/xcode
    /Applications/Xcode-27.0.0.app/Contents/Developer/Toolchains/XcodeDefault.xctoolchain/usr/bin/clang-stat-cache /Applications/Xcode-27.0.0.app/Contents/Developer/Platforms/XROS.platform/Developer/SDKs/XROS27.0.sdk -o /Users/admin/builder/spi-builder-workspace/.derivedData/SDKStatCaches.noindex/xros27.0-24M361-e829b21a6f8c9b70876ba0858053c04489c3c372b822c72ca60ec5271cbc7f3c.sdkstatcache
CreateBuildDirectory /Users/admin/builder/spi-builder-workspace/.derivedData/Build/Intermediates.noindex
    cd /Users/admin/builder/spi-builder-workspace/.swiftpm/xcode
    builtin-create-build-directory /Users/admin/builder/spi-builder-workspace/.derivedData/Build/Intermediates.noindex
CreateBuildDirectory /Users/admin/builder/spi-builder-workspace/.derivedData/Build/Products
    cd /Users/admin/builder/spi-builder-workspace/.swiftpm/xcode
    builtin-create-build-directory /Users/admin/builder/spi-builder-workspace/.derivedData/Build/Products
CreateBuildDirectory /Users/admin/builder/spi-builder-workspace/.derivedData/Build/Intermediates.noindex/PrecompiledHeaders
    cd /Users/admin/builder/spi-builder-workspace/.swiftpm/xcode
    builtin-create-build-directory /Users/admin/builder/spi-builder-workspace/.derivedData/Build/Intermediates.noindex/PrecompiledHeaders
CreateBuildDirectory /Users/admin/builder/spi-builder-workspace/.derivedData/Build/Intermediates.noindex/ExplicitPrecompiledModules
    cd /Users/admin/builder/spi-builder-workspace/.swiftpm/xcode
    builtin-create-build-directory /Users/admin/builder/spi-builder-workspace/.derivedData/Build/Intermediates.noindex/ExplicitPrecompiledModules
CreateBuildDirectory /Users/admin/builder/spi-builder-workspace/.derivedData/Build/Intermediates.noindex/SwiftExplicitPrecompiledModules
    cd /Users/admin/builder/spi-builder-workspace/.swiftpm/xcode
    builtin-create-build-directory /Users/admin/builder/spi-builder-workspace/.derivedData/Build/Intermediates.noindex/SwiftExplicitPrecompiledModules
CreateBuildDirectory /Users/admin/builder/spi-builder-workspace/.derivedData/Build/Intermediates.noindex/EagerLinkingTBDs/Debug-xros
    cd /Users/admin/builder/spi-builder-workspace/.swiftpm/xcode
    builtin-create-build-directory /Users/admin/builder/spi-builder-workspace/.derivedData/Build/Intermediates.noindex/EagerLinkingTBDs/Debug-xros
CreateBuildDirectory /Users/admin/builder/spi-builder-workspace/.derivedData/Build/Products/Debug-xros
    cd /Users/admin/builder/spi-builder-workspace/.swiftpm/xcode
    builtin-create-build-directory /Users/admin/builder/spi-builder-workspace/.derivedData/Build/Products/Debug-xros
CreateBuildDirectory /Users/admin/builder/spi-builder-workspace/.derivedData/Build/Products/Debug-xros/PackageFrameworks
    cd /Users/admin/builder/spi-builder-workspace/.swiftpm/xcode
    builtin-create-build-directory /Users/admin/builder/spi-builder-workspace/.derivedData/Build/Products/Debug-xros/PackageFrameworks
WriteAuxiliaryFile /Users/admin/builder/spi-builder-workspace/.derivedData/Build/Intermediates.noindex/GoogleCloudGKEHubConfigManagementV1.build/Debug-xros/GoogleCloudGKEHubConfigManagementV1-t.build/GoogleCloudGKEHubConfigManagementV1.DependencyStaticMetadataFileList (in target 'GoogleCloudGKEHubConfigManagementV1' from project 'GoogleCloudGKEHubConfigManagementV1')
    cd /Users/admin/builder/spi-builder-workspace
    write-file /Users/admin/builder/spi-builder-workspace/.derivedData/Build/Intermediates.noindex/GoogleCloudGKEHubConfigManagementV1.build/Debug-xros/GoogleCloudGKEHubConfigManagementV1-t.build/GoogleCloudGKEHubConfigManagementV1.DependencyStaticMetadataFileList
WriteAuxiliaryFile /Users/admin/builder/spi-builder-workspace/.derivedData/Build/Intermediates.noindex/GoogleCloudGKEHubConfigManagementV1.build/Debug-xros/GoogleCloudGKEHubConfigManagementV1-t.build/GoogleCloudGKEHubConfigManagementV1.DependencyMetadataFileList (in target 'GoogleCloudGKEHubConfigManagementV1' from project 'GoogleCloudGKEHubConfigManagementV1')
    cd /Users/admin/builder/spi-builder-workspace
    write-file /Users/admin/builder/spi-builder-workspace/.derivedData/Build/Intermediates.noindex/GoogleCloudGKEHubConfigManagementV1.build/Debug-xros/GoogleCloudGKEHubConfigManagementV1-t.build/GoogleCloudGKEHubConfigManagementV1.DependencyMetadataFileList
WriteAuxiliaryFile /Users/admin/builder/spi-builder-workspace/.derivedData/Build/Intermediates.noindex/GoogleCloudGKEHubConfigManagementV1.build/Debug-xros/GoogleCloudGKEHubConfigManagementV1-t.build/GoogleCloudGKEHubConfigManagementV1.modulemap (in target 'GoogleCloudGKEHubConfigManagementV1' from project 'GoogleCloudGKEHubConfigManagementV1')
    cd /Users/admin/builder/spi-builder-workspace
    write-file /Users/admin/builder/spi-builder-workspace/.derivedData/Build/Intermediates.noindex/GoogleCloudGKEHubConfigManagementV1.build/Debug-xros/GoogleCloudGKEHubConfigManagementV1-t.build/GoogleCloudGKEHubConfigManagementV1.modulemap
WriteAuxiliaryFile /Users/admin/builder/spi-builder-workspace/.derivedData/Build/Intermediates.noindex/GoogleCloudGKEHubConfigManagementV1.build/Debug-xros/GoogleCloudGKEHubConfigManagementV1-t.build/Objects-normal/arm64/GoogleCloudGKEHubConfigManagementV1.SwiftConstValuesFileList (in target 'GoogleCloudGKEHubConfigManagementV1' from project 'GoogleCloudGKEHubConfigManagementV1')
    cd /Users/admin/builder/spi-builder-workspace
    write-file /Users/admin/builder/spi-builder-workspace/.derivedData/Build/Intermediates.noindex/GoogleCloudGKEHubConfigManagementV1.build/Debug-xros/GoogleCloudGKEHubConfigManagementV1-t.build/Objects-normal/arm64/GoogleCloudGKEHubConfigManagementV1.SwiftConstValuesFileList
WriteAuxiliaryFile /Users/admin/builder/spi-builder-workspace/.derivedData/Build/Intermediates.noindex/GoogleCloudGKEHubConfigManagementV1.build/Debug-xros/GoogleCloudGKEHubConfigManagementV1-t.build/Objects-normal/arm64/GoogleCloudGKEHubConfigManagementV1.LinkFileList (in target 'GoogleCloudGKEHubConfigManagementV1' from project 'GoogleCloudGKEHubConfigManagementV1')
    cd /Users/admin/builder/spi-builder-workspace
    write-file /Users/admin/builder/spi-builder-workspace/.derivedData/Build/Intermediates.noindex/GoogleCloudGKEHubConfigManagementV1.build/Debug-xros/GoogleCloudGKEHubConfigManagementV1-t.build/Objects-normal/arm64/GoogleCloudGKEHubConfigManagementV1.LinkFileList
WriteAuxiliaryFile /Users/admin/builder/spi-builder-workspace/.derivedData/Build/Intermediates.noindex/GoogleCloudGKEHubConfigManagementV1.build/Debug-xros/GoogleCloudGKEHubConfigManagementV1-t.build/Objects-normal/arm64/GoogleCloudGKEHubConfigManagementV1-OutputFileMap.json (in target 'GoogleCloudGKEHubConfigManagementV1' from project 'GoogleCloudGKEHubConfigManagementV1')
    cd /Users/admin/builder/spi-builder-workspace
    write-file /Users/admin/builder/spi-builder-workspace/.derivedData/Build/Intermediates.noindex/GoogleCloudGKEHubConfigManagementV1.build/Debug-xros/GoogleCloudGKEHubConfigManagementV1-t.build/Objects-normal/arm64/GoogleCloudGKEHubConfigManagementV1-OutputFileMap.json
WriteAuxiliaryFile /Users/admin/builder/spi-builder-workspace/.derivedData/Build/Intermediates.noindex/GoogleCloudGKEHubConfigManagementV1.build/Debug-xros/GoogleCloudGKEHubConfigManagementV1-t.build/Objects-normal/arm64/GoogleCloudGKEHubConfigManagementV1_const_extract_protocols.json (in target 'GoogleCloudGKEHubConfigManagementV1' from project 'GoogleCloudGKEHubConfigManagementV1')
    cd /Users/admin/builder/spi-builder-workspace
    write-file /Users/admin/builder/spi-builder-workspace/.derivedData/Build/Intermediates.noindex/GoogleCloudGKEHubConfigManagementV1.build/Debug-xros/GoogleCloudGKEHubConfigManagementV1-t.build/Objects-normal/arm64/GoogleCloudGKEHubConfigManagementV1_const_extract_protocols.json
WriteAuxiliaryFile /Users/admin/builder/spi-builder-workspace/.derivedData/Build/Intermediates.noindex/GoogleCloudGKEHubConfigManagementV1.build/Debug-xros/GoogleCloudGKEHubConfigManagementV1-t.build/Objects-normal/arm64/GoogleCloudGKEHubConfigManagementV1.SwiftFileList (in target 'GoogleCloudGKEHubConfigManagementV1' from project 'GoogleCloudGKEHubConfigManagementV1')
    cd /Users/admin/builder/spi-builder-workspace
    write-file /Users/admin/builder/spi-builder-workspace/.derivedData/Build/Intermediates.noindex/GoogleCloudGKEHubConfigManagementV1.build/Debug-xros/GoogleCloudGKEHubConfigManagementV1-t.build/Objects-normal/arm64/GoogleCloudGKEHubConfigManagementV1.SwiftFileList
WriteAuxiliaryFile /Users/admin/builder/spi-builder-workspace/.derivedData/Build/Intermediates.noindex/GoogleWKT.build/Debug-xros/GoogleWKT-t.build/Objects-normal/arm64/GoogleWKT_const_extract_protocols.json (in target 'GoogleWKT' from project 'GoogleWKT')
    cd /Users/admin/builder/spi-builder-workspace/.dependencies/checkouts/swift-google-wkt
    write-file /Users/admin/builder/spi-builder-workspace/.derivedData/Build/Intermediates.noindex/GoogleWKT.build/Debug-xros/GoogleWKT-t.build/Objects-normal/arm64/GoogleWKT_const_extract_protocols.json
WriteAuxiliaryFile /Users/admin/builder/spi-builder-workspace/.derivedData/Build/Intermediates.noindex/GoogleWKT.build/Debug-xros/GoogleWKT-t.build/Objects-normal/arm64/GoogleWKT.SwiftFileList (in target 'GoogleWKT' from project 'GoogleWKT')
    cd /Users/admin/builder/spi-builder-workspace/.dependencies/checkouts/swift-google-wkt
    write-file /Users/admin/builder/spi-builder-workspace/.derivedData/Build/Intermediates.noindex/GoogleWKT.build/Debug-xros/GoogleWKT-t.build/Objects-normal/arm64/GoogleWKT.SwiftFileList
WriteAuxiliaryFile /Users/admin/builder/spi-builder-workspace/.derivedData/Build/Intermediates.noindex/GoogleWKT.build/Debug-xros/GoogleWKT-t.build/Objects-normal/arm64/GoogleWKT.SwiftConstValuesFileList (in target 'GoogleWKT' from project 'GoogleWKT')
    cd /Users/admin/builder/spi-builder-workspace/.dependencies/checkouts/swift-google-wkt
    write-file /Users/admin/builder/spi-builder-workspace/.derivedData/Build/Intermediates.noindex/GoogleWKT.build/Debug-xros/GoogleWKT-t.build/Objects-normal/arm64/GoogleWKT.SwiftConstValuesFileList
WriteAuxiliaryFile /Users/admin/builder/spi-builder-workspace/.derivedData/Build/Intermediates.noindex/GoogleWKT.build/Debug-xros/GoogleWKT-t.build/Objects-normal/arm64/GoogleWKT.LinkFileList (in target 'GoogleWKT' from project 'GoogleWKT')
    cd /Users/admin/builder/spi-builder-workspace/.dependencies/checkouts/swift-google-wkt
    write-file /Users/admin/builder/spi-builder-workspace/.derivedData/Build/Intermediates.noindex/GoogleWKT.build/Debug-xros/GoogleWKT-t.build/Objects-normal/arm64/GoogleWKT.LinkFileList
WriteAuxiliaryFile /Users/admin/builder/spi-builder-workspace/.derivedData/Build/Intermediates.noindex/GoogleWKT.build/Debug-xros/GoogleWKT-t.build/Objects-normal/arm64/GoogleWKT-OutputFileMap.json (in target 'GoogleWKT' from project 'GoogleWKT')
    cd /Users/admin/builder/spi-builder-workspace/.dependencies/checkouts/swift-google-wkt
    write-file /Users/admin/builder/spi-builder-workspace/.derivedData/Build/Intermediates.noindex/GoogleWKT.build/Debug-xros/GoogleWKT-t.build/Objects-normal/arm64/GoogleWKT-OutputFileMap.json
WriteAuxiliaryFile /Users/admin/builder/spi-builder-workspace/.derivedData/Build/Intermediates.noindex/GoogleWKT.build/Debug-xros/GoogleWKT-t.build/GoogleWKT.modulemap (in target 'GoogleWKT' from project 'GoogleWKT')
    cd /Users/admin/builder/spi-builder-workspace/.dependencies/checkouts/swift-google-wkt
    write-file /Users/admin/builder/spi-builder-workspace/.derivedData/Build/Intermediates.noindex/GoogleWKT.build/Debug-xros/GoogleWKT-t.build/GoogleWKT.modulemap
WriteAuxiliaryFile /Users/admin/builder/spi-builder-workspace/.derivedData/Build/Intermediates.noindex/GoogleWKT.build/Debug-xros/GoogleWKT-t.build/GoogleWKT.DependencyStaticMetadataFileList (in target 'GoogleWKT' from project 'GoogleWKT')
    cd /Users/admin/builder/spi-builder-workspace/.dependencies/checkouts/swift-google-wkt
    write-file /Users/admin/builder/spi-builder-workspace/.derivedData/Build/Intermediates.noindex/GoogleWKT.build/Debug-xros/GoogleWKT-t.build/GoogleWKT.DependencyStaticMetadataFileList
WriteAuxiliaryFile /Users/admin/builder/spi-builder-workspace/.derivedData/Build/Intermediates.noindex/GoogleWKT.build/Debug-xros/GoogleWKT-t.build/GoogleWKT.DependencyMetadataFileList (in target 'GoogleWKT' from project 'GoogleWKT')
    cd /Users/admin/builder/spi-builder-workspace/.dependencies/checkouts/swift-google-wkt
    write-file /Users/admin/builder/spi-builder-workspace/.derivedData/Build/Intermediates.noindex/GoogleWKT.build/Debug-xros/GoogleWKT-t.build/GoogleWKT.DependencyMetadataFileList
Copy /Users/admin/builder/spi-builder-workspace/.derivedData/Build/Intermediates.noindex/GeneratedModuleMaps-xros/GoogleCloudGKEHubConfigManagementV1.modulemap /Users/admin/builder/spi-builder-workspace/.derivedData/Build/Intermediates.noindex/GoogleCloudGKEHubConfigManagementV1.build/Debug-xros/GoogleCloudGKEHubConfigManagementV1-t.build/GoogleCloudGKEHubConfigManagementV1.modulemap (in target 'GoogleCloudGKEHubConfigManagementV1' from project 'GoogleCloudGKEHubConfigManagementV1')
    cd /Users/admin/builder/spi-builder-workspace
    builtin-copy -exclude .DS_Store -exclude CVS -exclude .svn -exclude .git -exclude .hg -resolve-src-symlinks /Users/admin/builder/spi-builder-workspace/.derivedData/Build/Intermediates.noindex/GoogleCloudGKEHubConfigManagementV1.build/Debug-xros/GoogleCloudGKEHubConfigManagementV1-t.build/GoogleCloudGKEHubConfigManagementV1.modulemap /Users/admin/builder/spi-builder-workspace/.derivedData/Build/Intermediates.noindex/GeneratedModuleMaps-xros
WriteAuxiliaryFile /Users/admin/builder/spi-builder-workspace/.derivedData/Build/Intermediates.noindex/swift-extras-base64.build/Debug-xros/ExtrasBase64-t.build/Objects-normal/arm64/ExtrasBase64.SwiftFileList (in target 'ExtrasBase64' from project 'swift-extras-base64')
    cd /Users/admin/builder/spi-builder-workspace/.dependencies/checkouts/swift-extras-base64
    write-file /Users/admin/builder/spi-builder-workspace/.derivedData/Build/Intermediates.noindex/swift-extras-base64.build/Debug-xros/ExtrasBase64-t.build/Objects-normal/arm64/ExtrasBase64.SwiftFileList
WriteAuxiliaryFile /Users/admin/builder/spi-builder-workspace/.derivedData/Build/Intermediates.noindex/swift-extras-base64.build/Debug-xros/ExtrasBase64-t.build/Objects-normal/arm64/ExtrasBase64_const_extract_protocols.json (in target 'ExtrasBase64' from project 'swift-extras-base64')
    cd /Users/admin/builder/spi-builder-workspace/.dependencies/checkouts/swift-extras-base64
    write-file /Users/admin/builder/spi-builder-workspace/.derivedData/Build/Intermediates.noindex/swift-extras-base64.build/Debug-xros/ExtrasBase64-t.build/Objects-normal/arm64/ExtrasBase64_const_extract_protocols.json
WriteAuxiliaryFile /Users/admin/builder/spi-builder-workspace/.derivedData/Build/Intermediates.noindex/swift-extras-base64.build/Debug-xros/ExtrasBase64-t.build/Objects-normal/arm64/ExtrasBase64.SwiftConstValuesFileList (in target 'ExtrasBase64' from project 'swift-extras-base64')
    cd /Users/admin/builder/spi-builder-workspace/.dependencies/checkouts/swift-extras-base64
    write-file /Users/admin/builder/spi-builder-workspace/.derivedData/Build/Intermediates.noindex/swift-extras-base64.build/Debug-xros/ExtrasBase64-t.build/Objects-normal/arm64/ExtrasBase64.SwiftConstValuesFileList
WriteAuxiliaryFile /Users/admin/builder/spi-builder-workspace/.derivedData/Build/Intermediates.noindex/swift-extras-base64.build/Debug-xros/ExtrasBase64-t.build/Objects-normal/arm64/ExtrasBase64.LinkFileList (in target 'ExtrasBase64' from project 'swift-extras-base64')
    cd /Users/admin/builder/spi-builder-workspace/.dependencies/checkouts/swift-extras-base64
    write-file /Users/admin/builder/spi-builder-workspace/.derivedData/Build/Intermediates.noindex/swift-extras-base64.build/Debug-xros/ExtrasBase64-t.build/Objects-normal/arm64/ExtrasBase64.LinkFileList
WriteAuxiliaryFile /Users/admin/builder/spi-builder-workspace/.derivedData/Build/Intermediates.noindex/swift-extras-base64.build/Debug-xros/ExtrasBase64-t.build/Objects-normal/arm64/ExtrasBase64-OutputFileMap.json (in target 'ExtrasBase64' from project 'swift-extras-base64')
    cd /Users/admin/builder/spi-builder-workspace/.dependencies/checkouts/swift-extras-base64
    write-file /Users/admin/builder/spi-builder-workspace/.derivedData/Build/Intermediates.noindex/swift-extras-base64.build/Debug-xros/ExtrasBase64-t.build/Objects-normal/arm64/ExtrasBase64-OutputFileMap.json
WriteAuxiliaryFile /Users/admin/builder/spi-builder-workspace/.derivedData/Build/Intermediates.noindex/swift-extras-base64.build/Debug-xros/ExtrasBase64-t.build/ExtrasBase64.modulemap (in target 'ExtrasBase64' from project 'swift-extras-base64')
    cd /Users/admin/builder/spi-builder-workspace/.dependencies/checkouts/swift-extras-base64
    write-file /Users/admin/builder/spi-builder-workspace/.derivedData/Build/Intermediates.noindex/swift-extras-base64.build/Debug-xros/ExtrasBase64-t.build/ExtrasBase64.modulemap
WriteAuxiliaryFile /Users/admin/builder/spi-builder-workspace/.derivedData/Build/Intermediates.noindex/swift-extras-base64.build/Debug-xros/ExtrasBase64-t.build/ExtrasBase64.DependencyStaticMetadataFileList (in target 'ExtrasBase64' from project 'swift-extras-base64')
    cd /Users/admin/builder/spi-builder-workspace/.dependencies/checkouts/swift-extras-base64
    write-file /Users/admin/builder/spi-builder-workspace/.derivedData/Build/Intermediates.noindex/swift-extras-base64.build/Debug-xros/ExtrasBase64-t.build/ExtrasBase64.DependencyStaticMetadataFileList
WriteAuxiliaryFile /Users/admin/builder/spi-builder-workspace/.derivedData/Build/Intermediates.noindex/swift-extras-base64.build/Debug-xros/ExtrasBase64-t.build/ExtrasBase64.DependencyMetadataFileList (in target 'ExtrasBase64' from project 'swift-extras-base64')
    cd /Users/admin/builder/spi-builder-workspace/.dependencies/checkouts/swift-extras-base64
    write-file /Users/admin/builder/spi-builder-workspace/.derivedData/Build/Intermediates.noindex/swift-extras-base64.build/Debug-xros/ExtrasBase64-t.build/ExtrasBase64.DependencyMetadataFileList
Copy /Users/admin/builder/spi-builder-workspace/.derivedData/Build/Intermediates.noindex/GeneratedModuleMaps-xros/GoogleWKT.modulemap /Users/admin/builder/spi-builder-workspace/.derivedData/Build/Intermediates.noindex/GoogleWKT.build/Debug-xros/GoogleWKT-t.build/GoogleWKT.modulemap (in target 'GoogleWKT' from project 'GoogleWKT')
    cd /Users/admin/builder/spi-builder-workspace/.dependencies/checkouts/swift-google-wkt
    builtin-copy -exclude .DS_Store -exclude CVS -exclude .svn -exclude .git -exclude .hg -resolve-src-symlinks /Users/admin/builder/spi-builder-workspace/.derivedData/Build/Intermediates.noindex/GoogleWKT.build/Debug-xros/GoogleWKT-t.build/GoogleWKT.modulemap /Users/admin/builder/spi-builder-workspace/.derivedData/Build/Intermediates.noindex/GeneratedModuleMaps-xros
Copy /Users/admin/builder/spi-builder-workspace/.derivedData/Build/Intermediates.noindex/GeneratedModuleMaps-xros/ExtrasBase64.modulemap /Users/admin/builder/spi-builder-workspace/.derivedData/Build/Intermediates.noindex/swift-extras-base64.build/Debug-xros/ExtrasBase64-t.build/ExtrasBase64.modulemap (in target 'ExtrasBase64' from project 'swift-extras-base64')
    cd /Users/admin/builder/spi-builder-workspace/.dependencies/checkouts/swift-extras-base64
    builtin-copy -exclude .DS_Store -exclude CVS -exclude .svn -exclude .git -exclude .hg -resolve-src-symlinks /Users/admin/builder/spi-builder-workspace/.derivedData/Build/Intermediates.noindex/swift-extras-base64.build/Debug-xros/ExtrasBase64-t.build/ExtrasBase64.modulemap /Users/admin/builder/spi-builder-workspace/.derivedData/Build/Intermediates.noindex/GeneratedModuleMaps-xros
SwiftDriver ExtrasBase64 normal arm64 com.apple.xcode.tools.swift.compiler (in target 'ExtrasBase64' from project 'swift-extras-base64')
    cd /Users/admin/builder/spi-builder-workspace/.swiftpm/xcode
    builtin-SwiftDriver -- /Applications/Xcode-27.0.0.app/Contents/Developer/Toolchains/XcodeDefault.xctoolchain/usr/bin/swiftc -parse-as-library -module-name ExtrasBase64 -Onone @/Users/admin/builder/spi-builder-workspace/.derivedData/Build/Intermediates.noindex/swift-extras-base64.build/Debug-xros/ExtrasBase64-t.build/Objects-normal/arm64/ExtrasBase64.SwiftFileList -DSWIFT_PACKAGE -DDEBUG -DSWIFT_MODULE_RESOURCE_BUNDLE_UNAVAILABLE -DXcode -enable-upcoming-feature ExistentialAny -enable-upcoming-feature InternalImportsByDefault -enable-upcoming-feature MemberImportVisibility -enable-upcoming-feature InferIsolatedConformances -enable-upcoming-feature NonisolatedNonsendingByDefault -enable-upcoming-feature ImmutableWeakCaptures -enable-experimental-feature SuppressedAssociatedTypesWithDefaults -enable-experimental-feature Lifetimes -enable-upcoming-feature LifetimeDependence -enable-upcoming-feature ImmutableWeakCaptures -plugin-path /Applications/Xcode-27.0.0.app/Contents/Developer/Toolchains/XcodeDefault.xctoolchain/usr/lib/swift/host/plugins/testing -enable-experimental-feature DebugDescriptionMacro -sdk /Applications/Xcode-27.0.0.app/Contents/Developer/Platforms/XROS.platform/Developer/SDKs/XROS27.0.sdk -target arm64-apple-xros1.0 -g -module-cache-path /Users/admin/builder/spi-builder-workspace/.derivedData/ModuleCache.noindex -Xfrontend -serialize-debugging-options -enable-testing -suppress-warnings -index-store-path /Users/admin/builder/spi-builder-workspace/.derivedData/Index.noindex/DataStore -Xcc -D_LIBCPP_HARDENING_MODE\=_LIBCPP_HARDENING_MODE_DEBUG -swift-version 6 -I /Users/admin/builder/spi-builder-workspace/.derivedData/Build/Products/Debug-xros -Isystem /Applications/Xcode-27.0.0.app/Contents/Developer/Platforms/XROS.platform/Developer/usr/lib -F /Users/admin/builder/spi-builder-workspace/.derivedData/Build/Products/Debug-xros -F /Applications/Xcode-27.0.0.app/Contents/Developer/Platforms/XROS.platform/Developer/Library/Frameworks -F /Applications/Xcode-27.0.0.app/Contents/Developer/Platforms/XROS.platform/Developer/SDKs/XROS27.0.sdk/Developer/Library/Frameworks -c -j10 -enable-batch-mode -incremental -Xcc -ivfsstatcache -Xcc /Users/admin/builder/spi-builder-workspace/.derivedData/SDKStatCaches.noindex/xros27.0-24M361-e829b21a6f8c9b70876ba0858053c04489c3c372b822c72ca60ec5271cbc7f3c.sdkstatcache -output-file-map /Users/admin/builder/spi-builder-workspace/.derivedData/Build/Intermediates.noindex/swift-extras-base64.build/Debug-xros/ExtrasBase64-t.build/Objects-normal/arm64/ExtrasBase64-OutputFileMap.json -save-temps -no-color-diagnostics -explicit-module-build -module-cache-path /Users/admin/builder/spi-builder-workspace/.derivedData/Build/Intermediates.noindex/SwiftExplicitPrecompiledModules -clang-scanner-module-cache-path /Users/admin/builder/spi-builder-workspace/.derivedData/ModuleCache.noindex -sdk-module-cache-path /Users/admin/builder/spi-builder-workspace/.derivedData/SDKExplicitPrecompiledModules -emit-dependencies -emit-module -emit-module-path /Users/admin/builder/spi-builder-workspace/.derivedData/Build/Intermediates.noindex/swift-extras-base64.build/Debug-xros/ExtrasBase64-t.build/Objects-normal/arm64/ExtrasBase64.swiftmodule -serialize-diagnostics -dependency-scan-serialize-diagnostics-path /Users/admin/builder/spi-builder-workspace/.derivedData/Build/Intermediates.noindex/swift-extras-base64.build/Debug-xros/ExtrasBase64-t.build/Objects-normal/arm64/ExtrasBase64-dependency-scan.dia -user-module-version 1.2.0 -validate-clang-modules-once -clang-build-session-file /Users/admin/builder/spi-builder-workspace/.derivedData/ModuleCache.noindex/Session.modulevalidation -Xcc -fmodules-prune-interval\=86400 -Xcc -fmodules-prune-after\=345600 -package-name swift_extras_base64 -emit-const-values -const-gather-protocols-list /Users/admin/builder/spi-builder-workspace/.derivedData/Build/Intermediates.noindex/swift-extras-base64.build/Debug-xros/ExtrasBase64-t.build/Objects-normal/arm64/ExtrasBase64_const_extract_protocols.json -Xcc -I/Users/admin/builder/spi-builder-workspace/.derivedData/Build/Products/Debug-xros/include -Xcc -I/Users/admin/builder/spi-builder-workspace/.derivedData/Build/Intermediates.noindex/swift-extras-base64.build/Debug-xros/ExtrasBase64-t.build/DerivedSources-normal/arm64 -Xcc -I/Users/admin/builder/spi-builder-workspace/.derivedData/Build/Intermediates.noindex/swift-extras-base64.build/Debug-xros/ExtrasBase64-t.build/DerivedSources/arm64 -Xcc -I/Users/admin/builder/spi-builder-workspace/.derivedData/Build/Intermediates.noindex/swift-extras-base64.build/Debug-xros/ExtrasBase64-t.build/DerivedSources -Xcc -DSWIFT_PACKAGE -Xcc -DDEBUG\=1 -emit-objc-header -emit-objc-header-path /Users/admin/builder/spi-builder-workspace/.derivedData/Build/Intermediates.noindex/swift-extras-base64.build/Debug-xros/ExtrasBase64-t.build/Objects-normal/arm64/ExtrasBase64-Swift.h -working-directory /Users/admin/builder/spi-builder-workspace/.swiftpm/xcode -experimental-emit-module-separately -disable-cmo
SwiftExplicitDependencyGeneratePcm arm64 /Users/admin/builder/spi-builder-workspace/.derivedData/SDKExplicitPrecompiledModules/SwiftShims-9P1B0X253BMBIS5IYY1ZS9UX4.pcm
SwiftExplicitDependencyGeneratePcm arm64 /Users/admin/builder/spi-builder-workspace/.derivedData/SDKExplicitPrecompiledModules/_SwiftConcurrencyShims-3EF1GVAW4TS536KZ3ISCWLVI6.pcm
SwiftCompile normal arm64 Compiling\ Base32.swift /Users/admin/builder/spi-builder-workspace/.dependencies/checkouts/swift-extras-base64/Sources/ExtrasBase64/Base32.swift (in target 'ExtrasBase64' from project 'swift-extras-base64')
SwiftCompile normal arm64 /Users/admin/builder/spi-builder-workspace/.dependencies/checkouts/swift-extras-base64/Sources/ExtrasBase64/Base32.swift (in target 'ExtrasBase64' from project 'swift-extras-base64')
    cd /Users/admin/builder/spi-builder-workspace/.swiftpm/xcode
    builtin-SwiftPerFileCompile Base32.swift
SwiftCompile normal arm64 Compiling\ Base64.swift /Users/admin/builder/spi-builder-workspace/.dependencies/checkouts/swift-extras-base64/Sources/ExtrasBase64/Base64.swift (in target 'ExtrasBase64' from project 'swift-extras-base64')
SwiftCompile normal arm64 /Users/admin/builder/spi-builder-workspace/.dependencies/checkouts/swift-extras-base64/Sources/ExtrasBase64/Base64.swift (in target 'ExtrasBase64' from project 'swift-extras-base64')
    cd /Users/admin/builder/spi-builder-workspace/.swiftpm/xcode
    builtin-SwiftPerFileCompile Base64.swift
SwiftCompile normal arm64 Compiling\ Base64+Span.swift /Users/admin/builder/spi-builder-workspace/.dependencies/checkouts/swift-extras-base64/Sources/ExtrasBase64/Base64+Span.swift (in target 'ExtrasBase64' from project 'swift-extras-base64')
SwiftCompile normal arm64 /Users/admin/builder/spi-builder-workspace/.dependencies/checkouts/swift-extras-base64/Sources/ExtrasBase64/Base64+Span.swift (in target 'ExtrasBase64' from project 'swift-extras-base64')
    cd /Users/admin/builder/spi-builder-workspace/.swiftpm/xcode
    builtin-SwiftPerFileCompile Base64+Span.swift
SwiftEmitModule normal arm64 Emitting\ module\ for\ ExtrasBase64 (in target 'ExtrasBase64' from project 'swift-extras-base64')
SwiftCompile normal arm64 (in target 'ExtrasBase64' from project 'swift-extras-base64')
    cd /Users/admin/builder/spi-builder-workspace/.swiftpm/xcode

SwiftCompile normal arm64 Compiling\ Base32+Span.swift /Users/admin/builder/spi-builder-workspace/.dependencies/checkouts/swift-extras-base64/Sources/ExtrasBase64/Base32+Span.swift (in target 'ExtrasBase64' from project 'swift-extras-base64')
SwiftCompile normal arm64 /Users/admin/builder/spi-builder-workspace/.dependencies/checkouts/swift-extras-base64/Sources/ExtrasBase64/Base32+Span.swift (in target 'ExtrasBase64' from project 'swift-extras-base64')
    cd /Users/admin/builder/spi-builder-workspace/.swiftpm/xcode
    builtin-SwiftPerFileCompile Base32+Span.swift
SwiftDriverJobDiscovery normal arm64 Compiling Base64+Span.swift (in target 'ExtrasBase64' from project 'swift-extras-base64')
SwiftDriverJobDiscovery normal arm64 Compiling Base32+Span.swift (in target 'ExtrasBase64' from project 'swift-extras-base64')
SwiftDriverJobDiscovery normal arm64 Compiling Base32.swift (in target 'ExtrasBase64' from project 'swift-extras-base64')
SwiftDriverJobDiscovery normal arm64 Compiling Base64.swift (in target 'ExtrasBase64' from project 'swift-extras-base64')
SwiftDriverJobDiscovery normal arm64 Emitting module for ExtrasBase64 (in target 'ExtrasBase64' from project 'swift-extras-base64')
SwiftDriver\ Compilation\ Requirements ExtrasBase64 normal arm64 com.apple.xcode.tools.swift.compiler (in target 'ExtrasBase64' from project 'swift-extras-base64')
    cd /Users/admin/builder/spi-builder-workspace/.swiftpm/xcode
    builtin-Swift-Compilation-Requirements -- /Applications/Xcode-27.0.0.app/Contents/Developer/Toolchains/XcodeDefault.xctoolchain/usr/bin/swiftc -parse-as-library -module-name ExtrasBase64 -Onone @/Users/admin/builder/spi-builder-workspace/.derivedData/Build/Intermediates.noindex/swift-extras-base64.build/Debug-xros/ExtrasBase64-t.build/Objects-normal/arm64/ExtrasBase64.SwiftFileList -DSWIFT_PACKAGE -DDEBUG -DSWIFT_MODULE_RESOURCE_BUNDLE_UNAVAILABLE -DXcode -enable-upcoming-feature ExistentialAny -enable-upcoming-feature InternalImportsByDefault -enable-upcoming-feature MemberImportVisibility -enable-upcoming-feature InferIsolatedConformances -enable-upcoming-feature NonisolatedNonsendingByDefault -enable-upcoming-feature ImmutableWeakCaptures -enable-experimental-feature SuppressedAssociatedTypesWithDefaults -enable-experimental-feature Lifetimes -enable-upcoming-feature LifetimeDependence -enable-upcoming-feature ImmutableWeakCaptures -plugin-path /Applications/Xcode-27.0.0.app/Contents/Developer/Toolchains/XcodeDefault.xctoolchain/usr/lib/swift/host/plugins/testing -enable-experimental-feature DebugDescriptionMacro -sdk /Applications/Xcode-27.0.0.app/Contents/Developer/Platforms/XROS.platform/Developer/SDKs/XROS27.0.sdk -target arm64-apple-xros1.0 -g -module-cache-path /Users/admin/builder/spi-builder-workspace/.derivedData/ModuleCache.noindex -Xfrontend -serialize-debugging-options -enable-testing -suppress-warnings -index-store-path /Users/admin/builder/spi-builder-workspace/.derivedData/Index.noindex/DataStore -Xcc -D_LIBCPP_HARDENING_MODE\=_LIBCPP_HARDENING_MODE_DEBUG -swift-version 6 -I /Users/admin/builder/spi-builder-workspace/.derivedData/Build/Products/Debug-xros -Isystem /Applications/Xcode-27.0.0.app/Contents/Developer/Platforms/XROS.platform/Developer/usr/lib -F /Users/admin/builder/spi-builder-workspace/.derivedData/Build/Products/Debug-xros -F /Applications/Xcode-27.0.0.app/Contents/Developer/Platforms/XROS.platform/Developer/Library/Frameworks -F /Applications/Xcode-27.0.0.app/Contents/Developer/Platforms/XROS.platform/Developer/SDKs/XROS27.0.sdk/Developer/Library/Frameworks -c -j10 -enable-batch-mode -incremental -Xcc -ivfsstatcache -Xcc /Users/admin/builder/spi-builder-workspace/.derivedData/SDKStatCaches.noindex/xros27.0-24M361-e829b21a6f8c9b70876ba0858053c04489c3c372b822c72ca60ec5271cbc7f3c.sdkstatcache -output-file-map /Users/admin/builder/spi-builder-workspace/.derivedData/Build/Intermediates.noindex/swift-extras-base64.build/Debug-xros/ExtrasBase64-t.build/Objects-normal/arm64/ExtrasBase64-OutputFileMap.json -save-temps -no-color-diagnostics -explicit-module-build -module-cache-path /Users/admin/builder/spi-builder-workspace/.derivedData/Build/Intermediates.noindex/SwiftExplicitPrecompiledModules -clang-scanner-module-cache-path /Users/admin/builder/spi-builder-workspace/.derivedData/ModuleCache.noindex -sdk-module-cache-path /Users/admin/builder/spi-builder-workspace/.derivedData/SDKExplicitPrecompiledModules -emit-dependencies -emit-module -emit-module-path /Users/admin/builder/spi-builder-workspace/.derivedData/Build/Intermediates.noindex/swift-extras-base64.build/Debug-xros/ExtrasBase64-t.build/Objects-normal/arm64/ExtrasBase64.swiftmodule -serialize-diagnostics -dependency-scan-serialize-diagnostics-path /Users/admin/builder/spi-builder-workspace/.derivedData/Build/Intermediates.noindex/swift-extras-base64.build/Debug-xros/ExtrasBase64-t.build/Objects-normal/arm64/ExtrasBase64-dependency-scan.dia -user-module-version 1.2.0 -validate-clang-modules-once -clang-build-session-file /Users/admin/builder/spi-builder-workspace/.derivedData/ModuleCache.noindex/Session.modulevalidation -Xcc -fmodules-prune-interval\=86400 -Xcc -fmodules-prune-after\=345600 -package-name swift_extras_base64 -emit-const-values -const-gather-protocols-list /Users/admin/builder/spi-builder-workspace/.derivedData/Build/Intermediates.noindex/swift-extras-base64.build/Debug-xros/ExtrasBase64-t.build/Objects-normal/arm64/ExtrasBase64_const_extract_protocols.json -Xcc -I/Users/admin/builder/spi-builder-workspace/.derivedData/Build/Products/Debug-xros/include -Xcc -I/Users/admin/builder/spi-builder-workspace/.derivedData/Build/Intermediates.noindex/swift-extras-base64.build/Debug-xros/ExtrasBase64-t.build/DerivedSources-normal/arm64 -Xcc -I/Users/admin/builder/spi-builder-workspace/.derivedData/Build/Intermediates.noindex/swift-extras-base64.build/Debug-xros/ExtrasBase64-t.build/DerivedSources/arm64 -Xcc -I/Users/admin/builder/spi-builder-workspace/.derivedData/Build/Intermediates.noindex/swift-extras-base64.build/Debug-xros/ExtrasBase64-t.build/DerivedSources -Xcc -DSWIFT_PACKAGE -Xcc -DDEBUG\=1 -emit-objc-header -emit-objc-header-path /Users/admin/builder/spi-builder-workspace/.derivedData/Build/Intermediates.noindex/swift-extras-base64.build/Debug-xros/ExtrasBase64-t.build/Objects-normal/arm64/ExtrasBase64-Swift.h -working-directory /Users/admin/builder/spi-builder-workspace/.swiftpm/xcode -experimental-emit-module-separately -disable-cmo
SwiftDriver\ Compilation ExtrasBase64 normal arm64 com.apple.xcode.tools.swift.compiler (in target 'ExtrasBase64' from project 'swift-extras-base64')
    cd /Users/admin/builder/spi-builder-workspace/.swiftpm/xcode
    builtin-Swift-Compilation -- /Applications/Xcode-27.0.0.app/Contents/Developer/Toolchains/XcodeDefault.xctoolchain/usr/bin/swiftc -parse-as-library -module-name ExtrasBase64 -Onone @/Users/admin/builder/spi-builder-workspace/.derivedData/Build/Intermediates.noindex/swift-extras-base64.build/Debug-xros/ExtrasBase64-t.build/Objects-normal/arm64/ExtrasBase64.SwiftFileList -DSWIFT_PACKAGE -DDEBUG -DSWIFT_MODULE_RESOURCE_BUNDLE_UNAVAILABLE -DXcode -enable-upcoming-feature ExistentialAny -enable-upcoming-feature InternalImportsByDefault -enable-upcoming-feature MemberImportVisibility -enable-upcoming-feature InferIsolatedConformances -enable-upcoming-feature NonisolatedNonsendingByDefault -enable-upcoming-feature ImmutableWeakCaptures -enable-experimental-feature SuppressedAssociatedTypesWithDefaults -enable-experimental-feature Lifetimes -enable-upcoming-feature LifetimeDependence -enable-upcoming-feature ImmutableWeakCaptures -plugin-path /Applications/Xcode-27.0.0.app/Contents/Developer/Toolchains/XcodeDefault.xctoolchain/usr/lib/swift/host/plugins/testing -enable-experimental-feature DebugDescriptionMacro -sdk /Applications/Xcode-27.0.0.app/Contents/Developer/Platforms/XROS.platform/Developer/SDKs/XROS27.0.sdk -target arm64-apple-xros1.0 -g -module-cache-path /Users/admin/builder/spi-builder-workspace/.derivedData/ModuleCache.noindex -Xfrontend -serialize-debugging-options -enable-testing -suppress-warnings -index-store-path /Users/admin/builder/spi-builder-workspace/.derivedData/Index.noindex/DataStore -Xcc -D_LIBCPP_HARDENING_MODE\=_LIBCPP_HARDENING_MODE_DEBUG -swift-version 6 -I /Users/admin/builder/spi-builder-workspace/.derivedData/Build/Products/Debug-xros -Isystem /Applications/Xcode-27.0.0.app/Contents/Developer/Platforms/XROS.platform/Developer/usr/lib -F /Users/admin/builder/spi-builder-workspace/.derivedData/Build/Products/Debug-xros -F /Applications/Xcode-27.0.0.app/Contents/Developer/Platforms/XROS.platform/Developer/Library/Frameworks -F /Applications/Xcode-27.0.0.app/Contents/Developer/Platforms/XROS.platform/Developer/SDKs/XROS27.0.sdk/Developer/Library/Frameworks -c -j10 -enable-batch-mode -incremental -Xcc -ivfsstatcache -Xcc /Users/admin/builder/spi-builder-workspace/.derivedData/SDKStatCaches.noindex/xros27.0-24M361-e829b21a6f8c9b70876ba0858053c04489c3c372b822c72ca60ec5271cbc7f3c.sdkstatcache -output-file-map /Users/admin/builder/spi-builder-workspace/.derivedData/Build/Intermediates.noindex/swift-extras-base64.build/Debug-xros/ExtrasBase64-t.build/Objects-normal/arm64/ExtrasBase64-OutputFileMap.json -save-temps -no-color-diagnostics -explicit-module-build -module-cache-path /Users/admin/builder/spi-builder-workspace/.derivedData/Build/Intermediates.noindex/SwiftExplicitPrecompiledModules -clang-scanner-module-cache-path /Users/admin/builder/spi-builder-workspace/.derivedData/ModuleCache.noindex -sdk-module-cache-path /Users/admin/builder/spi-builder-workspace/.derivedData/SDKExplicitPrecompiledModules -emit-dependencies -emit-module -emit-module-path /Users/admin/builder/spi-builder-workspace/.derivedData/Build/Intermediates.noindex/swift-extras-base64.build/Debug-xros/ExtrasBase64-t.build/Objects-normal/arm64/ExtrasBase64.swiftmodule -serialize-diagnostics -dependency-scan-serialize-diagnostics-path /Users/admin/builder/spi-builder-workspace/.derivedData/Build/Intermediates.noindex/swift-extras-base64.build/Debug-xros/ExtrasBase64-t.build/Objects-normal/arm64/ExtrasBase64-dependency-scan.dia -user-module-version 1.2.0 -validate-clang-modules-once -clang-build-session-file /Users/admin/builder/spi-builder-workspace/.derivedData/ModuleCache.noindex/Session.modulevalidation -Xcc -fmodules-prune-interval\=86400 -Xcc -fmodules-prune-after\=345600 -package-name swift_extras_base64 -emit-const-values -const-gather-protocols-list /Users/admin/builder/spi-builder-workspace/.derivedData/Build/Intermediates.noindex/swift-extras-base64.build/Debug-xros/ExtrasBase64-t.build/Objects-normal/arm64/ExtrasBase64_const_extract_protocols.json -Xcc -I/Users/admin/builder/spi-builder-workspace/.derivedData/Build/Products/Debug-xros/include -Xcc -I/Users/admin/builder/spi-builder-workspace/.derivedData/Build/Intermediates.noindex/swift-extras-base64.build/Debug-xros/ExtrasBase64-t.build/DerivedSources-normal/arm64 -Xcc -I/Users/admin/builder/spi-builder-workspace/.derivedData/Build/Intermediates.noindex/swift-extras-base64.build/Debug-xros/ExtrasBase64-t.build/DerivedSources/arm64 -Xcc -I/Users/admin/builder/spi-builder-workspace/.derivedData/Build/Intermediates.noindex/swift-extras-base64.build/Debug-xros/ExtrasBase64-t.build/DerivedSources -Xcc -DSWIFT_PACKAGE -Xcc -DDEBUG\=1 -emit-objc-header -emit-objc-header-path /Users/admin/builder/spi-builder-workspace/.derivedData/Build/Intermediates.noindex/swift-extras-base64.build/Debug-xros/ExtrasBase64-t.build/Objects-normal/arm64/ExtrasBase64-Swift.h -working-directory /Users/admin/builder/spi-builder-workspace/.swiftpm/xcode -experimental-emit-module-separately -disable-cmo
SwiftMergeGeneratedHeaders /Users/admin/builder/spi-builder-workspace/.derivedData/Build/Intermediates.noindex/GeneratedModuleMaps-xros/ExtrasBase64-Swift.h /Users/admin/builder/spi-builder-workspace/.derivedData/Build/Intermediates.noindex/swift-extras-base64.build/Debug-xros/ExtrasBase64-t.build/Objects-normal/arm64/ExtrasBase64-Swift.h (in target 'ExtrasBase64' from project 'swift-extras-base64')
    cd /Users/admin/builder/spi-builder-workspace/.dependencies/checkouts/swift-extras-base64
    builtin-swiftHeaderTool -arch arm64 /Users/admin/builder/spi-builder-workspace/.derivedData/Build/Intermediates.noindex/swift-extras-base64.build/Debug-xros/ExtrasBase64-t.build/Objects-normal/arm64/ExtrasBase64-Swift.h -o /Users/admin/builder/spi-builder-workspace/.derivedData/Build/Intermediates.noindex/GeneratedModuleMaps-xros/ExtrasBase64-Swift.h
Copy /Users/admin/builder/spi-builder-workspace/.derivedData/Build/Products/Debug-xros/ExtrasBase64.swiftmodule/arm64-apple-xros.abi.json /Users/admin/builder/spi-builder-workspace/.derivedData/Build/Intermediates.noindex/swift-extras-base64.build/Debug-xros/ExtrasBase64-t.build/Objects-normal/arm64/ExtrasBase64.abi.json (in target 'ExtrasBase64' from project 'swift-extras-base64')
    cd /Users/admin/builder/spi-builder-workspace/.dependencies/checkouts/swift-extras-base64
    builtin-copy -exclude .DS_Store -exclude CVS -exclude .svn -exclude .git -exclude .hg -resolve-src-symlinks -rename /Users/admin/builder/spi-builder-workspace/.derivedData/Build/Intermediates.noindex/swift-extras-base64.build/Debug-xros/ExtrasBase64-t.build/Objects-normal/arm64/ExtrasBase64.abi.json /Users/admin/builder/spi-builder-workspace/.derivedData/Build/Products/Debug-xros/ExtrasBase64.swiftmodule/arm64-apple-xros.abi.json
Copy /Users/admin/builder/spi-builder-workspace/.derivedData/Build/Products/Debug-xros/ExtrasBase64.swiftmodule/arm64-apple-xros.swiftmodule /Users/admin/builder/spi-builder-workspace/.derivedData/Build/Intermediates.noindex/swift-extras-base64.build/Debug-xros/ExtrasBase64-t.build/Objects-normal/arm64/ExtrasBase64.swiftmodule (in target 'ExtrasBase64' from project 'swift-extras-base64')
    cd /Users/admin/builder/spi-builder-workspace/.dependencies/checkouts/swift-extras-base64
    builtin-copy -exclude .DS_Store -exclude CVS -exclude .svn -exclude .git -exclude .hg -resolve-src-symlinks -rename /Users/admin/builder/spi-builder-workspace/.derivedData/Build/Intermediates.noindex/swift-extras-base64.build/Debug-xros/ExtrasBase64-t.build/Objects-normal/arm64/ExtrasBase64.swiftmodule /Users/admin/builder/spi-builder-workspace/.derivedData/Build/Products/Debug-xros/ExtrasBase64.swiftmodule/arm64-apple-xros.swiftmodule
Copy /Users/admin/builder/spi-builder-workspace/.derivedData/Build/Products/Debug-xros/ExtrasBase64.swiftmodule/arm64-apple-xros.swiftdoc /Users/admin/builder/spi-builder-workspace/.derivedData/Build/Intermediates.noindex/swift-extras-base64.build/Debug-xros/ExtrasBase64-t.build/Objects-normal/arm64/ExtrasBase64.swiftdoc (in target 'ExtrasBase64' from project 'swift-extras-base64')
    cd /Users/admin/builder/spi-builder-workspace/.dependencies/checkouts/swift-extras-base64
    builtin-copy -exclude .DS_Store -exclude CVS -exclude .svn -exclude .git -exclude .hg -resolve-src-symlinks -rename /Users/admin/builder/spi-builder-workspace/.derivedData/Build/Intermediates.noindex/swift-extras-base64.build/Debug-xros/ExtrasBase64-t.build/Objects-normal/arm64/ExtrasBase64.swiftdoc /Users/admin/builder/spi-builder-workspace/.derivedData/Build/Products/Debug-xros/ExtrasBase64.swiftmodule/arm64-apple-xros.swiftdoc
Copy /Users/admin/builder/spi-builder-workspace/.derivedData/Build/Products/Debug-xros/ExtrasBase64.swiftmodule/Project/arm64-apple-xros.swiftsourceinfo /Users/admin/builder/spi-builder-workspace/.derivedData/Build/Intermediates.noindex/swift-extras-base64.build/Debug-xros/ExtrasBase64-t.build/Objects-normal/arm64/ExtrasBase64.swiftsourceinfo (in target 'ExtrasBase64' from project 'swift-extras-base64')
    cd /Users/admin/builder/spi-builder-workspace/.dependencies/checkouts/swift-extras-base64
    builtin-copy -exclude .DS_Store -exclude CVS -exclude .svn -exclude .git -exclude .hg -resolve-src-symlinks -rename /Users/admin/builder/spi-builder-workspace/.derivedData/Build/Intermediates.noindex/swift-extras-base64.build/Debug-xros/ExtrasBase64-t.build/Objects-normal/arm64/ExtrasBase64.swiftsourceinfo /Users/admin/builder/spi-builder-workspace/.derivedData/Build/Products/Debug-xros/ExtrasBase64.swiftmodule/Project/arm64-apple-xros.swiftsourceinfo
Ld /Users/admin/builder/spi-builder-workspace/.derivedData/Build/Products/Debug-xros/ExtrasBase64.o normal (in target 'ExtrasBase64' from project 'swift-extras-base64')
    cd /Users/admin/builder/spi-builder-workspace/.dependencies/checkouts/swift-extras-base64
    /Applications/Xcode-27.0.0.app/Contents/Developer/Toolchains/XcodeDefault.xctoolchain/usr/bin/clang -Xlinker -reproducible -target arm64-apple-xros1.0 -r -isysroot /Applications/Xcode-27.0.0.app/Contents/Developer/Platforms/XROS.platform/Developer/SDKs/XROS27.0.sdk -O0 -w -Xlinker -no_warn_duplicate_libraries -F/Users/admin/builder/spi-builder-workspace/.derivedData/Build/Intermediates.noindex/EagerLinkingTBDs/Debug-xros -F/Users/admin/builder/spi-builder-workspace/.derivedData/Build/Products/Debug-xros -iframework /Applications/Xcode-27.0.0.app/Contents/Developer/Platforms/XROS.platform/Developer/Library/Frameworks -iframework /Applications/Xcode-27.0.0.app/Contents/Developer/Platforms/XROS.platform/Developer/SDKs/XROS27.0.sdk/Developer/Library/Frameworks -filelist /Users/admin/builder/spi-builder-workspace/.derivedData/Build/Intermediates.noindex/swift-extras-base64.build/Debug-xros/ExtrasBase64-t.build/Objects-normal/arm64/ExtrasBase64.LinkFileList -nostdlib -Xlinker -object_path_lto -Xlinker /Users/admin/builder/spi-builder-workspace/.derivedData/Build/Intermediates.noindex/swift-extras-base64.build/Debug-xros/ExtrasBase64-t.build/Objects-normal/arm64/ExtrasBase64_lto.o -Xlinker -no_deduplicate -Xlinker -dependency_info -Xlinker /Users/admin/builder/spi-builder-workspace/.derivedData/Build/Intermediates.noindex/swift-extras-base64.build/Debug-xros/ExtrasBase64-t.build/Objects-normal/arm64/ExtrasBase64_dependency_info.dat -fobjc-link-runtime -L/Applications/Xcode-27.0.0.app/Contents/Developer/Toolchains/XcodeDefault.xctoolchain/usr/lib/swift/xros -L/usr/lib/swift -Xlinker -add_ast_path -Xlinker /Users/admin/builder/spi-builder-workspace/.derivedData/Build/Intermediates.noindex/swift-extras-base64.build/Debug-xros/ExtrasBase64-t.build/Objects-normal/arm64/ExtrasBase64.swiftmodule -o /Users/admin/builder/spi-builder-workspace/.derivedData/Build/Products/Debug-xros/ExtrasBase64.o
SwiftDriver GoogleWKT normal arm64 com.apple.xcode.tools.swift.compiler (in target 'GoogleWKT' from project 'GoogleWKT')
    cd /Users/admin/builder/spi-builder-workspace/.swiftpm/xcode
    builtin-SwiftDriver -- /Applications/Xcode-27.0.0.app/Contents/Developer/Toolchains/XcodeDefault.xctoolchain/usr/bin/swiftc -parse-as-library -module-name GoogleWKT -Onone @/Users/admin/builder/spi-builder-workspace/.derivedData/Build/Intermediates.noindex/GoogleWKT.build/Debug-xros/GoogleWKT-t.build/Objects-normal/arm64/GoogleWKT.SwiftFileList -DSWIFT_PACKAGE -DDEBUG -DSWIFT_MODULE_RESOURCE_BUNDLE_UNAVAILABLE -DXcode -enable-upcoming-feature ExistentialAny -enable-upcoming-feature InternalImportsByDefault -enable-upcoming-feature MemberImportVisibility -enable-upcoming-feature NonisolatedNonsendingByDefault -strict-memory-safety -plugin-path /Applications/Xcode-27.0.0.app/Contents/Developer/Toolchains/XcodeDefault.xctoolchain/usr/lib/swift/host/plugins/testing -enable-experimental-feature DebugDescriptionMacro -sdk /Applications/Xcode-27.0.0.app/Contents/Developer/Platforms/XROS.platform/Developer/SDKs/XROS27.0.sdk -target arm64-apple-xros1.0 -g -module-cache-path /Users/admin/builder/spi-builder-workspace/.derivedData/ModuleCache.noindex -Xfrontend -serialize-debugging-options -enable-testing -suppress-warnings -index-store-path /Users/admin/builder/spi-builder-workspace/.derivedData/Index.noindex/DataStore -Xcc -D_LIBCPP_HARDENING_MODE\=_LIBCPP_HARDENING_MODE_DEBUG -swift-version 6 -I /Users/admin/builder/spi-builder-workspace/.derivedData/Build/Products/Debug-xros -Isystem /Applications/Xcode-27.0.0.app/Contents/Developer/Platforms/XROS.platform/Developer/usr/lib -F /Users/admin/builder/spi-builder-workspace/.derivedData/Build/Products/Debug-xros/PackageFrameworks -F /Users/admin/builder/spi-builder-workspace/.derivedData/Build/Products/Debug-xros -F /Applications/Xcode-27.0.0.app/Contents/Developer/Platforms/XROS.platform/Developer/Library/Frameworks -F /Applications/Xcode-27.0.0.app/Contents/Developer/Platforms/XROS.platform/Developer/SDKs/XROS27.0.sdk/Developer/Library/Frameworks -c -j10 -enable-batch-mode -incremental -Xcc -ivfsstatcache -Xcc /Users/admin/builder/spi-builder-workspace/.derivedData/SDKStatCaches.noindex/xros27.0-24M361-e829b21a6f8c9b70876ba0858053c04489c3c372b822c72ca60ec5271cbc7f3c.sdkstatcache -output-file-map /Users/admin/builder/spi-builder-workspace/.derivedData/Build/Intermediates.noindex/GoogleWKT.build/Debug-xros/GoogleWKT-t.build/Objects-normal/arm64/GoogleWKT-OutputFileMap.json -save-temps -no-color-diagnostics -explicit-module-build -module-cache-path /Users/admin/builder/spi-builder-workspace/.derivedData/Build/Intermediates.noindex/SwiftExplicitPrecompiledModules -clang-scanner-module-cache-path /Users/admin/builder/spi-builder-workspace/.derivedData/ModuleCache.noindex -sdk-module-cache-path /Users/admin/builder/spi-builder-workspace/.derivedData/SDKExplicitPrecompiledModules -emit-dependencies -emit-module -emit-module-path /Users/admin/builder/spi-builder-workspace/.derivedData/Build/Intermediates.noindex/GoogleWKT.build/Debug-xros/GoogleWKT-t.build/Objects-normal/arm64/GoogleWKT.swiftmodule -serialize-diagnostics -dependency-scan-serialize-diagnostics-path /Users/admin/builder/spi-builder-workspace/.derivedData/Build/Intermediates.noindex/GoogleWKT.build/Debug-xros/GoogleWKT-t.build/Objects-normal/arm64/GoogleWKT-dependency-scan.dia -user-module-version 0.5.0 -validate-clang-modules-once -clang-build-session-file /Users/admin/builder/spi-builder-workspace/.derivedData/ModuleCache.noindex/Session.modulevalidation -Xcc -fmodules-prune-interval\=86400 -Xcc -fmodules-prune-after\=345600 -package-name swift_google_wkt -emit-const-values -const-gather-protocols-list /Users/admin/builder/spi-builder-workspace/.derivedData/Build/Intermediates.noindex/GoogleWKT.build/Debug-xros/GoogleWKT-t.build/Objects-normal/arm64/GoogleWKT_const_extract_protocols.json -Xcc -I/Users/admin/builder/spi-builder-workspace/.derivedData/Build/Products/Debug-xros/include -Xcc -I/Users/admin/builder/spi-builder-workspace/.derivedData/Build/Intermediates.noindex/GoogleWKT.build/Debug-xros/GoogleWKT-t.build/DerivedSources-normal/arm64 -Xcc -I/Users/admin/builder/spi-builder-workspace/.derivedData/Build/Intermediates.noindex/GoogleWKT.build/Debug-xros/GoogleWKT-t.build/DerivedSources/arm64 -Xcc -I/Users/admin/builder/spi-builder-workspace/.derivedData/Build/Intermediates.noindex/GoogleWKT.build/Debug-xros/GoogleWKT-t.build/DerivedSources -Xcc -DSWIFT_PACKAGE -Xcc -DDEBUG\=1 -emit-objc-header -emit-objc-header-path /Users/admin/builder/spi-builder-workspace/.derivedData/Build/Intermediates.noindex/GoogleWKT.build/Debug-xros/GoogleWKT-t.build/Objects-normal/arm64/GoogleWKT-Swift.h -working-directory /Users/admin/builder/spi-builder-workspace/.swiftpm/xcode -experimental-emit-module-separately -disable-cmo
ExtractAppIntentsMetadata (in target 'ExtrasBase64' from project 'swift-extras-base64')
    cd /Users/admin/builder/spi-builder-workspace/.dependencies/checkouts/swift-extras-base64
    /Applications/Xcode-27.0.0.app/Contents/Developer/Toolchains/XcodeDefault.xctoolchain/usr/bin/appintentsmetadataprocessor --toolchain-dir /var/run/com.apple.security.cryptexd/mnt/com.apple.MobileAsset.MetalToolchain-v27.1.266.1.ScbDSB/Metal.xctoolchain --module-name ExtrasBase64 --sdk-root /Applications/Xcode-27.0.0.app/Contents/Developer/Platforms/XROS.platform/Developer/SDKs/XROS27.0.sdk --xcode-version 27A266a --platform-family xrOS --deployment-target 1.0 --bundle-identifier swift-extras-base64.ExtrasBase64 --output /Users/admin/builder/spi-builder-workspace/.derivedData/Build/Products/Debug-xros/ExtrasBase64.appintents --target-triple arm64-apple-xros1.0 --binary-file /Users/admin/builder/spi-builder-workspace/.derivedData/Build/Products/Debug-xros/ExtrasBase64.o --dependency-file /Users/admin/builder/spi-builder-workspace/.derivedData/Build/Intermediates.noindex/swift-extras-base64.build/Debug-xros/ExtrasBase64-t.build/Objects-normal/arm64/ExtrasBase64_dependency_info.dat --stringsdata-file /Users/admin/builder/spi-builder-workspace/.derivedData/Build/Intermediates.noindex/swift-extras-base64.build/Debug-xros/ExtrasBase64-t.build/Objects-normal/arm64/ExtractedAppShortcutsMetadata.stringsdata --source-file-list /Users/admin/builder/spi-builder-workspace/.derivedData/Build/Intermediates.noindex/swift-extras-base64.build/Debug-xros/ExtrasBase64-t.build/Objects-normal/arm64/ExtrasBase64.SwiftFileList --metadata-file-list /Users/admin/builder/spi-builder-workspace/.derivedData/Build/Intermediates.noindex/swift-extras-base64.build/Debug-xros/ExtrasBase64-t.build/ExtrasBase64.DependencyMetadataFileList --static-metadata-file-list /Users/admin/builder/spi-builder-workspace/.derivedData/Build/Intermediates.noindex/swift-extras-base64.build/Debug-xros/ExtrasBase64-t.build/ExtrasBase64.DependencyStaticMetadataFileList --swift-const-vals-list /Users/admin/builder/spi-builder-workspace/.derivedData/Build/Intermediates.noindex/swift-extras-base64.build/Debug-xros/ExtrasBase64-t.build/Objects-normal/arm64/ExtrasBase64.SwiftConstValuesFileList --force --compile-time-extraction --deployment-aware-processing --no-app-shortcuts-localization
2026-10-10 20:46:24.480 appintentsmetadataprocessor[778:4689] Starting appintentsmetadataprocessor export
2026-10-10 20:46:24.590 appintentsmetadataprocessor[778:4689] Extracted no relevant App Intents symbols, skipping writing output
SwiftExplicitDependencyGeneratePcm arm64 /Users/admin/builder/spi-builder-workspace/.derivedData/SDKExplicitPrecompiledModules/_Builtin_stddef-CVIVEKYCWAJVVLZCWQUORXB3T.pcm
SwiftExplicitDependencyGeneratePcm arm64 /Users/admin/builder/spi-builder-workspace/.derivedData/SDKExplicitPrecompiledModules/_Builtin_stdbool-66KCM3WFQAA6GDT5JBXE5ZFIM.pcm
SwiftExplicitDependencyGeneratePcm arm64 /Users/admin/builder/spi-builder-workspace/.derivedData/SDKExplicitPrecompiledModules/_Builtin_stdarg-4D75MSV0U703TNZDFDPUQKTXY.pcm
SwiftExplicitDependencyGeneratePcm arm64 /Users/admin/builder/spi-builder-workspace/.derivedData/SDKExplicitPrecompiledModules/_Builtin_float-9E6B4TIGZ50MNC52SEWSO4SZA.pcm
SwiftExplicitDependencyGeneratePcm arm64 /Users/admin/builder/spi-builder-workspace/.derivedData/SDKExplicitPrecompiledModules/ptrauth-CWIG5ZC92SLGPE634QB8U1F67.pcm
SwiftExplicitDependencyGeneratePcm arm64 /Users/admin/builder/spi-builder-workspace/.derivedData/SDKExplicitPrecompiledModules/ptrcheck-AOAZ3TGYCT5FI4M12FP635MBZ.pcm
SwiftExplicitDependencyGeneratePcm arm64 /Users/admin/builder/spi-builder-workspace/.derivedData/SDKExplicitPrecompiledModules/_AvailabilityInternal-CQB1A4J371K4B4EILM2GHQLI5.pcm
SwiftExplicitDependencyGeneratePcm arm64 /Users/admin/builder/spi-builder-workspace/.derivedData/SDKExplicitPrecompiledModules/_DarwinFoundation1-91KG98W8B99A53S7R7KZPDZAW.pcm
SwiftExplicitDependencyGeneratePcm arm64 /Users/admin/builder/spi-builder-workspace/.derivedData/SDKExplicitPrecompiledModules/_DarwinFoundation2-6ZDTV3QLGX7QOB6B18WLZ0QH7.pcm
SwiftExplicitDependencyGeneratePcm arm64 /Users/admin/builder/spi-builder-workspace/.derivedData/SDKExplicitPrecompiledModules/_Builtin_limits-AC2IJ4ID8KQ2P514ASRJ1WNZ4.pcm
SwiftExplicitDependencyGeneratePcm arm64 /Users/admin/builder/spi-builder-workspace/.derivedData/SDKExplicitPrecompiledModules/sys_types-68SF6OGD5BU2UA3UVRAIPDM9Q.pcm
SwiftExplicitDependencyGeneratePcm arm64 /Users/admin/builder/spi-builder-workspace/.derivedData/SDKExplicitPrecompiledModules/_Builtin_stdint-DPOHJORS81SRDUS3TAH2I07JL.pcm
SwiftExplicitDependencyGeneratePcm arm64 /Users/admin/builder/spi-builder-workspace/.derivedData/SDKExplicitPrecompiledModules/string_h-EIJ0T3OTIUVPUQS0YYJN2SZ94.pcm
SwiftExplicitDependencyGeneratePcm arm64 /Users/admin/builder/spi-builder-workspace/.derivedData/SDKExplicitPrecompiledModules/_DarwinFoundation3-3NU4SV6DJO9R2BVETBBQUNTYM.pcm
SwiftExplicitDependencyGeneratePcm arm64 /Users/admin/builder/spi-builder-workspace/.derivedData/SDKExplicitPrecompiledModules/_Builtin_inttypes-F3HIDSK25XXER1ECI6T7MZQ6E.pcm
SwiftExplicitDependencyGeneratePcm arm64 /Users/admin/builder/spi-builder-workspace/.derivedData/SDKExplicitPrecompiledModules/Darwin-AIC9CLQZ5295SW9HWDOMZAQG5.pcm
SwiftExplicitDependencyGeneratePcm arm64 /Users/admin/builder/spi-builder-workspace/.derivedData/SDKExplicitPrecompiledModules/ObjectiveC-31UJBSEJJ1RKILDATCLWC7HN0.pcm
SwiftExplicitDependencyGeneratePcm arm64 /Users/admin/builder/spi-builder-workspace/.derivedData/SDKExplicitPrecompiledModules/os_object-1E3PX1DAS800SDQUYLVXR028V.pcm
SwiftExplicitDependencyGeneratePcm arm64 /Users/admin/builder/spi-builder-workspace/.derivedData/SDKExplicitPrecompiledModules/os_workgroup-CDEHWR6MV89NPD15QCX7VRHTU.pcm
SwiftExplicitDependencyGeneratePcm arm64 /Users/admin/builder/spi-builder-workspace/.derivedData/SDKExplicitPrecompiledModules/Dispatch-7GOER010PQL3JUB7KLESWY6E6.pcm
SwiftExplicitDependencyGeneratePcm arm64 /Users/admin/builder/spi-builder-workspace/.derivedData/SDKExplicitPrecompiledModules/XPC-3ELB137QFY4ZB1QC0M9VTZNL2.pcm
SwiftExplicitDependencyGeneratePcm arm64 /Users/admin/builder/spi-builder-workspace/.derivedData/SDKExplicitPrecompiledModules/CoreFoundation-3LDSUSDZ6HHB4NPG349G12ZOB.pcm
SwiftExplicitDependencyGeneratePcm arm64 /Users/admin/builder/spi-builder-workspace/.derivedData/SDKExplicitPrecompiledModules/Security-CKHEN0JBM822Q2GRP0DTS6SQF.pcm
SwiftExplicitDependencyGeneratePcm arm64 /Users/admin/builder/spi-builder-workspace/.derivedData/SDKExplicitPrecompiledModules/CFNetwork-3Q0VFS7OMB5CF9ZKK1V1U2UBK.pcm
SwiftExplicitDependencyGeneratePcm arm64 /Users/admin/builder/spi-builder-workspace/.derivedData/SDKExplicitPrecompiledModules/Foundation-8EHXGENADHBTHJM90X3OTROEY.pcm
SwiftEmitModule normal arm64 Emitting\ module\ for\ GoogleWKT (in target 'GoogleWKT' from project 'GoogleWKT')
/Users/admin/builder/spi-builder-workspace/.dependencies/checkouts/swift-google-wkt/Sources/GoogleWKT/DecodeToDefault.swift:106:23: error: 'Int128' is only available in visionOS 2.0 or newer
 87 |
 88 | /// Decode singular fields to their default value.
 89 | extension DecodeToDefault: SingleValueDecodingContainer {
    | `- note: add '@available' attribute to enclosing extension
 90 |   // This is the only interesting case, forward to decodeGeneric() to resolve `Data` vs. other types.
 91 |   func decode<T: Decodable>(_ type: T.Type) throws -> T { return try decodeGeneric(type) }
    :
104 |   func decode(_ type: Int64.Type) throws -> Int64 { return Int64() }
105 |   func decode(_ type: UInt64.Type) throws -> UInt64 { return UInt64() }
106 |   func decode(_ type: Int128.Type) throws -> Int128 { return Int128() }
    |        |              `- error: 'Int128' is only available in visionOS 2.0 or newer
    |        `- note: add '@available' attribute to enclosing instance method
107 |   func decode(_ type: UInt128.Type) throws -> UInt128 { return UInt128() }
108 |   func decode(_ type: Float.Type) throws -> Float { return Float() }
/Users/admin/builder/spi-builder-workspace/.dependencies/checkouts/swift-google-wkt/Sources/GoogleWKT/DecodeToDefault.swift:106:46: error: 'Int128' is only available in visionOS 2.0 or newer
 87 |
 88 | /// Decode singular fields to their default value.
 89 | extension DecodeToDefault: SingleValueDecodingContainer {
    | `- note: add '@available' attribute to enclosing extension
 90 |   // This is the only interesting case, forward to decodeGeneric() to resolve `Data` vs. other types.
 91 |   func decode<T: Decodable>(_ type: T.Type) throws -> T { return try decodeGeneric(type) }
    :
104 |   func decode(_ type: Int64.Type) throws -> Int64 { return Int64() }
105 |   func decode(_ type: UInt64.Type) throws -> UInt64 { return UInt64() }
106 |   func decode(_ type: Int128.Type) throws -> Int128 { return Int128() }
    |        |                                     `- error: 'Int128' is only available in visionOS 2.0 or newer
    |        `- note: add '@available' attribute to enclosing instance method
107 |   func decode(_ type: UInt128.Type) throws -> UInt128 { return UInt128() }
108 |   func decode(_ type: Float.Type) throws -> Float { return Float() }
/Users/admin/builder/spi-builder-workspace/.dependencies/checkouts/swift-google-wkt/Sources/GoogleWKT/DecodeToDefault.swift:107:23: error: 'UInt128' is only available in visionOS 2.0 or newer
 87 |
 88 | /// Decode singular fields to their default value.
 89 | extension DecodeToDefault: SingleValueDecodingContainer {
    | `- note: add '@available' attribute to enclosing extension
 90 |   // This is the only interesting case, forward to decodeGeneric() to resolve `Data` vs. other types.
 91 |   func decode<T: Decodable>(_ type: T.Type) throws -> T { return try decodeGeneric(type) }
    :
105 |   func decode(_ type: UInt64.Type) throws -> UInt64 { return UInt64() }
106 |   func decode(_ type: Int128.Type) throws -> Int128 { return Int128() }
107 |   func decode(_ type: UInt128.Type) throws -> UInt128 { return UInt128() }
    |        |              `- error: 'UInt128' is only available in visionOS 2.0 or newer
    |        `- note: add '@available' attribute to enclosing instance method
108 |   func decode(_ type: Float.Type) throws -> Float { return Float() }
109 |   func decode(_ type: Double.Type) throws -> Double { return Double() }
/Users/admin/builder/spi-builder-workspace/.dependencies/checkouts/swift-google-wkt/Sources/GoogleWKT/DecodeToDefault.swift:107:47: error: 'UInt128' is only available in visionOS 2.0 or newer
 87 |
 88 | /// Decode singular fields to their default value.
 89 | extension DecodeToDefault: SingleValueDecodingContainer {
    | `- note: add '@available' attribute to enclosing extension
 90 |   // This is the only interesting case, forward to decodeGeneric() to resolve `Data` vs. other types.
 91 |   func decode<T: Decodable>(_ type: T.Type) throws -> T { return try decodeGeneric(type) }
    :
105 |   func decode(_ type: UInt64.Type) throws -> UInt64 { return UInt64() }
106 |   func decode(_ type: Int128.Type) throws -> Int128 { return Int128() }
107 |   func decode(_ type: UInt128.Type) throws -> UInt128 { return UInt128() }
    |        |                                      `- error: 'UInt128' is only available in visionOS 2.0 or newer
    |        `- note: add '@available' attribute to enclosing instance method
108 |   func decode(_ type: Float.Type) throws -> Float { return Float() }
109 |   func decode(_ type: Double.Type) throws -> Double { return Double() }
/Users/admin/builder/spi-builder-workspace/.dependencies/checkouts/swift-google-wkt/Sources/GoogleWKT/ProtoJSONDecoder.swift:135:23: error: 'Int128' is only available in visionOS 2.0 or newer
103 | }
104 |
105 | extension InternalSingleValueContainer: SingleValueDecodingContainer {
    | `- note: add '@available' attribute to enclosing extension
106 |   var codingPath: [any CodingKey] { impl.codingPath }
107 |
    :
133 |   func decode(_ type: Int64.Type) throws -> Int64 { try decodeGeneric(type) }
134 |   func decode(_ type: UInt64.Type) throws -> UInt64 { try decodeGeneric(type) }
135 |   func decode(_ type: Int128.Type) throws -> Int128 { try decodeGeneric(type) }
    |        |              `- error: 'Int128' is only available in visionOS 2.0 or newer
    |        `- note: add '@available' attribute to enclosing instance method
136 |   func decode(_ type: UInt128.Type) throws -> UInt128 { try decodeGeneric(type) }
137 |   func decode(_ type: Float.Type) throws -> Float { try decodeGeneric(type) }
/Users/admin/builder/spi-builder-workspace/.dependencies/checkouts/swift-google-wkt/Sources/GoogleWKT/ProtoJSONDecoder.swift:135:46: error: 'Int128' is only available in visionOS 2.0 or newer
103 | }
104 |
105 | extension InternalSingleValueContainer: SingleValueDecodingContainer {
    | `- note: add '@available' attribute to enclosing extension
106 |   var codingPath: [any CodingKey] { impl.codingPath }
107 |
    :
133 |   func decode(_ type: Int64.Type) throws -> Int64 { try decodeGeneric(type) }
134 |   func decode(_ type: UInt64.Type) throws -> UInt64 { try decodeGeneric(type) }
135 |   func decode(_ type: Int128.Type) throws -> Int128 { try decodeGeneric(type) }
    |        |                                     `- error: 'Int128' is only available in visionOS 2.0 or newer
    |        `- note: add '@available' attribute to enclosing instance method
136 |   func decode(_ type: UInt128.Type) throws -> UInt128 { try decodeGeneric(type) }
137 |   func decode(_ type: Float.Type) throws -> Float { try decodeGeneric(type) }
/Users/admin/builder/spi-builder-workspace/.dependencies/checkouts/swift-google-wkt/Sources/GoogleWKT/ProtoJSONDecoder.swift:136:23: error: 'UInt128' is only available in visionOS 2.0 or newer
103 | }
104 |
105 | extension InternalSingleValueContainer: SingleValueDecodingContainer {
    | `- note: add '@available' attribute to enclosing extension
106 |   var codingPath: [any CodingKey] { impl.codingPath }
107 |
    :
134 |   func decode(_ type: UInt64.Type) throws -> UInt64 { try decodeGeneric(type) }
135 |   func decode(_ type: Int128.Type) throws -> Int128 { try decodeGeneric(type) }
136 |   func decode(_ type: UInt128.Type) throws -> UInt128 { try decodeGeneric(type) }
    |        |              `- error: 'UInt128' is only available in visionOS 2.0 or newer
    |        `- note: add '@available' attribute to enclosing instance method
137 |   func decode(_ type: Float.Type) throws -> Float { try decodeGeneric(type) }
138 |   func decode(_ type: Double.Type) throws -> Double { try decodeGeneric(type) }
/Users/admin/builder/spi-builder-workspace/.dependencies/checkouts/swift-google-wkt/Sources/GoogleWKT/ProtoJSONDecoder.swift:136:47: error: 'UInt128' is only available in visionOS 2.0 or newer
103 | }
104 |
105 | extension InternalSingleValueContainer: SingleValueDecodingContainer {
    | `- note: add '@available' attribute to enclosing extension
106 |   var codingPath: [any CodingKey] { impl.codingPath }
107 |
    :
134 |   func decode(_ type: UInt64.Type) throws -> UInt64 { try decodeGeneric(type) }
135 |   func decode(_ type: Int128.Type) throws -> Int128 { try decodeGeneric(type) }
136 |   func decode(_ type: UInt128.Type) throws -> UInt128 { try decodeGeneric(type) }
    |        |                                      `- error: 'UInt128' is only available in visionOS 2.0 or newer
    |        `- note: add '@available' attribute to enclosing instance method
137 |   func decode(_ type: Float.Type) throws -> Float { try decodeGeneric(type) }
138 |   func decode(_ type: Double.Type) throws -> Double { try decodeGeneric(type) }
Failed frontend command:
SwiftCompile normal arm64 (in target 'GoogleWKT' from project 'GoogleWKT')
    cd /Users/admin/builder/spi-builder-workspace/.swiftpm/xcode

/Applications/Xcode-27.0.0.app/Contents/Developer/Toolchains/XcodeDefault.xctoolchain/usr/bin/swift-frontend -frontend -emit-module -experimental-skip-non-inlinable-function-bodies-without-types /Users/admin/builder/spi-builder-workspace/.dependencies/checkouts/swift-google-wkt/Sources/GoogleWKT/AnyPackable.swift /Users/admin/builder/spi-builder-workspace/.dependencies/checkouts/swift-google-wkt/Sources/GoogleWKT/DecodeToDefault.swift /Users/admin/builder/spi-builder-workspace/.dependencies/checkouts/swift-google-wkt/Sources/GoogleWKT/DiscoveryBase64.swift /Users/admin/builder/spi-builder-workspace/.dependencies/checkouts/swift-google-wkt/Sources/GoogleWKT/ProtoJSONDecoder.swift /Users/admin/builder/spi-builder-workspace/.dependencies/checkouts/swift-google-wkt/Sources/GoogleWKT/ProtoJSONEncoder.swift /Users/admin/builder/spi-builder-workspace/.dependencies/checkouts/swift-google-wkt/Sources/GoogleWKT/UnknownFields.swift /Users/admin/builder/spi-builder-workspace/.dependencies/checkouts/swift-google-wkt/Sources/GoogleWKT/WKTAny.swift /Users/admin/builder/spi-builder-workspace/.dependencies/checkouts/swift-google-wkt/Sources/GoogleWKT/WKTAnyError.swift /Users/admin/builder/spi-builder-workspace/.dependencies/checkouts/swift-google-wkt/Sources/GoogleWKT/WKTBoolValue.swift /Users/admin/builder/spi-builder-workspace/.dependencies/checkouts/swift-google-wkt/Sources/GoogleWKT/WKTBytesValue.swift /Users/admin/builder/spi-builder-workspace/.dependencies/checkouts/swift-google-wkt/Sources/GoogleWKT/WKTDoubleValue.swift /Users/admin/builder/spi-builder-workspace/.dependencies/checkouts/swift-google-wkt/Sources/GoogleWKT/WKTDuration.swift /Users/admin/builder/spi-builder-workspace/.dependencies/checkouts/swift-google-wkt/Sources/GoogleWKT/WKTEmpty.swift /Users/admin/builder/spi-builder-workspace/.dependencies/checkouts/swift-google-wkt/Sources/GoogleWKT/WKTFieldMask.swift /Users/admin/builder/spi-builder-workspace/.dependencies/checkouts/swift-google-wkt/Sources/GoogleWKT/WKTFloatValue.swift /Users/admin/builder/spi-builder-workspace/.dependencies/checkouts/swift-google-wkt/Sources/GoogleWKT/WKTInt32Value.swift /Users/admin/builder/spi-builder-workspace/.dependencies/checkouts/swift-google-wkt/Sources/GoogleWKT/WKTInt64Value.swift /Users/admin/builder/spi-builder-workspace/.dependencies/checkouts/swift-google-wkt/Sources/GoogleWKT/WKTRecursive.swift /Users/admin/builder/spi-builder-workspace/.dependencies/checkouts/swift-google-wkt/Sources/GoogleWKT/WKTStringValue.swift /Users/admin/builder/spi-builder-workspace/.dependencies/checkouts/swift-google-wkt/Sources/GoogleWKT/WKTTimestamp.swift /Users/admin/builder/spi-builder-workspace/.dependencies/checkouts/swift-google-wkt/Sources/GoogleWKT/WKTUInt32Value.swift /Users/admin/builder/spi-builder-workspace/.dependencies/checkouts/swift-google-wkt/Sources/GoogleWKT/WKTUInt64Value.swift /Users/admin/builder/spi-builder-workspace/.dependencies/checkouts/swift-google-wkt/Sources/GoogleWKT/WKTValue.swift /Users/admin/builder/spi-builder-workspace/.dependencies/checkouts/swift-google-wkt/Sources/GoogleWKT/generated/messages/WKTApi.swift /Users/admin/builder/spi-builder-workspace/.dependencies/checkouts/swift-google-wkt/Sources/GoogleWKT/generated/messages/WKTEnum.swift /Users/admin/builder/spi-builder-workspace/.dependencies/checkouts/swift-google-wkt/Sources/GoogleWKT/generated/messages/WKTEnumValue.swift /Users/admin/builder/spi-builder-workspace/.dependencies/checkouts/swift-google-wkt/Sources/GoogleWKT/generated/messages/WKTField.swift /Users/admin/builder/spi-builder-workspace/.dependencies/checkouts/swift-google-wkt/Sources/GoogleWKT/generated/messages/WKTMethod.swift /Users/admin/builder/spi-builder-workspace/.dependencies/checkouts/swift-google-wkt/Sources/GoogleWKT/generated/messages/WKTMixin.swift /Users/admin/builder/spi-builder-workspace/.dependencies/checkouts/swift-google-wkt/Sources/GoogleWKT/generated/messages/WKTOption.swift /Users/admin/builder/spi-builder-workspace/.dependencies/checkouts/swift-google-wkt/Sources/GoogleWKT/generated/messages/WKTSourceContext.swift /Users/admin/builder/spi-builder-workspace/.dependencies/checkouts/swift-google-wkt/Sources/GoogleWKT/generated/messages/WKTSyntax.swift /Users/admin/builder/spi-builder-workspace/.dependencies/checkouts/swift-google-wkt/Sources/GoogleWKT/generated/messages/WKTType.swift /Users/admin/builder/spi-builder-workspace/.dependencies/checkouts/swift-google-wkt/Sources/GoogleWKT/generated/version/PackageVersion.swift -target arm64-apple-xros1.0 -disable-cross-import-overlay-search -load-resolved-plugin /Applications/Xcode-27.0.0.app/Contents/Developer/Platforms/XROS.platform/Developer/usr/lib/swift/host/plugins/libFoundationMacros.dylib\#/Applications/Xcode-27.0.0.app/Contents/Developer/Platforms/XROS.platform/Developer/usr/bin/swift-plugin-server\#FoundationMacros -load-resolved-plugin /Applications/Xcode-27.0.0.app/Contents/Developer/Platforms/XROS.platform/Developer/usr/lib/swift/host/plugins/libObservationMacros.dylib\#/Applications/Xcode-27.0.0.app/Contents/Developer/Platforms/XROS.platform/Developer/usr/bin/swift-plugin-server\#ObservationMacros -load-resolved-plugin /Applications/Xcode-27.0.0.app/Contents/Developer/Platforms/XROS.platform/Developer/usr/lib/swift/host/plugins/libSwiftMacros.dylib\#/Applications/Xcode-27.0.0.app/Contents/Developer/Platforms/XROS.platform/Developer/usr/bin/swift-plugin-server\#SwiftMacros -disable-implicit-swift-modules -Xcc -fno-implicit-modules -Xcc -fno-implicit-module-maps -explicit-swift-module-map-file /Users/admin/builder/spi-builder-workspace/.derivedData/Build/Intermediates.noindex/GoogleWKT.build/Debug-xros/GoogleWKT-t.build/Objects-normal/arm64/GoogleWKT-dependencies-1.json -Xllvm -aarch64-use-tbi -enable-objc-interop -stack-check -sdk /Applications/Xcode-27.0.0.app/Contents/Developer/Platforms/XROS.platform/Developer/SDKs/XROS27.0.sdk -I /Users/admin/builder/spi-builder-workspace/.derivedData/Build/Products/Debug-xros -Isystem /Applications/Xcode-27.0.0.app/Contents/Developer/Platforms/XROS.platform/Developer/usr/lib -F /Users/admin/builder/spi-builder-workspace/.derivedData/Build/Products/Debug-xros/PackageFrameworks -F /Users/admin/builder/spi-builder-workspace/.derivedData/Build/Products/Debug-xros -F /Applications/Xcode-27.0.0.app/Contents/Developer/Platforms/XROS.platform/Developer/Library/Frameworks -F /Applications/Xcode-27.0.0.app/Contents/Developer/Platforms/XROS.platform/Developer/SDKs/XROS27.0.sdk/Developer/Library/Frameworks -module-cache-path /Users/admin/builder/spi-builder-workspace/.derivedData/Build/Intermediates.noindex/SwiftExplicitPrecompiledModules -no-color-diagnostics -Xcc -fno-color-diagnostics -enable-testing -g -debug-info-format\=dwarf -dwarf-version\=4 -suppress-warnings -swift-version 6 -Onone -D SWIFT_PACKAGE -D DEBUG -D SWIFT_MODULE_RESOURCE_BUNDLE_UNAVAILABLE -D Xcode -serialize-debugging-options -enable-upcoming-feature ExistentialAny -enable-upcoming-feature InternalImportsByDefault -enable-upcoming-feature MemberImportVisibility -enable-upcoming-feature NonisolatedNonsendingByDefault -enable-experimental-feature DebugDescriptionMacro -strict-memory-safety -empty-abi-descriptor -user-module-version 0.5.0 -validate-clang-modules-once -clang-build-session-file /Users/admin/builder/spi-builder-workspace/.derivedData/ModuleCache.noindex/Session.modulevalidation -Xcc -working-directory -Xcc /Users/admin/builder/spi-builder-workspace/.swiftpm/xcode -enable-anonymous-context-mangled-names -file-compilation-dir /Users/admin/builder/spi-builder-workspace/.swiftpm/xcode -Xcc -D_LIBCPP_HARDENING_MODE\=_LIBCPP_HARDENING_MODE_DEBUG -Xcc -ivfsstatcache -Xcc /Users/admin/builder/spi-builder-workspace/.derivedData/SDKStatCaches.noindex/xros27.0-24M361-e829b21a6f8c9b70876ba0858053c04489c3c372b822c72ca60ec5271cbc7f3c.sdkstatcache -Xcc -fmodules-prune-interval\=86400 -Xcc -fmodules-prune-after\=345600 -Xcc -I/Users/admin/builder/spi-builder-workspace/.derivedData/Build/Products/Debug-xros/include -Xcc -I/Users/admin/builder/spi-builder-workspace/.derivedData/Build/Intermediates.noindex/GoogleWKT.build/Debug-xros/GoogleWKT-t.build/DerivedSources-normal/arm64 -Xcc -I/Users/admin/builder/spi-builder-workspace/.derivedData/Build/Intermediates.noindex/GoogleWKT.build/Debug-xros/GoogleWKT-t.build/DerivedSources/arm64 -Xcc -I/Users/admin/builder/spi-builder-workspace/.derivedData/Build/Intermediates.noindex/GoogleWKT.build/Debug-xros/GoogleWKT-t.build/DerivedSources -Xcc -DSWIFT_PACKAGE -Xcc -DDEBUG\=1 -no-auto-bridging-header-chaining -module-name GoogleWKT -package-name swift_google_wkt -const-gather-protocols-file /Users/admin/builder/spi-builder-workspace/.derivedData/Build/Intermediates.noindex/GoogleWKT.build/Debug-xros/GoogleWKT-t.build/Objects-normal/arm64/GoogleWKT_const_extract_protocols.json -disable-clang-spi -clang-target arm64-apple-xros27.0 -target-sdk-version 27.0 -target-sdk-name xros27.0 -in-process-plugin-server-path /Applications/Xcode-27.0.0.app/Contents/Developer/Toolchains/XcodeDefault.xctoolchain/usr/lib/swift/host/libSwiftInProcPluginServer.dylib -emit-module-doc-path /Users/admin/builder/spi-builder-workspace/.derivedData/Build/Intermediates.noindex/GoogleWKT.build/Debug-xros/GoogleWKT-t.build/Objects-normal/arm64/GoogleWKT.swiftdoc -emit-module-source-info-path /Users/admin/builder/spi-builder-workspace/.derivedData/Build/Intermediates.noindex/GoogleWKT.build/Debug-xros/GoogleWKT-t.build/Objects-normal/arm64/GoogleWKT.swiftsourceinfo -emit-objc-header-path /Users/admin/builder/spi-builder-workspace/.derivedData/Build/Intermediates.noindex/GoogleWKT.build/Debug-xros/GoogleWKT-t.build/Objects-normal/arm64/GoogleWKT-Swift.h -serialize-diagnostics-path /Users/admin/builder/spi-builder-workspace/.derivedData/Build/Intermediates.noindex/GoogleWKT.build/Debug-xros/GoogleWKT-t.build/Objects-normal/arm64/GoogleWKT-primary-emit-module.dia -emit-dependencies-path /Users/admin/builder/spi-builder-workspace/.derivedData/Build/Intermediates.noindex/GoogleWKT.build/Debug-xros/GoogleWKT-t.build/Objects-normal/arm64/GoogleWKT-primary-emit-module.d -parse-as-library -o /Users/admin/builder/spi-builder-workspace/.derivedData/Build/Intermediates.noindex/GoogleWKT.build/Debug-xros/GoogleWKT-t.build/Objects-normal/arm64/GoogleWKT.swiftmodule -emit-abi-descriptor-path /Users/admin/builder/spi-builder-workspace/.derivedData/Build/Intermediates.noindex/GoogleWKT.build/Debug-xros/GoogleWKT-t.build/Objects-normal/arm64/GoogleWKT.abi.json
SwiftCompile normal arm64 Compiling\ WKTEnumValue.swift,\ WKTField.swift,\ WKTMethod.swift /Users/admin/builder/spi-builder-workspace/.dependencies/checkouts/swift-google-wkt/Sources/GoogleWKT/generated/messages/WKTEnumValue.swift /Users/admin/builder/spi-builder-workspace/.dependencies/checkouts/swift-google-wkt/Sources/GoogleWKT/generated/messages/WKTField.swift /Users/admin/builder/spi-builder-workspace/.dependencies/checkouts/swift-google-wkt/Sources/GoogleWKT/generated/messages/WKTMethod.swift (in target 'GoogleWKT' from project 'GoogleWKT')
SwiftCompile normal arm64 /Users/admin/builder/spi-builder-workspace/.dependencies/checkouts/swift-google-wkt/Sources/GoogleWKT/generated/messages/WKTEnumValue.swift (in target 'GoogleWKT' from project 'GoogleWKT')
    cd /Users/admin/builder/spi-builder-workspace/.swiftpm/xcode
    builtin-SwiftPerFileCompile WKTEnumValue.swift
SwiftCompile normal arm64 /Users/admin/builder/spi-builder-workspace/.dependencies/checkouts/swift-google-wkt/Sources/GoogleWKT/generated/messages/WKTField.swift (in target 'GoogleWKT' from project 'GoogleWKT')
    cd /Users/admin/builder/spi-builder-workspace/.swiftpm/xcode
    builtin-SwiftPerFileCompile WKTField.swift
SwiftCompile normal arm64 /Users/admin/builder/spi-builder-workspace/.dependencies/checkouts/swift-google-wkt/Sources/GoogleWKT/generated/messages/WKTMethod.swift (in target 'GoogleWKT' from project 'GoogleWKT')
    cd /Users/admin/builder/spi-builder-workspace/.swiftpm/xcode
    builtin-SwiftPerFileCompile WKTMethod.swift
SwiftCompile normal arm64 Compiling\ WKTSyntax.swift,\ WKTType.swift,\ PackageVersion.swift /Users/admin/builder/spi-builder-workspace/.dependencies/checkouts/swift-google-wkt/Sources/GoogleWKT/generated/messages/WKTSyntax.swift /Users/admin/builder/spi-builder-workspace/.dependencies/checkouts/swift-google-wkt/Sources/GoogleWKT/generated/messages/WKTType.swift /Users/admin/builder/spi-builder-workspace/.dependencies/checkouts/swift-google-wkt/Sources/GoogleWKT/generated/version/PackageVersion.swift (in target 'GoogleWKT' from project 'GoogleWKT')
SwiftCompile normal arm64 /Users/admin/builder/spi-builder-workspace/.dependencies/checkouts/swift-google-wkt/Sources/GoogleWKT/generated/messages/WKTSyntax.swift (in target 'GoogleWKT' from project 'GoogleWKT')
    cd /Users/admin/builder/spi-builder-workspace/.swiftpm/xcode
    builtin-SwiftPerFileCompile WKTSyntax.swift
SwiftCompile normal arm64 /Users/admin/builder/spi-builder-workspace/.dependencies/checkouts/swift-google-wkt/Sources/GoogleWKT/generated/messages/WKTType.swift (in target 'GoogleWKT' from project 'GoogleWKT')
    cd /Users/admin/builder/spi-builder-workspace/.swiftpm/xcode
    builtin-SwiftPerFileCompile WKTType.swift
SwiftCompile normal arm64 /Users/admin/builder/spi-builder-workspace/.dependencies/checkouts/swift-google-wkt/Sources/GoogleWKT/generated/version/PackageVersion.swift (in target 'GoogleWKT' from project 'GoogleWKT')
    cd /Users/admin/builder/spi-builder-workspace/.swiftpm/xcode
    builtin-SwiftPerFileCompile PackageVersion.swift
SwiftCompile normal arm64 Compiling\ WKTMixin.swift,\ WKTOption.swift,\ WKTSourceContext.swift /Users/admin/builder/spi-builder-workspace/.dependencies/checkouts/swift-google-wkt/Sources/GoogleWKT/generated/messages/WKTMixin.swift /Users/admin/builder/spi-builder-workspace/.dependencies/checkouts/swift-google-wkt/Sources/GoogleWKT/generated/messages/WKTOption.swift /Users/admin/builder/spi-builder-workspace/.dependencies/checkouts/swift-google-wkt/Sources/GoogleWKT/generated/messages/WKTSourceContext.swift (in target 'GoogleWKT' from project 'GoogleWKT')
SwiftCompile normal arm64 /Users/admin/builder/spi-builder-workspace/.dependencies/checkouts/swift-google-wkt/Sources/GoogleWKT/generated/messages/WKTMixin.swift (in target 'GoogleWKT' from project 'GoogleWKT')
    cd /Users/admin/builder/spi-builder-workspace/.swiftpm/xcode
    builtin-SwiftPerFileCompile WKTMixin.swift
SwiftCompile normal arm64 /Users/admin/builder/spi-builder-workspace/.dependencies/checkouts/swift-google-wkt/Sources/GoogleWKT/generated/messages/WKTOption.swift (in target 'GoogleWKT' from project 'GoogleWKT')
    cd /Users/admin/builder/spi-builder-workspace/.swiftpm/xcode
    builtin-SwiftPerFileCompile WKTOption.swift
SwiftCompile normal arm64 /Users/admin/builder/spi-builder-workspace/.dependencies/checkouts/swift-google-wkt/Sources/GoogleWKT/generated/messages/WKTSourceContext.swift (in target 'GoogleWKT' from project 'GoogleWKT')
    cd /Users/admin/builder/spi-builder-workspace/.swiftpm/xcode
    builtin-SwiftPerFileCompile WKTSourceContext.swift
SwiftCompile normal arm64 Compiling\ WKTBoolValue.swift,\ WKTBytesValue.swift,\ WKTDoubleValue.swift,\ WKTDuration.swift /Users/admin/builder/spi-builder-workspace/.dependencies/checkouts/swift-google-wkt/Sources/GoogleWKT/WKTBoolValue.swift /Users/admin/builder/spi-builder-workspace/.dependencies/checkouts/swift-google-wkt/Sources/GoogleWKT/WKTBytesValue.swift /Users/admin/builder/spi-builder-workspace/.dependencies/checkouts/swift-google-wkt/Sources/GoogleWKT/WKTDoubleValue.swift /Users/admin/builder/spi-builder-workspace/.dependencies/checkouts/swift-google-wkt/Sources/GoogleWKT/WKTDuration.swift (in target 'GoogleWKT' from project 'GoogleWKT')
SwiftCompile normal arm64 /Users/admin/builder/spi-builder-workspace/.dependencies/checkouts/swift-google-wkt/Sources/GoogleWKT/WKTBoolValue.swift (in target 'GoogleWKT' from project 'GoogleWKT')
    cd /Users/admin/builder/spi-builder-workspace/.swiftpm/xcode
    builtin-SwiftPerFileCompile WKTBoolValue.swift
SwiftCompile normal arm64 /Users/admin/builder/spi-builder-workspace/.dependencies/checkouts/swift-google-wkt/Sources/GoogleWKT/WKTBytesValue.swift (in target 'GoogleWKT' from project 'GoogleWKT')
    cd /Users/admin/builder/spi-builder-workspace/.swiftpm/xcode
    builtin-SwiftPerFileCompile WKTBytesValue.swift
SwiftCompile normal arm64 /Users/admin/builder/spi-builder-workspace/.dependencies/checkouts/swift-google-wkt/Sources/GoogleWKT/WKTDoubleValue.swift (in target 'GoogleWKT' from project 'GoogleWKT')
    cd /Users/admin/builder/spi-builder-workspace/.swiftpm/xcode
    builtin-SwiftPerFileCompile WKTDoubleValue.swift
SwiftCompile normal arm64 /Users/admin/builder/spi-builder-workspace/.dependencies/checkouts/swift-google-wkt/Sources/GoogleWKT/WKTDuration.swift (in target 'GoogleWKT' from project 'GoogleWKT')
    cd /Users/admin/builder/spi-builder-workspace/.swiftpm/xcode
    builtin-SwiftPerFileCompile WKTDuration.swift
SwiftCompile normal arm64 Compiling\ WKTInt64Value.swift,\ WKTRecursive.swift,\ WKTStringValue.swift /Users/admin/builder/spi-builder-workspace/.dependencies/checkouts/swift-google-wkt/Sources/GoogleWKT/WKTInt64Value.swift /Users/admin/builder/spi-builder-workspace/.dependencies/checkouts/swift-google-wkt/Sources/GoogleWKT/WKTRecursive.swift /Users/admin/builder/spi-builder-workspace/.dependencies/checkouts/swift-google-wkt/Sources/GoogleWKT/WKTStringValue.swift (in target 'GoogleWKT' from project 'GoogleWKT')
SwiftCompile normal arm64 /Users/admin/builder/spi-builder-workspace/.dependencies/checkouts/swift-google-wkt/Sources/GoogleWKT/WKTInt64Value.swift (in target 'GoogleWKT' from project 'GoogleWKT')
    cd /Users/admin/builder/spi-builder-workspace/.swiftpm/xcode
    builtin-SwiftPerFileCompile WKTInt64Value.swift
SwiftCompile normal arm64 /Users/admin/builder/spi-builder-workspace/.dependencies/checkouts/swift-google-wkt/Sources/GoogleWKT/WKTRecursive.swift (in target 'GoogleWKT' from project 'GoogleWKT')
    cd /Users/admin/builder/spi-builder-workspace/.swiftpm/xcode
    builtin-SwiftPerFileCompile WKTRecursive.swift
SwiftCompile normal arm64 /Users/admin/builder/spi-builder-workspace/.dependencies/checkouts/swift-google-wkt/Sources/GoogleWKT/WKTStringValue.swift (in target 'GoogleWKT' from project 'GoogleWKT')
    cd /Users/admin/builder/spi-builder-workspace/.swiftpm/xcode
    builtin-SwiftPerFileCompile WKTStringValue.swift
SwiftCompile normal arm64 Compiling\ WKTTimestamp.swift,\ WKTUInt32Value.swift,\ WKTUInt64Value.swift /Users/admin/builder/spi-builder-workspace/.dependencies/checkouts/swift-google-wkt/Sources/GoogleWKT/WKTTimestamp.swift /Users/admin/builder/spi-builder-workspace/.dependencies/checkouts/swift-google-wkt/Sources/GoogleWKT/WKTUInt32Value.swift /Users/admin/builder/spi-builder-workspace/.dependencies/checkouts/swift-google-wkt/Sources/GoogleWKT/WKTUInt64Value.swift (in target 'GoogleWKT' from project 'GoogleWKT')
SwiftCompile normal arm64 /Users/admin/builder/spi-builder-workspace/.dependencies/checkouts/swift-google-wkt/Sources/GoogleWKT/WKTTimestamp.swift (in target 'GoogleWKT' from project 'GoogleWKT')
    cd /Users/admin/builder/spi-builder-workspace/.swiftpm/xcode
    builtin-SwiftPerFileCompile WKTTimestamp.swift
SwiftCompile normal arm64 /Users/admin/builder/spi-builder-workspace/.dependencies/checkouts/swift-google-wkt/Sources/GoogleWKT/WKTUInt32Value.swift (in target 'GoogleWKT' from project 'GoogleWKT')
    cd /Users/admin/builder/spi-builder-workspace/.swiftpm/xcode
    builtin-SwiftPerFileCompile WKTUInt32Value.swift
SwiftCompile normal arm64 /Users/admin/builder/spi-builder-workspace/.dependencies/checkouts/swift-google-wkt/Sources/GoogleWKT/WKTUInt64Value.swift (in target 'GoogleWKT' from project 'GoogleWKT')
    cd /Users/admin/builder/spi-builder-workspace/.swiftpm/xcode
    builtin-SwiftPerFileCompile WKTUInt64Value.swift
SwiftCompile normal arm64 Compiling\ WKTValue.swift,\ WKTApi.swift,\ WKTEnum.swift /Users/admin/builder/spi-builder-workspace/.dependencies/checkouts/swift-google-wkt/Sources/GoogleWKT/WKTValue.swift /Users/admin/builder/spi-builder-workspace/.dependencies/checkouts/swift-google-wkt/Sources/GoogleWKT/generated/messages/WKTApi.swift /Users/admin/builder/spi-builder-workspace/.dependencies/checkouts/swift-google-wkt/Sources/GoogleWKT/generated/messages/WKTEnum.swift (in target 'GoogleWKT' from project 'GoogleWKT')
SwiftCompile normal arm64 /Users/admin/builder/spi-builder-workspace/.dependencies/checkouts/swift-google-wkt/Sources/GoogleWKT/WKTValue.swift (in target 'GoogleWKT' from project 'GoogleWKT')
    cd /Users/admin/builder/spi-builder-workspace/.swiftpm/xcode
    builtin-SwiftPerFileCompile WKTValue.swift
SwiftCompile normal arm64 /Users/admin/builder/spi-builder-workspace/.dependencies/checkouts/swift-google-wkt/Sources/GoogleWKT/generated/messages/WKTApi.swift (in target 'GoogleWKT' from project 'GoogleWKT')
    cd /Users/admin/builder/spi-builder-workspace/.swiftpm/xcode
    builtin-SwiftPerFileCompile WKTApi.swift
SwiftCompile normal arm64 /Users/admin/builder/spi-builder-workspace/.dependencies/checkouts/swift-google-wkt/Sources/GoogleWKT/generated/messages/WKTEnum.swift (in target 'GoogleWKT' from project 'GoogleWKT')
    cd /Users/admin/builder/spi-builder-workspace/.swiftpm/xcode
    builtin-SwiftPerFileCompile WKTEnum.swift
SwiftCompile normal arm64 Compiling\ WKTEmpty.swift,\ WKTFieldMask.swift,\ WKTFloatValue.swift,\ WKTInt32Value.swift /Users/admin/builder/spi-builder-workspace/.dependencies/checkouts/swift-google-wkt/Sources/GoogleWKT/WKTEmpty.swift /Users/admin/builder/spi-builder-workspace/.dependencies/checkouts/swift-google-wkt/Sources/GoogleWKT/WKTFieldMask.swift /Users/admin/builder/spi-builder-workspace/.dependencies/checkouts/swift-google-wkt/Sources/GoogleWKT/WKTFloatValue.swift /Users/admin/builder/spi-builder-workspace/.dependencies/checkouts/swift-google-wkt/Sources/GoogleWKT/WKTInt32Value.swift (in target 'GoogleWKT' from project 'GoogleWKT')
SwiftCompile normal arm64 /Users/admin/builder/spi-builder-workspace/.dependencies/checkouts/swift-google-wkt/Sources/GoogleWKT/WKTEmpty.swift (in target 'GoogleWKT' from project 'GoogleWKT')
    cd /Users/admin/builder/spi-builder-workspace/.swiftpm/xcode
    builtin-SwiftPerFileCompile WKTEmpty.swift
SwiftCompile normal arm64 /Users/admin/builder/spi-builder-workspace/.dependencies/checkouts/swift-google-wkt/Sources/GoogleWKT/WKTFieldMask.swift (in target 'GoogleWKT' from project 'GoogleWKT')
    cd /Users/admin/builder/spi-builder-workspace/.swiftpm/xcode
    builtin-SwiftPerFileCompile WKTFieldMask.swift
SwiftCompile normal arm64 /Users/admin/builder/spi-builder-workspace/.dependencies/checkouts/swift-google-wkt/Sources/GoogleWKT/WKTFloatValue.swift (in target 'GoogleWKT' from project 'GoogleWKT')
    cd /Users/admin/builder/spi-builder-workspace/.swiftpm/xcode
    builtin-SwiftPerFileCompile WKTFloatValue.swift
SwiftCompile normal arm64 /Users/admin/builder/spi-builder-workspace/.dependencies/checkouts/swift-google-wkt/Sources/GoogleWKT/WKTInt32Value.swift (in target 'GoogleWKT' from project 'GoogleWKT')
    cd /Users/admin/builder/spi-builder-workspace/.swiftpm/xcode
    builtin-SwiftPerFileCompile WKTInt32Value.swift
SwiftCompile normal arm64 Compiling\ ProtoJSONEncoder.swift,\ UnknownFields.swift,\ WKTAny.swift,\ WKTAnyError.swift /Users/admin/builder/spi-builder-workspace/.dependencies/checkouts/swift-google-wkt/Sources/GoogleWKT/ProtoJSONEncoder.swift /Users/admin/builder/spi-builder-workspace/.dependencies/checkouts/swift-google-wkt/Sources/GoogleWKT/UnknownFields.swift /Users/admin/builder/spi-builder-workspace/.dependencies/checkouts/swift-google-wkt/Sources/GoogleWKT/WKTAny.swift /Users/admin/builder/spi-builder-workspace/.dependencies/checkouts/swift-google-wkt/Sources/GoogleWKT/WKTAnyError.swift (in target 'GoogleWKT' from project 'GoogleWKT')
SwiftCompile normal arm64 /Users/admin/builder/spi-builder-workspace/.dependencies/checkouts/swift-google-wkt/Sources/GoogleWKT/ProtoJSONEncoder.swift (in target 'GoogleWKT' from project 'GoogleWKT')
    cd /Users/admin/builder/spi-builder-workspace/.swiftpm/xcode
    builtin-SwiftPerFileCompile ProtoJSONEncoder.swift
SwiftCompile normal arm64 /Users/admin/builder/spi-builder-workspace/.dependencies/checkouts/swift-google-wkt/Sources/GoogleWKT/UnknownFields.swift (in target 'GoogleWKT' from project 'GoogleWKT')
    cd /Users/admin/builder/spi-builder-workspace/.swiftpm/xcode
    builtin-SwiftPerFileCompile UnknownFields.swift
SwiftCompile normal arm64 /Users/admin/builder/spi-builder-workspace/.dependencies/checkouts/swift-google-wkt/Sources/GoogleWKT/WKTAny.swift (in target 'GoogleWKT' from project 'GoogleWKT')
    cd /Users/admin/builder/spi-builder-workspace/.swiftpm/xcode
    builtin-SwiftPerFileCompile WKTAny.swift
SwiftCompile normal arm64 /Users/admin/builder/spi-builder-workspace/.dependencies/checkouts/swift-google-wkt/Sources/GoogleWKT/WKTAnyError.swift (in target 'GoogleWKT' from project 'GoogleWKT')
    cd /Users/admin/builder/spi-builder-workspace/.swiftpm/xcode
    builtin-SwiftPerFileCompile WKTAnyError.swift
SwiftCompile normal arm64 Compiling\ AnyPackable.swift,\ DecodeToDefault.swift,\ DiscoveryBase64.swift,\ ProtoJSONDecoder.swift /Users/admin/builder/spi-builder-workspace/.dependencies/checkouts/swift-google-wkt/Sources/GoogleWKT/AnyPackable.swift /Users/admin/builder/spi-builder-workspace/.dependencies/checkouts/swift-google-wkt/Sources/GoogleWKT/DecodeToDefault.swift /Users/admin/builder/spi-builder-workspace/.dependencies/checkouts/swift-google-wkt/Sources/GoogleWKT/DiscoveryBase64.swift /Users/admin/builder/spi-builder-workspace/.dependencies/checkouts/swift-google-wkt/Sources/GoogleWKT/ProtoJSONDecoder.swift (in target 'GoogleWKT' from project 'GoogleWKT')
SwiftCompile normal arm64 /Users/admin/builder/spi-builder-workspace/.dependencies/checkouts/swift-google-wkt/Sources/GoogleWKT/AnyPackable.swift (in target 'GoogleWKT' from project 'GoogleWKT')
    cd /Users/admin/builder/spi-builder-workspace/.swiftpm/xcode
    builtin-SwiftPerFileCompile AnyPackable.swift
SwiftCompile normal arm64 /Users/admin/builder/spi-builder-workspace/.dependencies/checkouts/swift-google-wkt/Sources/GoogleWKT/DecodeToDefault.swift (in target 'GoogleWKT' from project 'GoogleWKT')
    cd /Users/admin/builder/spi-builder-workspace/.swiftpm/xcode
    builtin-SwiftPerFileCompile DecodeToDefault.swift
SwiftCompile normal arm64 /Users/admin/builder/spi-builder-workspace/.dependencies/checkouts/swift-google-wkt/Sources/GoogleWKT/DiscoveryBase64.swift (in target 'GoogleWKT' from project 'GoogleWKT')
    cd /Users/admin/builder/spi-builder-workspace/.swiftpm/xcode
    builtin-SwiftPerFileCompile DiscoveryBase64.swift
SwiftCompile normal arm64 /Users/admin/builder/spi-builder-workspace/.dependencies/checkouts/swift-google-wkt/Sources/GoogleWKT/ProtoJSONDecoder.swift (in target 'GoogleWKT' from project 'GoogleWKT')
    cd /Users/admin/builder/spi-builder-workspace/.swiftpm/xcode
    builtin-SwiftPerFileCompile ProtoJSONDecoder.swift
PruneExplicitPrecompiledModules /Users/admin/builder/spi-builder-workspace/.derivedData/SDKExplicitPrecompiledModules
PruneExplicitPrecompiledModules /Users/admin/builder/spi-builder-workspace/.derivedData/Build/Intermediates.noindex/ExplicitPrecompiledModules
PruneExplicitPrecompiledModules /Users/admin/builder/spi-builder-workspace/.derivedData/Build/Intermediates.noindex/SwiftExplicitPrecompiledModules
2026-10-10 20:46:20.546 xcodebuild[722:4420] [MT] IDERunDestination: Supported platforms for the buildables in the current scheme is empty.
** BUILD FAILED **
The following build commands failed:
	SwiftCompile normal arm64 (in target 'GoogleWKT' from project 'GoogleWKT')
	SwiftEmitModule normal arm64 Emitting\ module\ for\ GoogleWKT (in target 'GoogleWKT' from project 'GoogleWKT')
	Building workspace GoogleCloudGKEHubConfigManagementV1 with scheme GoogleCloudGKEHubConfigManagementV1
(3 failures)
Command line invocation:
    /Applications/Xcode-27.0.0.app/Contents/Developer/usr/bin/xcodebuild -IDEClonedSourcePackagesDirPathOverride=/Users/admin/builder/spi-builder-workspace/.dependencies -resolvePackageDependencies
Resolve Package Graph
Resolved source packages:
  swift-extras-base64: https://github.com/swift-extras/swift-extras-base64 @ 1.2.0
  GoogleCloudGKEHubConfigManagementV1: /Users/admin/builder/spi-builder-workspace
  GoogleWKT: https://github.com/googleapis/swift-google-wkt @ 0.5.0
resolved source packages: swift-extras-base64, GoogleCloudGKEHubConfigManagementV1, GoogleWKT
2026-10-10 20:46:27.891 xcodebuild[814:4856] [MT] IDERunDestination: Supported platforms for the buildables in the current scheme is empty.
{
  "dependencies" : [
    {
      "identity" : "swift-google-wkt",
      "requirement" : {
        "range" : [
          {
            "lower_bound" : "0.5.0",
            "upper_bound" : "1.0.0"
          }
        ]
      },
      "type" : "sourceControl",
      "url" : "https://github.com/googleapis/swift-google-wkt"
    }
  ],
  "manifest_display_name" : "GoogleCloudGKEHubConfigManagementV1",
  "name" : "GoogleCloudGKEHubConfigManagementV1",
  "path" : "/Users/admin/builder/spi-builder-workspace",
  "platforms" : [
    {
      "name" : "macos",
      "version" : "15.0"
    }
  ],
  "products" : [
    {
      "name" : "GoogleCloudGKEHubConfigManagementV1",
      "targets" : [
        "GoogleCloudGKEHubConfigManagementV1"
      ],
      "type" : {
        "library" : [
          "automatic"
        ]
      }
    }
  ],
  "targets" : [
    {
      "c99name" : "GoogleCloudGKEHubConfigManagementV1",
      "module_type" : "SwiftTarget",
      "name" : "GoogleCloudGKEHubConfigManagementV1",
      "path" : "Sources/GoogleCloudGKEHubConfigManagementV1",
      "product_dependencies" : [
        "GoogleWKT"
      ],
      "product_memberships" : [
        "GoogleCloudGKEHubConfigManagementV1"
      ],
      "sources" : [
        "ConfigSync.swift",
        "ConfigSyncDeploymentState.swift",
        "ConfigSyncError.swift",
        "ConfigSyncState.swift",
        "ConfigSyncVersion.swift",
        "DeploymentState.swift",
        "ErrorResource.swift",
        "GatekeeperDeploymentState.swift",
        "GitConfig.swift",
        "GroupVersionKind.swift",
        "HierarchyControllerConfig.swift",
        "HierarchyControllerDeploymentState.swift",
        "HierarchyControllerState.swift",
        "HierarchyControllerVersion.swift",
        "InstallError.swift",
        "MembershipSpec.swift",
        "MembershipState.swift",
        "OciConfig.swift",
        "OperatorState.swift",
        "PackageVersion.swift",
        "PolicyController.swift",
        "PolicyControllerState.swift",
        "PolicyControllerVersion.swift",
        "SyncError.swift",
        "SyncState.swift"
      ],
      "type" : "library"
    }
  ],
  "tools_version" : "6.2"
}
{
  "workspace" : {
    "name" : "GoogleCloudGKEHubConfigManagementV1",
    "schemes" : [
      "GoogleCloudGKEHubConfigManagementV1"
    ]
  }
}
2026-10-10 20:46:29.147 xcodebuild[822:4930] [MT] IDERunDestination: Supported platforms for the buildables in the current scheme is empty.
Running build ...
env DEVELOPER_DIR=/Applications/Xcode-27.0.0-Release.Candidate.app xcrun xcodebuild -IDEClonedSourcePackagesDirPathOverride=$PWD/.dependencies -skipMacroValidation -skipPackagePluginValidation -derivedDataPath $PWD/.derivedData build -scheme GoogleCloudGKEHubConfigManagementV1 -destination generic/platform=xrOS
Command line invocation:
    /Applications/Xcode-27.0.0.app/Contents/Developer/usr/bin/xcodebuild -IDEClonedSourcePackagesDirPathOverride=/Users/admin/builder/spi-builder-workspace/.dependencies -skipMacroValidation -skipPackagePluginValidation -derivedDataPath /Users/admin/builder/spi-builder-workspace/.derivedData build -scheme GoogleCloudGKEHubConfigManagementV1 -destination generic/platform=xrOS
Resolve Package Graph
Resolved source packages:
  GoogleCloudGKEHubConfigManagementV1: /Users/admin/builder/spi-builder-workspace
  swift-extras-base64: https://github.com/swift-extras/swift-extras-base64 @ 1.2.0
  GoogleWKT: https://github.com/googleapis/swift-google-wkt @ 0.5.0
ComputePackagePrebuildTargetDependencyGraph
Prepare packages
CreateBuildRequest
SendProjectDescription
CreateBuildOperation
ComputeTargetDependencyGraph
note: Building targets in dependency order
note: Target dependency graph (6 targets)
    Target 'GoogleCloudGKEHubConfigManagementV1-product' in project 'GoogleCloudGKEHubConfigManagementV1'
        ➜ Explicit dependency on target 'GoogleCloudGKEHubConfigManagementV1' in project 'GoogleCloudGKEHubConfigManagementV1'
        ➜ Explicit dependency on target 'GoogleWKT-product' in project 'GoogleWKT'
    Target 'GoogleCloudGKEHubConfigManagementV1' in project 'GoogleCloudGKEHubConfigManagementV1'
        ➜ Explicit dependency on target 'GoogleWKT-product' in project 'GoogleWKT'
    Target 'GoogleWKT-product' in project 'GoogleWKT'
        ➜ Explicit dependency on target 'GoogleWKT' in project 'GoogleWKT'
        ➜ Explicit dependency on target 'ExtrasBase64-product' in project 'swift-extras-base64'
    Target 'GoogleWKT' in project 'GoogleWKT'
        ➜ Explicit dependency on target 'ExtrasBase64-product' in project 'swift-extras-base64'
    Target 'ExtrasBase64-product' in project 'swift-extras-base64'
        ➜ Explicit dependency on target 'ExtrasBase64' in project 'swift-extras-base64'
    Target 'ExtrasBase64' in project 'swift-extras-base64' (no dependencies)
GatherProvisioningInputs
CreateBuildDescription
ClangStatCache /Applications/Xcode-27.0.0.app/Contents/Developer/Toolchains/XcodeDefault.xctoolchain/usr/bin/clang-stat-cache /Applications/Xcode-27.0.0.app/Contents/Developer/Platforms/XROS.platform/Developer/SDKs/XROS27.0.sdk /Users/admin/builder/spi-builder-workspace/.derivedData/SDKStatCaches.noindex/xros27.0-24M361-e829b21a6f8c9b70876ba0858053c04489c3c372b822c72ca60ec5271cbc7f3c.sdkstatcache
    cd /Users/admin/builder/spi-builder-workspace/.swiftpm/xcode
    /Applications/Xcode-27.0.0.app/Contents/Developer/Toolchains/XcodeDefault.xctoolchain/usr/bin/clang-stat-cache /Applications/Xcode-27.0.0.app/Contents/Developer/Platforms/XROS.platform/Developer/SDKs/XROS27.0.sdk -o /Users/admin/builder/spi-builder-workspace/.derivedData/SDKStatCaches.noindex/xros27.0-24M361-e829b21a6f8c9b70876ba0858053c04489c3c372b822c72ca60ec5271cbc7f3c.sdkstatcache
SwiftDriver GoogleWKT normal arm64 com.apple.xcode.tools.swift.compiler (in target 'GoogleWKT' from project 'GoogleWKT')
    cd /Users/admin/builder/spi-builder-workspace/.swiftpm/xcode
    builtin-SwiftDriver -- /Applications/Xcode-27.0.0.app/Contents/Developer/Toolchains/XcodeDefault.xctoolchain/usr/bin/swiftc -parse-as-library -module-name GoogleWKT -Onone @/Users/admin/builder/spi-builder-workspace/.derivedData/Build/Intermediates.noindex/GoogleWKT.build/Debug-xros/GoogleWKT-t.build/Objects-normal/arm64/GoogleWKT.SwiftFileList -DSWIFT_PACKAGE -DDEBUG -DSWIFT_MODULE_RESOURCE_BUNDLE_UNAVAILABLE -DXcode -enable-upcoming-feature ExistentialAny -enable-upcoming-feature InternalImportsByDefault -enable-upcoming-feature MemberImportVisibility -enable-upcoming-feature NonisolatedNonsendingByDefault -strict-memory-safety -plugin-path /Applications/Xcode-27.0.0.app/Contents/Developer/Toolchains/XcodeDefault.xctoolchain/usr/lib/swift/host/plugins/testing -enable-experimental-feature DebugDescriptionMacro -sdk /Applications/Xcode-27.0.0.app/Contents/Developer/Platforms/XROS.platform/Developer/SDKs/XROS27.0.sdk -target arm64-apple-xros1.0 -g -module-cache-path /Users/admin/builder/spi-builder-workspace/.derivedData/ModuleCache.noindex -Xfrontend -serialize-debugging-options -enable-testing -suppress-warnings -index-store-path /Users/admin/builder/spi-builder-workspace/.derivedData/Index.noindex/DataStore -Xcc -D_LIBCPP_HARDENING_MODE\=_LIBCPP_HARDENING_MODE_DEBUG -swift-version 6 -I /Users/admin/builder/spi-builder-workspace/.derivedData/Build/Products/Debug-xros -Isystem /Applications/Xcode-27.0.0.app/Contents/Developer/Platforms/XROS.platform/Developer/usr/lib -F /Users/admin/builder/spi-builder-workspace/.derivedData/Build/Products/Debug-xros/PackageFrameworks -F /Users/admin/builder/spi-builder-workspace/.derivedData/Build/Products/Debug-xros -F /Applications/Xcode-27.0.0.app/Contents/Developer/Platforms/XROS.platform/Developer/Library/Frameworks -F /Applications/Xcode-27.0.0.app/Contents/Developer/Platforms/XROS.platform/Developer/SDKs/XROS27.0.sdk/Developer/Library/Frameworks -c -j10 -enable-batch-mode -incremental -Xcc -ivfsstatcache -Xcc /Users/admin/builder/spi-builder-workspace/.derivedData/SDKStatCaches.noindex/xros27.0-24M361-e829b21a6f8c9b70876ba0858053c04489c3c372b822c72ca60ec5271cbc7f3c.sdkstatcache -output-file-map /Users/admin/builder/spi-builder-workspace/.derivedData/Build/Intermediates.noindex/GoogleWKT.build/Debug-xros/GoogleWKT-t.build/Objects-normal/arm64/GoogleWKT-OutputFileMap.json -save-temps -no-color-diagnostics -explicit-module-build -module-cache-path /Users/admin/builder/spi-builder-workspace/.derivedData/Build/Intermediates.noindex/SwiftExplicitPrecompiledModules -clang-scanner-module-cache-path /Users/admin/builder/spi-builder-workspace/.derivedData/ModuleCache.noindex -sdk-module-cache-path /Users/admin/builder/spi-builder-workspace/.derivedData/SDKExplicitPrecompiledModules -emit-dependencies -emit-module -emit-module-path /Users/admin/builder/spi-builder-workspace/.derivedData/Build/Intermediates.noindex/GoogleWKT.build/Debug-xros/GoogleWKT-t.build/Objects-normal/arm64/GoogleWKT.swiftmodule -serialize-diagnostics -dependency-scan-serialize-diagnostics-path /Users/admin/builder/spi-builder-workspace/.derivedData/Build/Intermediates.noindex/GoogleWKT.build/Debug-xros/GoogleWKT-t.build/Objects-normal/arm64/GoogleWKT-dependency-scan.dia -user-module-version 0.5.0 -validate-clang-modules-once -clang-build-session-file /Users/admin/builder/spi-builder-workspace/.derivedData/ModuleCache.noindex/Session.modulevalidation -Xcc -fmodules-prune-interval\=86400 -Xcc -fmodules-prune-after\=345600 -package-name swift_google_wkt -emit-const-values -const-gather-protocols-list /Users/admin/builder/spi-builder-workspace/.derivedData/Build/Intermediates.noindex/GoogleWKT.build/Debug-xros/GoogleWKT-t.build/Objects-normal/arm64/GoogleWKT_const_extract_protocols.json -Xcc -I/Users/admin/builder/spi-builder-workspace/.derivedData/Build/Products/Debug-xros/include -Xcc -I/Users/admin/builder/spi-builder-workspace/.derivedData/Build/Intermediates.noindex/GoogleWKT.build/Debug-xros/GoogleWKT-t.build/DerivedSources-normal/arm64 -Xcc -I/Users/admin/builder/spi-builder-workspace/.derivedData/Build/Intermediates.noindex/GoogleWKT.build/Debug-xros/GoogleWKT-t.build/DerivedSources/arm64 -Xcc -I/Users/admin/builder/spi-builder-workspace/.derivedData/Build/Intermediates.noindex/GoogleWKT.build/Debug-xros/GoogleWKT-t.build/DerivedSources -Xcc -DSWIFT_PACKAGE -Xcc -DDEBUG\=1 -emit-objc-header -emit-objc-header-path /Users/admin/builder/spi-builder-workspace/.derivedData/Build/Intermediates.noindex/GoogleWKT.build/Debug-xros/GoogleWKT-t.build/Objects-normal/arm64/GoogleWKT-Swift.h -working-directory /Users/admin/builder/spi-builder-workspace/.swiftpm/xcode -experimental-emit-module-separately -disable-cmo
SwiftCompile normal arm64 Compiling\ WKTEmpty.swift,\ WKTFieldMask.swift,\ WKTFloatValue.swift,\ WKTInt32Value.swift /Users/admin/builder/spi-builder-workspace/.dependencies/checkouts/swift-google-wkt/Sources/GoogleWKT/WKTEmpty.swift /Users/admin/builder/spi-builder-workspace/.dependencies/checkouts/swift-google-wkt/Sources/GoogleWKT/WKTFieldMask.swift /Users/admin/builder/spi-builder-workspace/.dependencies/checkouts/swift-google-wkt/Sources/GoogleWKT/WKTFloatValue.swift /Users/admin/builder/spi-builder-workspace/.dependencies/checkouts/swift-google-wkt/Sources/GoogleWKT/WKTInt32Value.swift (in target 'GoogleWKT' from project 'GoogleWKT')
SwiftCompile normal arm64 /Users/admin/builder/spi-builder-workspace/.dependencies/checkouts/swift-google-wkt/Sources/GoogleWKT/WKTEmpty.swift (in target 'GoogleWKT' from project 'GoogleWKT')
    cd /Users/admin/builder/spi-builder-workspace/.swiftpm/xcode
    builtin-SwiftPerFileCompile WKTEmpty.swift
SwiftCompile normal arm64 /Users/admin/builder/spi-builder-workspace/.dependencies/checkouts/swift-google-wkt/Sources/GoogleWKT/WKTFieldMask.swift (in target 'GoogleWKT' from project 'GoogleWKT')
    cd /Users/admin/builder/spi-builder-workspace/.swiftpm/xcode
    builtin-SwiftPerFileCompile WKTFieldMask.swift
SwiftCompile normal arm64 /Users/admin/builder/spi-builder-workspace/.dependencies/checkouts/swift-google-wkt/Sources/GoogleWKT/WKTFloatValue.swift (in target 'GoogleWKT' from project 'GoogleWKT')
    cd /Users/admin/builder/spi-builder-workspace/.swiftpm/xcode
    builtin-SwiftPerFileCompile WKTFloatValue.swift
SwiftCompile normal arm64 /Users/admin/builder/spi-builder-workspace/.dependencies/checkouts/swift-google-wkt/Sources/GoogleWKT/WKTInt32Value.swift (in target 'GoogleWKT' from project 'GoogleWKT')
    cd /Users/admin/builder/spi-builder-workspace/.swiftpm/xcode
    builtin-SwiftPerFileCompile WKTInt32Value.swift
SwiftCompile normal arm64 Compiling\ AnyPackable.swift,\ DecodeToDefault.swift,\ DiscoveryBase64.swift,\ ProtoJSONDecoder.swift /Users/admin/builder/spi-builder-workspace/.dependencies/checkouts/swift-google-wkt/Sources/GoogleWKT/AnyPackable.swift /Users/admin/builder/spi-builder-workspace/.dependencies/checkouts/swift-google-wkt/Sources/GoogleWKT/DecodeToDefault.swift /Users/admin/builder/spi-builder-workspace/.dependencies/checkouts/swift-google-wkt/Sources/GoogleWKT/DiscoveryBase64.swift /Users/admin/builder/spi-builder-workspace/.dependencies/checkouts/swift-google-wkt/Sources/GoogleWKT/ProtoJSONDecoder.swift (in target 'GoogleWKT' from project 'GoogleWKT')
/Users/admin/builder/spi-builder-workspace/.dependencies/checkouts/swift-google-wkt/Sources/GoogleWKT/DecodeToDefault.swift:106:23: error: 'Int128' is only available in visionOS 2.0 or newer
 87 |
 88 | /// Decode singular fields to their default value.
 89 | extension DecodeToDefault: SingleValueDecodingContainer {
    | `- note: add '@available' attribute to enclosing extension
 90 |   // This is the only interesting case, forward to decodeGeneric() to resolve `Data` vs. other types.
 91 |   func decode<T: Decodable>(_ type: T.Type) throws -> T { return try decodeGeneric(type) }
    :
104 |   func decode(_ type: Int64.Type) throws -> Int64 { return Int64() }
105 |   func decode(_ type: UInt64.Type) throws -> UInt64 { return UInt64() }
106 |   func decode(_ type: Int128.Type) throws -> Int128 { return Int128() }
    |        |              `- error: 'Int128' is only available in visionOS 2.0 or newer
    |        `- note: add '@available' attribute to enclosing instance method
107 |   func decode(_ type: UInt128.Type) throws -> UInt128 { return UInt128() }
108 |   func decode(_ type: Float.Type) throws -> Float { return Float() }
/Users/admin/builder/spi-builder-workspace/.dependencies/checkouts/swift-google-wkt/Sources/GoogleWKT/DecodeToDefault.swift:106:46: error: 'Int128' is only available in visionOS 2.0 or newer
 87 |
 88 | /// Decode singular fields to their default value.
 89 | extension DecodeToDefault: SingleValueDecodingContainer {
    | `- note: add '@available' attribute to enclosing extension
 90 |   // This is the only interesting case, forward to decodeGeneric() to resolve `Data` vs. other types.
 91 |   func decode<T: Decodable>(_ type: T.Type) throws -> T { return try decodeGeneric(type) }
    :
104 |   func decode(_ type: Int64.Type) throws -> Int64 { return Int64() }
105 |   func decode(_ type: UInt64.Type) throws -> UInt64 { return UInt64() }
106 |   func decode(_ type: Int128.Type) throws -> Int128 { return Int128() }
    |        |                                     `- error: 'Int128' is only available in visionOS 2.0 or newer
    |        `- note: add '@available' attribute to enclosing instance method
107 |   func decode(_ type: UInt128.Type) throws -> UInt128 { return UInt128() }
108 |   func decode(_ type: Float.Type) throws -> Float { return Float() }
/Users/admin/builder/spi-builder-workspace/.dependencies/checkouts/swift-google-wkt/Sources/GoogleWKT/DecodeToDefault.swift:107:23: error: 'UInt128' is only available in visionOS 2.0 or newer
 87 |
 88 | /// Decode singular fields to their default value.
 89 | extension DecodeToDefault: SingleValueDecodingContainer {
    | `- note: add '@available' attribute to enclosing extension
 90 |   // This is the only interesting case, forward to decodeGeneric() to resolve `Data` vs. other types.
 91 |   func decode<T: Decodable>(_ type: T.Type) throws -> T { return try decodeGeneric(type) }
    :
105 |   func decode(_ type: UInt64.Type) throws -> UInt64 { return UInt64() }
106 |   func decode(_ type: Int128.Type) throws -> Int128 { return Int128() }
107 |   func decode(_ type: UInt128.Type) throws -> UInt128 { return UInt128() }
    |        |              `- error: 'UInt128' is only available in visionOS 2.0 or newer
    |        `- note: add '@available' attribute to enclosing instance method
108 |   func decode(_ type: Float.Type) throws -> Float { return Float() }
109 |   func decode(_ type: Double.Type) throws -> Double { return Double() }
/Users/admin/builder/spi-builder-workspace/.dependencies/checkouts/swift-google-wkt/Sources/GoogleWKT/DecodeToDefault.swift:107:47: error: 'UInt128' is only available in visionOS 2.0 or newer
 87 |
 88 | /// Decode singular fields to their default value.
 89 | extension DecodeToDefault: SingleValueDecodingContainer {
    | `- note: add '@available' attribute to enclosing extension
 90 |   // This is the only interesting case, forward to decodeGeneric() to resolve `Data` vs. other types.
 91 |   func decode<T: Decodable>(_ type: T.Type) throws -> T { return try decodeGeneric(type) }
    :
105 |   func decode(_ type: UInt64.Type) throws -> UInt64 { return UInt64() }
106 |   func decode(_ type: Int128.Type) throws -> Int128 { return Int128() }
107 |   func decode(_ type: UInt128.Type) throws -> UInt128 { return UInt128() }
    |        |                                      `- error: 'UInt128' is only available in visionOS 2.0 or newer
    |        `- note: add '@available' attribute to enclosing instance method
108 |   func decode(_ type: Float.Type) throws -> Float { return Float() }
109 |   func decode(_ type: Double.Type) throws -> Double { return Double() }
/Users/admin/builder/spi-builder-workspace/.dependencies/checkouts/swift-google-wkt/Sources/GoogleWKT/DecodeToDefault.swift:106:62: error: 'Int128' is only available in visionOS 2.0 or newer
 87 |
 88 | /// Decode singular fields to their default value.
 89 | extension DecodeToDefault: SingleValueDecodingContainer {
    | `- note: add '@available' attribute to enclosing extension
 90 |   // This is the only interesting case, forward to decodeGeneric() to resolve `Data` vs. other types.
 91 |   func decode<T: Decodable>(_ type: T.Type) throws -> T { return try decodeGeneric(type) }
    :
104 |   func decode(_ type: Int64.Type) throws -> Int64 { return Int64() }
105 |   func decode(_ type: UInt64.Type) throws -> UInt64 { return UInt64() }
106 |   func decode(_ type: Int128.Type) throws -> Int128 { return Int128() }
    |        |                                                     |- error: 'Int128' is only available in visionOS 2.0 or newer
    |        |                                                     `- note: add 'if #available' version check
    |        `- note: add '@available' attribute to enclosing instance method
107 |   func decode(_ type: UInt128.Type) throws -> UInt128 { return UInt128() }
108 |   func decode(_ type: Float.Type) throws -> Float { return Float() }
/Users/admin/builder/spi-builder-workspace/.dependencies/checkouts/swift-google-wkt/Sources/GoogleWKT/DecodeToDefault.swift:106:62: error: conformance of 'Int128' to 'BinaryInteger' is only available in visionOS 2.0 or newer
 87 |
 88 | /// Decode singular fields to their default value.
 89 | extension DecodeToDefault: SingleValueDecodingContainer {
    | `- note: add '@available' attribute to enclosing extension
 90 |   // This is the only interesting case, forward to decodeGeneric() to resolve `Data` vs. other types.
 91 |   func decode<T: Decodable>(_ type: T.Type) throws -> T { return try decodeGeneric(type) }
    :
104 |   func decode(_ type: Int64.Type) throws -> Int64 { return Int64() }
105 |   func decode(_ type: UInt64.Type) throws -> UInt64 { return UInt64() }
106 |   func decode(_ type: Int128.Type) throws -> Int128 { return Int128() }
    |        |                                                     |- error: conformance of 'Int128' to 'BinaryInteger' is only available in visionOS 2.0 or newer
    |        |                                                     `- note: add 'if #available' version check
    |        `- note: add '@available' attribute to enclosing instance method
107 |   func decode(_ type: UInt128.Type) throws -> UInt128 { return UInt128() }
108 |   func decode(_ type: Float.Type) throws -> Float { return Float() }
/Users/admin/builder/spi-builder-workspace/.dependencies/checkouts/swift-google-wkt/Sources/GoogleWKT/DecodeToDefault.swift:107:64: error: 'UInt128' is only available in visionOS 2.0 or newer
 87 |
 88 | /// Decode singular fields to their default value.
 89 | extension DecodeToDefault: SingleValueDecodingContainer {
    | `- note: add '@available' attribute to enclosing extension
 90 |   // This is the only interesting case, forward to decodeGeneric() to resolve `Data` vs. other types.
 91 |   func decode<T: Decodable>(_ type: T.Type) throws -> T { return try decodeGeneric(type) }
    :
105 |   func decode(_ type: UInt64.Type) throws -> UInt64 { return UInt64() }
106 |   func decode(_ type: Int128.Type) throws -> Int128 { return Int128() }
107 |   func decode(_ type: UInt128.Type) throws -> UInt128 { return UInt128() }
    |        |                                                       |- error: 'UInt128' is only available in visionOS 2.0 or newer
    |        |                                                       `- note: add 'if #available' version check
    |        `- note: add '@available' attribute to enclosing instance method
108 |   func decode(_ type: Float.Type) throws -> Float { return Float() }
109 |   func decode(_ type: Double.Type) throws -> Double { return Double() }
/Users/admin/builder/spi-builder-workspace/.dependencies/checkouts/swift-google-wkt/Sources/GoogleWKT/DecodeToDefault.swift:107:64: error: conformance of 'UInt128' to 'BinaryInteger' is only available in visionOS 2.0 or newer
 87 |
 88 | /// Decode singular fields to their default value.
 89 | extension DecodeToDefault: SingleValueDecodingContainer {
    | `- note: add '@available' attribute to enclosing extension
 90 |   // This is the only interesting case, forward to decodeGeneric() to resolve `Data` vs. other types.
 91 |   func decode<T: Decodable>(_ type: T.Type) throws -> T { return try decodeGeneric(type) }
    :
105 |   func decode(_ type: UInt64.Type) throws -> UInt64 { return UInt64() }
106 |   func decode(_ type: Int128.Type) throws -> Int128 { return Int128() }
107 |   func decode(_ type: UInt128.Type) throws -> UInt128 { return UInt128() }
    |        |                                                       |- error: conformance of 'UInt128' to 'BinaryInteger' is only available in visionOS 2.0 or newer
    |        |                                                       `- note: add 'if #available' version check
    |        `- note: add '@available' attribute to enclosing instance method
108 |   func decode(_ type: Float.Type) throws -> Float { return Float() }
109 |   func decode(_ type: Double.Type) throws -> Double { return Double() }
/Users/admin/builder/spi-builder-workspace/.dependencies/checkouts/swift-google-wkt/Sources/GoogleWKT/ProtoJSONDecoder.swift:135:23: error: 'Int128' is only available in visionOS 2.0 or newer
103 | }
104 |
105 | extension InternalSingleValueContainer: SingleValueDecodingContainer {
    | `- note: add '@available' attribute to enclosing extension
106 |   var codingPath: [any CodingKey] { impl.codingPath }
107 |
    :
133 |   func decode(_ type: Int64.Type) throws -> Int64 { try decodeGeneric(type) }
134 |   func decode(_ type: UInt64.Type) throws -> UInt64 { try decodeGeneric(type) }
135 |   func decode(_ type: Int128.Type) throws -> Int128 { try decodeGeneric(type) }
    |        |              `- error: 'Int128' is only available in visionOS 2.0 or newer
    |        `- note: add '@available' attribute to enclosing instance method
136 |   func decode(_ type: UInt128.Type) throws -> UInt128 { try decodeGeneric(type) }
137 |   func decode(_ type: Float.Type) throws -> Float { try decodeGeneric(type) }
/Users/admin/builder/spi-builder-workspace/.dependencies/checkouts/swift-google-wkt/Sources/GoogleWKT/ProtoJSONDecoder.swift:135:46: error: 'Int128' is only available in visionOS 2.0 or newer
103 | }
104 |
105 | extension InternalSingleValueContainer: SingleValueDecodingContainer {
    | `- note: add '@available' attribute to enclosing extension
106 |   var codingPath: [any CodingKey] { impl.codingPath }
107 |
    :
133 |   func decode(_ type: Int64.Type) throws -> Int64 { try decodeGeneric(type) }
134 |   func decode(_ type: UInt64.Type) throws -> UInt64 { try decodeGeneric(type) }
135 |   func decode(_ type: Int128.Type) throws -> Int128 { try decodeGeneric(type) }
    |        |                                     `- error: 'Int128' is only available in visionOS 2.0 or newer
    |        `- note: add '@available' attribute to enclosing instance method
136 |   func decode(_ type: UInt128.Type) throws -> UInt128 { try decodeGeneric(type) }
137 |   func decode(_ type: Float.Type) throws -> Float { try decodeGeneric(type) }
/Users/admin/builder/spi-builder-workspace/.dependencies/checkouts/swift-google-wkt/Sources/GoogleWKT/ProtoJSONDecoder.swift:136:23: error: 'UInt128' is only available in visionOS 2.0 or newer
103 | }
104 |
105 | extension InternalSingleValueContainer: SingleValueDecodingContainer {
    | `- note: add '@available' attribute to enclosing extension
106 |   var codingPath: [any CodingKey] { impl.codingPath }
107 |
    :
134 |   func decode(_ type: UInt64.Type) throws -> UInt64 { try decodeGeneric(type) }
135 |   func decode(_ type: Int128.Type) throws -> Int128 { try decodeGeneric(type) }
136 |   func decode(_ type: UInt128.Type) throws -> UInt128 { try decodeGeneric(type) }
    |        |              `- error: 'UInt128' is only available in visionOS 2.0 or newer
    |        `- note: add '@available' attribute to enclosing instance method
137 |   func decode(_ type: Float.Type) throws -> Float { try decodeGeneric(type) }
138 |   func decode(_ type: Double.Type) throws -> Double { try decodeGeneric(type) }
/Users/admin/builder/spi-builder-workspace/.dependencies/checkouts/swift-google-wkt/Sources/GoogleWKT/ProtoJSONDecoder.swift:136:47: error: 'UInt128' is only available in visionOS 2.0 or newer
103 | }
104 |
105 | extension InternalSingleValueContainer: SingleValueDecodingContainer {
    | `- note: add '@available' attribute to enclosing extension
106 |   var codingPath: [any CodingKey] { impl.codingPath }
107 |
    :
134 |   func decode(_ type: UInt64.Type) throws -> UInt64 { try decodeGeneric(type) }
135 |   func decode(_ type: Int128.Type) throws -> Int128 { try decodeGeneric(type) }
136 |   func decode(_ type: UInt128.Type) throws -> UInt128 { try decodeGeneric(type) }
    |        |                                      `- error: 'UInt128' is only available in visionOS 2.0 or newer
    |        `- note: add '@available' attribute to enclosing instance method
137 |   func decode(_ type: Float.Type) throws -> Float { try decodeGeneric(type) }
138 |   func decode(_ type: Double.Type) throws -> Double { try decodeGeneric(type) }
/Users/admin/builder/spi-builder-workspace/.dependencies/checkouts/swift-google-wkt/Sources/GoogleWKT/ProtoJSONDecoder.swift:135:59: error: conformance of 'Int128' to 'Decodable' is only available in visionOS 2.0 or newer
103 | }
104 |
105 | extension InternalSingleValueContainer: SingleValueDecodingContainer {
    | `- note: add '@available' attribute to enclosing extension
106 |   var codingPath: [any CodingKey] { impl.codingPath }
107 |
    :
133 |   func decode(_ type: Int64.Type) throws -> Int64 { try decodeGeneric(type) }
134 |   func decode(_ type: UInt64.Type) throws -> UInt64 { try decodeGeneric(type) }
135 |   func decode(_ type: Int128.Type) throws -> Int128 { try decodeGeneric(type) }
    |        |                                                  |- error: conformance of 'Int128' to 'Decodable' is only available in visionOS 2.0 or newer
    |        |                                                  `- note: add 'if #available' version check
    |        `- note: add '@available' attribute to enclosing instance method
136 |   func decode(_ type: UInt128.Type) throws -> UInt128 { try decodeGeneric(type) }
137 |   func decode(_ type: Float.Type) throws -> Float { try decodeGeneric(type) }
/Users/admin/builder/spi-builder-workspace/.dependencies/checkouts/swift-google-wkt/Sources/GoogleWKT/ProtoJSONDecoder.swift:135:59: error: conformance of 'Int128' to 'LosslessStringConvertible' is only available in visionOS 2.0 or newer
103 | }
104 |
105 | extension InternalSingleValueContainer: SingleValueDecodingContainer {
    | `- note: add '@available' attribute to enclosing extension
106 |   var codingPath: [any CodingKey] { impl.codingPath }
107 |
    :
133 |   func decode(_ type: Int64.Type) throws -> Int64 { try decodeGeneric(type) }
134 |   func decode(_ type: UInt64.Type) throws -> UInt64 { try decodeGeneric(type) }
135 |   func decode(_ type: Int128.Type) throws -> Int128 { try decodeGeneric(type) }
    |        |                                                  |- error: conformance of 'Int128' to 'LosslessStringConvertible' is only available in visionOS 2.0 or newer
    |        |                                                  `- note: add 'if #available' version check
    |        `- note: add '@available' attribute to enclosing instance method
136 |   func decode(_ type: UInt128.Type) throws -> UInt128 { try decodeGeneric(type) }
137 |   func decode(_ type: Float.Type) throws -> Float { try decodeGeneric(type) }
/Users/admin/builder/spi-builder-workspace/.dependencies/checkouts/swift-google-wkt/Sources/GoogleWKT/ProtoJSONDecoder.swift:136:61: error: conformance of 'UInt128' to 'Decodable' is only available in visionOS 2.0 or newer
103 | }
104 |
105 | extension InternalSingleValueContainer: SingleValueDecodingContainer {
    | `- note: add '@available' attribute to enclosing extension
106 |   var codingPath: [any CodingKey] { impl.codingPath }
107 |
    :
134 |   func decode(_ type: UInt64.Type) throws -> UInt64 { try decodeGeneric(type) }
135 |   func decode(_ type: Int128.Type) throws -> Int128 { try decodeGeneric(type) }
136 |   func decode(_ type: UInt128.Type) throws -> UInt128 { try decodeGeneric(type) }
    |        |                                                    |- error: conformance of 'UInt128' to 'Decodable' is only available in visionOS 2.0 or newer
    |        |                                                    `- note: add 'if #available' version check
    |        `- note: add '@available' attribute to enclosing instance method
137 |   func decode(_ type: Float.Type) throws -> Float { try decodeGeneric(type) }
138 |   func decode(_ type: Double.Type) throws -> Double { try decodeGeneric(type) }
SwiftCompile normal arm64 /Users/admin/builder/spi-builder-workspace/.dependencies/checkouts/swift-google-wkt/Sources/GoogleWKT/AnyPackable.swift (in target 'GoogleWKT' from project 'GoogleWKT')
    cd /Users/admin/builder/spi-builder-workspace/.swiftpm/xcode
    builtin-SwiftPerFileCompile AnyPackable.swift
SwiftCompile normal arm64 /Users/admin/builder/spi-builder-workspace/.dependencies/checkouts/swift-google-wkt/Sources/GoogleWKT/DecodeToDefault.swift (in target 'GoogleWKT' from project 'GoogleWKT')
    cd /Users/admin/builder/spi-builder-workspace/.swiftpm/xcode
    builtin-SwiftPerFileCompile DecodeToDefault.swift
SwiftCompile normal arm64 /Users/admin/builder/spi-builder-workspace/.dependencies/checkouts/swift-google-wkt/Sources/GoogleWKT/DiscoveryBase64.swift (in target 'GoogleWKT' from project 'GoogleWKT')
    cd /Users/admin/builder/spi-builder-workspace/.swiftpm/xcode
    builtin-SwiftPerFileCompile DiscoveryBase64.swift
SwiftCompile normal arm64 /Users/admin/builder/spi-builder-workspace/.dependencies/checkouts/swift-google-wkt/Sources/GoogleWKT/ProtoJSONDecoder.swift (in target 'GoogleWKT' from project 'GoogleWKT')
    cd /Users/admin/builder/spi-builder-workspace/.swiftpm/xcode
    builtin-SwiftPerFileCompile ProtoJSONDecoder.swift
SwiftCompile normal arm64 Compiling\ WKTInt64Value.swift,\ WKTRecursive.swift,\ WKTStringValue.swift /Users/admin/builder/spi-builder-workspace/.dependencies/checkouts/swift-google-wkt/Sources/GoogleWKT/WKTInt64Value.swift /Users/admin/builder/spi-builder-workspace/.dependencies/checkouts/swift-google-wkt/Sources/GoogleWKT/WKTRecursive.swift /Users/admin/builder/spi-builder-workspace/.dependencies/checkouts/swift-google-wkt/Sources/GoogleWKT/WKTStringValue.swift (in target 'GoogleWKT' from project 'GoogleWKT')
SwiftCompile normal arm64 /Users/admin/builder/spi-builder-workspace/.dependencies/checkouts/swift-google-wkt/Sources/GoogleWKT/WKTInt64Value.swift (in target 'GoogleWKT' from project 'GoogleWKT')
    cd /Users/admin/builder/spi-builder-workspace/.swiftpm/xcode
    builtin-SwiftPerFileCompile WKTInt64Value.swift
SwiftCompile normal arm64 /Users/admin/builder/spi-builder-workspace/.dependencies/checkouts/swift-google-wkt/Sources/GoogleWKT/WKTRecursive.swift (in target 'GoogleWKT' from project 'GoogleWKT')
    cd /Users/admin/builder/spi-builder-workspace/.swiftpm/xcode
    builtin-SwiftPerFileCompile WKTRecursive.swift
SwiftCompile normal arm64 /Users/admin/builder/spi-builder-workspace/.dependencies/checkouts/swift-google-wkt/Sources/GoogleWKT/WKTStringValue.swift (in target 'GoogleWKT' from project 'GoogleWKT')
    cd /Users/admin/builder/spi-builder-workspace/.swiftpm/xcode
    builtin-SwiftPerFileCompile WKTStringValue.swift
SwiftCompile normal arm64 Compiling\ ProtoJSONEncoder.swift,\ UnknownFields.swift,\ WKTAny.swift,\ WKTAnyError.swift /Users/admin/builder/spi-builder-workspace/.dependencies/checkouts/swift-google-wkt/Sources/GoogleWKT/ProtoJSONEncoder.swift /Users/admin/builder/spi-builder-workspace/.dependencies/checkouts/swift-google-wkt/Sources/GoogleWKT/UnknownFields.swift /Users/admin/builder/spi-builder-workspace/.dependencies/checkouts/swift-google-wkt/Sources/GoogleWKT/WKTAny.swift /Users/admin/builder/spi-builder-workspace/.dependencies/checkouts/swift-google-wkt/Sources/GoogleWKT/WKTAnyError.swift (in target 'GoogleWKT' from project 'GoogleWKT')
SwiftCompile normal arm64 /Users/admin/builder/spi-builder-workspace/.dependencies/checkouts/swift-google-wkt/Sources/GoogleWKT/ProtoJSONEncoder.swift (in target 'GoogleWKT' from project 'GoogleWKT')
    cd /Users/admin/builder/spi-builder-workspace/.swiftpm/xcode
    builtin-SwiftPerFileCompile ProtoJSONEncoder.swift
SwiftCompile normal arm64 /Users/admin/builder/spi-builder-workspace/.dependencies/checkouts/swift-google-wkt/Sources/GoogleWKT/UnknownFields.swift (in target 'GoogleWKT' from project 'GoogleWKT')
    cd /Users/admin/builder/spi-builder-workspace/.swiftpm/xcode
    builtin-SwiftPerFileCompile UnknownFields.swift
SwiftCompile normal arm64 /Users/admin/builder/spi-builder-workspace/.dependencies/checkouts/swift-google-wkt/Sources/GoogleWKT/WKTAny.swift (in target 'GoogleWKT' from project 'GoogleWKT')
    cd /Users/admin/builder/spi-builder-workspace/.swiftpm/xcode
    builtin-SwiftPerFileCompile WKTAny.swift
SwiftCompile normal arm64 /Users/admin/builder/spi-builder-workspace/.dependencies/checkouts/swift-google-wkt/Sources/GoogleWKT/WKTAnyError.swift (in target 'GoogleWKT' from project 'GoogleWKT')
    cd /Users/admin/builder/spi-builder-workspace/.swiftpm/xcode
    builtin-SwiftPerFileCompile WKTAnyError.swift
SwiftCompile normal arm64 Compiling\ WKTBoolValue.swift,\ WKTBytesValue.swift,\ WKTDoubleValue.swift,\ WKTDuration.swift /Users/admin/builder/spi-builder-workspace/.dependencies/checkouts/swift-google-wkt/Sources/GoogleWKT/WKTBoolValue.swift /Users/admin/builder/spi-builder-workspace/.dependencies/checkouts/swift-google-wkt/Sources/GoogleWKT/WKTBytesValue.swift /Users/admin/builder/spi-builder-workspace/.dependencies/checkouts/swift-google-wkt/Sources/GoogleWKT/WKTDoubleValue.swift /Users/admin/builder/spi-builder-workspace/.dependencies/checkouts/swift-google-wkt/Sources/GoogleWKT/WKTDuration.swift (in target 'GoogleWKT' from project 'GoogleWKT')
SwiftCompile normal arm64 /Users/admin/builder/spi-builder-workspace/.dependencies/checkouts/swift-google-wkt/Sources/GoogleWKT/WKTBoolValue.swift (in target 'GoogleWKT' from project 'GoogleWKT')
    cd /Users/admin/builder/spi-builder-workspace/.swiftpm/xcode
    builtin-SwiftPerFileCompile WKTBoolValue.swift
SwiftCompile normal arm64 /Users/admin/builder/spi-builder-workspace/.dependencies/checkouts/swift-google-wkt/Sources/GoogleWKT/WKTBytesValue.swift (in target 'GoogleWKT' from project 'GoogleWKT')
    cd /Users/admin/builder/spi-builder-workspace/.swiftpm/xcode
    builtin-SwiftPerFileCompile WKTBytesValue.swift
SwiftCompile normal arm64 /Users/admin/builder/spi-builder-workspace/.dependencies/checkouts/swift-google-wkt/Sources/GoogleWKT/WKTDoubleValue.swift (in target 'GoogleWKT' from project 'GoogleWKT')
    cd /Users/admin/builder/spi-builder-workspace/.swiftpm/xcode
    builtin-SwiftPerFileCompile WKTDoubleValue.swift
SwiftCompile normal arm64 /Users/admin/builder/spi-builder-workspace/.dependencies/checkouts/swift-google-wkt/Sources/GoogleWKT/WKTDuration.swift (in target 'GoogleWKT' from project 'GoogleWKT')
    cd /Users/admin/builder/spi-builder-workspace/.swiftpm/xcode
    builtin-SwiftPerFileCompile WKTDuration.swift
SwiftCompile normal arm64 Compiling\ WKTTimestamp.swift,\ WKTUInt32Value.swift,\ WKTUInt64Value.swift /Users/admin/builder/spi-builder-workspace/.dependencies/checkouts/swift-google-wkt/Sources/GoogleWKT/WKTTimestamp.swift /Users/admin/builder/spi-builder-workspace/.dependencies/checkouts/swift-google-wkt/Sources/GoogleWKT/WKTUInt32Value.swift /Users/admin/builder/spi-builder-workspace/.dependencies/checkouts/swift-google-wkt/Sources/GoogleWKT/WKTUInt64Value.swift (in target 'GoogleWKT' from project 'GoogleWKT')
SwiftCompile normal arm64 /Users/admin/builder/spi-builder-workspace/.dependencies/checkouts/swift-google-wkt/Sources/GoogleWKT/WKTTimestamp.swift (in target 'GoogleWKT' from project 'GoogleWKT')
    cd /Users/admin/builder/spi-builder-workspace/.swiftpm/xcode
    builtin-SwiftPerFileCompile WKTTimestamp.swift
SwiftCompile normal arm64 /Users/admin/builder/spi-builder-workspace/.dependencies/checkouts/swift-google-wkt/Sources/GoogleWKT/WKTUInt32Value.swift (in target 'GoogleWKT' from project 'GoogleWKT')
    cd /Users/admin/builder/spi-builder-workspace/.swiftpm/xcode
    builtin-SwiftPerFileCompile WKTUInt32Value.swift
SwiftCompile normal arm64 /Users/admin/builder/spi-builder-workspace/.dependencies/checkouts/swift-google-wkt/Sources/GoogleWKT/WKTUInt64Value.swift (in target 'GoogleWKT' from project 'GoogleWKT')
    cd /Users/admin/builder/spi-builder-workspace/.swiftpm/xcode
    builtin-SwiftPerFileCompile WKTUInt64Value.swift
SwiftCompile normal arm64 Compiling\ WKTEnumValue.swift,\ WKTField.swift,\ WKTMethod.swift /Users/admin/builder/spi-builder-workspace/.dependencies/checkouts/swift-google-wkt/Sources/GoogleWKT/generated/messages/WKTEnumValue.swift /Users/admin/builder/spi-builder-workspace/.dependencies/checkouts/swift-google-wkt/Sources/GoogleWKT/generated/messages/WKTField.swift /Users/admin/builder/spi-builder-workspace/.dependencies/checkouts/swift-google-wkt/Sources/GoogleWKT/generated/messages/WKTMethod.swift (in target 'GoogleWKT' from project 'GoogleWKT')
SwiftCompile normal arm64 /Users/admin/builder/spi-builder-workspace/.dependencies/checkouts/swift-google-wkt/Sources/GoogleWKT/generated/messages/WKTEnumValue.swift (in target 'GoogleWKT' from project 'GoogleWKT')
    cd /Users/admin/builder/spi-builder-workspace/.swiftpm/xcode
    builtin-SwiftPerFileCompile WKTEnumValue.swift
SwiftCompile normal arm64 /Users/admin/builder/spi-builder-workspace/.dependencies/checkouts/swift-google-wkt/Sources/GoogleWKT/generated/messages/WKTField.swift (in target 'GoogleWKT' from project 'GoogleWKT')
    cd /Users/admin/builder/spi-builder-workspace/.swiftpm/xcode
    builtin-SwiftPerFileCompile WKTField.swift
SwiftCompile normal arm64 /Users/admin/builder/spi-builder-workspace/.dependencies/checkouts/swift-google-wkt/Sources/GoogleWKT/generated/messages/WKTMethod.swift (in target 'GoogleWKT' from project 'GoogleWKT')
    cd /Users/admin/builder/spi-builder-workspace/.swiftpm/xcode
    builtin-SwiftPerFileCompile WKTMethod.swift
SwiftCompile normal arm64 Compiling\ WKTValue.swift,\ WKTApi.swift,\ WKTEnum.swift /Users/admin/builder/spi-builder-workspace/.dependencies/checkouts/swift-google-wkt/Sources/GoogleWKT/WKTValue.swift /Users/admin/builder/spi-builder-workspace/.dependencies/checkouts/swift-google-wkt/Sources/GoogleWKT/generated/messages/WKTApi.swift /Users/admin/builder/spi-builder-workspace/.dependencies/checkouts/swift-google-wkt/Sources/GoogleWKT/generated/messages/WKTEnum.swift (in target 'GoogleWKT' from project 'GoogleWKT')
SwiftCompile normal arm64 /Users/admin/builder/spi-builder-workspace/.dependencies/checkouts/swift-google-wkt/Sources/GoogleWKT/WKTValue.swift (in target 'GoogleWKT' from project 'GoogleWKT')
    cd /Users/admin/builder/spi-builder-workspace/.swiftpm/xcode
    builtin-SwiftPerFileCompile WKTValue.swift
SwiftCompile normal arm64 /Users/admin/builder/spi-builder-workspace/.dependencies/checkouts/swift-google-wkt/Sources/GoogleWKT/generated/messages/WKTApi.swift (in target 'GoogleWKT' from project 'GoogleWKT')
    cd /Users/admin/builder/spi-builder-workspace/.swiftpm/xcode
    builtin-SwiftPerFileCompile WKTApi.swift
SwiftCompile normal arm64 /Users/admin/builder/spi-builder-workspace/.dependencies/checkouts/swift-google-wkt/Sources/GoogleWKT/generated/messages/WKTEnum.swift (in target 'GoogleWKT' from project 'GoogleWKT')
    cd /Users/admin/builder/spi-builder-workspace/.swiftpm/xcode
    builtin-SwiftPerFileCompile WKTEnum.swift
SwiftCompile normal arm64 Compiling\ WKTMixin.swift,\ WKTOption.swift,\ WKTSourceContext.swift /Users/admin/builder/spi-builder-workspace/.dependencies/checkouts/swift-google-wkt/Sources/GoogleWKT/generated/messages/WKTMixin.swift /Users/admin/builder/spi-builder-workspace/.dependencies/checkouts/swift-google-wkt/Sources/GoogleWKT/generated/messages/WKTOption.swift /Users/admin/builder/spi-builder-workspace/.dependencies/checkouts/swift-google-wkt/Sources/GoogleWKT/generated/messages/WKTSourceContext.swift (in target 'GoogleWKT' from project 'GoogleWKT')
SwiftCompile normal arm64 /Users/admin/builder/spi-builder-workspace/.dependencies/checkouts/swift-google-wkt/Sources/GoogleWKT/generated/messages/WKTMixin.swift (in target 'GoogleWKT' from project 'GoogleWKT')
    cd /Users/admin/builder/spi-builder-workspace/.swiftpm/xcode
    builtin-SwiftPerFileCompile WKTMixin.swift
SwiftCompile normal arm64 /Users/admin/builder/spi-builder-workspace/.dependencies/checkouts/swift-google-wkt/Sources/GoogleWKT/generated/messages/WKTOption.swift (in target 'GoogleWKT' from project 'GoogleWKT')
    cd /Users/admin/builder/spi-builder-workspace/.swiftpm/xcode
    builtin-SwiftPerFileCompile WKTOption.swift
SwiftCompile normal arm64 /Users/admin/builder/spi-builder-workspace/.dependencies/checkouts/swift-google-wkt/Sources/GoogleWKT/generated/messages/WKTSourceContext.swift (in target 'GoogleWKT' from project 'GoogleWKT')
    cd /Users/admin/builder/spi-builder-workspace/.swiftpm/xcode
    builtin-SwiftPerFileCompile WKTSourceContext.swift
SwiftEmitModule normal arm64 Emitting\ module\ for\ GoogleWKT (in target 'GoogleWKT' from project 'GoogleWKT')
/Users/admin/builder/spi-builder-workspace/.dependencies/checkouts/swift-google-wkt/Sources/GoogleWKT/DecodeToDefault.swift:106:23: error: 'Int128' is only available in visionOS 2.0 or newer
 87 |
 88 | /// Decode singular fields to their default value.
 89 | extension DecodeToDefault: SingleValueDecodingContainer {
    | `- note: add '@available' attribute to enclosing extension
 90 |   // This is the only interesting case, forward to decodeGeneric() to resolve `Data` vs. other types.
 91 |   func decode<T: Decodable>(_ type: T.Type) throws -> T { return try decodeGeneric(type) }
    :
104 |   func decode(_ type: Int64.Type) throws -> Int64 { return Int64() }
105 |   func decode(_ type: UInt64.Type) throws -> UInt64 { return UInt64() }
106 |   func decode(_ type: Int128.Type) throws -> Int128 { return Int128() }
    |        |              `- error: 'Int128' is only available in visionOS 2.0 or newer
    |        `- note: add '@available' attribute to enclosing instance method
107 |   func decode(_ type: UInt128.Type) throws -> UInt128 { return UInt128() }
108 |   func decode(_ type: Float.Type) throws -> Float { return Float() }
/Users/admin/builder/spi-builder-workspace/.dependencies/checkouts/swift-google-wkt/Sources/GoogleWKT/DecodeToDefault.swift:106:46: error: 'Int128' is only available in visionOS 2.0 or newer
 87 |
 88 | /// Decode singular fields to their default value.
 89 | extension DecodeToDefault: SingleValueDecodingContainer {
    | `- note: add '@available' attribute to enclosing extension
 90 |   // This is the only interesting case, forward to decodeGeneric() to resolve `Data` vs. other types.
 91 |   func decode<T: Decodable>(_ type: T.Type) throws -> T { return try decodeGeneric(type) }
    :
104 |   func decode(_ type: Int64.Type) throws -> Int64 { return Int64() }
105 |   func decode(_ type: UInt64.Type) throws -> UInt64 { return UInt64() }
106 |   func decode(_ type: Int128.Type) throws -> Int128 { return Int128() }
    |        |                                     `- error: 'Int128' is only available in visionOS 2.0 or newer
    |        `- note: add '@available' attribute to enclosing instance method
107 |   func decode(_ type: UInt128.Type) throws -> UInt128 { return UInt128() }
108 |   func decode(_ type: Float.Type) throws -> Float { return Float() }
/Users/admin/builder/spi-builder-workspace/.dependencies/checkouts/swift-google-wkt/Sources/GoogleWKT/DecodeToDefault.swift:107:23: error: 'UInt128' is only available in visionOS 2.0 or newer
 87 |
 88 | /// Decode singular fields to their default value.
 89 | extension DecodeToDefault: SingleValueDecodingContainer {
    | `- note: add '@available' attribute to enclosing extension
 90 |   // This is the only interesting case, forward to decodeGeneric() to resolve `Data` vs. other types.
 91 |   func decode<T: Decodable>(_ type: T.Type) throws -> T { return try decodeGeneric(type) }
    :
105 |   func decode(_ type: UInt64.Type) throws -> UInt64 { return UInt64() }
106 |   func decode(_ type: Int128.Type) throws -> Int128 { return Int128() }
107 |   func decode(_ type: UInt128.Type) throws -> UInt128 { return UInt128() }
    |        |              `- error: 'UInt128' is only available in visionOS 2.0 or newer
    |        `- note: add '@available' attribute to enclosing instance method
108 |   func decode(_ type: Float.Type) throws -> Float { return Float() }
109 |   func decode(_ type: Double.Type) throws -> Double { return Double() }
/Users/admin/builder/spi-builder-workspace/.dependencies/checkouts/swift-google-wkt/Sources/GoogleWKT/DecodeToDefault.swift:107:47: error: 'UInt128' is only available in visionOS 2.0 or newer
 87 |
 88 | /// Decode singular fields to their default value.
 89 | extension DecodeToDefault: SingleValueDecodingContainer {
    | `- note: add '@available' attribute to enclosing extension
 90 |   // This is the only interesting case, forward to decodeGeneric() to resolve `Data` vs. other types.
 91 |   func decode<T: Decodable>(_ type: T.Type) throws -> T { return try decodeGeneric(type) }
    :
105 |   func decode(_ type: UInt64.Type) throws -> UInt64 { return UInt64() }
106 |   func decode(_ type: Int128.Type) throws -> Int128 { return Int128() }
107 |   func decode(_ type: UInt128.Type) throws -> UInt128 { return UInt128() }
    |        |                                      `- error: 'UInt128' is only available in visionOS 2.0 or newer
    |        `- note: add '@available' attribute to enclosing instance method
108 |   func decode(_ type: Float.Type) throws -> Float { return Float() }
109 |   func decode(_ type: Double.Type) throws -> Double { return Double() }
/Users/admin/builder/spi-builder-workspace/.dependencies/checkouts/swift-google-wkt/Sources/GoogleWKT/ProtoJSONDecoder.swift:135:23: error: 'Int128' is only available in visionOS 2.0 or newer
103 | }
104 |
105 | extension InternalSingleValueContainer: SingleValueDecodingContainer {
    | `- note: add '@available' attribute to enclosing extension
106 |   var codingPath: [any CodingKey] { impl.codingPath }
107 |
    :
133 |   func decode(_ type: Int64.Type) throws -> Int64 { try decodeGeneric(type) }
134 |   func decode(_ type: UInt64.Type) throws -> UInt64 { try decodeGeneric(type) }
135 |   func decode(_ type: Int128.Type) throws -> Int128 { try decodeGeneric(type) }
    |        |              `- error: 'Int128' is only available in visionOS 2.0 or newer
    |        `- note: add '@available' attribute to enclosing instance method
136 |   func decode(_ type: UInt128.Type) throws -> UInt128 { try decodeGeneric(type) }
137 |   func decode(_ type: Float.Type) throws -> Float { try decodeGeneric(type) }
/Users/admin/builder/spi-builder-workspace/.dependencies/checkouts/swift-google-wkt/Sources/GoogleWKT/ProtoJSONDecoder.swift:135:46: error: 'Int128' is only available in visionOS 2.0 or newer
103 | }
104 |
105 | extension InternalSingleValueContainer: SingleValueDecodingContainer {
    | `- note: add '@available' attribute to enclosing extension
106 |   var codingPath: [any CodingKey] { impl.codingPath }
107 |
    :
133 |   func decode(_ type: Int64.Type) throws -> Int64 { try decodeGeneric(type) }
134 |   func decode(_ type: UInt64.Type) throws -> UInt64 { try decodeGeneric(type) }
135 |   func decode(_ type: Int128.Type) throws -> Int128 { try decodeGeneric(type) }
    |        |                                     `- error: 'Int128' is only available in visionOS 2.0 or newer
    |        `- note: add '@available' attribute to enclosing instance method
136 |   func decode(_ type: UInt128.Type) throws -> UInt128 { try decodeGeneric(type) }
137 |   func decode(_ type: Float.Type) throws -> Float { try decodeGeneric(type) }
/Users/admin/builder/spi-builder-workspace/.dependencies/checkouts/swift-google-wkt/Sources/GoogleWKT/ProtoJSONDecoder.swift:136:23: error: 'UInt128' is only available in visionOS 2.0 or newer
103 | }
104 |
105 | extension InternalSingleValueContainer: SingleValueDecodingContainer {
    | `- note: add '@available' attribute to enclosing extension
106 |   var codingPath: [any CodingKey] { impl.codingPath }
107 |
    :
134 |   func decode(_ type: UInt64.Type) throws -> UInt64 { try decodeGeneric(type) }
135 |   func decode(_ type: Int128.Type) throws -> Int128 { try decodeGeneric(type) }
136 |   func decode(_ type: UInt128.Type) throws -> UInt128 { try decodeGeneric(type) }
    |        |              `- error: 'UInt128' is only available in visionOS 2.0 or newer
    |        `- note: add '@available' attribute to enclosing instance method
137 |   func decode(_ type: Float.Type) throws -> Float { try decodeGeneric(type) }
138 |   func decode(_ type: Double.Type) throws -> Double { try decodeGeneric(type) }
/Users/admin/builder/spi-builder-workspace/.dependencies/checkouts/swift-google-wkt/Sources/GoogleWKT/ProtoJSONDecoder.swift:136:47: error: 'UInt128' is only available in visionOS 2.0 or newer
103 | }
104 |
105 | extension InternalSingleValueContainer: SingleValueDecodingContainer {
    | `- note: add '@available' attribute to enclosing extension
106 |   var codingPath: [any CodingKey] { impl.codingPath }
107 |
    :
134 |   func decode(_ type: UInt64.Type) throws -> UInt64 { try decodeGeneric(type) }
135 |   func decode(_ type: Int128.Type) throws -> Int128 { try decodeGeneric(type) }
136 |   func decode(_ type: UInt128.Type) throws -> UInt128 { try decodeGeneric(type) }
    |        |                                      `- error: 'UInt128' is only available in visionOS 2.0 or newer
    |        `- note: add '@available' attribute to enclosing instance method
137 |   func decode(_ type: Float.Type) throws -> Float { try decodeGeneric(type) }
138 |   func decode(_ type: Double.Type) throws -> Double { try decodeGeneric(type) }
Failed frontend command:
/Applications/Xcode-27.0.0.app/Contents/Developer/Toolchains/XcodeDefault.xctoolchain/usr/bin/swift-frontend -frontend -emit-module -experimental-skip-non-inlinable-function-bodies-without-types /Users/admin/builder/spi-builder-workspace/.dependencies/checkouts/swift-google-wkt/Sources/GoogleWKT/AnyPackable.swift /Users/admin/builder/spi-builder-workspace/.dependencies/checkouts/swift-google-wkt/Sources/GoogleWKT/DecodeToDefault.swift /Users/admin/builder/spi-builder-workspace/.dependencies/checkouts/swift-google-wkt/Sources/GoogleWKT/DiscoveryBase64.swift /Users/admin/builder/spi-builder-workspace/.dependencies/checkouts/swift-google-wkt/Sources/GoogleWKT/ProtoJSONDecoder.swift /Users/admin/builder/spi-builder-workspace/.dependencies/checkouts/swift-google-wkt/Sources/GoogleWKT/ProtoJSONEncoder.swift /Users/admin/builder/spi-builder-workspace/.dependencies/checkouts/swift-google-wkt/Sources/GoogleWKT/UnknownFields.swift /Users/admin/builder/spi-builder-workspace/.dependencies/checkouts/swift-google-wkt/Sources/GoogleWKT/WKTAny.swift /Users/admin/builder/spi-builder-workspace/.dependencies/checkouts/swift-google-wkt/Sources/GoogleWKT/WKTAnyError.swift /Users/admin/builder/spi-builder-workspace/.dependencies/checkouts/swift-google-wkt/Sources/GoogleWKT/WKTBoolValue.swift /Users/admin/builder/spi-builder-workspace/.dependencies/checkouts/swift-google-wkt/Sources/GoogleWKT/WKTBytesValue.swift /Users/admin/builder/spi-builder-workspace/.dependencies/checkouts/swift-google-wkt/Sources/GoogleWKT/WKTDoubleValue.swift /Users/admin/builder/spi-builder-workspace/.dependencies/checkouts/swift-google-wkt/Sources/GoogleWKT/WKTDuration.swift /Users/admin/builder/spi-builder-workspace/.dependencies/checkouts/swift-google-wkt/Sources/GoogleWKT/WKTEmpty.swift /Users/admin/builder/spi-builder-workspace/.dependencies/checkouts/swift-google-wkt/Sources/GoogleWKT/WKTFieldMask.swift /Users/admin/builder/spi-builder-workspace/.dependencies/checkouts/swift-google-wkt/Sources/GoogleWKT/WKTFloatValue.swift /Users/admin/builder/spi-builder-workspace/.dependencies/checkouts/swift-google-wkt/Sources/GoogleWKT/WKTInt32Value.swift /Users/admin/builder/spi-builder-workspace/.dependencies/checkouts/swift-google-wkt/Sources/GoogleWKT/WKTInt64Value.swift /Users/admin/builder/spi-builder-workspace/.dependencies/checkouts/swift-google-wkt/Sources/GoogleWKT/WKTRecursive.swift /Users/admin/builder/spi-builder-workspace/.dependencies/checkouts/swift-google-wkt/Sources/GoogleWKT/WKTStringValue.swift /Users/admin/builder/spi-builder-workspace/.dependencies/checkouts/swift-google-wkt/Sources/GoogleWKT/WKTTimestamp.swift /Users/admin/builder/spi-builder-workspace/.dependencies/checkouts/swift-google-wkt/Sources/GoogleWKT/WKTUInt32Value.swift /Users/admin/builder/spi-builder-workspace/.dependencies/checkouts/swift-google-wkt/Sources/GoogleWKT/WKTUInt64Value.swift /Users/admin/builder/spi-builder-workspace/.dependencies/checkouts/swift-google-wkt/Sources/GoogleWKT/WKTValue.swift /Users/admin/builder/spi-builder-workspace/.dependencies/checkouts/swift-google-wkt/Sources/GoogleWKT/generated/messages/WKTApi.swift /Users/admin/builder/spi-builder-workspace/.dependencies/checkouts/swift-google-wkt/Sources/GoogleWKT/generated/messages/WKTEnum.swift /Users/admin/builder/spi-builder-workspace/.dependencies/checkouts/swift-google-wkt/Sources/GoogleWKT/generated/messages/WKTEnumValue.swift /Users/admin/builder/spi-builder-workspace/.dependencies/checkouts/swift-google-wkt/Sources/GoogleWKT/generated/messages/WKTField.swift /Users/admin/builder/spi-builder-workspace/.dependencies/checkouts/swift-google-wkt/Sources/GoogleWKT/generated/messages/WKTMethod.swift /Users/admin/builder/spi-builder-workspace/.dependencies/checkouts/swift-google-wkt/Sources/GoogleWKT/generated/messages/WKTMixin.swift /Users/admin/builder/spi-builder-workspace/.dependencies/checkouts/swift-google-wkt/Sources/GoogleWKT/generated/messages/WKTOption.swift /Users/admin/builder/spi-builder-workspace/.dependencies/checkouts/swift-google-wkt/Sources/GoogleWKT/generated/messages/WKTSourceContext.swift /Users/admin/builder/spi-builder-workspace/.dependencies/checkouts/swift-google-wkt/Sources/GoogleWKT/generated/messages/WKTSyntax.swift /Users/admin/builder/spi-builder-workspace/.dependencies/checkouts/swift-google-wkt/Sources/GoogleWKT/generated/messages/WKTType.swift /Users/admin/builder/spi-builder-workspace/.dependencies/checkouts/swift-google-wkt/Sources/GoogleWKT/generated/version/PackageVersion.swift -target arm64-apple-xros1.0 -disable-cross-import-overlay-search -load-resolved-plugin /Applications/Xcode-27.0.0.app/Contents/Developer/Platforms/XROS.platform/Developer/usr/lib/swift/host/plugins/libFoundationMacros.dylib\#/Applications/Xcode-27.0.0.app/Contents/Developer/Platforms/XROS.platform/Developer/usr/bin/swift-plugin-server\#FoundationMacros -load-resolved-plugin /Applications/Xcode-27.0.0.app/Contents/Developer/Platforms/XROS.platform/Developer/usr/lib/swift/host/plugins/libObservationMacros.dylib\#/Applications/Xcode-27.0.0.app/Contents/Developer/Platforms/XROS.platform/Developer/usr/bin/swift-plugin-server\#ObservationMacros -load-resolved-plugin /Applications/Xcode-27.0.0.app/Contents/Developer/Platforms/XROS.platform/Developer/usr/lib/swift/host/plugins/libSwiftMacros.dylib\#/Applications/Xcode-27.0.0.app/Contents/Developer/Platforms/XROS.platform/Developer/usr/bin/swift-plugin-server\#SwiftMacros -disable-implicit-swift-modules -Xcc -fno-implicit-modules -Xcc -fno-implicit-module-maps -explicit-swift-module-map-file /Users/admin/builder/spi-builder-workspace/.derivedData/Build/Intermediates.noindex/GoogleWKT.build/Debug-xros/GoogleWKT-t.build/Objects-normal/arm64/GoogleWKT-dependencies-1.json -Xllvm -aarch64-use-tbi -enable-objc-interop -stack-check -sdk /Applications/Xcode-27.0.0.app/Contents/Developer/Platforms/XROS.platform/Developer/SDKs/XROS27.0.sdk -I /Users/admin/builder/spi-builder-workspace/.derivedData/Build/Products/Debug-xros -Isystem /Applications/Xcode-27.0.0.app/Contents/Developer/Platforms/XROS.platform/Developer/usr/lib -F /Users/admin/builder/spi-builder-workspace/.derivedData/Build/Products/Debug-xros/PackageFrameworks -F /Users/admin/builder/spi-builder-workspace/.derivedData/Build/Products/Debug-xros -F /Applications/Xcode-27.0.0.app/Contents/Developer/Platforms/XROS.platform/Developer/Library/Frameworks -F /Applications/Xcode-27.0.0.app/Contents/Developer/Platforms/XROS.platform/Developer/SDKs/XROS27.0.sdk/Developer/Library/Frameworks -module-cache-path /Users/admin/builder/spi-builder-workspace/.derivedData/Build/Intermediates.noindex/SwiftExplicitPrecompiledModules -no-color-diagnostics -Xcc -fno-color-diagnostics -enable-testing -g -debug-info-format\=dwarf -dwarf-version\=4 -suppress-warnings -swift-version 6 -Onone -D SWIFT_PACKAGE -D DEBUG -D SWIFT_MODULE_RESOURCE_BUNDLE_UNAVAILABLE -D Xcode -serialize-debugging-options -enable-upcoming-feature ExistentialAny -enable-upcoming-feature InternalImportsByDefault -enable-upcoming-feature MemberImportVisibility -enable-upcoming-feature NonisolatedNonsendingByDefault -enable-experimental-feature DebugDescriptionMacro -strict-memory-safety -empty-abi-descriptor -user-module-version 0.5.0 -validate-clang-modules-once -clang-build-session-file /Users/admin/builder/spi-builder-workspace/.derivedData/ModuleCache.noindex/Session.modulevalidation -Xcc -working-directory -Xcc /Users/admin/builder/spi-builder-workspace/.swiftpm/xcode -enable-anonymous-context-mangled-names -file-compilation-dir /Users/admin/builder/spi-builder-workspace/.swiftpm/xcode -Xcc -D_LIBCPP_HARDENING_MODE\=_LIBCPP_HARDENING_MODE_DEBUG -Xcc -ivfsstatcache -Xcc /Users/admin/builder/spi-builder-workspace/.derivedData/SDKStatCaches.noindex/xros27.0-24M361-e829b21a6f8c9b70876ba0858053c04489c3c372b822c72ca60ec5271cbc7f3c.sdkstatcache -Xcc -fmodules-prune-interval\=86400 -Xcc -fmodules-prune-after\=345600 -Xcc -I/Users/admin/builder/spi-builder-workspace/.derivedData/Build/Products/Debug-xros/include -Xcc -I/Users/admin/builder/spi-builder-workspace/.derivedData/Build/Intermediates.noindex/GoogleWKT.build/Debug-xros/GoogleWKT-t.build/DerivedSources-normal/arm64 -Xcc -I/Users/admin/builder/spi-builder-workspace/.derivedData/Build/Intermediates.noindex/GoogleWKT.build/Debug-xros/GoogleWKT-t.build/DerivedSources/arm64 -Xcc -I/Users/admin/builder/spi-builder-workspace/.derivedData/Build/Intermediates.noindex/GoogleWKT.build/Debug-xros/GoogleWKT-t.build/DerivedSources -Xcc -DSWIFT_PACKAGE -Xcc -DDEBUG\=1 -no-auto-bridging-header-chaining -module-name GoogleWKT -package-name swift_google_wkt -const-gather-protocols-file /Users/admin/builder/spi-builder-workspace/.derivedData/Build/Intermediates.noindex/GoogleWKT.build/Debug-xros/GoogleWKT-t.build/Objects-normal/arm64/GoogleWKT_const_extract_protocols.json -disable-clang-spi -clang-target arm64-apple-xros27.0 -target-sdk-version 27.0 -target-sdk-name xros27.0 -in-process-plugin-server-path /Applications/Xcode-27.0.0.app/Contents/Developer/Toolchains/XcodeDefault.xctoolchain/usr/lib/swift/host/libSwiftInProcPluginServer.dylib -emit-module-doc-path /Users/admin/builder/spi-builder-workspace/.derivedData/Build/Intermediates.noindex/GoogleWKT.build/Debug-xros/GoogleWKT-t.build/Objects-normal/arm64/GoogleWKT.swiftdoc -emit-module-source-info-path /Users/admin/builder/spi-builder-workspace/.derivedData/Build/Intermediates.noindex/GoogleWKT.build/Debug-xros/GoogleWKT-t.build/Objects-normal/arm64/GoogleWKT.swiftsourceinfo -emit-objc-header-path /Users/admin/builder/spi-builder-workspace/.derivedData/Build/Intermediates.noindex/GoogleWKT.build/Debug-xros/GoogleWKT-t.build/Objects-normal/arm64/GoogleWKT-Swift.h -serialize-diagnostics-path /Users/admin/builder/spi-builder-workspace/.derivedData/Build/Intermediates.noindex/GoogleWKT.build/Debug-xros/GoogleWKT-t.build/Objects-normal/arm64/GoogleWKT-primary-emit-module.dia -emit-dependencies-path /Users/admin/builder/spi-builder-workspace/.derivedData/Build/Intermediates.noindex/GoogleWKT.build/Debug-xros/GoogleWKT-t.build/Objects-normal/arm64/GoogleWKT-primary-emit-module.d -parse-as-library -o /Users/admin/builder/spi-builder-workspace/.derivedData/Build/Intermediates.noindex/GoogleWKT.build/Debug-xros/GoogleWKT-t.build/Objects-normal/arm64/GoogleWKT.swiftmodule -emit-abi-descriptor-path /Users/admin/builder/spi-builder-workspace/.derivedData/Build/Intermediates.noindex/GoogleWKT.build/Debug-xros/GoogleWKT-t.build/Objects-normal/arm64/GoogleWKT.abi.json
SwiftCompile normal arm64 (in target 'GoogleWKT' from project 'GoogleWKT')
    cd /Users/admin/builder/spi-builder-workspace/.swiftpm/xcode

SwiftCompile normal arm64 Compiling\ WKTSyntax.swift,\ WKTType.swift,\ PackageVersion.swift /Users/admin/builder/spi-builder-workspace/.dependencies/checkouts/swift-google-wkt/Sources/GoogleWKT/generated/messages/WKTSyntax.swift /Users/admin/builder/spi-builder-workspace/.dependencies/checkouts/swift-google-wkt/Sources/GoogleWKT/generated/messages/WKTType.swift /Users/admin/builder/spi-builder-workspace/.dependencies/checkouts/swift-google-wkt/Sources/GoogleWKT/generated/version/PackageVersion.swift (in target 'GoogleWKT' from project 'GoogleWKT')
SwiftCompile normal arm64 /Users/admin/builder/spi-builder-workspace/.dependencies/checkouts/swift-google-wkt/Sources/GoogleWKT/generated/messages/WKTSyntax.swift (in target 'GoogleWKT' from project 'GoogleWKT')
    cd /Users/admin/builder/spi-builder-workspace/.swiftpm/xcode
    builtin-SwiftPerFileCompile WKTSyntax.swift
SwiftCompile normal arm64 /Users/admin/builder/spi-builder-workspace/.dependencies/checkouts/swift-google-wkt/Sources/GoogleWKT/generated/messages/WKTType.swift (in target 'GoogleWKT' from project 'GoogleWKT')
    cd /Users/admin/builder/spi-builder-workspace/.swiftpm/xcode
    builtin-SwiftPerFileCompile WKTType.swift
SwiftCompile normal arm64 /Users/admin/builder/spi-builder-workspace/.dependencies/checkouts/swift-google-wkt/Sources/GoogleWKT/generated/version/PackageVersion.swift (in target 'GoogleWKT' from project 'GoogleWKT')
    cd /Users/admin/builder/spi-builder-workspace/.swiftpm/xcode
    builtin-SwiftPerFileCompile PackageVersion.swift
PruneExplicitPrecompiledModules /Users/admin/builder/spi-builder-workspace/.derivedData/Build/Intermediates.noindex/ExplicitPrecompiledModules
PruneExplicitPrecompiledModules /Users/admin/builder/spi-builder-workspace/.derivedData/Build/Intermediates.noindex/SwiftExplicitPrecompiledModules
PruneExplicitPrecompiledModules /Users/admin/builder/spi-builder-workspace/.derivedData/SDKExplicitPrecompiledModules
2026-10-10 20:46:30.164 xcodebuild[823:4957] [MT] IDERunDestination: Supported platforms for the buildables in the current scheme is empty.
** BUILD FAILED **
The following build commands failed:
	SwiftEmitModule normal arm64 Emitting\ module\ for\ GoogleWKT (in target 'GoogleWKT' from project 'GoogleWKT')
	SwiftCompile normal arm64 (in target 'GoogleWKT' from project 'GoogleWKT')
	Building workspace GoogleCloudGKEHubConfigManagementV1 with scheme GoogleCloudGKEHubConfigManagementV1
(3 failures)
BUILD FAILURE 6.4 visionOS