Build Information
Failed to build VungleAdsSDK, reference 7.7.8 (5db4a9), with Swift 6.4 for tvOS using Xcode 27.0 on 3 Oct 2026 14:13:26 UTC.
Build Command
env DEVELOPER_DIR=/Applications/Xcode-27.0.0-Release.Candidate.app xcrun xcodebuild -IDEClonedSourcePackagesDirPathOverride=$PWD/.dependencies -skipMacroValidation -skipPackagePluginValidation -derivedDataPath $PWD/.derivedData build -scheme VungleAdsSDK -destination generic/platform=tvOSBuild Log
========================================
RunAll
========================================
Builder version: 5.1.1
Interrupt handler set up.
========================================
Checkout
========================================
Clone URL: https://github.com/Vungle/VungleAdsSDK-SwiftPackageManager.git
Reference: 7.7.8
Initialized empty Git repository in /Users/admin/builder/spi-builder-workspace/.git/
From https://github.com/Vungle/VungleAdsSDK-SwiftPackageManager
* tag 7.7.8 -> FETCH_HEAD
HEAD is now at 5db4a91 SDK version upgrade to 7.7.8 (#41)
Cloned https://github.com/Vungle/VungleAdsSDK-SwiftPackageManager.git
Revision (git rev-parse @):
5db4a9115ab3d8353c1143cb67a4b76122b415b7
SUCCESS checkout https://github.com/Vungle/VungleAdsSDK-SwiftPackageManager.git at 7.7.8
========================================
Build
========================================
Selected platform: tvOS
Swift version: 6.4
Building package at path: $PWD
https://github.com/Vungle/VungleAdsSDK-SwiftPackageManager.git
Command line invocation:
/Applications/Xcode-27.0.0-Release.Candidate.app/Contents/Developer/usr/bin/xcodebuild -IDEClonedSourcePackagesDirPathOverride=/Users/admin/builder/spi-builder-workspace/.dependencies -resolvePackageDependencies
Resolve Package Graph
Resolve Package Graph
Resolved source packages:
VungleAdsSDK: /Users/admin/builder/spi-builder-workspace
resolved source packages: VungleAdsSDK
2026-10-03 10:12:38.828 xcodebuild[529:3023] [MT] IDERunDestination: Supported platforms for the buildables in the current scheme is empty.
{
"dependencies" : [
],
"manifest_display_name" : "VungleAdsSDK",
"name" : "VungleAdsSDK",
"path" : "/Users/admin/builder/spi-builder-workspace",
"platforms" : [
],
"products" : [
{
"name" : "VungleAdsSDK",
"targets" : [
"VungleAdsSDK"
],
"type" : {
"library" : [
"automatic"
]
}
}
],
"targets" : [
{
"c99name" : "VungleAdsSDK",
"module_type" : "BinaryTarget",
"name" : "VungleAdsSDK",
"path" : "remote/archive/VungleAds-7.7.8.zip",
"product_memberships" : [
"VungleAdsSDK"
],
"sources" : [
],
"type" : "binary"
}
],
"tools_version" : "5.3"
}
{
"workspace" : {
"name" : "VungleAdsSDK",
"schemes" : [
"VungleAdsSDK"
]
}
}
2026-10-03 10:13:20.429 xcodebuild[659:4177] [MT] IDERunDestination: Supported platforms for the buildables in the current scheme is empty.
Running build ...
env DEVELOPER_DIR=/Applications/Xcode-27.0.0-Release.Candidate.app xcrun xcodebuild -IDEClonedSourcePackagesDirPathOverride=$PWD/.dependencies -skipMacroValidation -skipPackagePluginValidation -derivedDataPath $PWD/.derivedData build -scheme VungleAdsSDK -destination generic/platform=tvOS
Command line invocation:
/Applications/Xcode-27.0.0-Release.Candidate.app/Contents/Developer/usr/bin/xcodebuild -IDEClonedSourcePackagesDirPathOverride=/Users/admin/builder/spi-builder-workspace/.dependencies -skipMacroValidation -skipPackagePluginValidation -derivedDataPath /Users/admin/builder/spi-builder-workspace/.derivedData build -scheme VungleAdsSDK -destination generic/platform=tvOS
Resolve Package Graph
Resolved source packages:
VungleAdsSDK: /Users/admin/builder/spi-builder-workspace
ComputePackagePrebuildTargetDependencyGraph
Prepare packages
CreateBuildRequest
SendProjectDescription
CreateBuildOperation
ComputeTargetDependencyGraph
note: Building targets in dependency order
note: Target dependency graph (1 target)
Target 'VungleAdsSDK-product' in project 'VungleAdsSDK' (no dependencies)
GatherProvisioningInputs
CreateBuildDescription
ExecuteExternalTool /Applications/Xcode-27.0.0-Release.Candidate.app/Contents/Developer/Toolchains/XcodeDefault.xctoolchain/usr/bin/clang -v -E -dM -isysroot /Applications/Xcode-27.0.0-Release.Candidate.app/Contents/Developer/Platforms/AppleTVOS.platform/Developer/SDKs/AppleTVOS27.0.sdk -x c -c /dev/null
Build description signature: 987e7ad7c4650d26d358c0709aa1a9b3
Build description path: /Users/admin/builder/spi-builder-workspace/.derivedData/Build/Intermediates.noindex/XCBuildData/987e7ad7c4650d26d358c0709aa1a9b3.xcbuilddata
/Users/admin/builder/spi-builder-workspace/.dependencies/artifacts/spi-builder-workspace/VungleAdsSDK/VungleAdsSDK.xcframework:1:1: error: While building for tvOS, no library for this platform was found in '/Users/admin/builder/spi-builder-workspace/.dependencies/artifacts/spi-builder-workspace/VungleAdsSDK/VungleAdsSDK.xcframework'. (in target 'VungleAdsSDK-product' from project 'VungleAdsSDK')
2026-10-03 10:13:21.978 xcodebuild[660:4221] [MT] IDERunDestination: Supported platforms for the buildables in the current scheme is empty.
** BUILD FAILED **
The following build commands failed:
Building workspace VungleAdsSDK with scheme VungleAdsSDK
(1 failure)
Command line invocation:
/Applications/Xcode-27.0.0-Release.Candidate.app/Contents/Developer/usr/bin/xcodebuild -IDEClonedSourcePackagesDirPathOverride=/Users/admin/builder/spi-builder-workspace/.dependencies -resolvePackageDependencies
Resolve Package Graph
Resolved source packages:
VungleAdsSDK: /Users/admin/builder/spi-builder-workspace
resolved source packages: VungleAdsSDK
2026-10-03 10:13:23.525 xcodebuild[672:4329] [MT] IDERunDestination: Supported platforms for the buildables in the current scheme is empty.
{
"dependencies" : [
],
"manifest_display_name" : "VungleAdsSDK",
"name" : "VungleAdsSDK",
"path" : "/Users/admin/builder/spi-builder-workspace",
"platforms" : [
],
"products" : [
{
"name" : "VungleAdsSDK",
"targets" : [
"VungleAdsSDK"
],
"type" : {
"library" : [
"automatic"
]
}
}
],
"targets" : [
{
"c99name" : "VungleAdsSDK",
"module_type" : "BinaryTarget",
"name" : "VungleAdsSDK",
"path" : "remote/archive/VungleAds-7.7.8.zip",
"product_memberships" : [
"VungleAdsSDK"
],
"sources" : [
],
"type" : "binary"
}
],
"tools_version" : "5.3"
}
{
"workspace" : {
"name" : "VungleAdsSDK",
"schemes" : [
"VungleAdsSDK"
]
}
}
2026-10-03 10:13:24.711 xcodebuild[680:4389] [MT] IDERunDestination: Supported platforms for the buildables in the current scheme is empty.
Running build ...
env DEVELOPER_DIR=/Applications/Xcode-27.0.0-Release.Candidate.app xcrun xcodebuild -IDEClonedSourcePackagesDirPathOverride=$PWD/.dependencies -skipMacroValidation -skipPackagePluginValidation -derivedDataPath $PWD/.derivedData build -scheme VungleAdsSDK -destination generic/platform=tvOS
Command line invocation:
/Applications/Xcode-27.0.0-Release.Candidate.app/Contents/Developer/usr/bin/xcodebuild -IDEClonedSourcePackagesDirPathOverride=/Users/admin/builder/spi-builder-workspace/.dependencies -skipMacroValidation -skipPackagePluginValidation -derivedDataPath /Users/admin/builder/spi-builder-workspace/.derivedData build -scheme VungleAdsSDK -destination generic/platform=tvOS
Resolve Package Graph
Resolved source packages:
VungleAdsSDK: /Users/admin/builder/spi-builder-workspace
ComputePackagePrebuildTargetDependencyGraph
Prepare packages
CreateBuildRequest
SendProjectDescription
CreateBuildOperation
ComputeTargetDependencyGraph
note: Building targets in dependency order
note: Target dependency graph (1 target)
Target 'VungleAdsSDK-product' in project 'VungleAdsSDK' (no dependencies)
GatherProvisioningInputs
CreateBuildDescription
/Users/admin/builder/spi-builder-workspace/.dependencies/artifacts/spi-builder-workspace/VungleAdsSDK/VungleAdsSDK.xcframework:1:1: error: While building for tvOS, no library for this platform was found in '/Users/admin/builder/spi-builder-workspace/.dependencies/artifacts/spi-builder-workspace/VungleAdsSDK/VungleAdsSDK.xcframework'. (in target 'VungleAdsSDK-product' from project 'VungleAdsSDK')
2026-10-03 10:13:25.641 xcodebuild[681:4413] [MT] IDERunDestination: Supported platforms for the buildables in the current scheme is empty.
** BUILD FAILED **
The following build commands failed:
Building workspace VungleAdsSDK with scheme VungleAdsSDK
(1 failure)
BUILD FAILURE 6.4 tvOS