The Swift Package Index logo.Swift Package Index

Build Information

Failed to build Bunker, reference main (2d4436), with Swift 6.4 for macOS (SPM) on 17 Sep 2026 12:40:24 UTC.

Build Command

env DEVELOPER_DIR=/Applications/Xcode-27.0.0-Release.Candidate.app xcrun swift build --arch arm64

Build Log

========================================
RunAll
========================================
Builder version: 5.1.0
Interrupt handler set up.
========================================
Checkout
========================================
Clone URL: https://github.com/Sam-Spencer/Bunker.git
Reference: main
Initialized empty Git repository in /Users/admin/builder/spi-builder-workspace/.git/
From https://github.com/Sam-Spencer/Bunker
 * branch            main       -> FETCH_HEAD
 * [new branch]      main       -> origin/main
HEAD is now at 2d4436a Update README.md
Cloned https://github.com/Sam-Spencer/Bunker.git
Revision (git rev-parse @):
2d4436a5d1501ab8dd384babba9170f89528ff80
SUCCESS checkout https://github.com/Sam-Spencer/Bunker.git at main
========================================
Build
========================================
Selected platform:         macosSpm
Swift version:             6.4
Building package at path:  $PWD
https://github.com/Sam-Spencer/Bunker.git
Running build ...
env DEVELOPER_DIR=/Applications/Xcode-27.0.0-Release.Candidate.app xcrun swift build --arch arm64
Building for debugging...
[Constructing description]
[Planning deferred tasks]
[49 / 98]
[50 / 99] Storage
[60 / 144]
[65 / 144]
[69 / 144]
[70 / 144]
[74 / 144]
[76 / 144]
[79 / 144]
[83 / 144]
[85 / 144]
[86 / 144]
[95 / 144] Storage
[103 / 146] Storage
[110 / 155] Keychain
[125 / 156]
[126 / 157]
[128 / 160] UserDefault
[131 / 163] UserDefault
[143 / 163] Singleton
[144 / 163] SecurePropertyStorage-product
[151 / 164] Storage
[155 / 164] Bunker
[165 / 238]
[168 / 238]
[176 / 238]
[178 / 238]
[179 / 238]
[185 / 238]
[187 / 238]
[190 / 238]
[196 / 238]
[199 / 238]
[201 / 238]
[202 / 238]
[213 / 238]
[215 / 238]
[216 / 238]
[219 / 238]
[221 / 238]
Fetching https://github.com/alexruperez/SecurePropertyStorage
[1/3902] Fetching securepropertystorage
Fetched https://github.com/alexruperez/SecurePropertyStorage (3.83s)
Computing version for https://github.com/alexruperez/SecurePropertyStorage
Computed https://github.com/alexruperez/SecurePropertyStorage at 0.8.2 (4.47s)
Creating working copy for https://github.com/alexruperez/SecurePropertyStorage
Working copy of https://github.com/alexruperez/SecurePropertyStorage resolved at 0.8.2
error: SwiftCompile normal arm64 failed with a nonzero exit code. Command line:     cd /Users/admin/builder

/Users/admin/builder/spi-builder-workspace/Sources/Bunker/SearchBar.swift:16:41: error: cannot find type 'UISearchBarDelegate' in scope
14 |     @Binding public var predicate: NSPredicate?
15 |
16 |     public class Coordinator: NSObject, UISearchBarDelegate {
   |                                         `- error: cannot find type 'UISearchBarDelegate' in scope
17 |
18 |         @Binding var text: String
/Users/admin/builder/spi-builder-workspace/Sources/Bunker/SearchBar.swift:27:44: error: cannot find type 'UISearchBar' in scope
25 |
26 |         // UISearchBarDelegate
27 |         public func searchBar(_ searchBar: UISearchBar, textDidChange searchText: String) {
   |                                            `- error: cannot find type 'UISearchBar' in scope
28 |             text = searchText
29 |             predicate = NSPredicate(format: "name contains[c] %@", searchText)
/Users/admin/builder/spi-builder-workspace/Sources/Bunker/SearchBar.swift:32:63: error: cannot find type 'UISearchBar' in scope
30 |         }
31 |
32 |         public func searchBarSearchButtonClicked(_ searchBar: UISearchBar) {
   |                                                               `- error: cannot find type 'UISearchBar' in scope
33 |             UIApplication.shared.sendAction(#selector(UIResponder.resignFirstResponder), to: nil, from: nil, for: nil)
34 |         }
/Users/admin/builder/spi-builder-workspace/Sources/Bunker/SearchBar.swift:41:79: error: cannot find type 'UISearchBar' in scope
39 |     }
40 |
41 |     public func makeUIView(context: UIViewRepresentableContext<SearchBar>) -> UISearchBar {
   |                                                                               `- error: cannot find type 'UISearchBar' in scope
42 |         let searchBar = UISearchBar(frame: .zero)
43 |         searchBar.delegate = context.coordinator
/Users/admin/builder/spi-builder-workspace/Sources/Bunker/SearchBar.swift:41:37: error: cannot find type 'UIViewRepresentableContext' in scope
39 |     }
40 |
41 |     public func makeUIView(context: UIViewRepresentableContext<SearchBar>) -> UISearchBar {
   |                                     `- error: cannot find type 'UIViewRepresentableContext' in scope
42 |         let searchBar = UISearchBar(frame: .zero)
43 |         searchBar.delegate = context.coordinator
/Users/admin/builder/spi-builder-workspace/Sources/Bunker/SearchBar.swift:50:40: error: cannot find type 'UISearchBar' in scope
48 |     }
49 |
50 |     public func updateUIView(_ uiView: UISearchBar, context: UIViewRepresentableContext<SearchBar>) {
   |                                        `- error: cannot find type 'UISearchBar' in scope
51 |         uiView.text = text
52 |     }
/Users/admin/builder/spi-builder-workspace/Sources/Bunker/SearchBar.swift:50:62: error: cannot find type 'UIViewRepresentableContext' in scope
48 |     }
49 |
50 |     public func updateUIView(_ uiView: UISearchBar, context: UIViewRepresentableContext<SearchBar>) {
   |                                                              `- error: cannot find type 'UIViewRepresentableContext' in scope
51 |         uiView.text = text
52 |     }
/Users/admin/builder/spi-builder-workspace/Sources/Bunker/SearchBar.swift:11:26: error: cannot find type 'UIViewRepresentable' in scope
 9 | import SwiftUI
10 |
11 | public struct SearchBar: UIViewRepresentable {
   |                          `- error: cannot find type 'UIViewRepresentable' in scope
12 |
13 |     @Binding public var text: String
Failed frontend command:
/Applications/Xcode-27.0.0-Release.Candidate.app/Contents/Developer/Toolchains/XcodeDefault.xctoolchain/usr/bin/swift-frontend -frontend -emit-module -experimental-skip-non-inlinable-function-bodies-without-types /Users/admin/builder/spi-builder-workspace/Sources/Bunker/Bunker.swift /Users/admin/builder/spi-builder-workspace/Sources/Bunker/BunkerNotifier.swift /Users/admin/builder/spi-builder-workspace/Sources/Bunker/BunkerResource.swift /Users/admin/builder/spi-builder-workspace/Sources/Bunker/BunkerSearch.swift /Users/admin/builder/spi-builder-workspace/Sources/Bunker/BunkerSource.swift /Users/admin/builder/spi-builder-workspace/Sources/Bunker/SearchBar.swift -target arm64-apple-macos12.0 -disable-cross-import-overlay-search -swift-module-cross-import CoreData /Applications/Xcode-27.0.0-Release.Candidate.app/Contents/Developer/Platforms/MacOSX.platform/Developer/SDKs/MacOSX.sdk/System/Library/Frameworks/CoreData.framework/Modules/CoreData.swiftcrossimport/CloudKit.swiftoverlay -swift-module-cross-import CoreData /Applications/Xcode-27.0.0-Release.Candidate.app/Contents/Developer/Platforms/MacOSX.platform/Developer/SDKs/MacOSX27.0.sdk/System/Library/Frameworks/CoreData.framework/Modules/CoreData.swiftcrossimport/CloudKit.swiftoverlay -load-resolved-plugin /Applications/Xcode-27.0.0-Release.Candidate.app/Contents/Developer/Platforms/MacOSX.platform/Developer/usr/lib/swift/host/plugins/libFoundationMacros.dylib\#/Applications/Xcode-27.0.0-Release.Candidate.app/Contents/Developer/Platforms/MacOSX.platform/Developer/usr/bin/swift-plugin-server\#FoundationMacros -load-resolved-plugin /Applications/Xcode-27.0.0-Release.Candidate.app/Contents/Developer/Platforms/MacOSX.platform/Developer/usr/lib/swift/host/plugins/libObservationMacros.dylib\#/Applications/Xcode-27.0.0-Release.Candidate.app/Contents/Developer/Platforms/MacOSX.platform/Developer/usr/bin/swift-plugin-server\#ObservationMacros -load-resolved-plugin /Applications/Xcode-27.0.0-Release.Candidate.app/Contents/Developer/Platforms/MacOSX.platform/Developer/usr/lib/swift/host/plugins/libPreviewsMacros.dylib\#/Applications/Xcode-27.0.0-Release.Candidate.app/Contents/Developer/Platforms/MacOSX.platform/Developer/usr/bin/swift-plugin-server\#PreviewsMacros -load-resolved-plugin /Applications/Xcode-27.0.0-Release.Candidate.app/Contents/Developer/Platforms/MacOSX.platform/Developer/usr/lib/swift/host/plugins/libSwiftMacros.dylib\#/Applications/Xcode-27.0.0-Release.Candidate.app/Contents/Developer/Platforms/MacOSX.platform/Developer/usr/bin/swift-plugin-server\#SwiftMacros -load-resolved-plugin /Applications/Xcode-27.0.0-Release.Candidate.app/Contents/Developer/Platforms/MacOSX.platform/Developer/usr/lib/swift/host/plugins/libSwiftUIMacros.dylib\#/Applications/Xcode-27.0.0-Release.Candidate.app/Contents/Developer/Platforms/MacOSX.platform/Developer/usr/bin/swift-plugin-server\#SwiftUIMacros -disable-implicit-swift-modules -Xcc -fno-implicit-modules -Xcc -fno-implicit-module-maps -explicit-swift-module-map-file /Users/admin/builder/spi-builder-workspace/.build/out/Intermediates.noindex/Bunker.build/Debug/Bunker-t.build/Objects-normal/arm64/Bunker-dependencies-1.json -Xllvm -aarch64-use-tbi -enable-objc-interop -stack-check -sdk /Applications/Xcode-27.0.0-Release.Candidate.app/Contents/Developer/Platforms/MacOSX.platform/Developer/SDKs/MacOSX27.0.sdk -I /Users/admin/builder/spi-builder-workspace/.build/out/Products/Debug -Isystem /Applications/Xcode-27.0.0-Release.Candidate.app/Contents/Developer/Platforms/MacOSX.platform/Developer/usr/lib -F /Users/admin/builder/spi-builder-workspace/.build/out/Products/Debug/PackageFrameworks -F /Users/admin/builder/spi-builder-workspace/.build/out/Products/Debug -F /Applications/Xcode-27.0.0-Release.Candidate.app/Contents/Developer/Platforms/MacOSX.platform/Developer/Library/Frameworks -module-cache-path /Users/admin/builder/spi-builder-workspace/.build/out/Intermediates.noindex/SwiftExplicitPrecompiledModules -color-diagnostics -Xcc -fcolor-diagnostics -enable-testing -g -debug-info-format\=dwarf -dwarf-version\=4 -swift-version 5 -Onone -D SWIFT_PACKAGE -D DEBUG -D SWIFT_MODULE_RESOURCE_BUNDLE_UNAVAILABLE -D Xcode -serialize-debugging-options -enable-experimental-feature DebugDescriptionMacro -empty-abi-descriptor -validate-clang-modules-once -clang-build-session-file /Users/admin/builder/spi-builder-workspace/.build/out/ModuleCache.noindex/Session.modulevalidation -Xcc -working-directory -Xcc /Users/admin/builder -enable-anonymous-context-mangled-names -file-compilation-dir /Users/admin/builder -Xcc -D_LIBCPP_HARDENING_MODE\=_LIBCPP_HARDENING_MODE_DEBUG -Xcc -ivfsstatcache -Xcc /Users/admin/builder/spi-builder-workspace/.build/out/SDKStatCaches.noindex/macosx27.0-26A425-80c5bbf1d171475443272936d42f90a36a22442a12e9d48fe1a705f55a1adfc4.sdkstatcache -Xcc -fmodules-prune-interval\=86400 -Xcc -fmodules-prune-after\=345600 -Xcc -I/Users/admin/builder/spi-builder-workspace/.build/out/Products/Debug/include -Xcc -I/Users/admin/builder/spi-builder-workspace/.build/out/Intermediates.noindex/Bunker.build/Debug/Bunker-t.build/DerivedSources-normal/arm64 -Xcc -I/Users/admin/builder/spi-builder-workspace/.build/out/Intermediates.noindex/Bunker.build/Debug/Bunker-t.build/DerivedSources/arm64 -Xcc -I/Users/admin/builder/spi-builder-workspace/.build/out/Intermediates.noindex/Bunker.build/Debug/Bunker-t.build/DerivedSources -Xcc -DSWIFT_PACKAGE -Xcc -DDEBUG\=1 -no-auto-bridging-header-chaining -module-name Bunker -const-gather-protocols-file /Users/admin/builder/spi-builder-workspace/.build/out/Intermediates.noindex/Bunker.build/Debug/Bunker-t.build/Objects-normal/arm64/Bunker_const_extract_protocols.json -disable-clang-spi -clang-target arm64-apple-macos27.0 -target-sdk-version 27.0 -target-sdk-name macosx27.0 -in-process-plugin-server-path /Applications/Xcode-27.0.0-Release.Candidate.app/Contents/Developer/Toolchains/XcodeDefault.xctoolchain/usr/lib/swift/host/libSwiftInProcPluginServer.dylib -emit-module-doc-path /Users/admin/builder/spi-builder-workspace/.build/out/Intermediates.noindex/Bunker.build/Debug/Bunker-t.build/Objects-normal/arm64/Bunker.swiftdoc -emit-module-source-info-path /Users/admin/builder/spi-builder-workspace/.build/out/Intermediates.noindex/Bunker.build/Debug/Bunker-t.build/Objects-normal/arm64/Bunker.swiftsourceinfo -emit-objc-header-path /Users/admin/builder/spi-builder-workspace/.build/out/Intermediates.noindex/Bunker.build/Debug/Bunker-t.build/Objects-normal/arm64/Bunker-Swift.h -serialize-diagnostics-path /Users/admin/builder/spi-builder-workspace/.build/out/Intermediates.noindex/Bunker.build/Debug/Bunker-t.build/Objects-normal/arm64/Bunker-primary-emit-module.dia -emit-dependencies-path /Users/admin/builder/spi-builder-workspace/.build/out/Intermediates.noindex/Bunker.build/Debug/Bunker-t.build/Objects-normal/arm64/Bunker-primary-emit-module.d -parse-as-library -o /Users/admin/builder/spi-builder-workspace/.build/out/Intermediates.noindex/Bunker.build/Debug/Bunker-t.build/Objects-normal/arm64/Bunker.swiftmodule -emit-abi-descriptor-path /Users/admin/builder/spi-builder-workspace/.build/out/Intermediates.noindex/Bunker.build/Debug/Bunker-t.build/Objects-normal/arm64/Bunker.abi.json
error: Build failed
BUILD FAILURE 6.4 macosSpm