Build Information
Failed to build SwiftSummarize, reference 1.0.2 (f01a29), with Swift 6.4 for watchOS using Xcode 27.0 on 19 Sep 2026 19:28:41 UTC.
Build Command
env DEVELOPER_DIR=/Applications/Xcode-27.0.0-Release.Candidate.app xcrun xcodebuild -IDEClonedSourcePackagesDirPathOverride=$PWD/.dependencies -skipMacroValidation -skipPackagePluginValidation -derivedDataPath $PWD/.derivedData build -scheme SwiftSummarize -destination generic/platform=watchOSBuild Log
========================================
RunAll
========================================
Builder version: 5.1.0
Interrupt handler set up.
========================================
Checkout
========================================
Clone URL: https://github.com/StefKors/SwiftSummarize.git
Reference: 1.0.2
Initialized empty Git repository in /Users/admin/builder/spi-builder-workspace/.git/
From https://github.com/StefKors/SwiftSummarize
* tag 1.0.2 -> FETCH_HEAD
HEAD is now at f01a295 Update .spi.yml (#2)
Cloned https://github.com/StefKors/SwiftSummarize.git
Revision (git rev-parse @):
f01a2953c3f8ed6fe136890b26f5b301074c0c44
SPI manifest file found: $PWD/.spi.yml
SUCCESS checkout https://github.com/StefKors/SwiftSummarize.git at 1.0.2
========================================
Build
========================================
Selected platform: watchOS
Swift version: 6.4
Building package at path: $PWD
https://github.com/StefKors/SwiftSummarize.git
Command line invocation:
/Applications/Xcode-27.0.0-Release.Candidate.app/Contents/Developer/usr/bin/xcodebuild -IDEClonedSourcePackagesDirPathOverride=/Users/admin/builder/spi-builder-workspace/.dependencies -resolvePackageDependencies
Resolve Package Graph
Invalid Exclude '/Users/admin/builder/spi-builder-workspace/Sources/SwiftSummarize/ExampleSwiftUI.swift': File not found.
Resolve Package Graph
Invalid Exclude '/Users/admin/builder/spi-builder-workspace/Sources/SwiftSummarize/ExampleSwiftUI.swift': File not found.
Resolved source packages:
SwiftSummarize: /Users/admin/builder/spi-builder-workspace
resolved source packages: SwiftSummarize
2026-09-19 15:27:50.687 xcodebuild[525:3020] [MT] IDERunDestination: Supported platforms for the buildables in the current scheme is empty.
{
"dependencies" : [
],
"manifest_display_name" : "SwiftSummarize",
"name" : "SwiftSummarize",
"path" : "/Users/admin/builder/spi-builder-workspace",
"platforms" : [
{
"name" : "macos",
"version" : "10.13"
}
],
"products" : [
{
"name" : "SwiftSummarize",
"targets" : [
"SwiftSummarize"
],
"type" : {
"library" : [
"automatic"
]
}
}
],
"targets" : [
{
"c99name" : "SwiftSummarizeTests",
"module_type" : "SwiftTarget",
"name" : "SwiftSummarizeTests",
"path" : "Tests/SwiftSummarizeTests",
"sources" : [
"SwiftSummarizeTests.swift"
],
"target_dependencies" : [
"SwiftSummarize"
],
"type" : "test"
},
{
"c99name" : "SwiftSummarize",
"module_type" : "SwiftTarget",
"name" : "SwiftSummarize",
"path" : "Sources/SwiftSummarize",
"product_memberships" : [
"SwiftSummarize"
],
"resources" : [
{
"path" : "/Users/admin/builder/spi-builder-workspace/Sources/SwiftSummarize/Documentation.docc",
"rule" : {
"process" : {
}
}
}
],
"sources" : [
"SwiftSummarize.swift"
],
"type" : "library"
}
],
"tools_version" : "5.3"
}
warning: 'spi-builder-workspace': Invalid Exclude '/Users/admin/builder/spi-builder-workspace/Sources/SwiftSummarize/ExampleSwiftUI.swift': File not found.
{
"workspace" : {
"name" : "SwiftSummarize",
"schemes" : [
"SwiftSummarize"
]
}
}
2026-09-19 15:28:31.436 xcodebuild[623:3939] [MT] IDERunDestination: Supported platforms for the buildables in the current scheme is empty.
Running build ...
env DEVELOPER_DIR=/Applications/Xcode-27.0.0-Release.Candidate.app xcrun xcodebuild -IDEClonedSourcePackagesDirPathOverride=$PWD/.dependencies -skipMacroValidation -skipPackagePluginValidation -derivedDataPath $PWD/.derivedData build -scheme SwiftSummarize -destination generic/platform=watchOS
Command line invocation:
/Applications/Xcode-27.0.0-Release.Candidate.app/Contents/Developer/usr/bin/xcodebuild -IDEClonedSourcePackagesDirPathOverride=/Users/admin/builder/spi-builder-workspace/.dependencies -skipMacroValidation -skipPackagePluginValidation -derivedDataPath /Users/admin/builder/spi-builder-workspace/.derivedData build -scheme SwiftSummarize -destination generic/platform=watchOS
Resolve Package Graph
Invalid Exclude '/Users/admin/builder/spi-builder-workspace/Sources/SwiftSummarize/ExampleSwiftUI.swift': File not found.
Resolved source packages:
SwiftSummarize: /Users/admin/builder/spi-builder-workspace
ComputePackagePrebuildTargetDependencyGraph
Prepare packages
CreateBuildRequest
SendProjectDescription
CreateBuildOperation
ComputeTargetDependencyGraph
note: Building targets in dependency order
note: Target dependency graph (3 targets)
Target 'SwiftSummarize-product' in project 'SwiftSummarize'
➜ Explicit dependency on target 'SwiftSummarize' in project 'SwiftSummarize'
➜ Explicit dependency on target 'SwiftSummarize_SwiftSummarize' in project 'SwiftSummarize'
Target 'SwiftSummarize' in project 'SwiftSummarize'
➜ Explicit dependency on target 'SwiftSummarize_SwiftSummarize' in project 'SwiftSummarize'
Target 'SwiftSummarize_SwiftSummarize' in project 'SwiftSummarize' (no dependencies)
GatherProvisioningInputs
CreateBuildDescription
ExecuteExternalTool /Applications/Xcode-27.0.0-Release.Candidate.app/Contents/Developer/Toolchains/XcodeDefault.xctoolchain/usr/bin/clang -v -E -dM -isysroot /Applications/Xcode-27.0.0-Release.Candidate.app/Contents/Developer/Platforms/WatchOS.platform/Developer/SDKs/WatchOS27.0.sdk -x c -c /dev/null
ExecuteExternalTool /Applications/Xcode-27.0.0-Release.Candidate.app/Contents/Developer/Toolchains/XcodeDefault.xctoolchain/usr/bin/swiftc --version
ExecuteExternalTool /Applications/Xcode-27.0.0-Release.Candidate.app/Contents/Developer/Toolchains/XcodeDefault.xctoolchain/usr/bin/ld -version_details
Build description signature: 23fd5ed51e4427dd6447cd2d69556db4
Build description path: /Users/admin/builder/spi-builder-workspace/.derivedData/Build/Intermediates.noindex/XCBuildData/23fd5ed51e4427dd6447cd2d69556db4.xcbuilddata
CreateBuildDirectory /Users/admin/builder/spi-builder-workspace/.derivedData/SDKExplicitPrecompiledModules
cd /Users/admin/builder/spi-builder-workspace/.swiftpm/xcode
builtin-create-build-directory /Users/admin/builder/spi-builder-workspace/.derivedData/SDKExplicitPrecompiledModules
CreateBuildDirectory /Users/admin/builder/spi-builder-workspace/.derivedData/ModuleCache.noindex
cd /Users/admin/builder/spi-builder-workspace/.swiftpm/xcode
builtin-create-build-directory /Users/admin/builder/spi-builder-workspace/.derivedData/ModuleCache.noindex
CreateBuildDirectory /Users/admin/builder/spi-builder-workspace/.derivedData/Build/Intermediates.noindex
cd /Users/admin/builder/spi-builder-workspace/.swiftpm/xcode
builtin-create-build-directory /Users/admin/builder/spi-builder-workspace/.derivedData/Build/Intermediates.noindex
CreateBuildDirectory /Users/admin/builder/spi-builder-workspace/.derivedData/CompilationCache.noindex
cd /Users/admin/builder/spi-builder-workspace/.swiftpm/xcode
builtin-create-build-directory /Users/admin/builder/spi-builder-workspace/.derivedData/CompilationCache.noindex
CreateBuildDirectory /Users/admin/builder/spi-builder-workspace/.derivedData/Build/Products
cd /Users/admin/builder/spi-builder-workspace/.swiftpm/xcode
builtin-create-build-directory /Users/admin/builder/spi-builder-workspace/.derivedData/Build/Products
ClangStatCache /Applications/Xcode-27.0.0-Release.Candidate.app/Contents/Developer/Toolchains/XcodeDefault.xctoolchain/usr/bin/clang-stat-cache /Applications/Xcode-27.0.0-Release.Candidate.app/Contents/Developer/Platforms/WatchOS.platform/Developer/SDKs/WatchOS27.0.sdk /Users/admin/builder/spi-builder-workspace/.derivedData/SDKStatCaches.noindex/watchos27.0-24R360-e829b21a6f8c9b70876ba0858053c04477534ef55a1706bf4c1112bbb242f0a2.sdkstatcache
cd /Users/admin/builder/spi-builder-workspace/.swiftpm/xcode
/Applications/Xcode-27.0.0-Release.Candidate.app/Contents/Developer/Toolchains/XcodeDefault.xctoolchain/usr/bin/clang-stat-cache /Applications/Xcode-27.0.0-Release.Candidate.app/Contents/Developer/Platforms/WatchOS.platform/Developer/SDKs/WatchOS27.0.sdk -o /Users/admin/builder/spi-builder-workspace/.derivedData/SDKStatCaches.noindex/watchos27.0-24R360-e829b21a6f8c9b70876ba0858053c04477534ef55a1706bf4c1112bbb242f0a2.sdkstatcache
CreateBuildDirectory /Users/admin/builder/spi-builder-workspace/.derivedData/Build/Intermediates.noindex/SwiftExplicitPrecompiledModules
cd /Users/admin/builder/spi-builder-workspace/.swiftpm/xcode
builtin-create-build-directory /Users/admin/builder/spi-builder-workspace/.derivedData/Build/Intermediates.noindex/SwiftExplicitPrecompiledModules
CreateBuildDirectory /Users/admin/builder/spi-builder-workspace/.derivedData/Build/Intermediates.noindex/PrecompiledHeaders
cd /Users/admin/builder/spi-builder-workspace/.swiftpm/xcode
builtin-create-build-directory /Users/admin/builder/spi-builder-workspace/.derivedData/Build/Intermediates.noindex/PrecompiledHeaders
CreateBuildDirectory /Users/admin/builder/spi-builder-workspace/.derivedData/Build/Intermediates.noindex/ExplicitPrecompiledModules
cd /Users/admin/builder/spi-builder-workspace/.swiftpm/xcode
builtin-create-build-directory /Users/admin/builder/spi-builder-workspace/.derivedData/Build/Intermediates.noindex/ExplicitPrecompiledModules
CreateBuildDirectory /Users/admin/builder/spi-builder-workspace/.derivedData/Build/Products/Debug-watchos
cd /Users/admin/builder/spi-builder-workspace/.swiftpm/xcode
builtin-create-build-directory /Users/admin/builder/spi-builder-workspace/.derivedData/Build/Products/Debug-watchos
CreateBuildDirectory /Users/admin/builder/spi-builder-workspace/.derivedData/Build/Intermediates.noindex/EagerLinkingTBDs/Debug-watchos
cd /Users/admin/builder/spi-builder-workspace/.swiftpm/xcode
builtin-create-build-directory /Users/admin/builder/spi-builder-workspace/.derivedData/Build/Intermediates.noindex/EagerLinkingTBDs/Debug-watchos
CreateBuildDirectory /Users/admin/builder/spi-builder-workspace/.derivedData/Build/Products/Debug-watchos/PackageFrameworks
cd /Users/admin/builder/spi-builder-workspace/.swiftpm/xcode
builtin-create-build-directory /Users/admin/builder/spi-builder-workspace/.derivedData/Build/Products/Debug-watchos/PackageFrameworks
MkDir /Users/admin/builder/spi-builder-workspace/.derivedData/Build/Products/Debug-watchos/SwiftSummarize_SwiftSummarize.bundle (in target 'SwiftSummarize_SwiftSummarize' from project 'SwiftSummarize')
cd /Users/admin/builder/spi-builder-workspace
/bin/mkdir -p /Users/admin/builder/spi-builder-workspace/.derivedData/Build/Products/Debug-watchos/SwiftSummarize_SwiftSummarize.bundle
WriteAuxiliaryFile /Users/admin/builder/spi-builder-workspace/.derivedData/Build/Intermediates.noindex/SwiftSummarize.build/Debug-watchos/SwiftSummarize_SwiftSummarize-b.build/SwiftSummarize_SwiftSummarize.DependencyMetadataFileList (in target 'SwiftSummarize_SwiftSummarize' from project 'SwiftSummarize')
cd /Users/admin/builder/spi-builder-workspace
write-file /Users/admin/builder/spi-builder-workspace/.derivedData/Build/Intermediates.noindex/SwiftSummarize.build/Debug-watchos/SwiftSummarize_SwiftSummarize-b.build/SwiftSummarize_SwiftSummarize.DependencyMetadataFileList
WriteAuxiliaryFile /Users/admin/builder/spi-builder-workspace/.derivedData/Build/Intermediates.noindex/SwiftSummarize.build/Debug-watchos/SwiftSummarize-t.build/SwiftSummarize.DependencyStaticMetadataFileList (in target 'SwiftSummarize' from project 'SwiftSummarize')
cd /Users/admin/builder/spi-builder-workspace
write-file /Users/admin/builder/spi-builder-workspace/.derivedData/Build/Intermediates.noindex/SwiftSummarize.build/Debug-watchos/SwiftSummarize-t.build/SwiftSummarize.DependencyStaticMetadataFileList
WriteAuxiliaryFile /Users/admin/builder/spi-builder-workspace/.derivedData/Build/Intermediates.noindex/SwiftSummarize.build/Debug-watchos/SwiftSummarize_SwiftSummarize-b.build/empty-SwiftSummarize_SwiftSummarize.plist (in target 'SwiftSummarize_SwiftSummarize' from project 'SwiftSummarize')
cd /Users/admin/builder/spi-builder-workspace
write-file /Users/admin/builder/spi-builder-workspace/.derivedData/Build/Intermediates.noindex/SwiftSummarize.build/Debug-watchos/SwiftSummarize_SwiftSummarize-b.build/empty-SwiftSummarize_SwiftSummarize.plist
WriteAuxiliaryFile /Users/admin/builder/spi-builder-workspace/.derivedData/Build/Intermediates.noindex/SwiftSummarize.build/Debug-watchos/SwiftSummarize_SwiftSummarize-b.build/SwiftSummarize_SwiftSummarize.DependencyStaticMetadataFileList (in target 'SwiftSummarize_SwiftSummarize' from project 'SwiftSummarize')
cd /Users/admin/builder/spi-builder-workspace
write-file /Users/admin/builder/spi-builder-workspace/.derivedData/Build/Intermediates.noindex/SwiftSummarize.build/Debug-watchos/SwiftSummarize_SwiftSummarize-b.build/SwiftSummarize_SwiftSummarize.DependencyStaticMetadataFileList
WriteAuxiliaryFile /Users/admin/builder/spi-builder-workspace/.derivedData/Build/Intermediates.noindex/SwiftSummarize.build/Debug-watchos/SwiftSummarize-t.build/SwiftSummarize.modulemap (in target 'SwiftSummarize' from project 'SwiftSummarize')
cd /Users/admin/builder/spi-builder-workspace
write-file /Users/admin/builder/spi-builder-workspace/.derivedData/Build/Intermediates.noindex/SwiftSummarize.build/Debug-watchos/SwiftSummarize-t.build/SwiftSummarize.modulemap
WriteAuxiliaryFile /Users/admin/builder/spi-builder-workspace/.derivedData/Build/Intermediates.noindex/SwiftSummarize.build/Debug-watchos/SwiftSummarize-t.build/SwiftSummarize.DependencyMetadataFileList (in target 'SwiftSummarize' from project 'SwiftSummarize')
cd /Users/admin/builder/spi-builder-workspace
write-file /Users/admin/builder/spi-builder-workspace/.derivedData/Build/Intermediates.noindex/SwiftSummarize.build/Debug-watchos/SwiftSummarize-t.build/SwiftSummarize.DependencyMetadataFileList
WriteAuxiliaryFile /Users/admin/builder/spi-builder-workspace/.derivedData/Build/Intermediates.noindex/SwiftSummarize.build/Debug-watchos/SwiftSummarize-t.build/Objects-normal/arm64_32/SwiftSummarize_const_extract_protocols.json (in target 'SwiftSummarize' from project 'SwiftSummarize')
cd /Users/admin/builder/spi-builder-workspace
write-file /Users/admin/builder/spi-builder-workspace/.derivedData/Build/Intermediates.noindex/SwiftSummarize.build/Debug-watchos/SwiftSummarize-t.build/Objects-normal/arm64_32/SwiftSummarize_const_extract_protocols.json
WriteAuxiliaryFile /Users/admin/builder/spi-builder-workspace/.derivedData/Build/Intermediates.noindex/SwiftSummarize.build/Debug-watchos/SwiftSummarize-t.build/Objects-normal/arm64_32/SwiftSummarize.SwiftFileList (in target 'SwiftSummarize' from project 'SwiftSummarize')
cd /Users/admin/builder/spi-builder-workspace
write-file /Users/admin/builder/spi-builder-workspace/.derivedData/Build/Intermediates.noindex/SwiftSummarize.build/Debug-watchos/SwiftSummarize-t.build/Objects-normal/arm64_32/SwiftSummarize.SwiftFileList
WriteAuxiliaryFile /Users/admin/builder/spi-builder-workspace/.derivedData/Build/Intermediates.noindex/SwiftSummarize.build/Debug-watchos/SwiftSummarize-t.build/Objects-normal/arm64_32/SwiftSummarize.SwiftConstValuesFileList (in target 'SwiftSummarize' from project 'SwiftSummarize')
cd /Users/admin/builder/spi-builder-workspace
write-file /Users/admin/builder/spi-builder-workspace/.derivedData/Build/Intermediates.noindex/SwiftSummarize.build/Debug-watchos/SwiftSummarize-t.build/Objects-normal/arm64_32/SwiftSummarize.SwiftConstValuesFileList
WriteAuxiliaryFile /Users/admin/builder/spi-builder-workspace/.derivedData/Build/Intermediates.noindex/SwiftSummarize.build/Debug-watchos/SwiftSummarize-t.build/Objects-normal/arm64_32/SwiftSummarize.LinkFileList (in target 'SwiftSummarize' from project 'SwiftSummarize')
cd /Users/admin/builder/spi-builder-workspace
write-file /Users/admin/builder/spi-builder-workspace/.derivedData/Build/Intermediates.noindex/SwiftSummarize.build/Debug-watchos/SwiftSummarize-t.build/Objects-normal/arm64_32/SwiftSummarize.LinkFileList
WriteAuxiliaryFile /Users/admin/builder/spi-builder-workspace/.derivedData/Build/Intermediates.noindex/SwiftSummarize.build/Debug-watchos/SwiftSummarize-t.build/Objects-normal/arm64_32/SwiftSummarize-OutputFileMap.json (in target 'SwiftSummarize' from project 'SwiftSummarize')
cd /Users/admin/builder/spi-builder-workspace
write-file /Users/admin/builder/spi-builder-workspace/.derivedData/Build/Intermediates.noindex/SwiftSummarize.build/Debug-watchos/SwiftSummarize-t.build/Objects-normal/arm64_32/SwiftSummarize-OutputFileMap.json
WriteAuxiliaryFile /Users/admin/builder/spi-builder-workspace/.derivedData/Build/Intermediates.noindex/SwiftSummarize.build/Debug-watchos/SwiftSummarize-t.build/Objects-normal/arm64/SwiftSummarize.SwiftFileList (in target 'SwiftSummarize' from project 'SwiftSummarize')
cd /Users/admin/builder/spi-builder-workspace
write-file /Users/admin/builder/spi-builder-workspace/.derivedData/Build/Intermediates.noindex/SwiftSummarize.build/Debug-watchos/SwiftSummarize-t.build/Objects-normal/arm64/SwiftSummarize.SwiftFileList
WriteAuxiliaryFile /Users/admin/builder/spi-builder-workspace/.derivedData/Build/Intermediates.noindex/SwiftSummarize.build/Debug-watchos/SwiftSummarize-t.build/Objects-normal/arm64/SwiftSummarize.SwiftConstValuesFileList (in target 'SwiftSummarize' from project 'SwiftSummarize')
cd /Users/admin/builder/spi-builder-workspace
write-file /Users/admin/builder/spi-builder-workspace/.derivedData/Build/Intermediates.noindex/SwiftSummarize.build/Debug-watchos/SwiftSummarize-t.build/Objects-normal/arm64/SwiftSummarize.SwiftConstValuesFileList
WriteAuxiliaryFile /Users/admin/builder/spi-builder-workspace/.derivedData/Build/Intermediates.noindex/SwiftSummarize.build/Debug-watchos/SwiftSummarize-t.build/Objects-normal/arm64/SwiftSummarize_const_extract_protocols.json (in target 'SwiftSummarize' from project 'SwiftSummarize')
cd /Users/admin/builder/spi-builder-workspace
write-file /Users/admin/builder/spi-builder-workspace/.derivedData/Build/Intermediates.noindex/SwiftSummarize.build/Debug-watchos/SwiftSummarize-t.build/Objects-normal/arm64/SwiftSummarize_const_extract_protocols.json
WriteAuxiliaryFile /Users/admin/builder/spi-builder-workspace/.derivedData/Build/Intermediates.noindex/SwiftSummarize.build/Debug-watchos/SwiftSummarize-t.build/Objects-normal/arm64/SwiftSummarize.LinkFileList (in target 'SwiftSummarize' from project 'SwiftSummarize')
cd /Users/admin/builder/spi-builder-workspace
write-file /Users/admin/builder/spi-builder-workspace/.derivedData/Build/Intermediates.noindex/SwiftSummarize.build/Debug-watchos/SwiftSummarize-t.build/Objects-normal/arm64/SwiftSummarize.LinkFileList
WriteAuxiliaryFile /Users/admin/builder/spi-builder-workspace/.derivedData/Build/Intermediates.noindex/SwiftSummarize.build/Debug-watchos/SwiftSummarize-t.build/Objects-normal/arm64/SwiftSummarize-OutputFileMap.json (in target 'SwiftSummarize' from project 'SwiftSummarize')
cd /Users/admin/builder/spi-builder-workspace
write-file /Users/admin/builder/spi-builder-workspace/.derivedData/Build/Intermediates.noindex/SwiftSummarize.build/Debug-watchos/SwiftSummarize-t.build/Objects-normal/arm64/SwiftSummarize-OutputFileMap.json
Copy /Users/admin/builder/spi-builder-workspace/.derivedData/Build/Intermediates.noindex/GeneratedModuleMaps-watchos/SwiftSummarize.modulemap /Users/admin/builder/spi-builder-workspace/.derivedData/Build/Intermediates.noindex/SwiftSummarize.build/Debug-watchos/SwiftSummarize-t.build/SwiftSummarize.modulemap (in target 'SwiftSummarize' from project 'SwiftSummarize')
cd /Users/admin/builder/spi-builder-workspace
builtin-copy -exclude .DS_Store -exclude CVS -exclude .svn -exclude .git -exclude .hg -resolve-src-symlinks /Users/admin/builder/spi-builder-workspace/.derivedData/Build/Intermediates.noindex/SwiftSummarize.build/Debug-watchos/SwiftSummarize-t.build/SwiftSummarize.modulemap /Users/admin/builder/spi-builder-workspace/.derivedData/Build/Intermediates.noindex/GeneratedModuleMaps-watchos
WriteAuxiliaryFile /Users/admin/builder/spi-builder-workspace/.derivedData/Build/Intermediates.noindex/SwiftSummarize.build/Debug-watchos/SwiftSummarize-t.build/DerivedSources/resource_bundle_accessor.swift (in target 'SwiftSummarize' from project 'SwiftSummarize')
cd /Users/admin/builder/spi-builder-workspace
write-file /Users/admin/builder/spi-builder-workspace/.derivedData/Build/Intermediates.noindex/SwiftSummarize.build/Debug-watchos/SwiftSummarize-t.build/DerivedSources/resource_bundle_accessor.swift
ProcessInfoPlistFile /Users/admin/builder/spi-builder-workspace/.derivedData/Build/Products/Debug-watchos/SwiftSummarize_SwiftSummarize.bundle/Info.plist /Users/admin/builder/spi-builder-workspace/.derivedData/Build/Intermediates.noindex/SwiftSummarize.build/Debug-watchos/SwiftSummarize_SwiftSummarize-b.build/empty-SwiftSummarize_SwiftSummarize.plist (in target 'SwiftSummarize_SwiftSummarize' from project 'SwiftSummarize')
cd /Users/admin/builder/spi-builder-workspace
builtin-infoPlistUtility /Users/admin/builder/spi-builder-workspace/.derivedData/Build/Intermediates.noindex/SwiftSummarize.build/Debug-watchos/SwiftSummarize_SwiftSummarize-b.build/empty-SwiftSummarize_SwiftSummarize.plist -producttype com.apple.product-type.bundle -expandbuildsettings -format binary -platform watchos -o /Users/admin/builder/spi-builder-workspace/.derivedData/Build/Products/Debug-watchos/SwiftSummarize_SwiftSummarize.bundle/Info.plist
RegisterExecutionPolicyException /Users/admin/builder/spi-builder-workspace/.derivedData/Build/Products/Debug-watchos/SwiftSummarize_SwiftSummarize.bundle (in target 'SwiftSummarize_SwiftSummarize' from project 'SwiftSummarize')
cd /Users/admin/builder/spi-builder-workspace
builtin-RegisterExecutionPolicyException /Users/admin/builder/spi-builder-workspace/.derivedData/Build/Products/Debug-watchos/SwiftSummarize_SwiftSummarize.bundle
Touch /Users/admin/builder/spi-builder-workspace/.derivedData/Build/Products/Debug-watchos/SwiftSummarize_SwiftSummarize.bundle (in target 'SwiftSummarize_SwiftSummarize' from project 'SwiftSummarize')
cd /Users/admin/builder/spi-builder-workspace
/usr/bin/touch -c /Users/admin/builder/spi-builder-workspace/.derivedData/Build/Products/Debug-watchos/SwiftSummarize_SwiftSummarize.bundle
SwiftDriver SwiftSummarize normal arm64_32 com.apple.xcode.tools.swift.compiler (in target 'SwiftSummarize' from project 'SwiftSummarize')
cd /Users/admin/builder/spi-builder-workspace/.swiftpm/xcode
builtin-SwiftDriver -- /Applications/Xcode-27.0.0-Release.Candidate.app/Contents/Developer/Toolchains/XcodeDefault.xctoolchain/usr/bin/swiftc -parse-as-library -module-name SwiftSummarize -Onone @/Users/admin/builder/spi-builder-workspace/.derivedData/Build/Intermediates.noindex/SwiftSummarize.build/Debug-watchos/SwiftSummarize-t.build/Objects-normal/arm64_32/SwiftSummarize.SwiftFileList -DSWIFT_PACKAGE -DDEBUG -DSWIFT_MODULE_RESOURCE_BUNDLE_AVAILABLE -DXcode -plugin-path /Applications/Xcode-27.0.0-Release.Candidate.app/Contents/Developer/Toolchains/XcodeDefault.xctoolchain/usr/lib/swift/host/plugins/testing -enable-experimental-feature DebugDescriptionMacro -sdk /Applications/Xcode-27.0.0-Release.Candidate.app/Contents/Developer/Platforms/WatchOS.platform/Developer/SDKs/WatchOS27.0.sdk -target arm64_32-apple-watchos9.0 -g -module-cache-path /Users/admin/builder/spi-builder-workspace/.derivedData/ModuleCache.noindex -Xfrontend -serialize-debugging-options -profile-coverage-mapping -profile-generate -enable-testing -index-store-path /Users/admin/builder/spi-builder-workspace/.derivedData/Index.noindex/DataStore -Xcc -D_LIBCPP_HARDENING_MODE\=_LIBCPP_HARDENING_MODE_DEBUG -swift-version 5 -I /Users/admin/builder/spi-builder-workspace/.derivedData/Build/Products/Debug-watchos -Isystem /Applications/Xcode-27.0.0-Release.Candidate.app/Contents/Developer/Platforms/WatchOS.platform/Developer/usr/lib -F /Users/admin/builder/spi-builder-workspace/.derivedData/Build/Products/Debug-watchos -F /Applications/Xcode-27.0.0-Release.Candidate.app/Contents/Developer/Platforms/WatchOS.platform/Developer/Library/Frameworks -F /Applications/Xcode-27.0.0-Release.Candidate.app/Contents/Developer/Platforms/WatchOS.platform/Developer/SDKs/WatchOS27.0.sdk/Developer/Library/Frameworks -c -j10 -enable-batch-mode -incremental -Xcc -ivfsstatcache -Xcc /Users/admin/builder/spi-builder-workspace/.derivedData/SDKStatCaches.noindex/watchos27.0-24R360-e829b21a6f8c9b70876ba0858053c04477534ef55a1706bf4c1112bbb242f0a2.sdkstatcache -output-file-map /Users/admin/builder/spi-builder-workspace/.derivedData/Build/Intermediates.noindex/SwiftSummarize.build/Debug-watchos/SwiftSummarize-t.build/Objects-normal/arm64_32/SwiftSummarize-OutputFileMap.json -save-temps -no-color-diagnostics -explicit-module-build -module-cache-path /Users/admin/builder/spi-builder-workspace/.derivedData/Build/Intermediates.noindex/SwiftExplicitPrecompiledModules -clang-scanner-module-cache-path /Users/admin/builder/spi-builder-workspace/.derivedData/ModuleCache.noindex -sdk-module-cache-path /Users/admin/builder/spi-builder-workspace/.derivedData/SDKExplicitPrecompiledModules -emit-dependencies -emit-module -emit-module-path /Users/admin/builder/spi-builder-workspace/.derivedData/Build/Intermediates.noindex/SwiftSummarize.build/Debug-watchos/SwiftSummarize-t.build/Objects-normal/arm64_32/SwiftSummarize.swiftmodule -serialize-diagnostics -dependency-scan-serialize-diagnostics-path /Users/admin/builder/spi-builder-workspace/.derivedData/Build/Intermediates.noindex/SwiftSummarize.build/Debug-watchos/SwiftSummarize-t.build/Objects-normal/arm64_32/SwiftSummarize-dependency-scan.dia -validate-clang-modules-once -clang-build-session-file /Users/admin/builder/spi-builder-workspace/.derivedData/ModuleCache.noindex/Session.modulevalidation -Xcc -fmodules-prune-interval\=86400 -Xcc -fmodules-prune-after\=345600 -emit-const-values -const-gather-protocols-list /Users/admin/builder/spi-builder-workspace/.derivedData/Build/Intermediates.noindex/SwiftSummarize.build/Debug-watchos/SwiftSummarize-t.build/Objects-normal/arm64_32/SwiftSummarize_const_extract_protocols.json -Xcc -I/Users/admin/builder/spi-builder-workspace/.derivedData/Build/Products/Debug-watchos/include -Xcc -I/Users/admin/builder/spi-builder-workspace/.derivedData/Build/Intermediates.noindex/SwiftSummarize.build/Debug-watchos/SwiftSummarize-t.build/DerivedSources-normal/arm64_32 -Xcc -I/Users/admin/builder/spi-builder-workspace/.derivedData/Build/Intermediates.noindex/SwiftSummarize.build/Debug-watchos/SwiftSummarize-t.build/DerivedSources/arm64_32 -Xcc -I/Users/admin/builder/spi-builder-workspace/.derivedData/Build/Intermediates.noindex/SwiftSummarize.build/Debug-watchos/SwiftSummarize-t.build/DerivedSources -Xcc -DSWIFT_PACKAGE -Xcc -DDEBUG\=1 -emit-objc-header -emit-objc-header-path /Users/admin/builder/spi-builder-workspace/.derivedData/Build/Intermediates.noindex/SwiftSummarize.build/Debug-watchos/SwiftSummarize-t.build/Objects-normal/arm64_32/SwiftSummarize-Swift.h -working-directory /Users/admin/builder/spi-builder-workspace/.swiftpm/xcode -experimental-emit-module-separately -disable-cmo
SwiftDriver SwiftSummarize normal arm64 com.apple.xcode.tools.swift.compiler (in target 'SwiftSummarize' from project 'SwiftSummarize')
cd /Users/admin/builder/spi-builder-workspace/.swiftpm/xcode
builtin-SwiftDriver -- /Applications/Xcode-27.0.0-Release.Candidate.app/Contents/Developer/Toolchains/XcodeDefault.xctoolchain/usr/bin/swiftc -parse-as-library -module-name SwiftSummarize -Onone @/Users/admin/builder/spi-builder-workspace/.derivedData/Build/Intermediates.noindex/SwiftSummarize.build/Debug-watchos/SwiftSummarize-t.build/Objects-normal/arm64/SwiftSummarize.SwiftFileList -DSWIFT_PACKAGE -DDEBUG -DSWIFT_MODULE_RESOURCE_BUNDLE_AVAILABLE -DXcode -plugin-path /Applications/Xcode-27.0.0-Release.Candidate.app/Contents/Developer/Toolchains/XcodeDefault.xctoolchain/usr/lib/swift/host/plugins/testing -enable-experimental-feature DebugDescriptionMacro -sdk /Applications/Xcode-27.0.0-Release.Candidate.app/Contents/Developer/Platforms/WatchOS.platform/Developer/SDKs/WatchOS27.0.sdk -target arm64-apple-watchos9.0 -g -module-cache-path /Users/admin/builder/spi-builder-workspace/.derivedData/ModuleCache.noindex -Xfrontend -serialize-debugging-options -profile-coverage-mapping -profile-generate -enable-testing -index-store-path /Users/admin/builder/spi-builder-workspace/.derivedData/Index.noindex/DataStore -Xcc -D_LIBCPP_HARDENING_MODE\=_LIBCPP_HARDENING_MODE_DEBUG -swift-version 5 -I /Users/admin/builder/spi-builder-workspace/.derivedData/Build/Products/Debug-watchos -Isystem /Applications/Xcode-27.0.0-Release.Candidate.app/Contents/Developer/Platforms/WatchOS.platform/Developer/usr/lib -F /Users/admin/builder/spi-builder-workspace/.derivedData/Build/Products/Debug-watchos -F /Applications/Xcode-27.0.0-Release.Candidate.app/Contents/Developer/Platforms/WatchOS.platform/Developer/Library/Frameworks -F /Applications/Xcode-27.0.0-Release.Candidate.app/Contents/Developer/Platforms/WatchOS.platform/Developer/SDKs/WatchOS27.0.sdk/Developer/Library/Frameworks -c -j10 -enable-batch-mode -incremental -Xcc -ivfsstatcache -Xcc /Users/admin/builder/spi-builder-workspace/.derivedData/SDKStatCaches.noindex/watchos27.0-24R360-e829b21a6f8c9b70876ba0858053c04477534ef55a1706bf4c1112bbb242f0a2.sdkstatcache -output-file-map /Users/admin/builder/spi-builder-workspace/.derivedData/Build/Intermediates.noindex/SwiftSummarize.build/Debug-watchos/SwiftSummarize-t.build/Objects-normal/arm64/SwiftSummarize-OutputFileMap.json -save-temps -no-color-diagnostics -explicit-module-build -module-cache-path /Users/admin/builder/spi-builder-workspace/.derivedData/Build/Intermediates.noindex/SwiftExplicitPrecompiledModules -clang-scanner-module-cache-path /Users/admin/builder/spi-builder-workspace/.derivedData/ModuleCache.noindex -sdk-module-cache-path /Users/admin/builder/spi-builder-workspace/.derivedData/SDKExplicitPrecompiledModules -emit-dependencies -emit-module -emit-module-path /Users/admin/builder/spi-builder-workspace/.derivedData/Build/Intermediates.noindex/SwiftSummarize.build/Debug-watchos/SwiftSummarize-t.build/Objects-normal/arm64/SwiftSummarize.swiftmodule -serialize-diagnostics -dependency-scan-serialize-diagnostics-path /Users/admin/builder/spi-builder-workspace/.derivedData/Build/Intermediates.noindex/SwiftSummarize.build/Debug-watchos/SwiftSummarize-t.build/Objects-normal/arm64/SwiftSummarize-dependency-scan.dia -validate-clang-modules-once -clang-build-session-file /Users/admin/builder/spi-builder-workspace/.derivedData/ModuleCache.noindex/Session.modulevalidation -Xcc -fmodules-prune-interval\=86400 -Xcc -fmodules-prune-after\=345600 -emit-const-values -const-gather-protocols-list /Users/admin/builder/spi-builder-workspace/.derivedData/Build/Intermediates.noindex/SwiftSummarize.build/Debug-watchos/SwiftSummarize-t.build/Objects-normal/arm64/SwiftSummarize_const_extract_protocols.json -Xcc -I/Users/admin/builder/spi-builder-workspace/.derivedData/Build/Products/Debug-watchos/include -Xcc -I/Users/admin/builder/spi-builder-workspace/.derivedData/Build/Intermediates.noindex/SwiftSummarize.build/Debug-watchos/SwiftSummarize-t.build/DerivedSources-normal/arm64 -Xcc -I/Users/admin/builder/spi-builder-workspace/.derivedData/Build/Intermediates.noindex/SwiftSummarize.build/Debug-watchos/SwiftSummarize-t.build/DerivedSources/arm64 -Xcc -I/Users/admin/builder/spi-builder-workspace/.derivedData/Build/Intermediates.noindex/SwiftSummarize.build/Debug-watchos/SwiftSummarize-t.build/DerivedSources -Xcc -DSWIFT_PACKAGE -Xcc -DDEBUG\=1 -emit-objc-header -emit-objc-header-path /Users/admin/builder/spi-builder-workspace/.derivedData/Build/Intermediates.noindex/SwiftSummarize.build/Debug-watchos/SwiftSummarize-t.build/Objects-normal/arm64/SwiftSummarize-Swift.h -working-directory /Users/admin/builder/spi-builder-workspace/.swiftpm/xcode -experimental-emit-module-separately -disable-cmo
SwiftExplicitDependencyGeneratePcm arm64 /Users/admin/builder/spi-builder-workspace/.derivedData/SDKExplicitPrecompiledModules/_Builtin_float-C0CW5Q4HGBQYKE77TC42IAFB5.pcm
SwiftExplicitDependencyGeneratePcm arm64 /Users/admin/builder/spi-builder-workspace/.derivedData/SDKExplicitPrecompiledModules/_AvailabilityInternal-BUNV3UXM65NT37THI4W1AM0SF.pcm
SwiftExplicitDependencyGeneratePcm arm64 /Users/admin/builder/spi-builder-workspace/.derivedData/SDKExplicitPrecompiledModules/_SwiftConcurrencyShims-659N52XSKR5F0QSB880BH2FJR.pcm
SwiftExplicitDependencyGeneratePcm arm64 /Users/admin/builder/spi-builder-workspace/.derivedData/SDKExplicitPrecompiledModules/SwiftShims-4MXFZPV6FEB0XBYXCGPWAMQGL.pcm
SwiftExplicitDependencyGeneratePcm arm64 /Users/admin/builder/spi-builder-workspace/.derivedData/SDKExplicitPrecompiledModules/ptrauth-3TZ9WJCGLYD25HQPWH4968ONX.pcm
SwiftExplicitDependencyGeneratePcm arm64 /Users/admin/builder/spi-builder-workspace/.derivedData/SDKExplicitPrecompiledModules/ptrcheck-AIF0NDOYZ8ORBNHQAQR5NNB8M.pcm
SwiftExplicitDependencyGeneratePcm arm64 /Users/admin/builder/spi-builder-workspace/.derivedData/SDKExplicitPrecompiledModules/_Builtin_stddef-1FU30Y8SWFB7OUUHMJQH5J6FM.pcm
SwiftExplicitDependencyGeneratePcm arm64_32 /Users/admin/builder/spi-builder-workspace/.derivedData/SDKExplicitPrecompiledModules/ptrcheck-7ELIH9BTIGVKX3UBITM9N72WD.pcm
SwiftExplicitDependencyGeneratePcm arm64_32 /Users/admin/builder/spi-builder-workspace/.derivedData/SDKExplicitPrecompiledModules/ptrauth-BFXF358ME5AK535N5A9Z766WU.pcm
SwiftExplicitDependencyGeneratePcm arm64_32 /Users/admin/builder/spi-builder-workspace/.derivedData/SDKExplicitPrecompiledModules/_Builtin_stddef-H44EFHQX6XSS5MZ7QP6YJZ76.pcm
SwiftExplicitDependencyGeneratePcm arm64 /Users/admin/builder/spi-builder-workspace/.derivedData/SDKExplicitPrecompiledModules/_Builtin_stdbool-83J96QSOFE9VX04AAS6310UAE.pcm
SwiftExplicitDependencyGeneratePcm arm64 /Users/admin/builder/spi-builder-workspace/.derivedData/SDKExplicitPrecompiledModules/_Builtin_stdarg-A7UU8LE6MP85SM26YO7PBZNUQ.pcm
SwiftExplicitDependencyGeneratePcm arm64_32 /Users/admin/builder/spi-builder-workspace/.derivedData/SDKExplicitPrecompiledModules/_Builtin_float-6KO8O3PEWRCA4WC6PPLOYO6WJ.pcm
SwiftExplicitDependencyGeneratePcm arm64_32 /Users/admin/builder/spi-builder-workspace/.derivedData/SDKExplicitPrecompiledModules/_AvailabilityInternal-244WAN3Z1QBT7PIA64EZEFY1R.pcm
SwiftExplicitDependencyGeneratePcm arm64_32 /Users/admin/builder/spi-builder-workspace/.derivedData/SDKExplicitPrecompiledModules/_Builtin_stdarg-D305JG44A2WPI6CJY37X3QJE8.pcm
SwiftExplicitDependencyGeneratePcm arm64_32 /Users/admin/builder/spi-builder-workspace/.derivedData/SDKExplicitPrecompiledModules/_SwiftConcurrencyShims-6RTBPQ03V7BM9SPRK8SUE055H.pcm
SwiftExplicitDependencyGeneratePcm arm64_32 /Users/admin/builder/spi-builder-workspace/.derivedData/SDKExplicitPrecompiledModules/SwiftShims-9CQQGWTSNTN9EB5NSHDWUJICH.pcm
SwiftExplicitDependencyGeneratePcm arm64_32 /Users/admin/builder/spi-builder-workspace/.derivedData/SDKExplicitPrecompiledModules/_Builtin_stdbool-A967K8W8YUYEC9SN52KJ7OO88.pcm
SwiftExplicitDependencyGeneratePcm arm64 /Users/admin/builder/spi-builder-workspace/.derivedData/SDKExplicitPrecompiledModules/_DarwinFoundation1-7SPX3MD0HMP55E4OLNCPNDQ53.pcm
SwiftExplicitDependencyGeneratePcm arm64_32 /Users/admin/builder/spi-builder-workspace/.derivedData/SDKExplicitPrecompiledModules/_DarwinFoundation1-2GWF9RFMPLQW4PDHS3NARVI3G.pcm
SwiftExplicitDependencyGeneratePcm arm64 /Users/admin/builder/spi-builder-workspace/.derivedData/SDKExplicitPrecompiledModules/_Builtin_limits-9GWPA2B0H20DYUNYHYCWKABJG.pcm
SwiftExplicitDependencyGeneratePcm arm64 /Users/admin/builder/spi-builder-workspace/.derivedData/SDKExplicitPrecompiledModules/_DarwinFoundation2-D0XAPJU49S5E9XMKYOFGSTB1Q.pcm
SwiftExplicitDependencyGeneratePcm arm64_32 /Users/admin/builder/spi-builder-workspace/.derivedData/SDKExplicitPrecompiledModules/_Builtin_limits-3VKBU2AFTD65PAJZ5CJ3LHFM2.pcm
SwiftExplicitDependencyGeneratePcm arm64_32 /Users/admin/builder/spi-builder-workspace/.derivedData/SDKExplicitPrecompiledModules/_DarwinFoundation2-9MY8GOSYRO0M9MKNXF6D3MBNK.pcm
SwiftExplicitDependencyGeneratePcm arm64 /Users/admin/builder/spi-builder-workspace/.derivedData/SDKExplicitPrecompiledModules/sys_types-2KXQLI78OUCDP779AE68GZJ2.pcm
SwiftExplicitDependencyGeneratePcm arm64 /Users/admin/builder/spi-builder-workspace/.derivedData/SDKExplicitPrecompiledModules/_Builtin_stdint-8XMILLJZEGRN2XG7XZUXZ5RLX.pcm
SwiftExplicitDependencyGeneratePcm arm64 /Users/admin/builder/spi-builder-workspace/.derivedData/SDKExplicitPrecompiledModules/string_h-E6PRXK75PHIPCZFWOFCQ3QBMK.pcm
SwiftExplicitDependencyGeneratePcm arm64_32 /Users/admin/builder/spi-builder-workspace/.derivedData/SDKExplicitPrecompiledModules/sys_types-8TLLMW08ZJWDGIIPKOYFGHHZW.pcm
SwiftExplicitDependencyGeneratePcm arm64_32 /Users/admin/builder/spi-builder-workspace/.derivedData/SDKExplicitPrecompiledModules/string_h-BFVLUQUSBZWYMLCU9QI7VZALW.pcm
SwiftExplicitDependencyGeneratePcm arm64_32 /Users/admin/builder/spi-builder-workspace/.derivedData/SDKExplicitPrecompiledModules/_Builtin_stdint-1HMXWI3V0V4TXHRWZOMZGZ80Y.pcm
SwiftExplicitDependencyGeneratePcm arm64 /Users/admin/builder/spi-builder-workspace/.derivedData/SDKExplicitPrecompiledModules/_DarwinFoundation3-B97LRG0E9GON2NUE65TVG81HU.pcm
SwiftExplicitDependencyGeneratePcm arm64_32 /Users/admin/builder/spi-builder-workspace/.derivedData/SDKExplicitPrecompiledModules/_DarwinFoundation3-3DUTYQDQSD9HUAAVY947NMWOI.pcm
SwiftExplicitDependencyGeneratePcm arm64 /Users/admin/builder/spi-builder-workspace/.derivedData/SDKExplicitPrecompiledModules/_Builtin_inttypes-3UQSCM7WNM9EK4HZML8TY5J3D.pcm
SwiftExplicitDependencyGeneratePcm arm64_32 /Users/admin/builder/spi-builder-workspace/.derivedData/SDKExplicitPrecompiledModules/_Builtin_inttypes-D2KPCR4PEX9AQA33NGLUT5SBR.pcm
SwiftExplicitDependencyGeneratePcm arm64 /Users/admin/builder/spi-builder-workspace/.derivedData/SDKExplicitPrecompiledModules/Darwin-3984OXKFNSPE77NT743WK8SEX.pcm
SwiftExplicitDependencyGeneratePcm arm64_32 /Users/admin/builder/spi-builder-workspace/.derivedData/SDKExplicitPrecompiledModules/Darwin-3FVT1SKLN2ZQ5RVOABMTQBB34.pcm
SwiftExplicitDependencyGeneratePcm arm64 /Users/admin/builder/spi-builder-workspace/.derivedData/SDKExplicitPrecompiledModules/ObjectiveC-72IVD3VS2RS8Q28D9PIMY0KQP.pcm
SwiftExplicitDependencyGeneratePcm arm64_32 /Users/admin/builder/spi-builder-workspace/.derivedData/SDKExplicitPrecompiledModules/ObjectiveC-6IJNELR2E80E7LUKESVCP2KET.pcm
SwiftExplicitDependencyGeneratePcm arm64 /Users/admin/builder/spi-builder-workspace/.derivedData/SDKExplicitPrecompiledModules/os_object-3SDKD7F87FTZ26OON37DRYT6O.pcm
SwiftExplicitDependencyGeneratePcm arm64 /Users/admin/builder/spi-builder-workspace/.derivedData/SDKExplicitPrecompiledModules/os_workgroup-89GG5G7YC2D0ZTK6AZXXQ20DH.pcm
SwiftExplicitDependencyGeneratePcm arm64_32 /Users/admin/builder/spi-builder-workspace/.derivedData/SDKExplicitPrecompiledModules/os_object-5YWTC6L4756IWSTPGXS5NM0D0.pcm
SwiftExplicitDependencyGeneratePcm arm64_32 /Users/admin/builder/spi-builder-workspace/.derivedData/SDKExplicitPrecompiledModules/os_workgroup-5JHTPDMNBUNHLJI8LPHKQK1JK.pcm
SwiftExplicitDependencyGeneratePcm arm64 /Users/admin/builder/spi-builder-workspace/.derivedData/SDKExplicitPrecompiledModules/Dispatch-1NLJOVAK60XP0DUB05XA59EIM.pcm
SwiftExplicitDependencyGeneratePcm arm64_32 /Users/admin/builder/spi-builder-workspace/.derivedData/SDKExplicitPrecompiledModules/Dispatch-2P62F1T4XV63S4P99TUDTOK2Q.pcm
SwiftExplicitDependencyGeneratePcm arm64 /Users/admin/builder/spi-builder-workspace/.derivedData/SDKExplicitPrecompiledModules/XPC-40DR0X1DHKGCV4J1IOLFS8MOU.pcm
SwiftExplicitDependencyGeneratePcm arm64 /Users/admin/builder/spi-builder-workspace/.derivedData/SDKExplicitPrecompiledModules/CoreFoundation-8T2L24YC5NU7WO6WQJWRY7W08.pcm
SwiftExplicitDependencyGeneratePcm arm64_32 /Users/admin/builder/spi-builder-workspace/.derivedData/SDKExplicitPrecompiledModules/CoreFoundation-8E6Y4BA3EXYKUGJ24GT9LGV3N.pcm
SwiftExplicitDependencyGeneratePcm arm64_32 /Users/admin/builder/spi-builder-workspace/.derivedData/SDKExplicitPrecompiledModules/XPC-81Y45QFY96XYYFCW2GT6FY8S4.pcm
SwiftExplicitDependencyGeneratePcm arm64 /Users/admin/builder/spi-builder-workspace/.derivedData/SDKExplicitPrecompiledModules/CoreServices-AL8T5Q4K0CTGO6W37FTF22ZVF.pcm
SwiftExplicitDependencyGeneratePcm arm64 /Users/admin/builder/spi-builder-workspace/.derivedData/SDKExplicitPrecompiledModules/Security-6RZ6YBRU8WCUHRFFRVUK5WKMM.pcm
SwiftExplicitDependencyGeneratePcm arm64_32 /Users/admin/builder/spi-builder-workspace/.derivedData/SDKExplicitPrecompiledModules/Security-D7TOWF88VWF67TB9HAFP5UWB1.pcm
SwiftExplicitDependencyGeneratePcm arm64_32 /Users/admin/builder/spi-builder-workspace/.derivedData/SDKExplicitPrecompiledModules/CoreServices-BX02FA9J39YHWG3BINPX1CDFH.pcm
SwiftExplicitDependencyGeneratePcm arm64 /Users/admin/builder/spi-builder-workspace/.derivedData/SDKExplicitPrecompiledModules/Foundation-DLBKUSGXN8QHAT8W0OARR9S8A.pcm
SwiftExplicitDependencyGeneratePcm arm64_32 /Users/admin/builder/spi-builder-workspace/.derivedData/SDKExplicitPrecompiledModules/Foundation-BJ2VQGI3OGR34500MEQ1VKHPH.pcm
SwiftCompile normal arm64 Compiling\ resource_bundle_accessor.swift /Users/admin/builder/spi-builder-workspace/.derivedData/Build/Intermediates.noindex/SwiftSummarize.build/Debug-watchos/SwiftSummarize-t.build/DerivedSources/resource_bundle_accessor.swift (in target 'SwiftSummarize' from project 'SwiftSummarize')
SwiftCompile normal arm64 /Users/admin/builder/spi-builder-workspace/.derivedData/Build/Intermediates.noindex/SwiftSummarize.build/Debug-watchos/SwiftSummarize-t.build/DerivedSources/resource_bundle_accessor.swift (in target 'SwiftSummarize' from project 'SwiftSummarize')
cd /Users/admin/builder/spi-builder-workspace/.swiftpm/xcode
builtin-SwiftPerFileCompile resource_bundle_accessor.swift
SwiftEmitModule normal arm64 Emitting\ module\ for\ SwiftSummarize (in target 'SwiftSummarize' from project 'SwiftSummarize')
SwiftCompile normal arm64 (in target 'SwiftSummarize' from project 'SwiftSummarize')
cd /Users/admin/builder/spi-builder-workspace/.swiftpm/xcode
SwiftCompile normal arm64 Compiling\ SwiftSummarize.swift /Users/admin/builder/spi-builder-workspace/Sources/SwiftSummarize/SwiftSummarize.swift (in target 'SwiftSummarize' from project 'SwiftSummarize')
/Users/admin/builder/spi-builder-workspace/Sources/SwiftSummarize/SwiftSummarize.swift:20:23: error: cannot find 'SKSummaryCreateWithString' in scope
18 | self.input = input
19 | self.numSentencesInSummary = numberOfSentences
20 | let summary = SKSummaryCreateWithString(input as CFString).takeRetainedValue()
| `- error: cannot find 'SKSummaryCreateWithString' in scope
21 | self.sentenceCount = SKSummaryGetSentenceCount(summary)
22 | self.paragraphCount = SKSummaryGetParagraphCount(summary)
/Users/admin/builder/spi-builder-workspace/Sources/SwiftSummarize/SwiftSummarize.swift:21:30: error: cannot find 'SKSummaryGetSentenceCount' in scope
19 | self.numSentencesInSummary = numberOfSentences
20 | let summary = SKSummaryCreateWithString(input as CFString).takeRetainedValue()
21 | self.sentenceCount = SKSummaryGetSentenceCount(summary)
| `- error: cannot find 'SKSummaryGetSentenceCount' in scope
22 | self.paragraphCount = SKSummaryGetParagraphCount(summary)
23 |
/Users/admin/builder/spi-builder-workspace/Sources/SwiftSummarize/SwiftSummarize.swift:22:31: error: cannot find 'SKSummaryGetParagraphCount' in scope
20 | let summary = SKSummaryCreateWithString(input as CFString).takeRetainedValue()
21 | self.sentenceCount = SKSummaryGetSentenceCount(summary)
22 | self.paragraphCount = SKSummaryGetParagraphCount(summary)
| `- error: cannot find 'SKSummaryGetParagraphCount' in scope
23 |
24 | // Check number of sentences in output to avoid crashing...
/Users/admin/builder/spi-builder-workspace/Sources/SwiftSummarize/SwiftSummarize.swift:26:27: error: cannot find 'SKSummaryCopySentenceSummaryString' in scope
24 | // Check number of sentences in output to avoid crashing...
25 | if sentenceCount > 0 {
26 | self.output = SKSummaryCopySentenceSummaryString(summary, numSentencesInSummary).takeRetainedValue() as String
| `- error: cannot find 'SKSummaryCopySentenceSummaryString' in scope
27 | } else {
28 | self.output = input
/Users/admin/builder/spi-builder-workspace/Sources/SwiftSummarize/SwiftSummarize.swift:38:23: error: cannot find 'SKSummaryCreateWithString' in scope
36 | public init(_ input: String, percent: CGFloat) {
37 | self.input = input
38 | let summary = SKSummaryCreateWithString(input as CFString).takeRetainedValue()
| `- error: cannot find 'SKSummaryCreateWithString' in scope
39 | self.sentenceCount = SKSummaryGetSentenceCount(summary)
40 | print(percent.description)
/Users/admin/builder/spi-builder-workspace/Sources/SwiftSummarize/SwiftSummarize.swift:39:30: error: cannot find 'SKSummaryGetSentenceCount' in scope
37 | self.input = input
38 | let summary = SKSummaryCreateWithString(input as CFString).takeRetainedValue()
39 | self.sentenceCount = SKSummaryGetSentenceCount(summary)
| `- error: cannot find 'SKSummaryGetSentenceCount' in scope
40 | print(percent.description)
41 | self.numSentencesInSummary = Int(max(1, ((CGFloat(sentenceCount)/100)*percent)))
/Users/admin/builder/spi-builder-workspace/Sources/SwiftSummarize/SwiftSummarize.swift:42:31: error: cannot find 'SKSummaryGetParagraphCount' in scope
40 | print(percent.description)
41 | self.numSentencesInSummary = Int(max(1, ((CGFloat(sentenceCount)/100)*percent)))
42 | self.paragraphCount = SKSummaryGetParagraphCount(summary)
| `- error: cannot find 'SKSummaryGetParagraphCount' in scope
43 | print(numSentencesInSummary.description)
44 |
/Users/admin/builder/spi-builder-workspace/Sources/SwiftSummarize/SwiftSummarize.swift:47:27: error: cannot find 'SKSummaryCopySentenceSummaryString' in scope
45 | // Check number of sentences in output to avoid crashing...
46 | if sentenceCount > 0 {
47 | self.output = SKSummaryCopySentenceSummaryString(summary, numSentencesInSummary).takeRetainedValue() as String
| `- error: cannot find 'SKSummaryCopySentenceSummaryString' in scope
48 | } else {
49 | self.output = input
Failed frontend command:
SwiftCompile normal arm64 /Users/admin/builder/spi-builder-workspace/Sources/SwiftSummarize/SwiftSummarize.swift (in target 'SwiftSummarize' from project 'SwiftSummarize')
cd /Users/admin/builder/spi-builder-workspace/.swiftpm/xcode
builtin-SwiftPerFileCompile SwiftSummarize.swift
/Applications/Xcode-27.0.0-Release.Candidate.app/Contents/Developer/Toolchains/XcodeDefault.xctoolchain/usr/bin/swift-frontend -frontend -c /Users/admin/builder/spi-builder-workspace/.derivedData/Build/Intermediates.noindex/SwiftSummarize.build/Debug-watchos/SwiftSummarize-t.build/DerivedSources/resource_bundle_accessor.swift -primary-file /Users/admin/builder/spi-builder-workspace/Sources/SwiftSummarize/SwiftSummarize.swift -emit-dependencies-path /Users/admin/builder/spi-builder-workspace/.derivedData/Build/Intermediates.noindex/SwiftSummarize.build/Debug-watchos/SwiftSummarize-t.build/Objects-normal/arm64/SwiftSummarize.d -emit-const-values-path /Users/admin/builder/spi-builder-workspace/.derivedData/Build/Intermediates.noindex/SwiftSummarize.build/Debug-watchos/SwiftSummarize-t.build/Objects-normal/arm64/SwiftSummarize.swiftconstvalues -emit-reference-dependencies-path /Users/admin/builder/spi-builder-workspace/.derivedData/Build/Intermediates.noindex/SwiftSummarize.build/Debug-watchos/SwiftSummarize-t.build/Objects-normal/arm64/SwiftSummarize.swiftdeps -serialize-diagnostics-path /Users/admin/builder/spi-builder-workspace/.derivedData/Build/Intermediates.noindex/SwiftSummarize.build/Debug-watchos/SwiftSummarize-t.build/Objects-normal/arm64/SwiftSummarize.dia -target arm64-apple-watchos9.0 -disable-cross-import-overlay-search -load-resolved-plugin /Applications/Xcode-27.0.0-Release.Candidate.app/Contents/Developer/Platforms/WatchOS.platform/Developer/usr/lib/swift/host/plugins/libFoundationMacros.dylib\#/Applications/Xcode-27.0.0-Release.Candidate.app/Contents/Developer/Platforms/WatchOS.platform/Developer/usr/bin/swift-plugin-server\#FoundationMacros -load-resolved-plugin /Applications/Xcode-27.0.0-Release.Candidate.app/Contents/Developer/Platforms/WatchOS.platform/Developer/usr/lib/swift/host/plugins/libObservationMacros.dylib\#/Applications/Xcode-27.0.0-Release.Candidate.app/Contents/Developer/Platforms/WatchOS.platform/Developer/usr/bin/swift-plugin-server\#ObservationMacros -load-resolved-plugin /Applications/Xcode-27.0.0-Release.Candidate.app/Contents/Developer/Platforms/WatchOS.platform/Developer/usr/lib/swift/host/plugins/libSwiftMacros.dylib\#/Applications/Xcode-27.0.0-Release.Candidate.app/Contents/Developer/Platforms/WatchOS.platform/Developer/usr/bin/swift-plugin-server\#SwiftMacros -disable-implicit-swift-modules -Xcc -fno-implicit-modules -Xcc -fno-implicit-module-maps -explicit-swift-module-map-file /Users/admin/builder/spi-builder-workspace/.derivedData/Build/Intermediates.noindex/SwiftSummarize.build/Debug-watchos/SwiftSummarize-t.build/Objects-normal/arm64/SwiftSummarize-dependencies-1.json -Xllvm -aarch64-use-tbi -enable-objc-interop -stack-check -sdk /Applications/Xcode-27.0.0-Release.Candidate.app/Contents/Developer/Platforms/WatchOS.platform/Developer/SDKs/WatchOS27.0.sdk -I /Users/admin/builder/spi-builder-workspace/.derivedData/Build/Products/Debug-watchos -Isystem /Applications/Xcode-27.0.0-Release.Candidate.app/Contents/Developer/Platforms/WatchOS.platform/Developer/usr/lib -F /Users/admin/builder/spi-builder-workspace/.derivedData/Build/Products/Debug-watchos -F /Applications/Xcode-27.0.0-Release.Candidate.app/Contents/Developer/Platforms/WatchOS.platform/Developer/Library/Frameworks -F /Applications/Xcode-27.0.0-Release.Candidate.app/Contents/Developer/Platforms/WatchOS.platform/Developer/SDKs/WatchOS27.0.sdk/Developer/Library/Frameworks -module-cache-path /Users/admin/builder/spi-builder-workspace/.derivedData/Build/Intermediates.noindex/SwiftExplicitPrecompiledModules -no-color-diagnostics -Xcc -fno-color-diagnostics -enable-testing -g -debug-info-format\=dwarf -dwarf-version\=4 -profile-generate -profile-coverage-mapping -swift-version 5 -Onone -D SWIFT_PACKAGE -D DEBUG -D SWIFT_MODULE_RESOURCE_BUNDLE_AVAILABLE -D Xcode -serialize-debugging-options -enable-experimental-feature DebugDescriptionMacro -empty-abi-descriptor -validate-clang-modules-once -clang-build-session-file /Users/admin/builder/spi-builder-workspace/.derivedData/ModuleCache.noindex/Session.modulevalidation -Xcc -working-directory -Xcc /Users/admin/builder/spi-builder-workspace/.swiftpm/xcode -enable-anonymous-context-mangled-names -file-compilation-dir /Users/admin/builder/spi-builder-workspace/.swiftpm/xcode -Xcc -D_LIBCPP_HARDENING_MODE\=_LIBCPP_HARDENING_MODE_DEBUG -Xcc -ivfsstatcache -Xcc /Users/admin/builder/spi-builder-workspace/.derivedData/SDKStatCaches.noindex/watchos27.0-24R360-e829b21a6f8c9b70876ba0858053c04477534ef55a1706bf4c1112bbb242f0a2.sdkstatcache -Xcc -fmodules-prune-interval\=86400 -Xcc -fmodules-prune-after\=345600 -Xcc -I/Users/admin/builder/spi-builder-workspace/.derivedData/Build/Products/Debug-watchos/include -Xcc -I/Users/admin/builder/spi-builder-workspace/.derivedData/Build/Intermediates.noindex/SwiftSummarize.build/Debug-watchos/SwiftSummarize-t.build/DerivedSources-normal/arm64 -Xcc -I/Users/admin/builder/spi-builder-workspace/.derivedData/Build/Intermediates.noindex/SwiftSummarize.build/Debug-watchos/SwiftSummarize-t.build/DerivedSources/arm64 -Xcc -I/Users/admin/builder/spi-builder-workspace/.derivedData/Build/Intermediates.noindex/SwiftSummarize.build/Debug-watchos/SwiftSummarize-t.build/DerivedSources -Xcc -DSWIFT_PACKAGE -Xcc -DDEBUG\=1 -no-auto-bridging-header-chaining -module-name SwiftSummarize -const-gather-protocols-file /Users/admin/builder/spi-builder-workspace/.derivedData/Build/Intermediates.noindex/SwiftSummarize.build/Debug-watchos/SwiftSummarize-t.build/Objects-normal/arm64/SwiftSummarize_const_extract_protocols.json -disable-clang-spi -clang-target arm64-apple-watchos27.0 -target-sdk-version 27.0 -target-sdk-name watchos27.0 -in-process-plugin-server-path /Applications/Xcode-27.0.0-Release.Candidate.app/Contents/Developer/Toolchains/XcodeDefault.xctoolchain/usr/lib/swift/host/libSwiftInProcPluginServer.dylib -parse-as-library -o /Users/admin/builder/spi-builder-workspace/.derivedData/Build/Intermediates.noindex/SwiftSummarize.build/Debug-watchos/SwiftSummarize-t.build/Objects-normal/arm64/SwiftSummarize.o -debug-module-path /Users/admin/builder/spi-builder-workspace/.derivedData/Build/Intermediates.noindex/SwiftSummarize.build/Debug-watchos/SwiftSummarize-t.build/Objects-normal/arm64/SwiftSummarize.swiftmodule -index-unit-output-path /SwiftSummarize.build/Debug-watchos/SwiftSummarize-t.build/Objects-normal/arm64/SwiftSummarize.o -index-store-path /Users/admin/builder/spi-builder-workspace/.derivedData/Index.noindex/DataStore -index-system-modules
SwiftEmitModule normal arm64_32 Emitting\ module\ for\ SwiftSummarize (in target 'SwiftSummarize' from project 'SwiftSummarize')
SwiftCompile normal arm64_32 (in target 'SwiftSummarize' from project 'SwiftSummarize')
cd /Users/admin/builder/spi-builder-workspace/.swiftpm/xcode
SwiftCompile normal arm64_32 Compiling\ SwiftSummarize.swift /Users/admin/builder/spi-builder-workspace/Sources/SwiftSummarize/SwiftSummarize.swift (in target 'SwiftSummarize' from project 'SwiftSummarize')
/Users/admin/builder/spi-builder-workspace/Sources/SwiftSummarize/SwiftSummarize.swift:20:23: error: cannot find 'SKSummaryCreateWithString' in scope
18 | self.input = input
19 | self.numSentencesInSummary = numberOfSentences
20 | let summary = SKSummaryCreateWithString(input as CFString).takeRetainedValue()
| `- error: cannot find 'SKSummaryCreateWithString' in scope
21 | self.sentenceCount = SKSummaryGetSentenceCount(summary)
22 | self.paragraphCount = SKSummaryGetParagraphCount(summary)
/Users/admin/builder/spi-builder-workspace/Sources/SwiftSummarize/SwiftSummarize.swift:21:30: error: cannot find 'SKSummaryGetSentenceCount' in scope
19 | self.numSentencesInSummary = numberOfSentences
20 | let summary = SKSummaryCreateWithString(input as CFString).takeRetainedValue()
21 | self.sentenceCount = SKSummaryGetSentenceCount(summary)
| `- error: cannot find 'SKSummaryGetSentenceCount' in scope
22 | self.paragraphCount = SKSummaryGetParagraphCount(summary)
23 |
/Users/admin/builder/spi-builder-workspace/Sources/SwiftSummarize/SwiftSummarize.swift:22:31: error: cannot find 'SKSummaryGetParagraphCount' in scope
20 | let summary = SKSummaryCreateWithString(input as CFString).takeRetainedValue()
21 | self.sentenceCount = SKSummaryGetSentenceCount(summary)
22 | self.paragraphCount = SKSummaryGetParagraphCount(summary)
| `- error: cannot find 'SKSummaryGetParagraphCount' in scope
23 |
24 | // Check number of sentences in output to avoid crashing...
/Users/admin/builder/spi-builder-workspace/Sources/SwiftSummarize/SwiftSummarize.swift:26:27: error: cannot find 'SKSummaryCopySentenceSummaryString' in scope
24 | // Check number of sentences in output to avoid crashing...
25 | if sentenceCount > 0 {
26 | self.output = SKSummaryCopySentenceSummaryString(summary, numSentencesInSummary).takeRetainedValue() as String
| `- error: cannot find 'SKSummaryCopySentenceSummaryString' in scope
27 | } else {
28 | self.output = input
/Users/admin/builder/spi-builder-workspace/Sources/SwiftSummarize/SwiftSummarize.swift:38:23: error: cannot find 'SKSummaryCreateWithString' in scope
36 | public init(_ input: String, percent: CGFloat) {
37 | self.input = input
38 | let summary = SKSummaryCreateWithString(input as CFString).takeRetainedValue()
| `- error: cannot find 'SKSummaryCreateWithString' in scope
39 | self.sentenceCount = SKSummaryGetSentenceCount(summary)
40 | print(percent.description)
/Users/admin/builder/spi-builder-workspace/Sources/SwiftSummarize/SwiftSummarize.swift:39:30: error: cannot find 'SKSummaryGetSentenceCount' in scope
37 | self.input = input
38 | let summary = SKSummaryCreateWithString(input as CFString).takeRetainedValue()
39 | self.sentenceCount = SKSummaryGetSentenceCount(summary)
| `- error: cannot find 'SKSummaryGetSentenceCount' in scope
40 | print(percent.description)
41 | self.numSentencesInSummary = Int(max(1, ((CGFloat(sentenceCount)/100)*percent)))
/Users/admin/builder/spi-builder-workspace/Sources/SwiftSummarize/SwiftSummarize.swift:42:31: error: cannot find 'SKSummaryGetParagraphCount' in scope
40 | print(percent.description)
41 | self.numSentencesInSummary = Int(max(1, ((CGFloat(sentenceCount)/100)*percent)))
42 | self.paragraphCount = SKSummaryGetParagraphCount(summary)
| `- error: cannot find 'SKSummaryGetParagraphCount' in scope
43 | print(numSentencesInSummary.description)
44 |
/Users/admin/builder/spi-builder-workspace/Sources/SwiftSummarize/SwiftSummarize.swift:47:27: error: cannot find 'SKSummaryCopySentenceSummaryString' in scope
45 | // Check number of sentences in output to avoid crashing...
46 | if sentenceCount > 0 {
47 | self.output = SKSummaryCopySentenceSummaryString(summary, numSentencesInSummary).takeRetainedValue() as String
| `- error: cannot find 'SKSummaryCopySentenceSummaryString' in scope
48 | } else {
49 | self.output = input
Failed frontend command:
/Applications/Xcode-27.0.0-Release.Candidate.app/Contents/Developer/Toolchains/XcodeDefault.xctoolchain/usr/bin/swift-frontend -frontend -c /Users/admin/builder/spi-builder-workspace/.derivedData/Build/Intermediates.noindex/SwiftSummarize.build/Debug-watchos/SwiftSummarize-t.build/DerivedSources/resource_bundle_accessor.swift -primary-file /Users/admin/builder/spi-builder-workspace/Sources/SwiftSummarize/SwiftSummarize.swift -emit-dependencies-path /Users/admin/builder/spi-builder-workspace/.derivedData/Build/Intermediates.noindex/SwiftSummarize.build/Debug-watchos/SwiftSummarize-t.build/Objects-normal/arm64_32/SwiftSummarize.d -emit-const-values-path /Users/admin/builder/spi-builder-workspace/.derivedData/Build/Intermediates.noindex/SwiftSummarize.build/Debug-watchos/SwiftSummarize-t.build/Objects-normal/arm64_32/SwiftSummarize.swiftconstvalues -emit-reference-dependencies-path /Users/admin/builder/spi-builder-workspace/.derivedData/Build/Intermediates.noindex/SwiftSummarize.build/Debug-watchos/SwiftSummarize-t.build/Objects-normal/arm64_32/SwiftSummarize.swiftdeps -serialize-diagnostics-path /Users/admin/builder/spi-builder-workspace/.derivedData/Build/Intermediates.noindex/SwiftSummarize.build/Debug-watchos/SwiftSummarize-t.build/Objects-normal/arm64_32/SwiftSummarize.dia -target arm64_32-apple-watchos9.0 -disable-cross-import-overlay-search -load-resolved-plugin /Applications/Xcode-27.0.0-Release.Candidate.app/Contents/Developer/Platforms/WatchOS.platform/Developer/usr/lib/swift/host/plugins/libFoundationMacros.dylib\#/Applications/Xcode-27.0.0-Release.Candidate.app/Contents/Developer/Platforms/WatchOS.platform/Developer/usr/bin/swift-plugin-server\#FoundationMacros -load-resolved-plugin /Applications/Xcode-27.0.0-Release.Candidate.app/Contents/Developer/Platforms/WatchOS.platform/Developer/usr/lib/swift/host/plugins/libObservationMacros.dylib\#/Applications/Xcode-27.0.0-Release.Candidate.app/Contents/Developer/Platforms/WatchOS.platform/Developer/usr/bin/swift-plugin-server\#ObservationMacros -load-resolved-plugin /Applications/Xcode-27.0.0-Release.Candidate.app/Contents/Developer/Platforms/WatchOS.platform/Developer/usr/lib/swift/host/plugins/libSwiftMacros.dylib\#/Applications/Xcode-27.0.0-Release.Candidate.app/Contents/Developer/Platforms/WatchOS.platform/Developer/usr/bin/swift-plugin-server\#SwiftMacros -disable-implicit-swift-modules -Xcc -fno-implicit-modules -Xcc -fno-implicit-module-maps -explicit-swift-module-map-file /Users/admin/builder/spi-builder-workspace/.derivedData/Build/Intermediates.noindex/SwiftSummarize.build/Debug-watchos/SwiftSummarize-t.build/Objects-normal/arm64_32/SwiftSummarize-dependencies-2.json -enable-objc-interop -sdk /Applications/Xcode-27.0.0-Release.Candidate.app/Contents/Developer/Platforms/WatchOS.platform/Developer/SDKs/WatchOS27.0.sdk -I /Users/admin/builder/spi-builder-workspace/.derivedData/Build/Products/Debug-watchos -Isystem /Applications/Xcode-27.0.0-Release.Candidate.app/Contents/Developer/Platforms/WatchOS.platform/Developer/usr/lib -F /Users/admin/builder/spi-builder-workspace/.derivedData/Build/Products/Debug-watchos -F /Applications/Xcode-27.0.0-Release.Candidate.app/Contents/Developer/Platforms/WatchOS.platform/Developer/Library/Frameworks -F /Applications/Xcode-27.0.0-Release.Candidate.app/Contents/Developer/Platforms/WatchOS.platform/Developer/SDKs/WatchOS27.0.sdk/Developer/Library/Frameworks -module-cache-path /Users/admin/builder/spi-builder-workspace/.derivedData/Build/Intermediates.noindex/SwiftExplicitPrecompiledModules -no-color-diagnostics -Xcc -fno-color-diagnostics -enable-testing -g -debug-info-format\=dwarf -dwarf-version\=4 -profile-generate -profile-coverage-mapping -swift-version 5 -Onone -D SWIFT_PACKAGE -D DEBUG -D SWIFT_MODULE_RESOURCE_BUNDLE_AVAILABLE -D Xcode -serialize-debugging-options -enable-experimental-feature DebugDescriptionMacro -empty-abi-descriptor -validate-clang-modules-once -clang-build-session-file /Users/admin/builder/spi-builder-workspace/.derivedData/ModuleCache.noindex/Session.modulevalidation -Xcc -working-directory -Xcc /Users/admin/builder/spi-builder-workspace/.swiftpm/xcode -enable-anonymous-context-mangled-names -file-compilation-dir /Users/admin/builder/spi-builder-workspace/.swiftpm/xcode -Xcc -D_LIBCPP_HARDENING_MODE\=_LIBCPP_HARDENING_MODE_DEBUG -Xcc -ivfsstatcache -Xcc /Users/admin/builder/spi-builder-workspace/.derivedData/SDKStatCaches.noindex/watchos27.0-24R360-e829b21a6f8c9b70876ba0858053c04477534ef55a1706bf4c1112bbb242f0a2.sdkstatcache -Xcc -fmodules-prune-interval\=86400 -Xcc -fmodules-prune-after\=345600 -Xcc -I/Users/admin/builder/spi-builder-workspace/.derivedData/Build/Products/Debug-watchos/include -Xcc -I/Users/admin/builder/spi-builder-workspace/.derivedData/Build/Intermediates.noindex/SwiftSummarize.build/Debug-watchos/SwiftSummarize-t.build/DerivedSources-normal/arm64_32 -Xcc -I/Users/admin/builder/spi-builder-workspace/.derivedData/Build/Intermediates.noindex/SwiftSummarize.build/Debug-watchos/SwiftSummarize-t.build/DerivedSources/arm64_32 -Xcc -I/Users/admin/builder/spi-builder-workspace/.derivedData/Build/Intermediates.noindex/SwiftSummarize.build/Debug-watchos/SwiftSummarize-t.build/DerivedSources -Xcc -DSWIFT_PACKAGE -Xcc -DDEBUG\=1 -no-auto-bridging-header-chaining -module-name SwiftSummarize -const-gather-protocols-file /Users/admin/builder/spi-builder-workspace/.derivedData/Build/Intermediates.noindex/SwiftSummarize.build/Debug-watchos/SwiftSummarize-t.build/Objects-normal/arm64_32/SwiftSummarize_const_extract_protocols.json -disable-clang-spi -clang-target arm64_32-apple-watchos27.0 -target-sdk-version 27.0 -target-sdk-name watchos27.0 -in-process-plugin-server-path /Applications/Xcode-27.0.0-Release.Candidate.app/Contents/Developer/Toolchains/XcodeDefault.xctoolchain/usr/lib/swift/host/libSwiftInProcPluginServer.dylib -parse-as-library -o /Users/admin/builder/spi-builder-workspace/.derivedData/Build/Intermediates.noindex/SwiftSummarize.build/Debug-watchos/SwiftSummarize-t.build/Objects-normal/arm64_32/SwiftSummarize.o -debug-module-path /Users/admin/builder/spi-builder-workspace/.derivedData/Build/Intermediates.noindex/SwiftSummarize.build/Debug-watchos/SwiftSummarize-t.build/Objects-normal/arm64_32/SwiftSummarize.swiftmodule -index-unit-output-path /SwiftSummarize.build/Debug-watchos/SwiftSummarize-t.build/Objects-normal/arm64_32/SwiftSummarize.o -index-store-path /Users/admin/builder/spi-builder-workspace/.derivedData/Index.noindex/DataStore -index-system-modules
SwiftCompile normal arm64_32 /Users/admin/builder/spi-builder-workspace/Sources/SwiftSummarize/SwiftSummarize.swift (in target 'SwiftSummarize' from project 'SwiftSummarize')
cd /Users/admin/builder/spi-builder-workspace/.swiftpm/xcode
builtin-SwiftPerFileCompile SwiftSummarize.swift
SwiftCompile normal arm64_32 Compiling\ resource_bundle_accessor.swift /Users/admin/builder/spi-builder-workspace/.derivedData/Build/Intermediates.noindex/SwiftSummarize.build/Debug-watchos/SwiftSummarize-t.build/DerivedSources/resource_bundle_accessor.swift (in target 'SwiftSummarize' from project 'SwiftSummarize')
SwiftCompile normal arm64_32 /Users/admin/builder/spi-builder-workspace/.derivedData/Build/Intermediates.noindex/SwiftSummarize.build/Debug-watchos/SwiftSummarize-t.build/DerivedSources/resource_bundle_accessor.swift (in target 'SwiftSummarize' from project 'SwiftSummarize')
cd /Users/admin/builder/spi-builder-workspace/.swiftpm/xcode
builtin-SwiftPerFileCompile resource_bundle_accessor.swift
SwiftDriverJobDiscovery normal arm64 Emitting module for SwiftSummarize (in target 'SwiftSummarize' from project 'SwiftSummarize')
SwiftDriver\ Compilation\ Requirements SwiftSummarize normal arm64 com.apple.xcode.tools.swift.compiler (in target 'SwiftSummarize' from project 'SwiftSummarize')
cd /Users/admin/builder/spi-builder-workspace/.swiftpm/xcode
builtin-Swift-Compilation-Requirements -- /Applications/Xcode-27.0.0-Release.Candidate.app/Contents/Developer/Toolchains/XcodeDefault.xctoolchain/usr/bin/swiftc -parse-as-library -module-name SwiftSummarize -Onone @/Users/admin/builder/spi-builder-workspace/.derivedData/Build/Intermediates.noindex/SwiftSummarize.build/Debug-watchos/SwiftSummarize-t.build/Objects-normal/arm64/SwiftSummarize.SwiftFileList -DSWIFT_PACKAGE -DDEBUG -DSWIFT_MODULE_RESOURCE_BUNDLE_AVAILABLE -DXcode -plugin-path /Applications/Xcode-27.0.0-Release.Candidate.app/Contents/Developer/Toolchains/XcodeDefault.xctoolchain/usr/lib/swift/host/plugins/testing -enable-experimental-feature DebugDescriptionMacro -sdk /Applications/Xcode-27.0.0-Release.Candidate.app/Contents/Developer/Platforms/WatchOS.platform/Developer/SDKs/WatchOS27.0.sdk -target arm64-apple-watchos9.0 -g -module-cache-path /Users/admin/builder/spi-builder-workspace/.derivedData/ModuleCache.noindex -Xfrontend -serialize-debugging-options -profile-coverage-mapping -profile-generate -enable-testing -index-store-path /Users/admin/builder/spi-builder-workspace/.derivedData/Index.noindex/DataStore -Xcc -D_LIBCPP_HARDENING_MODE\=_LIBCPP_HARDENING_MODE_DEBUG -swift-version 5 -I /Users/admin/builder/spi-builder-workspace/.derivedData/Build/Products/Debug-watchos -Isystem /Applications/Xcode-27.0.0-Release.Candidate.app/Contents/Developer/Platforms/WatchOS.platform/Developer/usr/lib -F /Users/admin/builder/spi-builder-workspace/.derivedData/Build/Products/Debug-watchos -F /Applications/Xcode-27.0.0-Release.Candidate.app/Contents/Developer/Platforms/WatchOS.platform/Developer/Library/Frameworks -F /Applications/Xcode-27.0.0-Release.Candidate.app/Contents/Developer/Platforms/WatchOS.platform/Developer/SDKs/WatchOS27.0.sdk/Developer/Library/Frameworks -c -j10 -enable-batch-mode -incremental -Xcc -ivfsstatcache -Xcc /Users/admin/builder/spi-builder-workspace/.derivedData/SDKStatCaches.noindex/watchos27.0-24R360-e829b21a6f8c9b70876ba0858053c04477534ef55a1706bf4c1112bbb242f0a2.sdkstatcache -output-file-map /Users/admin/builder/spi-builder-workspace/.derivedData/Build/Intermediates.noindex/SwiftSummarize.build/Debug-watchos/SwiftSummarize-t.build/Objects-normal/arm64/SwiftSummarize-OutputFileMap.json -save-temps -no-color-diagnostics -explicit-module-build -module-cache-path /Users/admin/builder/spi-builder-workspace/.derivedData/Build/Intermediates.noindex/SwiftExplicitPrecompiledModules -clang-scanner-module-cache-path /Users/admin/builder/spi-builder-workspace/.derivedData/ModuleCache.noindex -sdk-module-cache-path /Users/admin/builder/spi-builder-workspace/.derivedData/SDKExplicitPrecompiledModules -emit-dependencies -emit-module -emit-module-path /Users/admin/builder/spi-builder-workspace/.derivedData/Build/Intermediates.noindex/SwiftSummarize.build/Debug-watchos/SwiftSummarize-t.build/Objects-normal/arm64/SwiftSummarize.swiftmodule -serialize-diagnostics -dependency-scan-serialize-diagnostics-path /Users/admin/builder/spi-builder-workspace/.derivedData/Build/Intermediates.noindex/SwiftSummarize.build/Debug-watchos/SwiftSummarize-t.build/Objects-normal/arm64/SwiftSummarize-dependency-scan.dia -validate-clang-modules-once -clang-build-session-file /Users/admin/builder/spi-builder-workspace/.derivedData/ModuleCache.noindex/Session.modulevalidation -Xcc -fmodules-prune-interval\=86400 -Xcc -fmodules-prune-after\=345600 -emit-const-values -const-gather-protocols-list /Users/admin/builder/spi-builder-workspace/.derivedData/Build/Intermediates.noindex/SwiftSummarize.build/Debug-watchos/SwiftSummarize-t.build/Objects-normal/arm64/SwiftSummarize_const_extract_protocols.json -Xcc -I/Users/admin/builder/spi-builder-workspace/.derivedData/Build/Products/Debug-watchos/include -Xcc -I/Users/admin/builder/spi-builder-workspace/.derivedData/Build/Intermediates.noindex/SwiftSummarize.build/Debug-watchos/SwiftSummarize-t.build/DerivedSources-normal/arm64 -Xcc -I/Users/admin/builder/spi-builder-workspace/.derivedData/Build/Intermediates.noindex/SwiftSummarize.build/Debug-watchos/SwiftSummarize-t.build/DerivedSources/arm64 -Xcc -I/Users/admin/builder/spi-builder-workspace/.derivedData/Build/Intermediates.noindex/SwiftSummarize.build/Debug-watchos/SwiftSummarize-t.build/DerivedSources -Xcc -DSWIFT_PACKAGE -Xcc -DDEBUG\=1 -emit-objc-header -emit-objc-header-path /Users/admin/builder/spi-builder-workspace/.derivedData/Build/Intermediates.noindex/SwiftSummarize.build/Debug-watchos/SwiftSummarize-t.build/Objects-normal/arm64/SwiftSummarize-Swift.h -working-directory /Users/admin/builder/spi-builder-workspace/.swiftpm/xcode -experimental-emit-module-separately -disable-cmo
Copy /Users/admin/builder/spi-builder-workspace/.derivedData/Build/Products/Debug-watchos/SwiftSummarize.swiftmodule/arm64-apple-watchos.swiftmodule /Users/admin/builder/spi-builder-workspace/.derivedData/Build/Intermediates.noindex/SwiftSummarize.build/Debug-watchos/SwiftSummarize-t.build/Objects-normal/arm64/SwiftSummarize.swiftmodule (in target 'SwiftSummarize' from project 'SwiftSummarize')
cd /Users/admin/builder/spi-builder-workspace
builtin-copy -exclude .DS_Store -exclude CVS -exclude .svn -exclude .git -exclude .hg -resolve-src-symlinks -rename /Users/admin/builder/spi-builder-workspace/.derivedData/Build/Intermediates.noindex/SwiftSummarize.build/Debug-watchos/SwiftSummarize-t.build/Objects-normal/arm64/SwiftSummarize.swiftmodule /Users/admin/builder/spi-builder-workspace/.derivedData/Build/Products/Debug-watchos/SwiftSummarize.swiftmodule/arm64-apple-watchos.swiftmodule
Copy /Users/admin/builder/spi-builder-workspace/.derivedData/Build/Products/Debug-watchos/SwiftSummarize.swiftmodule/arm64-apple-watchos.abi.json /Users/admin/builder/spi-builder-workspace/.derivedData/Build/Intermediates.noindex/SwiftSummarize.build/Debug-watchos/SwiftSummarize-t.build/Objects-normal/arm64/SwiftSummarize.abi.json (in target 'SwiftSummarize' from project 'SwiftSummarize')
cd /Users/admin/builder/spi-builder-workspace
builtin-copy -exclude .DS_Store -exclude CVS -exclude .svn -exclude .git -exclude .hg -resolve-src-symlinks -rename /Users/admin/builder/spi-builder-workspace/.derivedData/Build/Intermediates.noindex/SwiftSummarize.build/Debug-watchos/SwiftSummarize-t.build/Objects-normal/arm64/SwiftSummarize.abi.json /Users/admin/builder/spi-builder-workspace/.derivedData/Build/Products/Debug-watchos/SwiftSummarize.swiftmodule/arm64-apple-watchos.abi.json
Copy /Users/admin/builder/spi-builder-workspace/.derivedData/Build/Products/Debug-watchos/SwiftSummarize.swiftmodule/arm64-apple-watchos.swiftdoc /Users/admin/builder/spi-builder-workspace/.derivedData/Build/Intermediates.noindex/SwiftSummarize.build/Debug-watchos/SwiftSummarize-t.build/Objects-normal/arm64/SwiftSummarize.swiftdoc (in target 'SwiftSummarize' from project 'SwiftSummarize')
cd /Users/admin/builder/spi-builder-workspace
builtin-copy -exclude .DS_Store -exclude CVS -exclude .svn -exclude .git -exclude .hg -resolve-src-symlinks -rename /Users/admin/builder/spi-builder-workspace/.derivedData/Build/Intermediates.noindex/SwiftSummarize.build/Debug-watchos/SwiftSummarize-t.build/Objects-normal/arm64/SwiftSummarize.swiftdoc /Users/admin/builder/spi-builder-workspace/.derivedData/Build/Products/Debug-watchos/SwiftSummarize.swiftmodule/arm64-apple-watchos.swiftdoc
Copy /Users/admin/builder/spi-builder-workspace/.derivedData/Build/Products/Debug-watchos/SwiftSummarize.swiftmodule/Project/arm64-apple-watchos.swiftsourceinfo /Users/admin/builder/spi-builder-workspace/.derivedData/Build/Intermediates.noindex/SwiftSummarize.build/Debug-watchos/SwiftSummarize-t.build/Objects-normal/arm64/SwiftSummarize.swiftsourceinfo (in target 'SwiftSummarize' from project 'SwiftSummarize')
cd /Users/admin/builder/spi-builder-workspace
builtin-copy -exclude .DS_Store -exclude CVS -exclude .svn -exclude .git -exclude .hg -resolve-src-symlinks -rename /Users/admin/builder/spi-builder-workspace/.derivedData/Build/Intermediates.noindex/SwiftSummarize.build/Debug-watchos/SwiftSummarize-t.build/Objects-normal/arm64/SwiftSummarize.swiftsourceinfo /Users/admin/builder/spi-builder-workspace/.derivedData/Build/Products/Debug-watchos/SwiftSummarize.swiftmodule/Project/arm64-apple-watchos.swiftsourceinfo
SwiftDriverJobDiscovery normal arm64_32 Emitting module for SwiftSummarize (in target 'SwiftSummarize' from project 'SwiftSummarize')
SwiftDriver\ Compilation\ Requirements SwiftSummarize normal arm64_32 com.apple.xcode.tools.swift.compiler (in target 'SwiftSummarize' from project 'SwiftSummarize')
cd /Users/admin/builder/spi-builder-workspace/.swiftpm/xcode
builtin-Swift-Compilation-Requirements -- /Applications/Xcode-27.0.0-Release.Candidate.app/Contents/Developer/Toolchains/XcodeDefault.xctoolchain/usr/bin/swiftc -parse-as-library -module-name SwiftSummarize -Onone @/Users/admin/builder/spi-builder-workspace/.derivedData/Build/Intermediates.noindex/SwiftSummarize.build/Debug-watchos/SwiftSummarize-t.build/Objects-normal/arm64_32/SwiftSummarize.SwiftFileList -DSWIFT_PACKAGE -DDEBUG -DSWIFT_MODULE_RESOURCE_BUNDLE_AVAILABLE -DXcode -plugin-path /Applications/Xcode-27.0.0-Release.Candidate.app/Contents/Developer/Toolchains/XcodeDefault.xctoolchain/usr/lib/swift/host/plugins/testing -enable-experimental-feature DebugDescriptionMacro -sdk /Applications/Xcode-27.0.0-Release.Candidate.app/Contents/Developer/Platforms/WatchOS.platform/Developer/SDKs/WatchOS27.0.sdk -target arm64_32-apple-watchos9.0 -g -module-cache-path /Users/admin/builder/spi-builder-workspace/.derivedData/ModuleCache.noindex -Xfrontend -serialize-debugging-options -profile-coverage-mapping -profile-generate -enable-testing -index-store-path /Users/admin/builder/spi-builder-workspace/.derivedData/Index.noindex/DataStore -Xcc -D_LIBCPP_HARDENING_MODE\=_LIBCPP_HARDENING_MODE_DEBUG -swift-version 5 -I /Users/admin/builder/spi-builder-workspace/.derivedData/Build/Products/Debug-watchos -Isystem /Applications/Xcode-27.0.0-Release.Candidate.app/Contents/Developer/Platforms/WatchOS.platform/Developer/usr/lib -F /Users/admin/builder/spi-builder-workspace/.derivedData/Build/Products/Debug-watchos -F /Applications/Xcode-27.0.0-Release.Candidate.app/Contents/Developer/Platforms/WatchOS.platform/Developer/Library/Frameworks -F /Applications/Xcode-27.0.0-Release.Candidate.app/Contents/Developer/Platforms/WatchOS.platform/Developer/SDKs/WatchOS27.0.sdk/Developer/Library/Frameworks -c -j10 -enable-batch-mode -incremental -Xcc -ivfsstatcache -Xcc /Users/admin/builder/spi-builder-workspace/.derivedData/SDKStatCaches.noindex/watchos27.0-24R360-e829b21a6f8c9b70876ba0858053c04477534ef55a1706bf4c1112bbb242f0a2.sdkstatcache -output-file-map /Users/admin/builder/spi-builder-workspace/.derivedData/Build/Intermediates.noindex/SwiftSummarize.build/Debug-watchos/SwiftSummarize-t.build/Objects-normal/arm64_32/SwiftSummarize-OutputFileMap.json -save-temps -no-color-diagnostics -explicit-module-build -module-cache-path /Users/admin/builder/spi-builder-workspace/.derivedData/Build/Intermediates.noindex/SwiftExplicitPrecompiledModules -clang-scanner-module-cache-path /Users/admin/builder/spi-builder-workspace/.derivedData/ModuleCache.noindex -sdk-module-cache-path /Users/admin/builder/spi-builder-workspace/.derivedData/SDKExplicitPrecompiledModules -emit-dependencies -emit-module -emit-module-path /Users/admin/builder/spi-builder-workspace/.derivedData/Build/Intermediates.noindex/SwiftSummarize.build/Debug-watchos/SwiftSummarize-t.build/Objects-normal/arm64_32/SwiftSummarize.swiftmodule -serialize-diagnostics -dependency-scan-serialize-diagnostics-path /Users/admin/builder/spi-builder-workspace/.derivedData/Build/Intermediates.noindex/SwiftSummarize.build/Debug-watchos/SwiftSummarize-t.build/Objects-normal/arm64_32/SwiftSummarize-dependency-scan.dia -validate-clang-modules-once -clang-build-session-file /Users/admin/builder/spi-builder-workspace/.derivedData/ModuleCache.noindex/Session.modulevalidation -Xcc -fmodules-prune-interval\=86400 -Xcc -fmodules-prune-after\=345600 -emit-const-values -const-gather-protocols-list /Users/admin/builder/spi-builder-workspace/.derivedData/Build/Intermediates.noindex/SwiftSummarize.build/Debug-watchos/SwiftSummarize-t.build/Objects-normal/arm64_32/SwiftSummarize_const_extract_protocols.json -Xcc -I/Users/admin/builder/spi-builder-workspace/.derivedData/Build/Products/Debug-watchos/include -Xcc -I/Users/admin/builder/spi-builder-workspace/.derivedData/Build/Intermediates.noindex/SwiftSummarize.build/Debug-watchos/SwiftSummarize-t.build/DerivedSources-normal/arm64_32 -Xcc -I/Users/admin/builder/spi-builder-workspace/.derivedData/Build/Intermediates.noindex/SwiftSummarize.build/Debug-watchos/SwiftSummarize-t.build/DerivedSources/arm64_32 -Xcc -I/Users/admin/builder/spi-builder-workspace/.derivedData/Build/Intermediates.noindex/SwiftSummarize.build/Debug-watchos/SwiftSummarize-t.build/DerivedSources -Xcc -DSWIFT_PACKAGE -Xcc -DDEBUG\=1 -emit-objc-header -emit-objc-header-path /Users/admin/builder/spi-builder-workspace/.derivedData/Build/Intermediates.noindex/SwiftSummarize.build/Debug-watchos/SwiftSummarize-t.build/Objects-normal/arm64_32/SwiftSummarize-Swift.h -working-directory /Users/admin/builder/spi-builder-workspace/.swiftpm/xcode -experimental-emit-module-separately -disable-cmo
SwiftMergeGeneratedHeaders /Users/admin/builder/spi-builder-workspace/.derivedData/Build/Intermediates.noindex/GeneratedModuleMaps-watchos/SwiftSummarize-Swift.h /Users/admin/builder/spi-builder-workspace/.derivedData/Build/Intermediates.noindex/SwiftSummarize.build/Debug-watchos/SwiftSummarize-t.build/Objects-normal/arm64/SwiftSummarize-Swift.h /Users/admin/builder/spi-builder-workspace/.derivedData/Build/Intermediates.noindex/SwiftSummarize.build/Debug-watchos/SwiftSummarize-t.build/Objects-normal/arm64_32/SwiftSummarize-Swift.h (in target 'SwiftSummarize' from project 'SwiftSummarize')
cd /Users/admin/builder/spi-builder-workspace
builtin-swiftHeaderTool -arch arm64 /Users/admin/builder/spi-builder-workspace/.derivedData/Build/Intermediates.noindex/SwiftSummarize.build/Debug-watchos/SwiftSummarize-t.build/Objects-normal/arm64/SwiftSummarize-Swift.h -arch arm64_32 /Users/admin/builder/spi-builder-workspace/.derivedData/Build/Intermediates.noindex/SwiftSummarize.build/Debug-watchos/SwiftSummarize-t.build/Objects-normal/arm64_32/SwiftSummarize-Swift.h -o /Users/admin/builder/spi-builder-workspace/.derivedData/Build/Intermediates.noindex/GeneratedModuleMaps-watchos/SwiftSummarize-Swift.h
Copy /Users/admin/builder/spi-builder-workspace/.derivedData/Build/Products/Debug-watchos/SwiftSummarize.swiftmodule/arm64_32-apple-watchos.swiftdoc /Users/admin/builder/spi-builder-workspace/.derivedData/Build/Intermediates.noindex/SwiftSummarize.build/Debug-watchos/SwiftSummarize-t.build/Objects-normal/arm64_32/SwiftSummarize.swiftdoc (in target 'SwiftSummarize' from project 'SwiftSummarize')
cd /Users/admin/builder/spi-builder-workspace
builtin-copy -exclude .DS_Store -exclude CVS -exclude .svn -exclude .git -exclude .hg -resolve-src-symlinks -rename /Users/admin/builder/spi-builder-workspace/.derivedData/Build/Intermediates.noindex/SwiftSummarize.build/Debug-watchos/SwiftSummarize-t.build/Objects-normal/arm64_32/SwiftSummarize.swiftdoc /Users/admin/builder/spi-builder-workspace/.derivedData/Build/Products/Debug-watchos/SwiftSummarize.swiftmodule/arm64_32-apple-watchos.swiftdoc
Copy /Users/admin/builder/spi-builder-workspace/.derivedData/Build/Products/Debug-watchos/SwiftSummarize.swiftmodule/Project/arm64_32-apple-watchos.swiftsourceinfo /Users/admin/builder/spi-builder-workspace/.derivedData/Build/Intermediates.noindex/SwiftSummarize.build/Debug-watchos/SwiftSummarize-t.build/Objects-normal/arm64_32/SwiftSummarize.swiftsourceinfo (in target 'SwiftSummarize' from project 'SwiftSummarize')
cd /Users/admin/builder/spi-builder-workspace
builtin-copy -exclude .DS_Store -exclude CVS -exclude .svn -exclude .git -exclude .hg -resolve-src-symlinks -rename /Users/admin/builder/spi-builder-workspace/.derivedData/Build/Intermediates.noindex/SwiftSummarize.build/Debug-watchos/SwiftSummarize-t.build/Objects-normal/arm64_32/SwiftSummarize.swiftsourceinfo /Users/admin/builder/spi-builder-workspace/.derivedData/Build/Products/Debug-watchos/SwiftSummarize.swiftmodule/Project/arm64_32-apple-watchos.swiftsourceinfo
Copy /Users/admin/builder/spi-builder-workspace/.derivedData/Build/Products/Debug-watchos/SwiftSummarize.swiftmodule/arm64_32-apple-watchos.abi.json /Users/admin/builder/spi-builder-workspace/.derivedData/Build/Intermediates.noindex/SwiftSummarize.build/Debug-watchos/SwiftSummarize-t.build/Objects-normal/arm64_32/SwiftSummarize.abi.json (in target 'SwiftSummarize' from project 'SwiftSummarize')
cd /Users/admin/builder/spi-builder-workspace
builtin-copy -exclude .DS_Store -exclude CVS -exclude .svn -exclude .git -exclude .hg -resolve-src-symlinks -rename /Users/admin/builder/spi-builder-workspace/.derivedData/Build/Intermediates.noindex/SwiftSummarize.build/Debug-watchos/SwiftSummarize-t.build/Objects-normal/arm64_32/SwiftSummarize.abi.json /Users/admin/builder/spi-builder-workspace/.derivedData/Build/Products/Debug-watchos/SwiftSummarize.swiftmodule/arm64_32-apple-watchos.abi.json
Copy /Users/admin/builder/spi-builder-workspace/.derivedData/Build/Products/Debug-watchos/SwiftSummarize.swiftmodule/arm64_32-apple-watchos.swiftmodule /Users/admin/builder/spi-builder-workspace/.derivedData/Build/Intermediates.noindex/SwiftSummarize.build/Debug-watchos/SwiftSummarize-t.build/Objects-normal/arm64_32/SwiftSummarize.swiftmodule (in target 'SwiftSummarize' from project 'SwiftSummarize')
cd /Users/admin/builder/spi-builder-workspace
builtin-copy -exclude .DS_Store -exclude CVS -exclude .svn -exclude .git -exclude .hg -resolve-src-symlinks -rename /Users/admin/builder/spi-builder-workspace/.derivedData/Build/Intermediates.noindex/SwiftSummarize.build/Debug-watchos/SwiftSummarize-t.build/Objects-normal/arm64_32/SwiftSummarize.swiftmodule /Users/admin/builder/spi-builder-workspace/.derivedData/Build/Products/Debug-watchos/SwiftSummarize.swiftmodule/arm64_32-apple-watchos.swiftmodule
SwiftDriverJobDiscovery normal arm64 Compiling resource_bundle_accessor.swift (in target 'SwiftSummarize' from project 'SwiftSummarize')
SwiftDriverJobDiscovery normal arm64_32 Compiling resource_bundle_accessor.swift (in target 'SwiftSummarize' from project 'SwiftSummarize')
PruneExplicitPrecompiledModules /Users/admin/builder/spi-builder-workspace/.derivedData/SDKExplicitPrecompiledModules
PruneExplicitPrecompiledModules /Users/admin/builder/spi-builder-workspace/.derivedData/Build/Intermediates.noindex/ExplicitPrecompiledModules
PruneExplicitPrecompiledModules /Users/admin/builder/spi-builder-workspace/.derivedData/Build/Intermediates.noindex/SwiftExplicitPrecompiledModules
2026-09-19 15:28:33.039 xcodebuild[643:4121] [MT] IDERunDestination: Supported platforms for the buildables in the current scheme is empty.
** BUILD FAILED **
The following build commands failed:
SwiftCompile normal arm64 /Users/admin/builder/spi-builder-workspace/Sources/SwiftSummarize/SwiftSummarize.swift (in target 'SwiftSummarize' from project 'SwiftSummarize')
SwiftCompile normal arm64 Compiling\ SwiftSummarize.swift /Users/admin/builder/spi-builder-workspace/Sources/SwiftSummarize/SwiftSummarize.swift (in target 'SwiftSummarize' from project 'SwiftSummarize')
SwiftCompile normal arm64_32 Compiling\ SwiftSummarize.swift /Users/admin/builder/spi-builder-workspace/Sources/SwiftSummarize/SwiftSummarize.swift (in target 'SwiftSummarize' from project 'SwiftSummarize')
SwiftCompile normal arm64_32 /Users/admin/builder/spi-builder-workspace/Sources/SwiftSummarize/SwiftSummarize.swift (in target 'SwiftSummarize' from project 'SwiftSummarize')
Building workspace SwiftSummarize with scheme SwiftSummarize
(5 failures)
Command line invocation:
/Applications/Xcode-27.0.0-Release.Candidate.app/Contents/Developer/usr/bin/xcodebuild -IDEClonedSourcePackagesDirPathOverride=/Users/admin/builder/spi-builder-workspace/.dependencies -resolvePackageDependencies
Resolve Package Graph
Invalid Exclude '/Users/admin/builder/spi-builder-workspace/Sources/SwiftSummarize/ExampleSwiftUI.swift': File not found.
Resolved source packages:
SwiftSummarize: /Users/admin/builder/spi-builder-workspace
resolved source packages: SwiftSummarize
2026-09-19 15:28:38.452 xcodebuild[721:4474] [MT] IDERunDestination: Supported platforms for the buildables in the current scheme is empty.
{
"dependencies" : [
],
"manifest_display_name" : "SwiftSummarize",
"name" : "SwiftSummarize",
"path" : "/Users/admin/builder/spi-builder-workspace",
"platforms" : [
{
"name" : "macos",
"version" : "10.13"
}
],
"products" : [
{
"name" : "SwiftSummarize",
"targets" : [
"SwiftSummarize"
],
"type" : {
"library" : [
"automatic"
]
}
}
],
"targets" : [
{
"c99name" : "SwiftSummarizeTests",
"module_type" : "SwiftTarget",
"name" : "SwiftSummarizeTests",
"path" : "Tests/SwiftSummarizeTests",
"sources" : [
"SwiftSummarizeTests.swift"
],
"target_dependencies" : [
"SwiftSummarize"
],
"type" : "test"
},
{
"c99name" : "SwiftSummarize",
"module_type" : "SwiftTarget",
"name" : "SwiftSummarize",
"path" : "Sources/SwiftSummarize",
"product_memberships" : [
"SwiftSummarize"
],
"resources" : [
{
"path" : "/Users/admin/builder/spi-builder-workspace/Sources/SwiftSummarize/Documentation.docc",
"rule" : {
"process" : {
}
}
}
],
"sources" : [
"SwiftSummarize.swift"
],
"type" : "library"
}
],
"tools_version" : "5.3"
}
warning: 'spi-builder-workspace': Invalid Exclude '/Users/admin/builder/spi-builder-workspace/Sources/SwiftSummarize/ExampleSwiftUI.swift': File not found.
{
"workspace" : {
"name" : "SwiftSummarize",
"schemes" : [
"SwiftSummarize"
]
}
}
2026-09-19 15:28:39.701 xcodebuild[729:4542] [MT] IDERunDestination: Supported platforms for the buildables in the current scheme is empty.
Running build ...
env DEVELOPER_DIR=/Applications/Xcode-27.0.0-Release.Candidate.app xcrun xcodebuild -IDEClonedSourcePackagesDirPathOverride=$PWD/.dependencies -skipMacroValidation -skipPackagePluginValidation -derivedDataPath $PWD/.derivedData build -scheme SwiftSummarize -destination generic/platform=watchOS
Command line invocation:
/Applications/Xcode-27.0.0-Release.Candidate.app/Contents/Developer/usr/bin/xcodebuild -IDEClonedSourcePackagesDirPathOverride=/Users/admin/builder/spi-builder-workspace/.dependencies -skipMacroValidation -skipPackagePluginValidation -derivedDataPath /Users/admin/builder/spi-builder-workspace/.derivedData build -scheme SwiftSummarize -destination generic/platform=watchOS
Resolve Package Graph
Invalid Exclude '/Users/admin/builder/spi-builder-workspace/Sources/SwiftSummarize/ExampleSwiftUI.swift': File not found.
Resolved source packages:
SwiftSummarize: /Users/admin/builder/spi-builder-workspace
ComputePackagePrebuildTargetDependencyGraph
Prepare packages
CreateBuildRequest
SendProjectDescription
CreateBuildOperation
ComputeTargetDependencyGraph
note: Building targets in dependency order
note: Target dependency graph (3 targets)
Target 'SwiftSummarize-product' in project 'SwiftSummarize'
➜ Explicit dependency on target 'SwiftSummarize' in project 'SwiftSummarize'
➜ Explicit dependency on target 'SwiftSummarize_SwiftSummarize' in project 'SwiftSummarize'
Target 'SwiftSummarize' in project 'SwiftSummarize'
➜ Explicit dependency on target 'SwiftSummarize_SwiftSummarize' in project 'SwiftSummarize'
Target 'SwiftSummarize_SwiftSummarize' in project 'SwiftSummarize' (no dependencies)
GatherProvisioningInputs
CreateBuildDescription
ClangStatCache /Applications/Xcode-27.0.0-Release.Candidate.app/Contents/Developer/Toolchains/XcodeDefault.xctoolchain/usr/bin/clang-stat-cache /Applications/Xcode-27.0.0-Release.Candidate.app/Contents/Developer/Platforms/WatchOS.platform/Developer/SDKs/WatchOS27.0.sdk /Users/admin/builder/spi-builder-workspace/.derivedData/SDKStatCaches.noindex/watchos27.0-24R360-e829b21a6f8c9b70876ba0858053c04477534ef55a1706bf4c1112bbb242f0a2.sdkstatcache
cd /Users/admin/builder/spi-builder-workspace/.swiftpm/xcode
/Applications/Xcode-27.0.0-Release.Candidate.app/Contents/Developer/Toolchains/XcodeDefault.xctoolchain/usr/bin/clang-stat-cache /Applications/Xcode-27.0.0-Release.Candidate.app/Contents/Developer/Platforms/WatchOS.platform/Developer/SDKs/WatchOS27.0.sdk -o /Users/admin/builder/spi-builder-workspace/.derivedData/SDKStatCaches.noindex/watchos27.0-24R360-e829b21a6f8c9b70876ba0858053c04477534ef55a1706bf4c1112bbb242f0a2.sdkstatcache
SwiftDriver SwiftSummarize normal arm64 com.apple.xcode.tools.swift.compiler (in target 'SwiftSummarize' from project 'SwiftSummarize')
cd /Users/admin/builder/spi-builder-workspace/.swiftpm/xcode
builtin-SwiftDriver -- /Applications/Xcode-27.0.0-Release.Candidate.app/Contents/Developer/Toolchains/XcodeDefault.xctoolchain/usr/bin/swiftc -parse-as-library -module-name SwiftSummarize -Onone @/Users/admin/builder/spi-builder-workspace/.derivedData/Build/Intermediates.noindex/SwiftSummarize.build/Debug-watchos/SwiftSummarize-t.build/Objects-normal/arm64/SwiftSummarize.SwiftFileList -DSWIFT_PACKAGE -DDEBUG -DSWIFT_MODULE_RESOURCE_BUNDLE_AVAILABLE -DXcode -plugin-path /Applications/Xcode-27.0.0-Release.Candidate.app/Contents/Developer/Toolchains/XcodeDefault.xctoolchain/usr/lib/swift/host/plugins/testing -enable-experimental-feature DebugDescriptionMacro -sdk /Applications/Xcode-27.0.0-Release.Candidate.app/Contents/Developer/Platforms/WatchOS.platform/Developer/SDKs/WatchOS27.0.sdk -target arm64-apple-watchos9.0 -g -module-cache-path /Users/admin/builder/spi-builder-workspace/.derivedData/ModuleCache.noindex -Xfrontend -serialize-debugging-options -profile-coverage-mapping -profile-generate -enable-testing -index-store-path /Users/admin/builder/spi-builder-workspace/.derivedData/Index.noindex/DataStore -Xcc -D_LIBCPP_HARDENING_MODE\=_LIBCPP_HARDENING_MODE_DEBUG -swift-version 5 -I /Users/admin/builder/spi-builder-workspace/.derivedData/Build/Products/Debug-watchos -Isystem /Applications/Xcode-27.0.0-Release.Candidate.app/Contents/Developer/Platforms/WatchOS.platform/Developer/usr/lib -F /Users/admin/builder/spi-builder-workspace/.derivedData/Build/Products/Debug-watchos -F /Applications/Xcode-27.0.0-Release.Candidate.app/Contents/Developer/Platforms/WatchOS.platform/Developer/Library/Frameworks -F /Applications/Xcode-27.0.0-Release.Candidate.app/Contents/Developer/Platforms/WatchOS.platform/Developer/SDKs/WatchOS27.0.sdk/Developer/Library/Frameworks -c -j10 -enable-batch-mode -incremental -Xcc -ivfsstatcache -Xcc /Users/admin/builder/spi-builder-workspace/.derivedData/SDKStatCaches.noindex/watchos27.0-24R360-e829b21a6f8c9b70876ba0858053c04477534ef55a1706bf4c1112bbb242f0a2.sdkstatcache -output-file-map /Users/admin/builder/spi-builder-workspace/.derivedData/Build/Intermediates.noindex/SwiftSummarize.build/Debug-watchos/SwiftSummarize-t.build/Objects-normal/arm64/SwiftSummarize-OutputFileMap.json -save-temps -no-color-diagnostics -explicit-module-build -module-cache-path /Users/admin/builder/spi-builder-workspace/.derivedData/Build/Intermediates.noindex/SwiftExplicitPrecompiledModules -clang-scanner-module-cache-path /Users/admin/builder/spi-builder-workspace/.derivedData/ModuleCache.noindex -sdk-module-cache-path /Users/admin/builder/spi-builder-workspace/.derivedData/SDKExplicitPrecompiledModules -emit-dependencies -emit-module -emit-module-path /Users/admin/builder/spi-builder-workspace/.derivedData/Build/Intermediates.noindex/SwiftSummarize.build/Debug-watchos/SwiftSummarize-t.build/Objects-normal/arm64/SwiftSummarize.swiftmodule -serialize-diagnostics -dependency-scan-serialize-diagnostics-path /Users/admin/builder/spi-builder-workspace/.derivedData/Build/Intermediates.noindex/SwiftSummarize.build/Debug-watchos/SwiftSummarize-t.build/Objects-normal/arm64/SwiftSummarize-dependency-scan.dia -validate-clang-modules-once -clang-build-session-file /Users/admin/builder/spi-builder-workspace/.derivedData/ModuleCache.noindex/Session.modulevalidation -Xcc -fmodules-prune-interval\=86400 -Xcc -fmodules-prune-after\=345600 -emit-const-values -const-gather-protocols-list /Users/admin/builder/spi-builder-workspace/.derivedData/Build/Intermediates.noindex/SwiftSummarize.build/Debug-watchos/SwiftSummarize-t.build/Objects-normal/arm64/SwiftSummarize_const_extract_protocols.json -Xcc -I/Users/admin/builder/spi-builder-workspace/.derivedData/Build/Products/Debug-watchos/include -Xcc -I/Users/admin/builder/spi-builder-workspace/.derivedData/Build/Intermediates.noindex/SwiftSummarize.build/Debug-watchos/SwiftSummarize-t.build/DerivedSources-normal/arm64 -Xcc -I/Users/admin/builder/spi-builder-workspace/.derivedData/Build/Intermediates.noindex/SwiftSummarize.build/Debug-watchos/SwiftSummarize-t.build/DerivedSources/arm64 -Xcc -I/Users/admin/builder/spi-builder-workspace/.derivedData/Build/Intermediates.noindex/SwiftSummarize.build/Debug-watchos/SwiftSummarize-t.build/DerivedSources -Xcc -DSWIFT_PACKAGE -Xcc -DDEBUG\=1 -emit-objc-header -emit-objc-header-path /Users/admin/builder/spi-builder-workspace/.derivedData/Build/Intermediates.noindex/SwiftSummarize.build/Debug-watchos/SwiftSummarize-t.build/Objects-normal/arm64/SwiftSummarize-Swift.h -working-directory /Users/admin/builder/spi-builder-workspace/.swiftpm/xcode -experimental-emit-module-separately -disable-cmo
SwiftDriver SwiftSummarize normal arm64_32 com.apple.xcode.tools.swift.compiler (in target 'SwiftSummarize' from project 'SwiftSummarize')
cd /Users/admin/builder/spi-builder-workspace/.swiftpm/xcode
builtin-SwiftDriver -- /Applications/Xcode-27.0.0-Release.Candidate.app/Contents/Developer/Toolchains/XcodeDefault.xctoolchain/usr/bin/swiftc -parse-as-library -module-name SwiftSummarize -Onone @/Users/admin/builder/spi-builder-workspace/.derivedData/Build/Intermediates.noindex/SwiftSummarize.build/Debug-watchos/SwiftSummarize-t.build/Objects-normal/arm64_32/SwiftSummarize.SwiftFileList -DSWIFT_PACKAGE -DDEBUG -DSWIFT_MODULE_RESOURCE_BUNDLE_AVAILABLE -DXcode -plugin-path /Applications/Xcode-27.0.0-Release.Candidate.app/Contents/Developer/Toolchains/XcodeDefault.xctoolchain/usr/lib/swift/host/plugins/testing -enable-experimental-feature DebugDescriptionMacro -sdk /Applications/Xcode-27.0.0-Release.Candidate.app/Contents/Developer/Platforms/WatchOS.platform/Developer/SDKs/WatchOS27.0.sdk -target arm64_32-apple-watchos9.0 -g -module-cache-path /Users/admin/builder/spi-builder-workspace/.derivedData/ModuleCache.noindex -Xfrontend -serialize-debugging-options -profile-coverage-mapping -profile-generate -enable-testing -index-store-path /Users/admin/builder/spi-builder-workspace/.derivedData/Index.noindex/DataStore -Xcc -D_LIBCPP_HARDENING_MODE\=_LIBCPP_HARDENING_MODE_DEBUG -swift-version 5 -I /Users/admin/builder/spi-builder-workspace/.derivedData/Build/Products/Debug-watchos -Isystem /Applications/Xcode-27.0.0-Release.Candidate.app/Contents/Developer/Platforms/WatchOS.platform/Developer/usr/lib -F /Users/admin/builder/spi-builder-workspace/.derivedData/Build/Products/Debug-watchos -F /Applications/Xcode-27.0.0-Release.Candidate.app/Contents/Developer/Platforms/WatchOS.platform/Developer/Library/Frameworks -F /Applications/Xcode-27.0.0-Release.Candidate.app/Contents/Developer/Platforms/WatchOS.platform/Developer/SDKs/WatchOS27.0.sdk/Developer/Library/Frameworks -c -j10 -enable-batch-mode -incremental -Xcc -ivfsstatcache -Xcc /Users/admin/builder/spi-builder-workspace/.derivedData/SDKStatCaches.noindex/watchos27.0-24R360-e829b21a6f8c9b70876ba0858053c04477534ef55a1706bf4c1112bbb242f0a2.sdkstatcache -output-file-map /Users/admin/builder/spi-builder-workspace/.derivedData/Build/Intermediates.noindex/SwiftSummarize.build/Debug-watchos/SwiftSummarize-t.build/Objects-normal/arm64_32/SwiftSummarize-OutputFileMap.json -save-temps -no-color-diagnostics -explicit-module-build -module-cache-path /Users/admin/builder/spi-builder-workspace/.derivedData/Build/Intermediates.noindex/SwiftExplicitPrecompiledModules -clang-scanner-module-cache-path /Users/admin/builder/spi-builder-workspace/.derivedData/ModuleCache.noindex -sdk-module-cache-path /Users/admin/builder/spi-builder-workspace/.derivedData/SDKExplicitPrecompiledModules -emit-dependencies -emit-module -emit-module-path /Users/admin/builder/spi-builder-workspace/.derivedData/Build/Intermediates.noindex/SwiftSummarize.build/Debug-watchos/SwiftSummarize-t.build/Objects-normal/arm64_32/SwiftSummarize.swiftmodule -serialize-diagnostics -dependency-scan-serialize-diagnostics-path /Users/admin/builder/spi-builder-workspace/.derivedData/Build/Intermediates.noindex/SwiftSummarize.build/Debug-watchos/SwiftSummarize-t.build/Objects-normal/arm64_32/SwiftSummarize-dependency-scan.dia -validate-clang-modules-once -clang-build-session-file /Users/admin/builder/spi-builder-workspace/.derivedData/ModuleCache.noindex/Session.modulevalidation -Xcc -fmodules-prune-interval\=86400 -Xcc -fmodules-prune-after\=345600 -emit-const-values -const-gather-protocols-list /Users/admin/builder/spi-builder-workspace/.derivedData/Build/Intermediates.noindex/SwiftSummarize.build/Debug-watchos/SwiftSummarize-t.build/Objects-normal/arm64_32/SwiftSummarize_const_extract_protocols.json -Xcc -I/Users/admin/builder/spi-builder-workspace/.derivedData/Build/Products/Debug-watchos/include -Xcc -I/Users/admin/builder/spi-builder-workspace/.derivedData/Build/Intermediates.noindex/SwiftSummarize.build/Debug-watchos/SwiftSummarize-t.build/DerivedSources-normal/arm64_32 -Xcc -I/Users/admin/builder/spi-builder-workspace/.derivedData/Build/Intermediates.noindex/SwiftSummarize.build/Debug-watchos/SwiftSummarize-t.build/DerivedSources/arm64_32 -Xcc -I/Users/admin/builder/spi-builder-workspace/.derivedData/Build/Intermediates.noindex/SwiftSummarize.build/Debug-watchos/SwiftSummarize-t.build/DerivedSources -Xcc -DSWIFT_PACKAGE -Xcc -DDEBUG\=1 -emit-objc-header -emit-objc-header-path /Users/admin/builder/spi-builder-workspace/.derivedData/Build/Intermediates.noindex/SwiftSummarize.build/Debug-watchos/SwiftSummarize-t.build/Objects-normal/arm64_32/SwiftSummarize-Swift.h -working-directory /Users/admin/builder/spi-builder-workspace/.swiftpm/xcode -experimental-emit-module-separately -disable-cmo
SwiftEmitModule normal arm64_32 Emitting\ module\ for\ SwiftSummarize (in target 'SwiftSummarize' from project 'SwiftSummarize')
SwiftCompile normal arm64_32 (in target 'SwiftSummarize' from project 'SwiftSummarize')
cd /Users/admin/builder/spi-builder-workspace/.swiftpm/xcode
SwiftEmitModule normal arm64 Emitting\ module\ for\ SwiftSummarize (in target 'SwiftSummarize' from project 'SwiftSummarize')
SwiftCompile normal arm64 (in target 'SwiftSummarize' from project 'SwiftSummarize')
cd /Users/admin/builder/spi-builder-workspace/.swiftpm/xcode
SwiftCompile normal arm64_32 Compiling\ SwiftSummarize.swift /Users/admin/builder/spi-builder-workspace/Sources/SwiftSummarize/SwiftSummarize.swift (in target 'SwiftSummarize' from project 'SwiftSummarize')
/Users/admin/builder/spi-builder-workspace/Sources/SwiftSummarize/SwiftSummarize.swift:20:23: error: cannot find 'SKSummaryCreateWithString' in scope
18 | self.input = input
19 | self.numSentencesInSummary = numberOfSentences
20 | let summary = SKSummaryCreateWithString(input as CFString).takeRetainedValue()
| `- error: cannot find 'SKSummaryCreateWithString' in scope
21 | self.sentenceCount = SKSummaryGetSentenceCount(summary)
22 | self.paragraphCount = SKSummaryGetParagraphCount(summary)
/Users/admin/builder/spi-builder-workspace/Sources/SwiftSummarize/SwiftSummarize.swift:21:30: error: cannot find 'SKSummaryGetSentenceCount' in scope
19 | self.numSentencesInSummary = numberOfSentences
20 | let summary = SKSummaryCreateWithString(input as CFString).takeRetainedValue()
21 | self.sentenceCount = SKSummaryGetSentenceCount(summary)
| `- error: cannot find 'SKSummaryGetSentenceCount' in scope
22 | self.paragraphCount = SKSummaryGetParagraphCount(summary)
23 |
/Users/admin/builder/spi-builder-workspace/Sources/SwiftSummarize/SwiftSummarize.swift:22:31: error: cannot find 'SKSummaryGetParagraphCount' in scope
20 | let summary = SKSummaryCreateWithString(input as CFString).takeRetainedValue()
21 | self.sentenceCount = SKSummaryGetSentenceCount(summary)
22 | self.paragraphCount = SKSummaryGetParagraphCount(summary)
| `- error: cannot find 'SKSummaryGetParagraphCount' in scope
23 |
24 | // Check number of sentences in output to avoid crashing...
/Users/admin/builder/spi-builder-workspace/Sources/SwiftSummarize/SwiftSummarize.swift:26:27: error: cannot find 'SKSummaryCopySentenceSummaryString' in scope
24 | // Check number of sentences in output to avoid crashing...
25 | if sentenceCount > 0 {
26 | self.output = SKSummaryCopySentenceSummaryString(summary, numSentencesInSummary).takeRetainedValue() as String
| `- error: cannot find 'SKSummaryCopySentenceSummaryString' in scope
27 | } else {
28 | self.output = input
/Users/admin/builder/spi-builder-workspace/Sources/SwiftSummarize/SwiftSummarize.swift:38:23: error: cannot find 'SKSummaryCreateWithString' in scope
36 | public init(_ input: String, percent: CGFloat) {
37 | self.input = input
38 | let summary = SKSummaryCreateWithString(input as CFString).takeRetainedValue()
| `- error: cannot find 'SKSummaryCreateWithString' in scope
39 | self.sentenceCount = SKSummaryGetSentenceCount(summary)
40 | print(percent.description)
/Users/admin/builder/spi-builder-workspace/Sources/SwiftSummarize/SwiftSummarize.swift:39:30: error: cannot find 'SKSummaryGetSentenceCount' in scope
37 | self.input = input
38 | let summary = SKSummaryCreateWithString(input as CFString).takeRetainedValue()
39 | self.sentenceCount = SKSummaryGetSentenceCount(summary)
| `- error: cannot find 'SKSummaryGetSentenceCount' in scope
40 | print(percent.description)
41 | self.numSentencesInSummary = Int(max(1, ((CGFloat(sentenceCount)/100)*percent)))
/Users/admin/builder/spi-builder-workspace/Sources/SwiftSummarize/SwiftSummarize.swift:42:31: error: cannot find 'SKSummaryGetParagraphCount' in scope
40 | print(percent.description)
41 | self.numSentencesInSummary = Int(max(1, ((CGFloat(sentenceCount)/100)*percent)))
42 | self.paragraphCount = SKSummaryGetParagraphCount(summary)
| `- error: cannot find 'SKSummaryGetParagraphCount' in scope
43 | print(numSentencesInSummary.description)
44 |
/Users/admin/builder/spi-builder-workspace/Sources/SwiftSummarize/SwiftSummarize.swift:47:27: error: cannot find 'SKSummaryCopySentenceSummaryString' in scope
45 | // Check number of sentences in output to avoid crashing...
46 | if sentenceCount > 0 {
47 | self.output = SKSummaryCopySentenceSummaryString(summary, numSentencesInSummary).takeRetainedValue() as String
| `- error: cannot find 'SKSummaryCopySentenceSummaryString' in scope
48 | } else {
49 | self.output = input
Failed frontend command:
/Applications/Xcode-27.0.0-Release.Candidate.app/Contents/Developer/Toolchains/XcodeDefault.xctoolchain/usr/bin/swift-frontend -frontend -c /Users/admin/builder/spi-builder-workspace/.derivedData/Build/Intermediates.noindex/SwiftSummarize.build/Debug-watchos/SwiftSummarize-t.build/DerivedSources/resource_bundle_accessor.swift -primary-file /Users/admin/builder/spi-builder-workspace/Sources/SwiftSummarize/SwiftSummarize.swift -emit-dependencies-path /Users/admin/builder/spi-builder-workspace/.derivedData/Build/Intermediates.noindex/SwiftSummarize.build/Debug-watchos/SwiftSummarize-t.build/Objects-normal/arm64_32/SwiftSummarize.d -emit-const-values-path /Users/admin/builder/spi-builder-workspace/.derivedData/Build/Intermediates.noindex/SwiftSummarize.build/Debug-watchos/SwiftSummarize-t.build/Objects-normal/arm64_32/SwiftSummarize.swiftconstvalues -emit-reference-dependencies-path /Users/admin/builder/spi-builder-workspace/.derivedData/Build/Intermediates.noindex/SwiftSummarize.build/Debug-watchos/SwiftSummarize-t.build/Objects-normal/arm64_32/SwiftSummarize.swiftdeps -serialize-diagnostics-path /Users/admin/builder/spi-builder-workspace/.derivedData/Build/Intermediates.noindex/SwiftSummarize.build/Debug-watchos/SwiftSummarize-t.build/Objects-normal/arm64_32/SwiftSummarize.dia -target arm64_32-apple-watchos9.0 -disable-cross-import-overlay-search -load-resolved-plugin /Applications/Xcode-27.0.0-Release.Candidate.app/Contents/Developer/Platforms/WatchOS.platform/Developer/usr/lib/swift/host/plugins/libFoundationMacros.dylib\#/Applications/Xcode-27.0.0-Release.Candidate.app/Contents/Developer/Platforms/WatchOS.platform/Developer/usr/bin/swift-plugin-server\#FoundationMacros -load-resolved-plugin /Applications/Xcode-27.0.0-Release.Candidate.app/Contents/Developer/Platforms/WatchOS.platform/Developer/usr/lib/swift/host/plugins/libObservationMacros.dylib\#/Applications/Xcode-27.0.0-Release.Candidate.app/Contents/Developer/Platforms/WatchOS.platform/Developer/usr/bin/swift-plugin-server\#ObservationMacros -load-resolved-plugin /Applications/Xcode-27.0.0-Release.Candidate.app/Contents/Developer/Platforms/WatchOS.platform/Developer/usr/lib/swift/host/plugins/libSwiftMacros.dylib\#/Applications/Xcode-27.0.0-Release.Candidate.app/Contents/Developer/Platforms/WatchOS.platform/Developer/usr/bin/swift-plugin-server\#SwiftMacros -disable-implicit-swift-modules -Xcc -fno-implicit-modules -Xcc -fno-implicit-module-maps -explicit-swift-module-map-file /Users/admin/builder/spi-builder-workspace/.derivedData/Build/Intermediates.noindex/SwiftSummarize.build/Debug-watchos/SwiftSummarize-t.build/Objects-normal/arm64_32/SwiftSummarize-dependencies-1.json -enable-objc-interop -sdk /Applications/Xcode-27.0.0-Release.Candidate.app/Contents/Developer/Platforms/WatchOS.platform/Developer/SDKs/WatchOS27.0.sdk -I /Users/admin/builder/spi-builder-workspace/.derivedData/Build/Products/Debug-watchos -Isystem /Applications/Xcode-27.0.0-Release.Candidate.app/Contents/Developer/Platforms/WatchOS.platform/Developer/usr/lib -F /Users/admin/builder/spi-builder-workspace/.derivedData/Build/Products/Debug-watchos -F /Applications/Xcode-27.0.0-Release.Candidate.app/Contents/Developer/Platforms/WatchOS.platform/Developer/Library/Frameworks -F /Applications/Xcode-27.0.0-Release.Candidate.app/Contents/Developer/Platforms/WatchOS.platform/Developer/SDKs/WatchOS27.0.sdk/Developer/Library/Frameworks -module-cache-path /Users/admin/builder/spi-builder-workspace/.derivedData/Build/Intermediates.noindex/SwiftExplicitPrecompiledModules -no-color-diagnostics -Xcc -fno-color-diagnostics -enable-testing -g -debug-info-format\=dwarf -dwarf-version\=4 -profile-generate -profile-coverage-mapping -swift-version 5 -Onone -D SWIFT_PACKAGE -D DEBUG -D SWIFT_MODULE_RESOURCE_BUNDLE_AVAILABLE -D Xcode -serialize-debugging-options -enable-experimental-feature DebugDescriptionMacro -empty-abi-descriptor -validate-clang-modules-once -clang-build-session-file /Users/admin/builder/spi-builder-workspace/.derivedData/ModuleCache.noindex/Session.modulevalidation -Xcc -working-directory -Xcc /Users/admin/builder/spi-builder-workspace/.swiftpm/xcode -enable-anonymous-context-mangled-names -file-compilation-dir /Users/admin/builder/spi-builder-workspace/.swiftpm/xcode -Xcc -D_LIBCPP_HARDENING_MODE\=_LIBCPP_HARDENING_MODE_DEBUG -Xcc -ivfsstatcache -Xcc /Users/admin/builder/spi-builder-workspace/.derivedData/SDKStatCaches.noindex/watchos27.0-24R360-e829b21a6f8c9b70876ba0858053c04477534ef55a1706bf4c1112bbb242f0a2.sdkstatcache -Xcc -fmodules-prune-interval\=86400 -Xcc -fmodules-prune-after\=345600 -Xcc -I/Users/admin/builder/spi-builder-workspace/.derivedData/Build/Products/Debug-watchos/include -Xcc -I/Users/admin/builder/spi-builder-workspace/.derivedData/Build/Intermediates.noindex/SwiftSummarize.build/Debug-watchos/SwiftSummarize-t.build/DerivedSources-normal/arm64_32 -Xcc -I/Users/admin/builder/spi-builder-workspace/.derivedData/Build/Intermediates.noindex/SwiftSummarize.build/Debug-watchos/SwiftSummarize-t.build/DerivedSources/arm64_32 -Xcc -I/Users/admin/builder/spi-builder-workspace/.derivedData/Build/Intermediates.noindex/SwiftSummarize.build/Debug-watchos/SwiftSummarize-t.build/DerivedSources -Xcc -DSWIFT_PACKAGE -Xcc -DDEBUG\=1 -no-auto-bridging-header-chaining -module-name SwiftSummarize -const-gather-protocols-file /Users/admin/builder/spi-builder-workspace/.derivedData/Build/Intermediates.noindex/SwiftSummarize.build/Debug-watchos/SwiftSummarize-t.build/Objects-normal/arm64_32/SwiftSummarize_const_extract_protocols.json -disable-clang-spi -clang-target arm64_32-apple-watchos27.0 -target-sdk-version 27.0 -target-sdk-name watchos27.0 -in-process-plugin-server-path /Applications/Xcode-27.0.0-Release.Candidate.app/Contents/Developer/Toolchains/XcodeDefault.xctoolchain/usr/lib/swift/host/libSwiftInProcPluginServer.dylib -parse-as-library -o /Users/admin/builder/spi-builder-workspace/.derivedData/Build/Intermediates.noindex/SwiftSummarize.build/Debug-watchos/SwiftSummarize-t.build/Objects-normal/arm64_32/SwiftSummarize.o -debug-module-path /Users/admin/builder/spi-builder-workspace/.derivedData/Build/Intermediates.noindex/SwiftSummarize.build/Debug-watchos/SwiftSummarize-t.build/Objects-normal/arm64_32/SwiftSummarize.swiftmodule -index-unit-output-path /SwiftSummarize.build/Debug-watchos/SwiftSummarize-t.build/Objects-normal/arm64_32/SwiftSummarize.o -index-store-path /Users/admin/builder/spi-builder-workspace/.derivedData/Index.noindex/DataStore -index-system-modules
SwiftCompile normal arm64_32 /Users/admin/builder/spi-builder-workspace/Sources/SwiftSummarize/SwiftSummarize.swift (in target 'SwiftSummarize' from project 'SwiftSummarize')
cd /Users/admin/builder/spi-builder-workspace/.swiftpm/xcode
builtin-SwiftPerFileCompile SwiftSummarize.swift
SwiftCompile normal arm64 Compiling\ SwiftSummarize.swift /Users/admin/builder/spi-builder-workspace/Sources/SwiftSummarize/SwiftSummarize.swift (in target 'SwiftSummarize' from project 'SwiftSummarize')
/Users/admin/builder/spi-builder-workspace/Sources/SwiftSummarize/SwiftSummarize.swift:20:23: error: cannot find 'SKSummaryCreateWithString' in scope
18 | self.input = input
19 | self.numSentencesInSummary = numberOfSentences
20 | let summary = SKSummaryCreateWithString(input as CFString).takeRetainedValue()
| `- error: cannot find 'SKSummaryCreateWithString' in scope
21 | self.sentenceCount = SKSummaryGetSentenceCount(summary)
22 | self.paragraphCount = SKSummaryGetParagraphCount(summary)
/Users/admin/builder/spi-builder-workspace/Sources/SwiftSummarize/SwiftSummarize.swift:21:30: error: cannot find 'SKSummaryGetSentenceCount' in scope
19 | self.numSentencesInSummary = numberOfSentences
20 | let summary = SKSummaryCreateWithString(input as CFString).takeRetainedValue()
21 | self.sentenceCount = SKSummaryGetSentenceCount(summary)
| `- error: cannot find 'SKSummaryGetSentenceCount' in scope
22 | self.paragraphCount = SKSummaryGetParagraphCount(summary)
23 |
/Users/admin/builder/spi-builder-workspace/Sources/SwiftSummarize/SwiftSummarize.swift:22:31: error: cannot find 'SKSummaryGetParagraphCount' in scope
20 | let summary = SKSummaryCreateWithString(input as CFString).takeRetainedValue()
21 | self.sentenceCount = SKSummaryGetSentenceCount(summary)
22 | self.paragraphCount = SKSummaryGetParagraphCount(summary)
| `- error: cannot find 'SKSummaryGetParagraphCount' in scope
23 |
24 | // Check number of sentences in output to avoid crashing...
/Users/admin/builder/spi-builder-workspace/Sources/SwiftSummarize/SwiftSummarize.swift:26:27: error: cannot find 'SKSummaryCopySentenceSummaryString' in scope
24 | // Check number of sentences in output to avoid crashing...
25 | if sentenceCount > 0 {
26 | self.output = SKSummaryCopySentenceSummaryString(summary, numSentencesInSummary).takeRetainedValue() as String
| `- error: cannot find 'SKSummaryCopySentenceSummaryString' in scope
27 | } else {
28 | self.output = input
/Users/admin/builder/spi-builder-workspace/Sources/SwiftSummarize/SwiftSummarize.swift:38:23: error: cannot find 'SKSummaryCreateWithString' in scope
36 | public init(_ input: String, percent: CGFloat) {
37 | self.input = input
38 | let summary = SKSummaryCreateWithString(input as CFString).takeRetainedValue()
| `- error: cannot find 'SKSummaryCreateWithString' in scope
39 | self.sentenceCount = SKSummaryGetSentenceCount(summary)
40 | print(percent.description)
/Users/admin/builder/spi-builder-workspace/Sources/SwiftSummarize/SwiftSummarize.swift:39:30: error: cannot find 'SKSummaryGetSentenceCount' in scope
37 | self.input = input
38 | let summary = SKSummaryCreateWithString(input as CFString).takeRetainedValue()
39 | self.sentenceCount = SKSummaryGetSentenceCount(summary)
| `- error: cannot find 'SKSummaryGetSentenceCount' in scope
40 | print(percent.description)
41 | self.numSentencesInSummary = Int(max(1, ((CGFloat(sentenceCount)/100)*percent)))
/Users/admin/builder/spi-builder-workspace/Sources/SwiftSummarize/SwiftSummarize.swift:42:31: error: cannot find 'SKSummaryGetParagraphCount' in scope
40 | print(percent.description)
41 | self.numSentencesInSummary = Int(max(1, ((CGFloat(sentenceCount)/100)*percent)))
42 | self.paragraphCount = SKSummaryGetParagraphCount(summary)
| `- error: cannot find 'SKSummaryGetParagraphCount' in scope
43 | print(numSentencesInSummary.description)
44 |
/Users/admin/builder/spi-builder-workspace/Sources/SwiftSummarize/SwiftSummarize.swift:47:27: error: cannot find 'SKSummaryCopySentenceSummaryString' in scope
45 | // Check number of sentences in output to avoid crashing...
46 | if sentenceCount > 0 {
47 | self.output = SKSummaryCopySentenceSummaryString(summary, numSentencesInSummary).takeRetainedValue() as String
| `- error: cannot find 'SKSummaryCopySentenceSummaryString' in scope
48 | } else {
49 | self.output = input
Failed frontend command:
/Applications/Xcode-27.0.0-Release.Candidate.app/Contents/Developer/Toolchains/XcodeDefault.xctoolchain/usr/bin/swift-frontend -frontend -c /Users/admin/builder/spi-builder-workspace/.derivedData/Build/Intermediates.noindex/SwiftSummarize.build/Debug-watchos/SwiftSummarize-t.build/DerivedSources/resource_bundle_accessor.swift -primary-file /Users/admin/builder/spi-builder-workspace/Sources/SwiftSummarize/SwiftSummarize.swift -emit-dependencies-path /Users/admin/builder/spi-builder-workspace/.derivedData/Build/Intermediates.noindex/SwiftSummarize.build/Debug-watchos/SwiftSummarize-t.build/Objects-normal/arm64/SwiftSummarize.d -emit-const-values-path /Users/admin/builder/spi-builder-workspace/.derivedData/Build/Intermediates.noindex/SwiftSummarize.build/Debug-watchos/SwiftSummarize-t.build/Objects-normal/arm64/SwiftSummarize.swiftconstvalues -emit-reference-dependencies-path /Users/admin/builder/spi-builder-workspace/.derivedData/Build/Intermediates.noindex/SwiftSummarize.build/Debug-watchos/SwiftSummarize-t.build/Objects-normal/arm64/SwiftSummarize.swiftdeps -serialize-diagnostics-path /Users/admin/builder/spi-builder-workspace/.derivedData/Build/Intermediates.noindex/SwiftSummarize.build/Debug-watchos/SwiftSummarize-t.build/Objects-normal/arm64/SwiftSummarize.dia -target arm64-apple-watchos9.0 -disable-cross-import-overlay-search -load-resolved-plugin /Applications/Xcode-27.0.0-Release.Candidate.app/Contents/Developer/Platforms/WatchOS.platform/Developer/usr/lib/swift/host/plugins/libFoundationMacros.dylib\#/Applications/Xcode-27.0.0-Release.Candidate.app/Contents/Developer/Platforms/WatchOS.platform/Developer/usr/bin/swift-plugin-server\#FoundationMacros -load-resolved-plugin /Applications/Xcode-27.0.0-Release.Candidate.app/Contents/Developer/Platforms/WatchOS.platform/Developer/usr/lib/swift/host/plugins/libObservationMacros.dylib\#/Applications/Xcode-27.0.0-Release.Candidate.app/Contents/Developer/Platforms/WatchOS.platform/Developer/usr/bin/swift-plugin-server\#ObservationMacros -load-resolved-plugin /Applications/Xcode-27.0.0-Release.Candidate.app/Contents/Developer/Platforms/WatchOS.platform/Developer/usr/lib/swift/host/plugins/libSwiftMacros.dylib\#/Applications/Xcode-27.0.0-Release.Candidate.app/Contents/Developer/Platforms/WatchOS.platform/Developer/usr/bin/swift-plugin-server\#SwiftMacros -disable-implicit-swift-modules -Xcc -fno-implicit-modules -Xcc -fno-implicit-module-maps -explicit-swift-module-map-file /Users/admin/builder/spi-builder-workspace/.derivedData/Build/Intermediates.noindex/SwiftSummarize.build/Debug-watchos/SwiftSummarize-t.build/Objects-normal/arm64/SwiftSummarize-dependencies-2.json -Xllvm -aarch64-use-tbi -enable-objc-interop -stack-check -sdk /Applications/Xcode-27.0.0-Release.Candidate.app/Contents/Developer/Platforms/WatchOS.platform/Developer/SDKs/WatchOS27.0.sdk -I /Users/admin/builder/spi-builder-workspace/.derivedData/Build/Products/Debug-watchos -Isystem /Applications/Xcode-27.0.0-Release.Candidate.app/Contents/Developer/Platforms/WatchOS.platform/Developer/usr/lib -F /Users/admin/builder/spi-builder-workspace/.derivedData/Build/Products/Debug-watchos -F /Applications/Xcode-27.0.0-Release.Candidate.app/Contents/Developer/Platforms/WatchOS.platform/Developer/Library/Frameworks -F /Applications/Xcode-27.0.0-Release.Candidate.app/Contents/Developer/Platforms/WatchOS.platform/Developer/SDKs/WatchOS27.0.sdk/Developer/Library/Frameworks -module-cache-path /Users/admin/builder/spi-builder-workspace/.derivedData/Build/Intermediates.noindex/SwiftExplicitPrecompiledModules -no-color-diagnostics -Xcc -fno-color-diagnostics -enable-testing -g -debug-info-format\=dwarf -dwarf-version\=4 -profile-generate -profile-coverage-mapping -swift-version 5 -Onone -D SWIFT_PACKAGE -D DEBUG -D SWIFT_MODULE_RESOURCE_BUNDLE_AVAILABLE -D Xcode -serialize-debugging-options -enable-experimental-feature DebugDescriptionMacro -empty-abi-descriptor -validate-clang-modules-once -clang-build-session-file /Users/admin/builder/spi-builder-workspace/.derivedData/ModuleCache.noindex/Session.modulevalidation -Xcc -working-directory -Xcc /Users/admin/builder/spi-builder-workspace/.swiftpm/xcode -enable-anonymous-context-mangled-names -file-compilation-dir /Users/admin/builder/spi-builder-workspace/.swiftpm/xcode -Xcc -D_LIBCPP_HARDENING_MODE\=_LIBCPP_HARDENING_MODE_DEBUG -Xcc -ivfsstatcache -Xcc /Users/admin/builder/spi-builder-workspace/.derivedData/SDKStatCaches.noindex/watchos27.0-24R360-e829b21a6f8c9b70876ba0858053c04477534ef55a1706bf4c1112bbb242f0a2.sdkstatcache -Xcc -fmodules-prune-interval\=86400 -Xcc -fmodules-prune-after\=345600 -Xcc -I/Users/admin/builder/spi-builder-workspace/.derivedData/Build/Products/Debug-watchos/include -Xcc -I/Users/admin/builder/spi-builder-workspace/.derivedData/Build/Intermediates.noindex/SwiftSummarize.build/Debug-watchos/SwiftSummarize-t.build/DerivedSources-normal/arm64 -Xcc -I/Users/admin/builder/spi-builder-workspace/.derivedData/Build/Intermediates.noindex/SwiftSummarize.build/Debug-watchos/SwiftSummarize-t.build/DerivedSources/arm64 -Xcc -I/Users/admin/builder/spi-builder-workspace/.derivedData/Build/Intermediates.noindex/SwiftSummarize.build/Debug-watchos/SwiftSummarize-t.build/DerivedSources -Xcc -DSWIFT_PACKAGE -Xcc -DDEBUG\=1 -no-auto-bridging-header-chaining -module-name SwiftSummarize -const-gather-protocols-file /Users/admin/builder/spi-builder-workspace/.derivedData/Build/Intermediates.noindex/SwiftSummarize.build/Debug-watchos/SwiftSummarize-t.build/Objects-normal/arm64/SwiftSummarize_const_extract_protocols.json -disable-clang-spi -clang-target arm64-apple-watchos27.0 -target-sdk-version 27.0 -target-sdk-name watchos27.0 -in-process-plugin-server-path /Applications/Xcode-27.0.0-Release.Candidate.app/Contents/Developer/Toolchains/XcodeDefault.xctoolchain/usr/lib/swift/host/libSwiftInProcPluginServer.dylib -parse-as-library -o /Users/admin/builder/spi-builder-workspace/.derivedData/Build/Intermediates.noindex/SwiftSummarize.build/Debug-watchos/SwiftSummarize-t.build/Objects-normal/arm64/SwiftSummarize.o -debug-module-path /Users/admin/builder/spi-builder-workspace/.derivedData/Build/Intermediates.noindex/SwiftSummarize.build/Debug-watchos/SwiftSummarize-t.build/Objects-normal/arm64/SwiftSummarize.swiftmodule -index-unit-output-path /SwiftSummarize.build/Debug-watchos/SwiftSummarize-t.build/Objects-normal/arm64/SwiftSummarize.o -index-store-path /Users/admin/builder/spi-builder-workspace/.derivedData/Index.noindex/DataStore -index-system-modules
SwiftCompile normal arm64 /Users/admin/builder/spi-builder-workspace/Sources/SwiftSummarize/SwiftSummarize.swift (in target 'SwiftSummarize' from project 'SwiftSummarize')
cd /Users/admin/builder/spi-builder-workspace/.swiftpm/xcode
builtin-SwiftPerFileCompile SwiftSummarize.swift
PruneExplicitPrecompiledModules /Users/admin/builder/spi-builder-workspace/.derivedData/SDKExplicitPrecompiledModules
PruneExplicitPrecompiledModules /Users/admin/builder/spi-builder-workspace/.derivedData/Build/Intermediates.noindex/SwiftExplicitPrecompiledModules
PruneExplicitPrecompiledModules /Users/admin/builder/spi-builder-workspace/.derivedData/Build/Intermediates.noindex/ExplicitPrecompiledModules
2026-09-19 15:28:40.638 xcodebuild[730:4572] [MT] IDERunDestination: Supported platforms for the buildables in the current scheme is empty.
** BUILD FAILED **
The following build commands failed:
SwiftCompile normal arm64_32 Compiling\ SwiftSummarize.swift /Users/admin/builder/spi-builder-workspace/Sources/SwiftSummarize/SwiftSummarize.swift (in target 'SwiftSummarize' from project 'SwiftSummarize')
SwiftCompile normal arm64_32 /Users/admin/builder/spi-builder-workspace/Sources/SwiftSummarize/SwiftSummarize.swift (in target 'SwiftSummarize' from project 'SwiftSummarize')
SwiftCompile normal arm64 Compiling\ SwiftSummarize.swift /Users/admin/builder/spi-builder-workspace/Sources/SwiftSummarize/SwiftSummarize.swift (in target 'SwiftSummarize' from project 'SwiftSummarize')
SwiftCompile normal arm64 /Users/admin/builder/spi-builder-workspace/Sources/SwiftSummarize/SwiftSummarize.swift (in target 'SwiftSummarize' from project 'SwiftSummarize')
Building workspace SwiftSummarize with scheme SwiftSummarize
(5 failures)
BUILD FAILURE 6.4 watchOS