The Swift Package Index logo.Swift Package Index

Build Information

Failed to build DelayedJob, reference v1.0.2 (445eac), with Swift 6.4 for tvOS using Xcode 27.0 on 18 Sep 2026 21:52:17 UTC.

Build Command

env DEVELOPER_DIR=/Applications/Xcode-27.0.0-Release.Candidate.app xcrun xcodebuild -IDEClonedSourcePackagesDirPathOverride=$PWD/.dependencies -skipMacroValidation -skipPackagePluginValidation -derivedDataPath $PWD/.derivedData build -scheme DelayedJob-Package -destination generic/platform=tvOS

Build Log

========================================
RunAll
========================================
Builder version: 5.1.0
Interrupt handler set up.
========================================
Checkout
========================================
Clone URL: https://github.com/toastersocks/DelayedJob.git
Reference: v1.0.2
Initialized empty Git repository in /Users/admin/builder/spi-builder-workspace/.git/
From https://github.com/toastersocks/DelayedJob
 * tag               v1.0.2     -> FETCH_HEAD
HEAD is now at 445eacf Merge branch 'develop'
Cloned https://github.com/toastersocks/DelayedJob.git
Revision (git rev-parse @):
445eacf72b50bca98d658abe635bad2805cad389
SPI manifest file found: $PWD/.spi.yml
SUCCESS checkout https://github.com/toastersocks/DelayedJob.git at v1.0.2
========================================
Build
========================================
Selected platform:         tvOS
Swift version:             6.4
Building package at path:  $PWD
https://github.com/toastersocks/DelayedJob.git
Command line invocation:
    /Applications/Xcode-27.0.0-Release.Candidate.app/Contents/Developer/usr/bin/xcodebuild -IDEClonedSourcePackagesDirPathOverride=/Users/admin/builder/spi-builder-workspace/.dependencies -resolvePackageDependencies
resolved source packages:
{
  "dependencies" : [
  ],
  "manifest_display_name" : "DelayedJob",
  "name" : "DelayedJob",
  "path" : "/Users/admin/builder/spi-builder-workspace",
  "platforms" : [
    {
      "name" : "macos",
      "version" : "10.13"
    },
    {
      "name" : "ios",
      "version" : "10.0"
    },
    {
      "name" : "tvos",
      "version" : "10.0"
    },
    {
      "name" : "watchos",
      "version" : "3.0"
    }
  ],
  "products" : [
    {
      "name" : "DelayedJob",
      "targets" : [
        "DelayedJob"
      ],
      "type" : {
        "library" : [
          "automatic"
        ]
      }
    }
  ],
  "targets" : [
    {
      "c99name" : "DelayedJobTests",
      "module_type" : "SwiftTarget",
      "name" : "DelayedJobTests",
      "path" : "Tests/DelayedJobTests",
      "sources" : [
        "DelayedJobTests.swift",
        "XCTestManifests.swift"
      ],
      "target_dependencies" : [
        "DelayedJob"
      ],
      "type" : "test"
    },
    {
      "c99name" : "DelayedJob",
      "module_type" : "SwiftTarget",
      "name" : "DelayedJob",
      "path" : "Sources/DelayedJob",
      "product_memberships" : [
        "DelayedJob"
      ],
      "sources" : [
        "DelayedJob.swift"
      ],
      "type" : "library"
    }
  ],
  "tools_version" : "5.0"
}
{
  "project" : {
    "configurations" : [
      "Debug",
      "Release"
    ],
    "name" : "DelayedJob",
    "schemes" : [
      "DelayedJob-Package"
    ],
    "targets" : [
      "DelayedJob",
      "DelayedJobPackageDescription",
      "DelayedJobPackageTests",
      "DelayedJobTests"
    ]
  }
}
Running build ...
env DEVELOPER_DIR=/Applications/Xcode-27.0.0-Release.Candidate.app xcrun xcodebuild -IDEClonedSourcePackagesDirPathOverride=$PWD/.dependencies -skipMacroValidation -skipPackagePluginValidation -derivedDataPath $PWD/.derivedData build -scheme DelayedJob-Package -destination generic/platform=tvOS
Command line invocation:
    /Applications/Xcode-27.0.0-Release.Candidate.app/Contents/Developer/usr/bin/xcodebuild -IDEClonedSourcePackagesDirPathOverride=/Users/admin/builder/spi-builder-workspace/.dependencies -skipMacroValidation -skipPackagePluginValidation -derivedDataPath /Users/admin/builder/spi-builder-workspace/.derivedData build -scheme DelayedJob-Package -destination generic/platform=tvOS
ComputePackagePrebuildTargetDependencyGraph
Prepare packages
CreateBuildRequest
SendProjectDescription
CreateBuildOperation
ComputeTargetDependencyGraph
note: Building targets in dependency order
note: Target dependency graph (1 target)
    Target 'DelayedJob' in project 'DelayedJob' (no dependencies)
GatherProvisioningInputs
CreateBuildDescription
ExecuteExternalTool /Applications/Xcode-27.0.0-Release.Candidate.app/Contents/Developer/Toolchains/XcodeDefault.xctoolchain/usr/bin/clang -v -E -dM -isysroot /Applications/Xcode-27.0.0-Release.Candidate.app/Contents/Developer/Platforms/AppleTVOS.platform/Developer/SDKs/AppleTVOS27.0.sdk -x c -c /dev/null
ExecuteExternalTool /Applications/Xcode-27.0.0-Release.Candidate.app/Contents/Developer/Toolchains/XcodeDefault.xctoolchain/usr/bin/swiftc --version
ExecuteExternalTool /Applications/Xcode-27.0.0-Release.Candidate.app/Contents/Developer/Toolchains/XcodeDefault.xctoolchain/usr/bin/ld -version_details
Build description signature: 10015d694e948cd3564a25e9651dafb2
Build description path: /Users/admin/builder/spi-builder-workspace/.derivedData/Build/Intermediates.noindex/XCBuildData/10015d694e948cd3564a25e9651dafb2.xcbuilddata
/Users/admin/builder/spi-builder-workspace/DelayedJob.xcodeproj: error: The tvOS deployment target 'TVOS_DEPLOYMENT_TARGET' is set to 10.0, but the range of supported deployment target versions is 15.0 to 27.0.x. (in target 'DelayedJob' from project 'DelayedJob')
** BUILD FAILED **
The following build commands failed:
	Building project DelayedJob with scheme DelayedJob-Package
(1 failure)
Command line invocation:
    /Applications/Xcode-27.0.0-Release.Candidate.app/Contents/Developer/usr/bin/xcodebuild -IDEClonedSourcePackagesDirPathOverride=/Users/admin/builder/spi-builder-workspace/.dependencies -resolvePackageDependencies
resolved source packages:
{
  "dependencies" : [
  ],
  "manifest_display_name" : "DelayedJob",
  "name" : "DelayedJob",
  "path" : "/Users/admin/builder/spi-builder-workspace",
  "platforms" : [
    {
      "name" : "macos",
      "version" : "10.13"
    },
    {
      "name" : "ios",
      "version" : "10.0"
    },
    {
      "name" : "tvos",
      "version" : "10.0"
    },
    {
      "name" : "watchos",
      "version" : "3.0"
    }
  ],
  "products" : [
    {
      "name" : "DelayedJob",
      "targets" : [
        "DelayedJob"
      ],
      "type" : {
        "library" : [
          "automatic"
        ]
      }
    }
  ],
  "targets" : [
    {
      "c99name" : "DelayedJobTests",
      "module_type" : "SwiftTarget",
      "name" : "DelayedJobTests",
      "path" : "Tests/DelayedJobTests",
      "sources" : [
        "DelayedJobTests.swift",
        "XCTestManifests.swift"
      ],
      "target_dependencies" : [
        "DelayedJob"
      ],
      "type" : "test"
    },
    {
      "c99name" : "DelayedJob",
      "module_type" : "SwiftTarget",
      "name" : "DelayedJob",
      "path" : "Sources/DelayedJob",
      "product_memberships" : [
        "DelayedJob"
      ],
      "sources" : [
        "DelayedJob.swift"
      ],
      "type" : "library"
    }
  ],
  "tools_version" : "5.0"
}
{
  "project" : {
    "configurations" : [
      "Debug",
      "Release"
    ],
    "name" : "DelayedJob",
    "schemes" : [
      "DelayedJob-Package"
    ],
    "targets" : [
      "DelayedJob",
      "DelayedJobPackageDescription",
      "DelayedJobPackageTests",
      "DelayedJobTests"
    ]
  }
}
Running build ...
env DEVELOPER_DIR=/Applications/Xcode-27.0.0-Release.Candidate.app xcrun xcodebuild -IDEClonedSourcePackagesDirPathOverride=$PWD/.dependencies -skipMacroValidation -skipPackagePluginValidation -derivedDataPath $PWD/.derivedData build -scheme DelayedJob-Package -destination generic/platform=tvOS
Command line invocation:
    /Applications/Xcode-27.0.0-Release.Candidate.app/Contents/Developer/usr/bin/xcodebuild -IDEClonedSourcePackagesDirPathOverride=/Users/admin/builder/spi-builder-workspace/.dependencies -skipMacroValidation -skipPackagePluginValidation -derivedDataPath /Users/admin/builder/spi-builder-workspace/.derivedData build -scheme DelayedJob-Package -destination generic/platform=tvOS
ComputePackagePrebuildTargetDependencyGraph
Prepare packages
CreateBuildRequest
SendProjectDescription
CreateBuildOperation
ComputeTargetDependencyGraph
note: Building targets in dependency order
note: Target dependency graph (1 target)
    Target 'DelayedJob' in project 'DelayedJob' (no dependencies)
GatherProvisioningInputs
CreateBuildDescription
/Users/admin/builder/spi-builder-workspace/DelayedJob.xcodeproj: error: The tvOS deployment target 'TVOS_DEPLOYMENT_TARGET' is set to 10.0, but the range of supported deployment target versions is 15.0 to 27.0.x. (in target 'DelayedJob' from project 'DelayedJob')
** BUILD FAILED **
The following build commands failed:
	Building project DelayedJob with scheme DelayedJob-Package
(1 failure)
BUILD FAILURE 6.4 tvOS