Build Information
Failed to build SwiftTelegramBot, reference master (6f7ec9), with Swift 6.1 for Wasm on 3 Sep 2026 16:59:51 UTC.
Build Command
bash -c docker run --pull=always --rm -v "checkouts-54344845-0":/host -w "$PWD" -e JAVA_HOME="/root/.sdkman/candidates/java/current" -e SPI_BUILD="1" -e SPI_PROCESSING="1" registry.gitlab.com/saguaro1/spi-images:wasm-6.1-latest swift build --swift-sdk wasm32-unknown-wasi 2>&1Build Log
========================================
RunAll
========================================
Builder version: 5.0.2
Interrupt handler set up.
========================================
Checkout
========================================
Clone URL: https://github.com/nerzh/swift-telegram-bot.git
Reference: master
Initialized empty Git repository in /host/spi-builder-workspace/.git/
hint: Using 'master' as the name for the initial branch. This default branch name
hint: is subject to change. To configure the initial branch name to use in all
hint: of your new repositories, which will suppress this warning, call:
hint:
hint: git config --global init.defaultBranch <name>
hint:
hint: Names commonly chosen instead of 'master' are 'main', 'trunk' and
hint: 'development'. The just-created branch can be renamed via this command:
hint:
hint: git branch -m <name>
From https://github.com/nerzh/swift-telegram-bot
* branch master -> FETCH_HEAD
* [new branch] master -> origin/master
HEAD is now at 6f7ec97 Bot API 10.3
Cloned https://github.com/nerzh/swift-telegram-bot.git
Revision (git rev-parse @):
6f7ec97eb3796507a51f0988ad78b02da4279583
SUCCESS checkout https://github.com/nerzh/swift-telegram-bot.git at master
========================================
Build
========================================
Selected platform: wasm
Swift version: 6.1
Building package at path: $PWD
https://github.com/nerzh/swift-telegram-bot.git
https://github.com/nerzh/swift-telegram-bot.git
WARNING: environment variable SUPPRESS_SWIFT_6_FLAGS is not set
Running build ...
bash -c docker run --pull=always --rm -v "checkouts-54344845-0":/host -w "$PWD" -e JAVA_HOME="/root/.sdkman/candidates/java/current" -e SPI_BUILD="1" -e SPI_PROCESSING="1" registry.gitlab.com/saguaro1/spi-images:wasm-6.1-latest swift build --swift-sdk wasm32-unknown-wasi -Xswiftc -Xfrontend -Xswiftc -stats-output-dir -Xswiftc -Xfrontend -Xswiftc .stats -Xswiftc -strict-concurrency=complete -Xswiftc -enable-upcoming-feature -Xswiftc StrictConcurrency -Xswiftc -enable-upcoming-feature -Xswiftc DisableOutwardActorInference -Xswiftc -enable-upcoming-feature -Xswiftc GlobalActorIsolatedTypesUsability -Xswiftc -enable-upcoming-feature -Xswiftc InferSendableFromCaptures 2>&1
wasm-6.1-latest: Pulling from saguaro1/spi-images
Digest: sha256:290f441d1f5b7bf0dbbe61e8b7514208804cdcb507d57b3c762463ad036298f7
Status: Image is up to date for registry.gitlab.com/saguaro1/spi-images:wasm-6.1-latest
Fetching https://github.com/nerzh/swift-regular-expression
Fetching https://github.com/nerzh/swift-custom-logger
[1/61] Fetching swift-regular-expression
[62/98] Fetching swift-regular-expression, swift-custom-logger
Fetched https://github.com/nerzh/swift-regular-expression from cache (0.47s)
Fetched https://github.com/nerzh/swift-custom-logger from cache (0.47s)
Computing version for https://github.com/nerzh/swift-regular-expression
Computed https://github.com/nerzh/swift-regular-expression at 0.2.4 (1.43s)
Computing version for https://github.com/nerzh/swift-custom-logger
Computed https://github.com/nerzh/swift-custom-logger at 1.1.1 (0.23s)
Fetching https://github.com/apple/swift-log
[1/7999] Fetching swift-log
Fetched https://github.com/apple/swift-log from cache (0.67s)
Computing version for https://github.com/apple/swift-log
Computed https://github.com/apple/swift-log at 1.15.0 (0.93s)
Creating working copy for https://github.com/nerzh/swift-custom-logger
Working copy of https://github.com/nerzh/swift-custom-logger resolved at 1.1.1
Creating working copy for https://github.com/nerzh/swift-regular-expression
Working copy of https://github.com/nerzh/swift-regular-expression resolved at 0.2.4
Creating working copy for https://github.com/apple/swift-log
Working copy of https://github.com/apple/swift-log resolved at 1.15.0
Building for debugging...
[0/5] Write sources
[4/5] Write swift-version-24593BA9C3E375BF.txt
[6/18] Compiling Logging Logger+Attributes.swift
<unknown>:0: warning: upcoming feature 'InferSendableFromCaptures' is already enabled as of Swift version 6
<unknown>:0: warning: upcoming feature 'GlobalActorIsolatedTypesUsability' is already enabled as of Swift version 6
<unknown>:0: warning: upcoming feature 'DisableOutwardActorInference' is already enabled as of Swift version 6
[7/19] Compiling Logging Logger.swift
<unknown>:0: warning: upcoming feature 'InferSendableFromCaptures' is already enabled as of Swift version 6
<unknown>:0: warning: upcoming feature 'GlobalActorIsolatedTypesUsability' is already enabled as of Swift version 6
<unknown>:0: warning: upcoming feature 'DisableOutwardActorInference' is already enabled as of Swift version 6
[8/19] Compiling Logging LoggingSystem.swift
<unknown>:0: warning: upcoming feature 'InferSendableFromCaptures' is already enabled as of Swift version 6
<unknown>:0: warning: upcoming feature 'GlobalActorIsolatedTypesUsability' is already enabled as of Swift version 6
<unknown>:0: warning: upcoming feature 'DisableOutwardActorInference' is already enabled as of Swift version 6
[9/19] Compiling Logging MetadataProvider.swift
<unknown>:0: warning: upcoming feature 'InferSendableFromCaptures' is already enabled as of Swift version 6
<unknown>:0: warning: upcoming feature 'GlobalActorIsolatedTypesUsability' is already enabled as of Swift version 6
<unknown>:0: warning: upcoming feature 'DisableOutwardActorInference' is already enabled as of Swift version 6
[10/19] Compiling Logging Logger+With.swift
unable to find node: pound
unable to find node: pound
<unknown>:0: warning: upcoming feature 'InferSendableFromCaptures' is already enabled as of Swift version 6
<unknown>:0: warning: upcoming feature 'GlobalActorIsolatedTypesUsability' is already enabled as of Swift version 6
<unknown>:0: warning: upcoming feature 'DisableOutwardActorInference' is already enabled as of Swift version 6
[11/19] Compiling Logging LogEvent.swift
<unknown>:0: warning: upcoming feature 'InferSendableFromCaptures' is already enabled as of Swift version 6
<unknown>:0: warning: upcoming feature 'GlobalActorIsolatedTypesUsability' is already enabled as of Swift version 6
<unknown>:0: warning: upcoming feature 'DisableOutwardActorInference' is already enabled as of Swift version 6
[12/19] Compiling Logging LogHandler.swift
<unknown>:0: warning: upcoming feature 'InferSendableFromCaptures' is already enabled as of Swift version 6
<unknown>:0: warning: upcoming feature 'GlobalActorIsolatedTypesUsability' is already enabled as of Swift version 6
<unknown>:0: warning: upcoming feature 'DisableOutwardActorInference' is already enabled as of Swift version 6
[13/19] Compiling Logging SwiftLogNoOpLogHandler.swift
<unknown>:0: warning: upcoming feature 'InferSendableFromCaptures' is already enabled as of Swift version 6
<unknown>:0: warning: upcoming feature 'GlobalActorIsolatedTypesUsability' is already enabled as of Swift version 6
<unknown>:0: warning: upcoming feature 'DisableOutwardActorInference' is already enabled as of Swift version 6
[14/19] Compiling Logging Locks.swift
<unknown>:0: warning: upcoming feature 'InferSendableFromCaptures' is already enabled as of Swift version 6
<unknown>:0: warning: upcoming feature 'GlobalActorIsolatedTypesUsability' is already enabled as of Swift version 6
<unknown>:0: warning: upcoming feature 'DisableOutwardActorInference' is already enabled as of Swift version 6
[15/19] Compiling Logging MultiplexLogHandler.swift
<unknown>:0: warning: upcoming feature 'InferSendableFromCaptures' is already enabled as of Swift version 6
<unknown>:0: warning: upcoming feature 'GlobalActorIsolatedTypesUsability' is already enabled as of Swift version 6
<unknown>:0: warning: upcoming feature 'DisableOutwardActorInference' is already enabled as of Swift version 6
[16/19] Compiling Logging StreamLogHandler.swift
<unknown>:0: warning: upcoming feature 'InferSendableFromCaptures' is already enabled as of Swift version 6
<unknown>:0: warning: upcoming feature 'GlobalActorIsolatedTypesUsability' is already enabled as of Swift version 6
<unknown>:0: warning: upcoming feature 'DisableOutwardActorInference' is already enabled as of Swift version 6
[17/19] Emitting module Logging
unable to find node: pound
unable to find node: pound
<unknown>:0: warning: upcoming feature 'InferSendableFromCaptures' is already enabled as of Swift version 6
<unknown>:0: warning: upcoming feature 'GlobalActorIsolatedTypesUsability' is already enabled as of Swift version 6
<unknown>:0: warning: upcoming feature 'DisableOutwardActorInference' is already enabled as of Swift version 6
[18/20] Compiling SwiftRegularExpression String+Regexp.swift
[19/20] Emitting module SwiftRegularExpression
[22/26] Compiling SwiftCustomLogger LogFormatter.swift
[23/26] Compiling SwiftCustomLogger Printer.swift
/host/spi-builder-workspace/.build/checkouts/swift-custom-logger/Sources/SwiftCustomLogger/Printer.swift:51:43: error: cannot find type 'FILE' in scope
49 | private struct OutputStream: TextOutputStream {
50 |
51 | public let file: UnsafeMutablePointer<FILE>
| `- error: cannot find type 'FILE' in scope
52 |
53 | public func write(_ string: String) {
/host/spi-builder-workspace/.build/checkouts/swift-custom-logger/Sources/SwiftCustomLogger/Printer.swift:55:13: error: cannot find 'flockfile' in scope
53 | public func write(_ string: String) {
54 | string.withCString { ptr in
55 | flockfile(file)
| `- error: cannot find 'flockfile' in scope
56 | defer { funlockfile(file) }
57 | _ = fputs(ptr, file)
[24/26] Compiling SwiftCustomLogger CustomHandler.swift
error: emit-module command failed with exit code 1 (use -v to see invocation)
[25/26] Compiling SwiftCustomLogger BasicFormatter.swift
[26/26] Emitting module SwiftCustomLogger
/host/spi-builder-workspace/.build/checkouts/swift-custom-logger/Sources/SwiftCustomLogger/Printer.swift:51:43: error: cannot find type 'FILE' in scope
49 | private struct OutputStream: TextOutputStream {
50 |
51 | public let file: UnsafeMutablePointer<FILE>
| `- error: cannot find type 'FILE' in scope
52 |
53 | public func write(_ string: String) {
Running build ...
bash -c docker run --pull=always --rm -v "checkouts-54344845-0":/host -w "$PWD" -e JAVA_HOME="/root/.sdkman/candidates/java/current" -e SPI_BUILD="1" -e SPI_PROCESSING="1" registry.gitlab.com/saguaro1/spi-images:wasm-6.1-latest swift build --swift-sdk wasm32-unknown-wasi 2>&1
wasm-6.1-latest: Pulling from saguaro1/spi-images
Digest: sha256:290f441d1f5b7bf0dbbe61e8b7514208804cdcb507d57b3c762463ad036298f7
Status: Image is up to date for registry.gitlab.com/saguaro1/spi-images:wasm-6.1-latest
[0/1] Planning build
Building for debugging...
[0/1] Write swift-version-24593BA9C3E375BF.txt
[2/14] Compiling Logging LoggingSystem.swift
[3/15] Emitting module SwiftRegularExpression
[4/15] Compiling SwiftRegularExpression String+Regexp.swift
[5/16] Compiling Logging MetadataProvider.swift
[7/16] Compiling Logging Logger+With.swift
unable to find node: pound
unable to find node: pound
[8/16] Compiling Logging SwiftLogNoOpLogHandler.swift
[9/16] Compiling Logging Locks.swift
[10/16] Compiling Logging LogEvent.swift
[11/16] Compiling Logging LogHandler.swift
[12/16] Compiling Logging Logger.swift
[13/16] Compiling Logging Logger+Attributes.swift
[14/16] Compiling Logging MultiplexLogHandler.swift
[15/16] Compiling Logging StreamLogHandler.swift
[16/16] Emitting module Logging
unable to find node: pound
unable to find node: pound
error: emit-module command failed with exit code 1 (use -v to see invocation)
[18/22] Compiling SwiftCustomLogger LogFormatter.swift
[19/22] Compiling SwiftCustomLogger BasicFormatter.swift
[20/22] Compiling SwiftCustomLogger CustomHandler.swift
[21/22] Emitting module SwiftCustomLogger
/host/spi-builder-workspace/.build/checkouts/swift-custom-logger/Sources/SwiftCustomLogger/Printer.swift:51:43: error: cannot find type 'FILE' in scope
49 | private struct OutputStream: TextOutputStream {
50 |
51 | public let file: UnsafeMutablePointer<FILE>
| `- error: cannot find type 'FILE' in scope
52 |
53 | public func write(_ string: String) {
[22/22] Compiling SwiftCustomLogger Printer.swift
/host/spi-builder-workspace/.build/checkouts/swift-custom-logger/Sources/SwiftCustomLogger/Printer.swift:51:43: error: cannot find type 'FILE' in scope
49 | private struct OutputStream: TextOutputStream {
50 |
51 | public let file: UnsafeMutablePointer<FILE>
| `- error: cannot find type 'FILE' in scope
52 |
53 | public func write(_ string: String) {
/host/spi-builder-workspace/.build/checkouts/swift-custom-logger/Sources/SwiftCustomLogger/Printer.swift:55:13: error: cannot find 'flockfile' in scope
53 | public func write(_ string: String) {
54 | string.withCString { ptr in
55 | flockfile(file)
| `- error: cannot find 'flockfile' in scope
56 | defer { funlockfile(file) }
57 | _ = fputs(ptr, file)
BUILD FAILURE 6.1 wasm