The Swift Package Index logo.Swift Package Index

Build Information

Failed to build ScreenNavigatorKit, reference main (3ef664), with Swift 6.4 for macOS (SPM) on 20 Sep 2026 00:03:54 UTC.

Build Command

env DEVELOPER_DIR=/Applications/Xcode-27.0.0-Release.Candidate.app xcrun swift build --arch arm64

Build Log

========================================
RunAll
========================================
Builder version: 5.1.0
Interrupt handler set up.
========================================
Checkout
========================================
Clone URL: https://github.com/Ernest0-Production/ScreenNavigatorKit.git
Reference: main
Initialized empty Git repository in /Users/admin/builder/spi-builder-workspace/.git/
From https://github.com/Ernest0-Production/ScreenNavigatorKit
 * branch            main       -> FETCH_HEAD
 * [new branch]      main       -> origin/main
HEAD is now at 3ef6644 Update README.md
Cloned https://github.com/Ernest0-Production/ScreenNavigatorKit.git
Revision (git rev-parse @):
3ef6644c62014e678e63546112645b8093309ced
SUCCESS checkout https://github.com/Ernest0-Production/ScreenNavigatorKit.git at main
========================================
Build
========================================
Selected platform:         macosSpm
Swift version:             6.4
Building package at path:  $PWD
https://github.com/Ernest0-Production/ScreenNavigatorKit.git
Running build ...
env DEVELOPER_DIR=/Applications/Xcode-27.0.0-Release.Candidate.app xcrun swift build --arch arm64
Building for debugging...
[Planning deferred tasks]
[19 / 28]
[20 / 29] ScreenNavigatorKit
[30 / 106]
[33 / 106]
[41 / 106]
[43 / 106]
[44 / 106]
[49 / 106]
[52 / 106]
[55 / 106]
[61 / 106]
[64 / 106]
[66 / 106]
[67 / 106]
[77 / 106]
[79 / 106]
[80 / 106]
[83 / 106]
[85 / 106]
[97 / 106] ScreenNavigatorKit
[98 / 106] ScreenNavigatorKit
error: SwiftCompile normal arm64 /Users/admin/builder/spi-builder-workspace/Sources/ScreenNavigatorKit/NavigationStack/View+push.swift failed with a nonzero exit code. Command line:     cd /Users/admin/builder
    builtin-SwiftPerFileCompile View+push.swift
/Users/admin/builder/spi-builder-workspace/Sources/ScreenNavigatorKit/NavigationStack/View+push.swift:20:14: error: 'isDetailLink' is unavailable in macOS
18 |                 label: { EmptyView() }
19 |             )
20 |             .isDetailLink(false)
   |              `- error: 'isDetailLink' is unavailable in macOS
21 |             .hidden()
22 |             .accessibilityHidden(true)
SwiftUI.NavigationLink.isDetailLink:5:27: note: 'isDetailLink' has been explicitly marked unavailable here
3 |   @available(tvOS, unavailable)
4 |   @available(watchOS, unavailable)
5 |   nonisolated public func isDetailLink(_ isDetailLink: Bool) -> some View
  |                           `- note: 'isDetailLink' has been explicitly marked unavailable here
6 |   }
7 |
Failed frontend command:
/Applications/Xcode-27.0.0-Release.Candidate.app/Contents/Developer/Toolchains/XcodeDefault.xctoolchain/usr/bin/swift-frontend -frontend -c /Users/admin/builder/spi-builder-workspace/Sources/ScreenNavigatorKit/Internal/Helpers/AnySequence+first.swift /Users/admin/builder/spi-builder-workspace/Sources/ScreenNavigatorKit/Internal/Helpers/Binding+isNotNil.swift /Users/admin/builder/spi-builder-workspace/Sources/ScreenNavigatorKit/Internal/Helpers/Binding+removeDublicates.swift /Users/admin/builder/spi-builder-workspace/Sources/ScreenNavigatorKit/Internal/Helpers/Binding+when.swift /Users/admin/builder/spi-builder-workspace/Sources/ScreenNavigatorKit/Internal/Helpers/View+appear.swift /Users/admin/builder/spi-builder-workspace/Sources/ScreenNavigatorKit/Internal/Helpers/View+asAny.swift /Users/admin/builder/spi-builder-workspace/Sources/ScreenNavigatorKit/ModalStack/ModalStackController.swift /Users/admin/builder/spi-builder-workspace/Sources/ScreenNavigatorKit/ModalStack/ModalStackView.swift /Users/admin/builder/spi-builder-workspace/Sources/ScreenNavigatorKit/ModalStack/ModalToggle.swift /Users/admin/builder/spi-builder-workspace/Sources/ScreenNavigatorKit/ModalStack/PresentationStyle.swift /Users/admin/builder/spi-builder-workspace/Sources/ScreenNavigatorKit/ModalStack/View+fullScreenCover.swift /Users/admin/builder/spi-builder-workspace/Sources/ScreenNavigatorKit/ModalStack/View+sheet.swift /Users/admin/builder/spi-builder-workspace/Sources/ScreenNavigatorKit/NavigationStack/NavigationStackController.swift /Users/admin/builder/spi-builder-workspace/Sources/ScreenNavigatorKit/NavigationStack/NavigationStackView.swift /Users/admin/builder/spi-builder-workspace/Sources/ScreenNavigatorKit/NavigationStack/PushToggle.swift -primary-file /Users/admin/builder/spi-builder-workspace/Sources/ScreenNavigatorKit/NavigationStack/View+push.swift -emit-dependencies-path /Users/admin/builder/spi-builder-workspace/.build/out/Intermediates.noindex/ScreenNavigatorKit.build/Debug/ScreenNavigatorKit-t.build/Objects-normal/arm64/View+push.d -emit-const-values-path /Users/admin/builder/spi-builder-workspace/.build/out/Intermediates.noindex/ScreenNavigatorKit.build/Debug/ScreenNavigatorKit-t.build/Objects-normal/arm64/View+push.swiftconstvalues -emit-reference-dependencies-path /Users/admin/builder/spi-builder-workspace/.build/out/Intermediates.noindex/ScreenNavigatorKit.build/Debug/ScreenNavigatorKit-t.build/Objects-normal/arm64/View+push.swiftdeps -serialize-diagnostics-path /Users/admin/builder/spi-builder-workspace/.build/out/Intermediates.noindex/ScreenNavigatorKit.build/Debug/ScreenNavigatorKit-t.build/Objects-normal/arm64/View+push.dia -target arm64-apple-macos12.0 -disable-cross-import-overlay-search -load-resolved-plugin /Applications/Xcode-27.0.0-Release.Candidate.app/Contents/Developer/Platforms/MacOSX.platform/Developer/usr/lib/swift/host/plugins/libFoundationMacros.dylib\#/Applications/Xcode-27.0.0-Release.Candidate.app/Contents/Developer/Platforms/MacOSX.platform/Developer/usr/bin/swift-plugin-server\#FoundationMacros -load-resolved-plugin /Applications/Xcode-27.0.0-Release.Candidate.app/Contents/Developer/Platforms/MacOSX.platform/Developer/usr/lib/swift/host/plugins/libObservationMacros.dylib\#/Applications/Xcode-27.0.0-Release.Candidate.app/Contents/Developer/Platforms/MacOSX.platform/Developer/usr/bin/swift-plugin-server\#ObservationMacros -load-resolved-plugin /Applications/Xcode-27.0.0-Release.Candidate.app/Contents/Developer/Platforms/MacOSX.platform/Developer/usr/lib/swift/host/plugins/libPreviewsMacros.dylib\#/Applications/Xcode-27.0.0-Release.Candidate.app/Contents/Developer/Platforms/MacOSX.platform/Developer/usr/bin/swift-plugin-server\#PreviewsMacros -load-resolved-plugin /Applications/Xcode-27.0.0-Release.Candidate.app/Contents/Developer/Platforms/MacOSX.platform/Developer/usr/lib/swift/host/plugins/libSwiftMacros.dylib\#/Applications/Xcode-27.0.0-Release.Candidate.app/Contents/Developer/Platforms/MacOSX.platform/Developer/usr/bin/swift-plugin-server\#SwiftMacros -load-resolved-plugin /Applications/Xcode-27.0.0-Release.Candidate.app/Contents/Developer/Platforms/MacOSX.platform/Developer/usr/lib/swift/host/plugins/libSwiftUIMacros.dylib\#/Applications/Xcode-27.0.0-Release.Candidate.app/Contents/Developer/Platforms/MacOSX.platform/Developer/usr/bin/swift-plugin-server\#SwiftUIMacros -disable-implicit-swift-modules -Xcc -fno-implicit-modules -Xcc -fno-implicit-module-maps -explicit-swift-module-map-file /Users/admin/builder/spi-builder-workspace/.build/out/Intermediates.noindex/ScreenNavigatorKit.build/Debug/ScreenNavigatorKit-t.build/Objects-normal/arm64/ScreenNavigatorKit-dependencies-1.json -Xllvm -aarch64-use-tbi -enable-objc-interop -stack-check -sdk /Applications/Xcode-27.0.0-Release.Candidate.app/Contents/Developer/Platforms/MacOSX.platform/Developer/SDKs/MacOSX27.0.sdk -I /Users/admin/builder/spi-builder-workspace/.build/out/Products/Debug -Isystem /Applications/Xcode-27.0.0-Release.Candidate.app/Contents/Developer/Platforms/MacOSX.platform/Developer/usr/lib -F /Users/admin/builder/spi-builder-workspace/.build/out/Products/Debug -F /Applications/Xcode-27.0.0-Release.Candidate.app/Contents/Developer/Platforms/MacOSX.platform/Developer/Library/Frameworks -module-cache-path /Users/admin/builder/spi-builder-workspace/.build/out/Intermediates.noindex/SwiftExplicitPrecompiledModules -color-diagnostics -Xcc -fcolor-diagnostics -enable-testing -g -debug-info-format\=dwarf -dwarf-version\=4 -swift-version 5 -Onone -D SWIFT_PACKAGE -D DEBUG -D SWIFT_MODULE_RESOURCE_BUNDLE_UNAVAILABLE -D Xcode -serialize-debugging-options -enable-experimental-feature DebugDescriptionMacro -empty-abi-descriptor -validate-clang-modules-once -clang-build-session-file /Users/admin/builder/spi-builder-workspace/.build/out/ModuleCache.noindex/Session.modulevalidation -Xcc -working-directory -Xcc /Users/admin/builder -enable-anonymous-context-mangled-names -file-compilation-dir /Users/admin/builder -Xcc -D_LIBCPP_HARDENING_MODE\=_LIBCPP_HARDENING_MODE_DEBUG -Xcc -ivfsstatcache -Xcc /Users/admin/builder/spi-builder-workspace/.build/out/SDKStatCaches.noindex/macosx27.0-26A425-80c5bbf1d171475443272936d42f90a36a22442a12e9d48fe1a705f55a1adfc4.sdkstatcache -Xcc -fmodules-prune-interval\=86400 -Xcc -fmodules-prune-after\=345600 -Xcc -I/Users/admin/builder/spi-builder-workspace/.build/out/Products/Debug/include -Xcc -I/Users/admin/builder/spi-builder-workspace/.build/out/Intermediates.noindex/ScreenNavigatorKit.build/Debug/ScreenNavigatorKit-t.build/DerivedSources-normal/arm64 -Xcc -I/Users/admin/builder/spi-builder-workspace/.build/out/Intermediates.noindex/ScreenNavigatorKit.build/Debug/ScreenNavigatorKit-t.build/DerivedSources/arm64 -Xcc -I/Users/admin/builder/spi-builder-workspace/.build/out/Intermediates.noindex/ScreenNavigatorKit.build/Debug/ScreenNavigatorKit-t.build/DerivedSources -Xcc -DSWIFT_PACKAGE -Xcc -DDEBUG\=1 -no-auto-bridging-header-chaining -module-name ScreenNavigatorKit -const-gather-protocols-file /Users/admin/builder/spi-builder-workspace/.build/out/Intermediates.noindex/ScreenNavigatorKit.build/Debug/ScreenNavigatorKit-t.build/Objects-normal/arm64/ScreenNavigatorKit_const_extract_protocols.json -disable-clang-spi -clang-target arm64-apple-macos27.0 -target-sdk-version 27.0 -target-sdk-name macosx27.0 -in-process-plugin-server-path /Applications/Xcode-27.0.0-Release.Candidate.app/Contents/Developer/Toolchains/XcodeDefault.xctoolchain/usr/lib/swift/host/libSwiftInProcPluginServer.dylib -parse-as-library -o /Users/admin/builder/spi-builder-workspace/.build/out/Intermediates.noindex/ScreenNavigatorKit.build/Debug/ScreenNavigatorKit-t.build/Objects-normal/arm64/View+push.o -debug-module-path /Users/admin/builder/spi-builder-workspace/.build/out/Intermediates.noindex/ScreenNavigatorKit.build/Debug/ScreenNavigatorKit-t.build/Objects-normal/arm64/ScreenNavigatorKit.swiftmodule -index-unit-output-path /ScreenNavigatorKit.build/Debug/ScreenNavigatorKit-t.build/Objects-normal/arm64/View+push.o -index-store-path /Users/admin/builder/spi-builder-workspace/.build/out -index-system-modules
error: SwiftCompile normal arm64 /Users/admin/builder/spi-builder-workspace/Sources/ScreenNavigatorKit/ModalStack/View+fullScreenCover.swift failed with a nonzero exit code. Command line:     cd /Users/admin/builder
    builtin-SwiftPerFileCompile View+fullScreenCover.swift
/Users/admin/builder/spi-builder-workspace/Sources/ScreenNavigatorKit/ModalStack/View+fullScreenCover.swift:14:9: error: 'fullScreenCover(isPresented:onDismiss:content:)' is unavailable in macOS
12 |         _ destination: Binding<(some View)?>
13 |     ) -> some View {
14 |         fullScreenCover(
   |         `- error: 'fullScreenCover(isPresented:onDismiss:content:)' is unavailable in macOS
15 |             isPresented: destination.isNotNil().removeDublicates(),
16 |             content: { destination.wrappedValue }
SwiftUI.View.fullScreenCover:2:25: note: 'fullScreenCover(isPresented:onDismiss:content:)' has been explicitly marked unavailable here
1 | protocol View {
2 | nonisolated public func fullScreenCover<Content>(isPresented: Binding<Bool>, onDismiss: (() -> Void)? = nil, @ContentBuilder content: @escaping () -> Content) -> some View where Content : View
  |                         `- note: 'fullScreenCover(isPresented:onDismiss:content:)' has been explicitly marked unavailable here
3 |   }
4 |
Failed frontend command:
/Applications/Xcode-27.0.0-Release.Candidate.app/Contents/Developer/Toolchains/XcodeDefault.xctoolchain/usr/bin/swift-frontend -frontend -c /Users/admin/builder/spi-builder-workspace/Sources/ScreenNavigatorKit/Internal/Helpers/AnySequence+first.swift /Users/admin/builder/spi-builder-workspace/Sources/ScreenNavigatorKit/Internal/Helpers/Binding+isNotNil.swift /Users/admin/builder/spi-builder-workspace/Sources/ScreenNavigatorKit/Internal/Helpers/Binding+removeDublicates.swift /Users/admin/builder/spi-builder-workspace/Sources/ScreenNavigatorKit/Internal/Helpers/Binding+when.swift /Users/admin/builder/spi-builder-workspace/Sources/ScreenNavigatorKit/Internal/Helpers/View+appear.swift /Users/admin/builder/spi-builder-workspace/Sources/ScreenNavigatorKit/Internal/Helpers/View+asAny.swift /Users/admin/builder/spi-builder-workspace/Sources/ScreenNavigatorKit/ModalStack/ModalStackController.swift /Users/admin/builder/spi-builder-workspace/Sources/ScreenNavigatorKit/ModalStack/ModalStackView.swift /Users/admin/builder/spi-builder-workspace/Sources/ScreenNavigatorKit/ModalStack/ModalToggle.swift /Users/admin/builder/spi-builder-workspace/Sources/ScreenNavigatorKit/ModalStack/PresentationStyle.swift -primary-file /Users/admin/builder/spi-builder-workspace/Sources/ScreenNavigatorKit/ModalStack/View+fullScreenCover.swift -primary-file /Users/admin/builder/spi-builder-workspace/Sources/ScreenNavigatorKit/ModalStack/View+sheet.swift /Users/admin/builder/spi-builder-workspace/Sources/ScreenNavigatorKit/NavigationStack/NavigationStackController.swift /Users/admin/builder/spi-builder-workspace/Sources/ScreenNavigatorKit/NavigationStack/NavigationStackView.swift /Users/admin/builder/spi-builder-workspace/Sources/ScreenNavigatorKit/NavigationStack/PushToggle.swift /Users/admin/builder/spi-builder-workspace/Sources/ScreenNavigatorKit/NavigationStack/View+push.swift -emit-dependencies-path /Users/admin/builder/spi-builder-workspace/.build/out/Intermediates.noindex/ScreenNavigatorKit.build/Debug/ScreenNavigatorKit-t.build/Objects-normal/arm64/View+fullScreenCover.d -emit-const-values-path /Users/admin/builder/spi-builder-workspace/.build/out/Intermediates.noindex/ScreenNavigatorKit.build/Debug/ScreenNavigatorKit-t.build/Objects-normal/arm64/View+fullScreenCover.swiftconstvalues -emit-reference-dependencies-path /Users/admin/builder/spi-builder-workspace/.build/out/Intermediates.noindex/ScreenNavigatorKit.build/Debug/ScreenNavigatorKit-t.build/Objects-normal/arm64/View+fullScreenCover.swiftdeps -serialize-diagnostics-path /Users/admin/builder/spi-builder-workspace/.build/out/Intermediates.noindex/ScreenNavigatorKit.build/Debug/ScreenNavigatorKit-t.build/Objects-normal/arm64/View+fullScreenCover.dia -emit-dependencies-path /Users/admin/builder/spi-builder-workspace/.build/out/Intermediates.noindex/ScreenNavigatorKit.build/Debug/ScreenNavigatorKit-t.build/Objects-normal/arm64/View+sheet.d -emit-const-values-path /Users/admin/builder/spi-builder-workspace/.build/out/Intermediates.noindex/ScreenNavigatorKit.build/Debug/ScreenNavigatorKit-t.build/Objects-normal/arm64/View+sheet.swiftconstvalues -emit-reference-dependencies-path /Users/admin/builder/spi-builder-workspace/.build/out/Intermediates.noindex/ScreenNavigatorKit.build/Debug/ScreenNavigatorKit-t.build/Objects-normal/arm64/View+sheet.swiftdeps -serialize-diagnostics-path /Users/admin/builder/spi-builder-workspace/.build/out/Intermediates.noindex/ScreenNavigatorKit.build/Debug/ScreenNavigatorKit-t.build/Objects-normal/arm64/View+sheet.dia -target arm64-apple-macos12.0 -disable-cross-import-overlay-search -load-resolved-plugin /Applications/Xcode-27.0.0-Release.Candidate.app/Contents/Developer/Platforms/MacOSX.platform/Developer/usr/lib/swift/host/plugins/libFoundationMacros.dylib\#/Applications/Xcode-27.0.0-Release.Candidate.app/Contents/Developer/Platforms/MacOSX.platform/Developer/usr/bin/swift-plugin-server\#FoundationMacros -load-resolved-plugin /Applications/Xcode-27.0.0-Release.Candidate.app/Contents/Developer/Platforms/MacOSX.platform/Developer/usr/lib/swift/host/plugins/libObservationMacros.dylib\#/Applications/Xcode-27.0.0-Release.Candidate.app/Contents/Developer/Platforms/MacOSX.platform/Developer/usr/bin/swift-plugin-server\#ObservationMacros -load-resolved-plugin /Applications/Xcode-27.0.0-Release.Candidate.app/Contents/Developer/Platforms/MacOSX.platform/Developer/usr/lib/swift/host/plugins/libPreviewsMacros.dylib\#/Applications/Xcode-27.0.0-Release.Candidate.app/Contents/Developer/Platforms/MacOSX.platform/Developer/usr/bin/swift-plugin-server\#PreviewsMacros -load-resolved-plugin /Applications/Xcode-27.0.0-Release.Candidate.app/Contents/Developer/Platforms/MacOSX.platform/Developer/usr/lib/swift/host/plugins/libSwiftMacros.dylib\#/Applications/Xcode-27.0.0-Release.Candidate.app/Contents/Developer/Platforms/MacOSX.platform/Developer/usr/bin/swift-plugin-server\#SwiftMacros -load-resolved-plugin /Applications/Xcode-27.0.0-Release.Candidate.app/Contents/Developer/Platforms/MacOSX.platform/Developer/usr/lib/swift/host/plugins/libSwiftUIMacros.dylib\#/Applications/Xcode-27.0.0-Release.Candidate.app/Contents/Developer/Platforms/MacOSX.platform/Developer/usr/bin/swift-plugin-server\#SwiftUIMacros -disable-implicit-swift-modules -Xcc -fno-implicit-modules -Xcc -fno-implicit-module-maps -explicit-swift-module-map-file /Users/admin/builder/spi-builder-workspace/.build/out/Intermediates.noindex/ScreenNavigatorKit.build/Debug/ScreenNavigatorKit-t.build/Objects-normal/arm64/ScreenNavigatorKit-dependencies-1.json -Xllvm -aarch64-use-tbi -enable-objc-interop -stack-check -sdk /Applications/Xcode-27.0.0-Release.Candidate.app/Contents/Developer/Platforms/MacOSX.platform/Developer/SDKs/MacOSX27.0.sdk -I /Users/admin/builder/spi-builder-workspace/.build/out/Products/Debug -Isystem /Applications/Xcode-27.0.0-Release.Candidate.app/Contents/Developer/Platforms/MacOSX.platform/Developer/usr/lib -F /Users/admin/builder/spi-builder-workspace/.build/out/Products/Debug -F /Applications/Xcode-27.0.0-Release.Candidate.app/Contents/Developer/Platforms/MacOSX.platform/Developer/Library/Frameworks -module-cache-path /Users/admin/builder/spi-builder-workspace/.build/out/Intermediates.noindex/SwiftExplicitPrecompiledModules -color-diagnostics -Xcc -fcolor-diagnostics -enable-testing -g -debug-info-format\=dwarf -dwarf-version\=4 -swift-version 5 -Onone -D SWIFT_PACKAGE -D DEBUG -D SWIFT_MODULE_RESOURCE_BUNDLE_UNAVAILABLE -D Xcode -serialize-debugging-options -enable-experimental-feature DebugDescriptionMacro -empty-abi-descriptor -validate-clang-modules-once -clang-build-session-file /Users/admin/builder/spi-builder-workspace/.build/out/ModuleCache.noindex/Session.modulevalidation -Xcc -working-directory -Xcc /Users/admin/builder -enable-anonymous-context-mangled-names -file-compilation-dir /Users/admin/builder -Xcc -D_LIBCPP_HARDENING_MODE\=_LIBCPP_HARDENING_MODE_DEBUG -Xcc -ivfsstatcache -Xcc /Users/admin/builder/spi-builder-workspace/.build/out/SDKStatCaches.noindex/macosx27.0-26A425-80c5bbf1d171475443272936d42f90a36a22442a12e9d48fe1a705f55a1adfc4.sdkstatcache -Xcc -fmodules-prune-interval\=86400 -Xcc -fmodules-prune-after\=345600 -Xcc -I/Users/admin/builder/spi-builder-workspace/.build/out/Products/Debug/include -Xcc -I/Users/admin/builder/spi-builder-workspace/.build/out/Intermediates.noindex/ScreenNavigatorKit.build/Debug/ScreenNavigatorKit-t.build/DerivedSources-normal/arm64 -Xcc -I/Users/admin/builder/spi-builder-workspace/.build/out/Intermediates.noindex/ScreenNavigatorKit.build/Debug/ScreenNavigatorKit-t.build/DerivedSources/arm64 -Xcc -I/Users/admin/builder/spi-builder-workspace/.build/out/Intermediates.noindex/ScreenNavigatorKit.build/Debug/ScreenNavigatorKit-t.build/DerivedSources -Xcc -DSWIFT_PACKAGE -Xcc -DDEBUG\=1 -no-auto-bridging-header-chaining -module-name ScreenNavigatorKit -const-gather-protocols-file /Users/admin/builder/spi-builder-workspace/.build/out/Intermediates.noindex/ScreenNavigatorKit.build/Debug/ScreenNavigatorKit-t.build/Objects-normal/arm64/ScreenNavigatorKit_const_extract_protocols.json -disable-clang-spi -clang-target arm64-apple-macos27.0 -target-sdk-version 27.0 -target-sdk-name macosx27.0 -in-process-plugin-server-path /Applications/Xcode-27.0.0-Release.Candidate.app/Contents/Developer/Toolchains/XcodeDefault.xctoolchain/usr/lib/swift/host/libSwiftInProcPluginServer.dylib -parse-as-library -o /Users/admin/builder/spi-builder-workspace/.build/out/Intermediates.noindex/ScreenNavigatorKit.build/Debug/ScreenNavigatorKit-t.build/Objects-normal/arm64/View+fullScreenCover.o -o /Users/admin/builder/spi-builder-workspace/.build/out/Intermediates.noindex/ScreenNavigatorKit.build/Debug/ScreenNavigatorKit-t.build/Objects-normal/arm64/View+sheet.o -debug-module-path /Users/admin/builder/spi-builder-workspace/.build/out/Intermediates.noindex/ScreenNavigatorKit.build/Debug/ScreenNavigatorKit-t.build/Objects-normal/arm64/ScreenNavigatorKit.swiftmodule -index-unit-output-path /ScreenNavigatorKit.build/Debug/ScreenNavigatorKit-t.build/Objects-normal/arm64/View+fullScreenCover.o -index-unit-output-path /ScreenNavigatorKit.build/Debug/ScreenNavigatorKit-t.build/Objects-normal/arm64/View+sheet.o -index-store-path /Users/admin/builder/spi-builder-workspace/.build/out -index-system-modules
error: Build failed
BUILD FAILURE 6.4 macosSpm