The Swift Package Index logo.Swift Package Index

Build Information

Failed to build StreamChat, reference 5.15.0 (5ab6fc), with Swift 6.1 for watchOS using Xcode 16.3 on 22 Oct 2026 20:33:12 UTC.

Build Command

env DEVELOPER_DIR=/Applications/Xcode-16.3.0.app xcrun xcodebuild -IDEClonedSourcePackagesDirPathOverride=$PWD/.dependencies -skipMacroValidation -skipPackagePluginValidation -derivedDataPath $PWD/.derivedData build -scheme StreamChat-Package -destination generic/platform=watchOS

Build Log

SwiftDriver StreamLogsUI normal arm64 com.apple.xcode.tools.swift.compiler (in target 'StreamLogsUI' from project 'StreamLogsUI')
    cd /Users/admin/builder/spi-builder-workspace/.swiftpm/xcode
    builtin-SwiftDriver -- /Applications/Xcode-16.3.0.app/Contents/Developer/Toolchains/XcodeDefault.xctoolchain/usr/bin/swiftc -module-name StreamLogsUI -Onone -enforce-exclusivity\=checked @/Users/admin/builder/spi-builder-workspace/.derivedData/Build/Intermediates.noindex/StreamLogsUI.build/Debug-watchos/StreamLogsUI.build/Objects-normal/arm64/StreamLogsUI.SwiftFileList -DSWIFT_PACKAGE -DDEBUG -DXcode -plugin-path /Applications/Xcode-16.3.0.app/Contents/Developer/Toolchains/XcodeDefault.xctoolchain/usr/lib/swift/host/plugins/testing -enable-experimental-feature DebugDescriptionMacro -sdk /Applications/Xcode-16.3.0.app/Contents/Developer/Platforms/WatchOS.platform/Developer/SDKs/WatchOS11.4.sdk -target arm64-apple-watchos6.0 -g -module-cache-path /Users/admin/builder/spi-builder-workspace/.derivedData/ModuleCache.noindex -Xfrontend -serialize-debugging-options -enable-testing -suppress-warnings -index-store-path /Users/admin/builder/spi-builder-workspace/.derivedData/Index.noindex/DataStore -swift-version 6 -I /Users/admin/builder/spi-builder-workspace/.derivedData/Build/Products/Debug-watchos -I /Applications/Xcode-16.3.0.app/Contents/Developer/Platforms/WatchOS.platform/Developer/usr/lib -F /Users/admin/builder/spi-builder-workspace/.derivedData/Build/Products/Debug-watchos -F /Applications/Xcode-16.3.0.app/Contents/Developer/Platforms/WatchOS.platform/Developer/Library/Frameworks -F /Applications/Xcode-16.3.0.app/Contents/Developer/Platforms/WatchOS.platform/Developer/SDKs/WatchOS11.4.sdk/Developer/Library/Frameworks -c -j10 -enable-batch-mode -incremental -Xcc -ivfsstatcache -Xcc /Users/admin/builder/spi-builder-workspace/.derivedData/SDKStatCaches.noindex/watchos11.4-22T246-43efb940ff07ba2497b70ec94253f576.sdkstatcache -output-file-map /Users/admin/builder/spi-builder-workspace/.derivedData/Build/Intermediates.noindex/StreamLogsUI.build/Debug-watchos/StreamLogsUI.build/Objects-normal/arm64/StreamLogsUI-OutputFileMap.json -use-frontend-parseable-output -save-temps -no-color-diagnostics -serialize-diagnostics -emit-dependencies -emit-module -emit-module-path /Users/admin/builder/spi-builder-workspace/.derivedData/Build/Intermediates.noindex/StreamLogsUI.build/Debug-watchos/StreamLogsUI.build/Objects-normal/arm64/StreamLogsUI.swiftmodule -user-module-version 0.2.0 -validate-clang-modules-once -clang-build-session-file /Users/admin/builder/spi-builder-workspace/.derivedData/ModuleCache.noindex/Session.modulevalidation -package-name stream_logs_ui_swift -Xcc -I/Users/admin/builder/spi-builder-workspace/.derivedData/Build/Intermediates.noindex/StreamLogsUI.build/Debug-watchos/StreamLogsUI.build/swift-overrides.hmap -emit-const-values -Xfrontend -const-gather-protocols-file -Xfrontend /Users/admin/builder/spi-builder-workspace/.derivedData/Build/Intermediates.noindex/StreamLogsUI.build/Debug-watchos/StreamLogsUI.build/Objects-normal/arm64/StreamLogsUI_const_extract_protocols.json -Xcc -I/Users/admin/builder/spi-builder-workspace/.derivedData/Build/Products/Debug-watchos/include -Xcc -I/Users/admin/builder/spi-builder-workspace/.derivedData/Build/Intermediates.noindex/StreamLogsUI.build/Debug-watchos/StreamLogsUI.build/DerivedSources-normal/arm64 -Xcc -I/Users/admin/builder/spi-builder-workspace/.derivedData/Build/Intermediates.noindex/StreamLogsUI.build/Debug-watchos/StreamLogsUI.build/DerivedSources/arm64 -Xcc -I/Users/admin/builder/spi-builder-workspace/.derivedData/Build/Intermediates.noindex/StreamLogsUI.build/Debug-watchos/StreamLogsUI.build/DerivedSources -Xcc -DSWIFT_PACKAGE -Xcc -DDEBUG\=1 -emit-objc-header -emit-objc-header-path /Users/admin/builder/spi-builder-workspace/.derivedData/Build/Intermediates.noindex/StreamLogsUI.build/Debug-watchos/StreamLogsUI.build/Objects-normal/arm64/StreamLogsUI-Swift.h -working-directory /Users/admin/builder/spi-builder-workspace/.swiftpm/xcode -experimental-emit-module-separately -disable-cmo
SwiftDriver StreamLogsUI normal arm64_32 com.apple.xcode.tools.swift.compiler (in target 'StreamLogsUI' from project 'StreamLogsUI')
    cd /Users/admin/builder/spi-builder-workspace/.swiftpm/xcode
    builtin-SwiftDriver -- /Applications/Xcode-16.3.0.app/Contents/Developer/Toolchains/XcodeDefault.xctoolchain/usr/bin/swiftc -module-name StreamLogsUI -Onone -enforce-exclusivity\=checked @/Users/admin/builder/spi-builder-workspace/.derivedData/Build/Intermediates.noindex/StreamLogsUI.build/Debug-watchos/StreamLogsUI.build/Objects-normal/arm64_32/StreamLogsUI.SwiftFileList -DSWIFT_PACKAGE -DDEBUG -DXcode -plugin-path /Applications/Xcode-16.3.0.app/Contents/Developer/Toolchains/XcodeDefault.xctoolchain/usr/lib/swift/host/plugins/testing -enable-experimental-feature DebugDescriptionMacro -sdk /Applications/Xcode-16.3.0.app/Contents/Developer/Platforms/WatchOS.platform/Developer/SDKs/WatchOS11.4.sdk -target arm64_32-apple-watchos6.0 -g -module-cache-path /Users/admin/builder/spi-builder-workspace/.derivedData/ModuleCache.noindex -Xfrontend -serialize-debugging-options -enable-testing -suppress-warnings -index-store-path /Users/admin/builder/spi-builder-workspace/.derivedData/Index.noindex/DataStore -swift-version 6 -I /Users/admin/builder/spi-builder-workspace/.derivedData/Build/Products/Debug-watchos -I /Applications/Xcode-16.3.0.app/Contents/Developer/Platforms/WatchOS.platform/Developer/usr/lib -F /Users/admin/builder/spi-builder-workspace/.derivedData/Build/Products/Debug-watchos -F /Applications/Xcode-16.3.0.app/Contents/Developer/Platforms/WatchOS.platform/Developer/Library/Frameworks -F /Applications/Xcode-16.3.0.app/Contents/Developer/Platforms/WatchOS.platform/Developer/SDKs/WatchOS11.4.sdk/Developer/Library/Frameworks -c -j10 -enable-batch-mode -incremental -Xcc -ivfsstatcache -Xcc /Users/admin/builder/spi-builder-workspace/.derivedData/SDKStatCaches.noindex/watchos11.4-22T246-43efb940ff07ba2497b70ec94253f576.sdkstatcache -output-file-map /Users/admin/builder/spi-builder-workspace/.derivedData/Build/Intermediates.noindex/StreamLogsUI.build/Debug-watchos/StreamLogsUI.build/Objects-normal/arm64_32/StreamLogsUI-OutputFileMap.json -use-frontend-parseable-output -save-temps -no-color-diagnostics -serialize-diagnostics -emit-dependencies -emit-module -emit-module-path /Users/admin/builder/spi-builder-workspace/.derivedData/Build/Intermediates.noindex/StreamLogsUI.build/Debug-watchos/StreamLogsUI.build/Objects-normal/arm64_32/StreamLogsUI.swiftmodule -user-module-version 0.2.0 -validate-clang-modules-once -clang-build-session-file /Users/admin/builder/spi-builder-workspace/.derivedData/ModuleCache.noindex/Session.modulevalidation -package-name stream_logs_ui_swift -Xcc -I/Users/admin/builder/spi-builder-workspace/.derivedData/Build/Intermediates.noindex/StreamLogsUI.build/Debug-watchos/StreamLogsUI.build/swift-overrides.hmap -emit-const-values -Xfrontend -const-gather-protocols-file -Xfrontend /Users/admin/builder/spi-builder-workspace/.derivedData/Build/Intermediates.noindex/StreamLogsUI.build/Debug-watchos/StreamLogsUI.build/Objects-normal/arm64_32/StreamLogsUI_const_extract_protocols.json -Xcc -I/Users/admin/builder/spi-builder-workspace/.derivedData/Build/Products/Debug-watchos/include -Xcc -I/Users/admin/builder/spi-builder-workspace/.derivedData/Build/Intermediates.noindex/StreamLogsUI.build/Debug-watchos/StreamLogsUI.build/DerivedSources-normal/arm64_32 -Xcc -I/Users/admin/builder/spi-builder-workspace/.derivedData/Build/Intermediates.noindex/StreamLogsUI.build/Debug-watchos/StreamLogsUI.build/DerivedSources/arm64_32 -Xcc -I/Users/admin/builder/spi-builder-workspace/.derivedData/Build/Intermediates.noindex/StreamLogsUI.build/Debug-watchos/StreamLogsUI.build/DerivedSources -Xcc -DSWIFT_PACKAGE -Xcc -DDEBUG\=1 -emit-objc-header -emit-objc-header-path /Users/admin/builder/spi-builder-workspace/.derivedData/Build/Intermediates.noindex/StreamLogsUI.build/Debug-watchos/StreamLogsUI.build/Objects-normal/arm64_32/StreamLogsUI-Swift.h -working-directory /Users/admin/builder/spi-builder-workspace/.swiftpm/xcode -experimental-emit-module-separately -disable-cmo
SwiftDriver StreamCore normal armv7k com.apple.xcode.tools.swift.compiler (in target 'StreamCore' from project 'StreamCore')
    cd /Users/admin/builder/spi-builder-workspace/.swiftpm/xcode
    builtin-SwiftDriver -- /Applications/Xcode-16.3.0.app/Contents/Developer/Toolchains/XcodeDefault.xctoolchain/usr/bin/swiftc -module-name StreamCore -Onone -enforce-exclusivity\=checked @/Users/admin/builder/spi-builder-workspace/.derivedData/Build/Intermediates.noindex/StreamCore.build/Debug-watchos/StreamCore.build/Objects-normal/armv7k/StreamCore.SwiftFileList -DSWIFT_PACKAGE -DDEBUG -DXcode -plugin-path /Applications/Xcode-16.3.0.app/Contents/Developer/Toolchains/XcodeDefault.xctoolchain/usr/lib/swift/host/plugins/testing -enable-experimental-feature DebugDescriptionMacro -sdk /Applications/Xcode-16.3.0.app/Contents/Developer/Platforms/WatchOS.platform/Developer/SDKs/WatchOS11.4.sdk -target armv7k-apple-watchos6.0 -g -module-cache-path /Users/admin/builder/spi-builder-workspace/.derivedData/ModuleCache.noindex -Xfrontend -serialize-debugging-options -enable-testing -suppress-warnings -index-store-path /Users/admin/builder/spi-builder-workspace/.derivedData/Index.noindex/DataStore -swift-version 6 -I /Users/admin/builder/spi-builder-workspace/.derivedData/Build/Products/Debug-watchos -I /Applications/Xcode-16.3.0.app/Contents/Developer/Platforms/WatchOS.platform/Developer/usr/lib -F /Users/admin/builder/spi-builder-workspace/.derivedData/Build/Products/Debug-watchos -F /Applications/Xcode-16.3.0.app/Contents/Developer/Platforms/WatchOS.platform/Developer/Library/Frameworks -F /Applications/Xcode-16.3.0.app/Contents/Developer/Platforms/WatchOS.platform/Developer/SDKs/WatchOS11.4.sdk/Developer/Library/Frameworks -emit-localized-strings -emit-localized-strings-path /Users/admin/builder/spi-builder-workspace/.derivedData/Build/Intermediates.noindex/StreamCore.build/Debug-watchos/StreamCore.build/Objects-normal/armv7k -c -j10 -enable-batch-mode -incremental -Xcc -ivfsstatcache -Xcc /Users/admin/builder/spi-builder-workspace/.derivedData/SDKStatCaches.noindex/watchos11.4-22T246-43efb940ff07ba2497b70ec94253f576.sdkstatcache -output-file-map /Users/admin/builder/spi-builder-workspace/.derivedData/Build/Intermediates.noindex/StreamCore.build/Debug-watchos/StreamCore.build/Objects-normal/armv7k/StreamCore-OutputFileMap.json -use-frontend-parseable-output -save-temps -no-color-diagnostics -serialize-diagnostics -emit-dependencies -emit-module -emit-module-path /Users/admin/builder/spi-builder-workspace/.derivedData/Build/Intermediates.noindex/StreamCore.build/Debug-watchos/StreamCore.build/Objects-normal/armv7k/StreamCore.swiftmodule -user-module-version 0.15.0 -validate-clang-modules-once -clang-build-session-file /Users/admin/builder/spi-builder-workspace/.derivedData/ModuleCache.noindex/Session.modulevalidation -package-name stream_core_swift -Xcc -I/Users/admin/builder/spi-builder-workspace/.derivedData/Build/Intermediates.noindex/StreamCore.build/Debug-watchos/StreamCore.build/swift-overrides.hmap -emit-const-values -Xfrontend -const-gather-protocols-file -Xfrontend /Users/admin/builder/spi-builder-workspace/.derivedData/Build/Intermediates.noindex/StreamCore.build/Debug-watchos/StreamCore.build/Objects-normal/armv7k/StreamCore_const_extract_protocols.json -Xcc -I/Users/admin/builder/spi-builder-workspace/.derivedData/Build/Products/Debug-watchos/include -Xcc -I/Users/admin/builder/spi-builder-workspace/.derivedData/Build/Intermediates.noindex/StreamCore.build/Debug-watchos/StreamCore.build/DerivedSources-normal/armv7k -Xcc -I/Users/admin/builder/spi-builder-workspace/.derivedData/Build/Intermediates.noindex/StreamCore.build/Debug-watchos/StreamCore.build/DerivedSources/armv7k -Xcc -I/Users/admin/builder/spi-builder-workspace/.derivedData/Build/Intermediates.noindex/StreamCore.build/Debug-watchos/StreamCore.build/DerivedSources -Xcc -DSWIFT_PACKAGE -Xcc -DDEBUG\=1 -emit-objc-header -emit-objc-header-path /Users/admin/builder/spi-builder-workspace/.derivedData/Build/Intermediates.noindex/StreamCore.build/Debug-watchos/StreamCore.build/Objects-normal/armv7k/StreamCore-Swift.h -working-directory /Users/admin/builder/spi-builder-workspace/.swiftpm/xcode -experimental-emit-module-separately -disable-cmo
SwiftDriver StreamCore normal arm64_32 com.apple.xcode.tools.swift.compiler (in target 'StreamCore' from project 'StreamCore')
    cd /Users/admin/builder/spi-builder-workspace/.swiftpm/xcode
    builtin-SwiftDriver -- /Applications/Xcode-16.3.0.app/Contents/Developer/Toolchains/XcodeDefault.xctoolchain/usr/bin/swiftc -module-name StreamCore -Onone -enforce-exclusivity\=checked @/Users/admin/builder/spi-builder-workspace/.derivedData/Build/Intermediates.noindex/StreamCore.build/Debug-watchos/StreamCore.build/Objects-normal/arm64_32/StreamCore.SwiftFileList -DSWIFT_PACKAGE -DDEBUG -DXcode -plugin-path /Applications/Xcode-16.3.0.app/Contents/Developer/Toolchains/XcodeDefault.xctoolchain/usr/lib/swift/host/plugins/testing -enable-experimental-feature DebugDescriptionMacro -sdk /Applications/Xcode-16.3.0.app/Contents/Developer/Platforms/WatchOS.platform/Developer/SDKs/WatchOS11.4.sdk -target arm64_32-apple-watchos6.0 -g -module-cache-path /Users/admin/builder/spi-builder-workspace/.derivedData/ModuleCache.noindex -Xfrontend -serialize-debugging-options -enable-testing -suppress-warnings -index-store-path /Users/admin/builder/spi-builder-workspace/.derivedData/Index.noindex/DataStore -swift-version 6 -I /Users/admin/builder/spi-builder-workspace/.derivedData/Build/Products/Debug-watchos -I /Applications/Xcode-16.3.0.app/Contents/Developer/Platforms/WatchOS.platform/Developer/usr/lib -F /Users/admin/builder/spi-builder-workspace/.derivedData/Build/Products/Debug-watchos -F /Applications/Xcode-16.3.0.app/Contents/Developer/Platforms/WatchOS.platform/Developer/Library/Frameworks -F /Applications/Xcode-16.3.0.app/Contents/Developer/Platforms/WatchOS.platform/Developer/SDKs/WatchOS11.4.sdk/Developer/Library/Frameworks -emit-localized-strings -emit-localized-strings-path /Users/admin/builder/spi-builder-workspace/.derivedData/Build/Intermediates.noindex/StreamCore.build/Debug-watchos/StreamCore.build/Objects-normal/arm64_32 -c -j10 -enable-batch-mode -incremental -Xcc -ivfsstatcache -Xcc /Users/admin/builder/spi-builder-workspace/.derivedData/SDKStatCaches.noindex/watchos11.4-22T246-43efb940ff07ba2497b70ec94253f576.sdkstatcache -output-file-map /Users/admin/builder/spi-builder-workspace/.derivedData/Build/Intermediates.noindex/StreamCore.build/Debug-watchos/StreamCore.build/Objects-normal/arm64_32/StreamCore-OutputFileMap.json -use-frontend-parseable-output -save-temps -no-color-diagnostics -serialize-diagnostics -emit-dependencies -emit-module -emit-module-path /Users/admin/builder/spi-builder-workspace/.derivedData/Build/Intermediates.noindex/StreamCore.build/Debug-watchos/StreamCore.build/Objects-normal/arm64_32/StreamCore.swiftmodule -user-module-version 0.15.0 -validate-clang-modules-once -clang-build-session-file /Users/admin/builder/spi-builder-workspace/.derivedData/ModuleCache.noindex/Session.modulevalidation -package-name stream_core_swift -Xcc -I/Users/admin/builder/spi-builder-workspace/.derivedData/Build/Intermediates.noindex/StreamCore.build/Debug-watchos/StreamCore.build/swift-overrides.hmap -emit-const-values -Xfrontend -const-gather-protocols-file -Xfrontend /Users/admin/builder/spi-builder-workspace/.derivedData/Build/Intermediates.noindex/StreamCore.build/Debug-watchos/StreamCore.build/Objects-normal/arm64_32/StreamCore_const_extract_protocols.json -Xcc -I/Users/admin/builder/spi-builder-workspace/.derivedData/Build/Products/Debug-watchos/include -Xcc -I/Users/admin/builder/spi-builder-workspace/.derivedData/Build/Intermediates.noindex/StreamCore.build/Debug-watchos/StreamCore.build/DerivedSources-normal/arm64_32 -Xcc -I/Users/admin/builder/spi-builder-workspace/.derivedData/Build/Intermediates.noindex/StreamCore.build/Debug-watchos/StreamCore.build/DerivedSources/arm64_32 -Xcc -I/Users/admin/builder/spi-builder-workspace/.derivedData/Build/Intermediates.noindex/StreamCore.build/Debug-watchos/StreamCore.build/DerivedSources -Xcc -DSWIFT_PACKAGE -Xcc -DDEBUG\=1 -emit-objc-header -emit-objc-header-path /Users/admin/builder/spi-builder-workspace/.derivedData/Build/Intermediates.noindex/StreamCore.build/Debug-watchos/StreamCore.build/Objects-normal/arm64_32/StreamCore-Swift.h -working-directory /Users/admin/builder/spi-builder-workspace/.swiftpm/xcode -experimental-emit-module-separately -disable-cmo
SwiftDriver StreamCore normal arm64 com.apple.xcode.tools.swift.compiler (in target 'StreamCore' from project 'StreamCore')
    cd /Users/admin/builder/spi-builder-workspace/.swiftpm/xcode
    builtin-SwiftDriver -- /Applications/Xcode-16.3.0.app/Contents/Developer/Toolchains/XcodeDefault.xctoolchain/usr/bin/swiftc -module-name StreamCore -Onone -enforce-exclusivity\=checked @/Users/admin/builder/spi-builder-workspace/.derivedData/Build/Intermediates.noindex/StreamCore.build/Debug-watchos/StreamCore.build/Objects-normal/arm64/StreamCore.SwiftFileList -DSWIFT_PACKAGE -DDEBUG -DXcode -plugin-path /Applications/Xcode-16.3.0.app/Contents/Developer/Toolchains/XcodeDefault.xctoolchain/usr/lib/swift/host/plugins/testing -enable-experimental-feature DebugDescriptionMacro -sdk /Applications/Xcode-16.3.0.app/Contents/Developer/Platforms/WatchOS.platform/Developer/SDKs/WatchOS11.4.sdk -target arm64-apple-watchos6.0 -g -module-cache-path /Users/admin/builder/spi-builder-workspace/.derivedData/ModuleCache.noindex -Xfrontend -serialize-debugging-options -enable-testing -suppress-warnings -index-store-path /Users/admin/builder/spi-builder-workspace/.derivedData/Index.noindex/DataStore -swift-version 6 -I /Users/admin/builder/spi-builder-workspace/.derivedData/Build/Products/Debug-watchos -I /Applications/Xcode-16.3.0.app/Contents/Developer/Platforms/WatchOS.platform/Developer/usr/lib -F /Users/admin/builder/spi-builder-workspace/.derivedData/Build/Products/Debug-watchos -F /Applications/Xcode-16.3.0.app/Contents/Developer/Platforms/WatchOS.platform/Developer/Library/Frameworks -F /Applications/Xcode-16.3.0.app/Contents/Developer/Platforms/WatchOS.platform/Developer/SDKs/WatchOS11.4.sdk/Developer/Library/Frameworks -emit-localized-strings -emit-localized-strings-path /Users/admin/builder/spi-builder-workspace/.derivedData/Build/Intermediates.noindex/StreamCore.build/Debug-watchos/StreamCore.build/Objects-normal/arm64 -c -j10 -enable-batch-mode -incremental -Xcc -ivfsstatcache -Xcc /Users/admin/builder/spi-builder-workspace/.derivedData/SDKStatCaches.noindex/watchos11.4-22T246-43efb940ff07ba2497b70ec94253f576.sdkstatcache -output-file-map /Users/admin/builder/spi-builder-workspace/.derivedData/Build/Intermediates.noindex/StreamCore.build/Debug-watchos/StreamCore.build/Objects-normal/arm64/StreamCore-OutputFileMap.json -use-frontend-parseable-output -save-temps -no-color-diagnostics -serialize-diagnostics -emit-dependencies -emit-module -emit-module-path /Users/admin/builder/spi-builder-workspace/.derivedData/Build/Intermediates.noindex/StreamCore.build/Debug-watchos/StreamCore.build/Objects-normal/arm64/StreamCore.swiftmodule -user-module-version 0.15.0 -validate-clang-modules-once -clang-build-session-file /Users/admin/builder/spi-builder-workspace/.derivedData/ModuleCache.noindex/Session.modulevalidation -package-name stream_core_swift -Xcc -I/Users/admin/builder/spi-builder-workspace/.derivedData/Build/Intermediates.noindex/StreamCore.build/Debug-watchos/StreamCore.build/swift-overrides.hmap -emit-const-values -Xfrontend -const-gather-protocols-file -Xfrontend /Users/admin/builder/spi-builder-workspace/.derivedData/Build/Intermediates.noindex/StreamCore.build/Debug-watchos/StreamCore.build/Objects-normal/arm64/StreamCore_const_extract_protocols.json -Xcc -I/Users/admin/builder/spi-builder-workspace/.derivedData/Build/Products/Debug-watchos/include -Xcc -I/Users/admin/builder/spi-builder-workspace/.derivedData/Build/Intermediates.noindex/StreamCore.build/Debug-watchos/StreamCore.build/DerivedSources-normal/arm64 -Xcc -I/Users/admin/builder/spi-builder-workspace/.derivedData/Build/Intermediates.noindex/StreamCore.build/Debug-watchos/StreamCore.build/DerivedSources/arm64 -Xcc -I/Users/admin/builder/spi-builder-workspace/.derivedData/Build/Intermediates.noindex/StreamCore.build/Debug-watchos/StreamCore.build/DerivedSources -Xcc -DSWIFT_PACKAGE -Xcc -DDEBUG\=1 -emit-objc-header -emit-objc-header-path /Users/admin/builder/spi-builder-workspace/.derivedData/Build/Intermediates.noindex/StreamCore.build/Debug-watchos/StreamCore.build/Objects-normal/arm64/StreamCore-Swift.h -working-directory /Users/admin/builder/spi-builder-workspace/.swiftpm/xcode -experimental-emit-module-separately -disable-cmo
PrecompileModule /Users/admin/builder/spi-builder-workspace/.derivedData/Build/Intermediates.noindex/ExplicitPrecompiledModules/sys_time-5DDPS32PAVD9WVK17XYC5R5XK.scan
    cd /Users/admin/builder/spi-builder-workspace/.swiftpm/xcode
    builtin-precompileModule /Users/admin/builder/spi-builder-workspace/.derivedData/Build/Intermediates.noindex/ExplicitPrecompiledModules/sys_time-5DDPS32PAVD9WVK17XYC5R5XK.scan
PrecompileModule /Users/admin/builder/spi-builder-workspace/.derivedData/Build/Intermediates.noindex/ExplicitPrecompiledModules/_stdint-3OUTX8CTXUN02S703DNQWJ8G8.scan
    cd /Users/admin/builder/spi-builder-workspace/.swiftpm/xcode
    builtin-precompileModule /Users/admin/builder/spi-builder-workspace/.derivedData/Build/Intermediates.noindex/ExplicitPrecompiledModules/_stdint-3OUTX8CTXUN02S703DNQWJ8G8.scan
PrecompileModule /Users/admin/builder/spi-builder-workspace/.derivedData/Build/Intermediates.noindex/ExplicitPrecompiledModules/_strings-O12NKMLWY86J54T91WXCJFOP.scan
    cd /Users/admin/builder/spi-builder-workspace/.swiftpm/xcode
    builtin-precompileModule /Users/admin/builder/spi-builder-workspace/.derivedData/Build/Intermediates.noindex/ExplicitPrecompiledModules/_strings-O12NKMLWY86J54T91WXCJFOP.scan
PrecompileModule /Users/admin/builder/spi-builder-workspace/.derivedData/Build/Intermediates.noindex/ExplicitPrecompiledModules/mach-8ARKLDYEJAOVIM8X3KRTERIXK.scan
    cd /Users/admin/builder/spi-builder-workspace/.swiftpm/xcode
    builtin-precompileModule /Users/admin/builder/spi-builder-workspace/.derivedData/Build/Intermediates.noindex/ExplicitPrecompiledModules/mach-8ARKLDYEJAOVIM8X3KRTERIXK.scan
PrecompileModule /Users/admin/builder/spi-builder-workspace/.derivedData/Build/Intermediates.noindex/ExplicitPrecompiledModules/_assert-9875QTWB2AHI253UVNUR581DF.scan
    cd /Users/admin/builder/spi-builder-workspace/.swiftpm/xcode
    builtin-precompileModule /Users/admin/builder/spi-builder-workspace/.derivedData/Build/Intermediates.noindex/ExplicitPrecompiledModules/_assert-9875QTWB2AHI253UVNUR581DF.scan
PrecompileModule /Users/admin/builder/spi-builder-workspace/.derivedData/Build/Intermediates.noindex/ExplicitPrecompiledModules/_errno-2NJEBB23D266O581FWZSI2BG.scan
    cd /Users/admin/builder/spi-builder-workspace/.swiftpm/xcode
    builtin-precompileModule /Users/admin/builder/spi-builder-workspace/.derivedData/Build/Intermediates.noindex/ExplicitPrecompiledModules/_errno-2NJEBB23D266O581FWZSI2BG.scan
PrecompileModule /Users/admin/builder/spi-builder-workspace/.derivedData/Build/Intermediates.noindex/ExplicitPrecompiledModules/_Builtin_stdint-7I5ZF8VZTHUV4ICQ54ZCTNENM.scan
    cd /Users/admin/builder/spi-builder-workspace/.swiftpm/xcode
    builtin-precompileModule /Users/admin/builder/spi-builder-workspace/.derivedData/Build/Intermediates.noindex/ExplicitPrecompiledModules/_Builtin_stdint-7I5ZF8VZTHUV4ICQ54ZCTNENM.scan
PrecompileModule /Users/admin/builder/spi-builder-workspace/.derivedData/Build/Intermediates.noindex/ExplicitPrecompiledModules/_useconds_t-9IDV7YT8CMVT189PNK4317CWL.scan
    cd /Users/admin/builder/spi-builder-workspace/.swiftpm/xcode
    builtin-precompileModule /Users/admin/builder/spi-builder-workspace/.derivedData/Build/Intermediates.noindex/ExplicitPrecompiledModules/_useconds_t-9IDV7YT8CMVT189PNK4317CWL.scan
PrecompileModule /Users/admin/builder/spi-builder-workspace/.derivedData/Build/Intermediates.noindex/ExplicitPrecompiledModules/netinet_in-9TR4C22NHFGJCUXDQBD7ABSEC.scan
    cd /Users/admin/builder/spi-builder-workspace/.swiftpm/xcode
    builtin-precompileModule /Users/admin/builder/spi-builder-workspace/.derivedData/Build/Intermediates.noindex/ExplicitPrecompiledModules/netinet_in-9TR4C22NHFGJCUXDQBD7ABSEC.scan
PrecompileModule /Users/admin/builder/spi-builder-workspace/.derivedData/Build/Intermediates.noindex/ExplicitPrecompiledModules/alloca-DHO57R4BRDIBSZ9O14BGPI7CR.scan
    cd /Users/admin/builder/spi-builder-workspace/.swiftpm/xcode
    builtin-precompileModule /Users/admin/builder/spi-builder-workspace/.derivedData/Build/Intermediates.noindex/ExplicitPrecompiledModules/alloca-DHO57R4BRDIBSZ9O14BGPI7CR.scan
PrecompileModule /Users/admin/builder/spi-builder-workspace/.derivedData/Build/Intermediates.noindex/ExplicitPrecompiledModules/_sys_select-EGFV1870USDL20S7XY9EDEDOJ.scan
    cd /Users/admin/builder/spi-builder-workspace/.swiftpm/xcode
    builtin-precompileModule /Users/admin/builder/spi-builder-workspace/.derivedData/Build/Intermediates.noindex/ExplicitPrecompiledModules/_sys_select-EGFV1870USDL20S7XY9EDEDOJ.scan
PrecompileModule /Users/admin/builder/spi-builder-workspace/.derivedData/Build/Intermediates.noindex/ExplicitPrecompiledModules/_limits-13OUNAURPZZ0UHK5DYKYAR522.scan
    cd /Users/admin/builder/spi-builder-workspace/.swiftpm/xcode
    builtin-precompileModule /Users/admin/builder/spi-builder-workspace/.derivedData/Build/Intermediates.noindex/ExplicitPrecompiledModules/_limits-13OUNAURPZZ0UHK5DYKYAR522.scan
PrecompileModule /Users/admin/builder/spi-builder-workspace/.derivedData/Build/Intermediates.noindex/ExplicitPrecompiledModules/runetype-AF3JHY8GXOCTIXXQ2JHU9R6T8.scan
    cd /Users/admin/builder/spi-builder-workspace/.swiftpm/xcode
    builtin-precompileModule /Users/admin/builder/spi-builder-workspace/.derivedData/Build/Intermediates.noindex/ExplicitPrecompiledModules/runetype-AF3JHY8GXOCTIXXQ2JHU9R6T8.scan
ScanDependencies /Users/admin/builder/spi-builder-workspace/.derivedData/Build/Intermediates.noindex/StreamChat.build/Debug-watchos/StreamChatAICMark.build/Objects-normal/armv7k/map.o /Users/admin/builder/spi-builder-workspace/Sources/StreamChatAICMark/map.c normal armv7k c com.apple.compilers.llvm.clang.1_0.compiler (in target 'StreamChatAICMark' from project 'StreamChat')
    cd /Users/admin/builder/spi-builder-workspace/.swiftpm/xcode

    Using response file: /Users/admin/builder/spi-builder-workspace/.derivedData/Build/Intermediates.noindex/StreamChat.build/Debug-watchos/StreamChatAICMark.build/Objects-normal/armv7k/7187679823f38a2a940e0043cdf9d637-common-args.resp

    builtin-ScanDependencies -o /Users/admin/builder/spi-builder-workspace/.derivedData/Build/Intermediates.noindex/StreamChat.build/Debug-watchos/StreamChatAICMark.build/Objects-normal/armv7k/map.o.scan -- /Applications/Xcode-16.3.0.app/Contents/Developer/Toolchains/XcodeDefault.xctoolchain/usr/bin/clang -x c -ivfsstatcache /Users/admin/builder/spi-builder-workspace/.derivedData/SDKStatCaches.noindex/watchos11.4-22T246-43efb940ff07ba2497b70ec94253f576.sdkstatcache -fmessage-length\=0 -fdiagnostics-show-note-include-stack -fmacro-backtrace-limit\=0 -fno-color-diagnostics -fmodules-prune-interval\=86400 -fmodules-prune-after\=345600 -fbuild-session-file\=/Users/admin/builder/spi-builder-workspace/.derivedData/ModuleCache.noindex/Session.modulevalidation -fmodules-validate-once-per-build-session -Wnon-modular-include-in-framework-module -Werror\=non-modular-include-in-framework-module -Wno-trigraphs -Wno-missing-field-initializers -Wno-missing-prototypes -Wno-return-type -Wno-missing-braces -Wparentheses -Wswitch -Wno-unused-function -Wno-unused-label -Wno-unused-parameter -Wno-unused-variable -Wunused-value -Wno-empty-body -Wno-uninitialized -Wno-unknown-pragmas -Wno-shadow -Wno-four-char-constants -Wno-conversion -Wno-constant-conversion -Wno-int-conversion -Wno-bool-conversion -Wno-enum-conversion -Wno-float-conversion -Wno-non-literal-null-conversion -Wno-objc-literal-conversion -Wno-shorten-64-to-32 -Wpointer-sign -Wno-newline-eof -Wno-implicit-fallthrough -fstrict-aliasing -Wdeprecated-declarations -Wno-sign-conversion -Wno-infinite-recursion -Wno-comma -Wno-block-capture-autoreleasing -Wno-strict-prototypes -Wno-semicolon-before-method-body -index-store-path /Users/admin/builder/spi-builder-workspace/.derivedData/Index.noindex/DataStore @/Users/admin/builder/spi-builder-workspace/.derivedData/Build/Intermediates.noindex/StreamChat.build/Debug-watchos/StreamChatAICMark.build/Objects-normal/armv7k/7187679823f38a2a940e0043cdf9d637-common-args.resp -MMD -MT dependencies -MF /Users/admin/builder/spi-builder-workspace/.derivedData/Build/Intermediates.noindex/StreamChat.build/Debug-watchos/StreamChatAICMark.build/Objects-normal/armv7k/map.d --serialize-diagnostics /Users/admin/builder/spi-builder-workspace/.derivedData/Build/Intermediates.noindex/StreamChat.build/Debug-watchos/StreamChatAICMark.build/Objects-normal/armv7k/map.dia -c /Users/admin/builder/spi-builder-workspace/Sources/StreamChatAICMark/map.c -o /Users/admin/builder/spi-builder-workspace/.derivedData/Build/Intermediates.noindex/StreamChat.build/Debug-watchos/StreamChatAICMark.build/Objects-normal/armv7k/map.o -index-unit-output-path /StreamChat.build/Debug-watchos/StreamChatAICMark.build/Objects-normal/armv7k/map.o
PrecompileModule /Users/admin/builder/spi-builder-workspace/.derivedData/Build/Intermediates.noindex/ExplicitPrecompiledModules/_Builtin_limits-EUUVIUNMMB8B1BFIDKGPYNK1Z.scan
    cd /Users/admin/builder/spi-builder-workspace/.swiftpm/xcode
    builtin-precompileModule /Users/admin/builder/spi-builder-workspace/.derivedData/Build/Intermediates.noindex/ExplicitPrecompiledModules/_Builtin_limits-EUUVIUNMMB8B1BFIDKGPYNK1Z.scan
PrecompileModule /Users/admin/builder/spi-builder-workspace/.derivedData/Build/Intermediates.noindex/ExplicitPrecompiledModules/sys_types-6XECC46L8PO48ZWHG0UJ2EC68.scan
    cd /Users/admin/builder/spi-builder-workspace/.swiftpm/xcode
    builtin-precompileModule /Users/admin/builder/spi-builder-workspace/.derivedData/Build/Intermediates.noindex/ExplicitPrecompiledModules/sys_types-6XECC46L8PO48ZWHG0UJ2EC68.scan
PrecompileModule /Users/admin/builder/spi-builder-workspace/.derivedData/Build/Intermediates.noindex/ExplicitPrecompiledModules/_ctype-6KTARU7SWCRSDRAE2RQDZ300X.scan
    cd /Users/admin/builder/spi-builder-workspace/.swiftpm/xcode
    builtin-precompileModule /Users/admin/builder/spi-builder-workspace/.derivedData/Build/Intermediates.noindex/ExplicitPrecompiledModules/_ctype-6KTARU7SWCRSDRAE2RQDZ300X.scan
ScanDependencies /Users/admin/builder/spi-builder-workspace/.derivedData/Build/Intermediates.noindex/StreamChat.build/Debug-watchos/StreamChatAICMark.build/Objects-normal/armv7k/man.o /Users/admin/builder/spi-builder-workspace/Sources/StreamChatAICMark/man.c normal armv7k c com.apple.compilers.llvm.clang.1_0.compiler (in target 'StreamChatAICMark' from project 'StreamChat')
    cd /Users/admin/builder/spi-builder-workspace/.swiftpm/xcode

    Using response file: /Users/admin/builder/spi-builder-workspace/.derivedData/Build/Intermediates.noindex/StreamChat.build/Debug-watchos/StreamChatAICMark.build/Objects-normal/armv7k/7187679823f38a2a940e0043cdf9d637-common-args.resp

    builtin-ScanDependencies -o /Users/admin/builder/spi-builder-workspace/.derivedData/Build/Intermediates.noindex/StreamChat.build/Debug-watchos/StreamChatAICMark.build/Objects-normal/armv7k/man.o.scan -- /Applications/Xcode-16.3.0.app/Contents/Developer/Toolchains/XcodeDefault.xctoolchain/usr/bin/clang -x c -ivfsstatcache /Users/admin/builder/spi-builder-workspace/.derivedData/SDKStatCaches.noindex/watchos11.4-22T246-43efb940ff07ba2497b70ec94253f576.sdkstatcache -fmessage-length\=0 -fdiagnostics-show-note-include-stack -fmacro-backtrace-limit\=0 -fno-color-diagnostics -fmodules-prune-interval\=86400 -fmodules-prune-after\=345600 -fbuild-session-file\=/Users/admin/builder/spi-builder-workspace/.derivedData/ModuleCache.noindex/Session.modulevalidation -fmodules-validate-once-per-build-session -Wnon-modular-include-in-framework-module -Werror\=non-modular-include-in-framework-module -Wno-trigraphs -Wno-missing-field-initializers -Wno-missing-prototypes -Wno-return-type -Wno-missing-braces -Wparentheses -Wswitch -Wno-unused-function -Wno-unused-label -Wno-unused-parameter -Wno-unused-variable -Wunused-value -Wno-empty-body -Wno-uninitialized -Wno-unknown-pragmas -Wno-shadow -Wno-four-char-constants -Wno-conversion -Wno-constant-conversion -Wno-int-conversion -Wno-bool-conversion -Wno-enum-conversion -Wno-float-conversion -Wno-non-literal-null-conversion -Wno-objc-literal-conversion -Wno-shorten-64-to-32 -Wpointer-sign -Wno-newline-eof -Wno-implicit-fallthrough -fstrict-aliasing -Wdeprecated-declarations -Wno-sign-conversion -Wno-infinite-recursion -Wno-comma -Wno-block-capture-autoreleasing -Wno-strict-prototypes -Wno-semicolon-before-method-body -index-store-path /Users/admin/builder/spi-builder-workspace/.derivedData/Index.noindex/DataStore @/Users/admin/builder/spi-builder-workspace/.derivedData/Build/Intermediates.noindex/StreamChat.build/Debug-watchos/StreamChatAICMark.build/Objects-normal/armv7k/7187679823f38a2a940e0043cdf9d637-common-args.resp -MMD -MT dependencies -MF /Users/admin/builder/spi-builder-workspace/.derivedData/Build/Intermediates.noindex/StreamChat.build/Debug-watchos/StreamChatAICMark.build/Objects-normal/armv7k/man.d --serialize-diagnostics /Users/admin/builder/spi-builder-workspace/.derivedData/Build/Intermediates.noindex/StreamChat.build/Debug-watchos/StreamChatAICMark.build/Objects-normal/armv7k/man.dia -c /Users/admin/builder/spi-builder-workspace/Sources/StreamChatAICMark/man.c -o /Users/admin/builder/spi-builder-workspace/.derivedData/Build/Intermediates.noindex/StreamChat.build/Debug-watchos/StreamChatAICMark.build/Objects-normal/armv7k/man.o -index-unit-output-path /StreamChat.build/Debug-watchos/StreamChatAICMark.build/Objects-normal/armv7k/man.o
ScanDependencies /Users/admin/builder/spi-builder-workspace/.derivedData/Build/Intermediates.noindex/StreamChat.build/Debug-watchos/StreamChatAICMark.build/Objects-normal/armv7k/linked_list.o /Users/admin/builder/spi-builder-workspace/Sources/StreamChatAICMark/linked_list.c normal armv7k c com.apple.compilers.llvm.clang.1_0.compiler (in target 'StreamChatAICMark' from project 'StreamChat')
    cd /Users/admin/builder/spi-builder-workspace/.swiftpm/xcode

    Using response file: /Users/admin/builder/spi-builder-workspace/.derivedData/Build/Intermediates.noindex/StreamChat.build/Debug-watchos/StreamChatAICMark.build/Objects-normal/armv7k/7187679823f38a2a940e0043cdf9d637-common-args.resp

    builtin-ScanDependencies -o /Users/admin/builder/spi-builder-workspace/.derivedData/Build/Intermediates.noindex/StreamChat.build/Debug-watchos/StreamChatAICMark.build/Objects-normal/armv7k/linked_list.o.scan -- /Applications/Xcode-16.3.0.app/Contents/Developer/Toolchains/XcodeDefault.xctoolchain/usr/bin/clang -x c -ivfsstatcache /Users/admin/builder/spi-builder-workspace/.derivedData/SDKStatCaches.noindex/watchos11.4-22T246-43efb940ff07ba2497b70ec94253f576.sdkstatcache -fmessage-length\=0 -fdiagnostics-show-note-include-stack -fmacro-backtrace-limit\=0 -fno-color-diagnostics -fmodules-prune-interval\=86400 -fmodules-prune-after\=345600 -fbuild-session-file\=/Users/admin/builder/spi-builder-workspace/.derivedData/ModuleCache.noindex/Session.modulevalidation -fmodules-validate-once-per-build-session -Wnon-modular-include-in-framework-module -Werror\=non-modular-include-in-framework-module -Wno-trigraphs -Wno-missing-field-initializers -Wno-missing-prototypes -Wno-return-type -Wno-missing-braces -Wparentheses -Wswitch -Wno-unused-function -Wno-unused-label -Wno-unused-parameter -Wno-unused-variable -Wunused-value -Wno-empty-body -Wno-uninitialized -Wno-unknown-pragmas -Wno-shadow -Wno-four-char-constants -Wno-conversion -Wno-constant-conversion -Wno-int-conversion -Wno-bool-conversion -Wno-enum-conversion -Wno-float-conversion -Wno-non-literal-null-conversion -Wno-objc-literal-conversion -Wno-shorten-64-to-32 -Wpointer-sign -Wno-newline-eof -Wno-implicit-fallthrough -fstrict-aliasing -Wdeprecated-declarations -Wno-sign-conversion -Wno-infinite-recursion -Wno-comma -Wno-block-capture-autoreleasing -Wno-strict-prototypes -Wno-semicolon-before-method-body -index-store-path /Users/admin/builder/spi-builder-workspace/.derivedData/Index.noindex/DataStore @/Users/admin/builder/spi-builder-workspace/.derivedData/Build/Intermediates.noindex/StreamChat.build/Debug-watchos/StreamChatAICMark.build/Objects-normal/armv7k/7187679823f38a2a940e0043cdf9d637-common-args.resp -MMD -MT dependencies -MF /Users/admin/builder/spi-builder-workspace/.derivedData/Build/Intermediates.noindex/StreamChat.build/Debug-watchos/StreamChatAICMark.build/Objects-normal/armv7k/linked_list.d --serialize-diagnostics /Users/admin/builder/spi-builder-workspace/.derivedData/Build/Intermediates.noindex/StreamChat.build/Debug-watchos/StreamChatAICMark.build/Objects-normal/armv7k/linked_list.dia -c /Users/admin/builder/spi-builder-workspace/Sources/StreamChatAICMark/linked_list.c -o /Users/admin/builder/spi-builder-workspace/.derivedData/Build/Intermediates.noindex/StreamChat.build/Debug-watchos/StreamChatAICMark.build/Objects-normal/armv7k/linked_list.o -index-unit-output-path /StreamChat.build/Debug-watchos/StreamChatAICMark.build/Objects-normal/armv7k/linked_list.o
ScanDependencies /Users/admin/builder/spi-builder-workspace/.derivedData/Build/Intermediates.noindex/StreamChat.build/Debug-watchos/StreamChatAICMark.build/Objects-normal/armv7k/latex.o /Users/admin/builder/spi-builder-workspace/Sources/StreamChatAICMark/latex.c normal armv7k c com.apple.compilers.llvm.clang.1_0.compiler (in target 'StreamChatAICMark' from project 'StreamChat')
    cd /Users/admin/builder/spi-builder-workspace/.swiftpm/xcode

    Using response file: /Users/admin/builder/spi-builder-workspace/.derivedData/Build/Intermediates.noindex/StreamChat.build/Debug-watchos/StreamChatAICMark.build/Objects-normal/armv7k/7187679823f38a2a940e0043cdf9d637-common-args.resp

    builtin-ScanDependencies -o /Users/admin/builder/spi-builder-workspace/.derivedData/Build/Intermediates.noindex/StreamChat.build/Debug-watchos/StreamChatAICMark.build/Objects-normal/armv7k/latex.o.scan -- /Applications/Xcode-16.3.0.app/Contents/Developer/Toolchains/XcodeDefault.xctoolchain/usr/bin/clang -x c -ivfsstatcache /Users/admin/builder/spi-builder-workspace/.derivedData/SDKStatCaches.noindex/watchos11.4-22T246-43efb940ff07ba2497b70ec94253f576.sdkstatcache -fmessage-length\=0 -fdiagnostics-show-note-include-stack -fmacro-backtrace-limit\=0 -fno-color-diagnostics -fmodules-prune-interval\=86400 -fmodules-prune-after\=345600 -fbuild-session-file\=/Users/admin/builder/spi-builder-workspace/.derivedData/ModuleCache.noindex/Session.modulevalidation -fmodules-validate-once-per-build-session -Wnon-modular-include-in-framework-module -Werror\=non-modular-include-in-framework-module -Wno-trigraphs -Wno-missing-field-initializers -Wno-missing-prototypes -Wno-return-type -Wno-missing-braces -Wparentheses -Wswitch -Wno-unused-function -Wno-unused-label -Wno-unused-parameter -Wno-unused-variable -Wunused-value -Wno-empty-body -Wno-uninitialized -Wno-unknown-pragmas -Wno-shadow -Wno-four-char-constants -Wno-conversion -Wno-constant-conversion -Wno-int-conversion -Wno-bool-conversion -Wno-enum-conversion -Wno-float-conversion -Wno-non-literal-null-conversion -Wno-objc-literal-conversion -Wno-shorten-64-to-32 -Wpointer-sign -Wno-newline-eof -Wno-implicit-fallthrough -fstrict-aliasing -Wdeprecated-declarations -Wno-sign-conversion -Wno-infinite-recursion -Wno-comma -Wno-block-capture-autoreleasing -Wno-strict-prototypes -Wno-semicolon-before-method-body -index-store-path /Users/admin/builder/spi-builder-workspace/.derivedData/Index.noindex/DataStore @/Users/admin/builder/spi-builder-workspace/.derivedData/Build/Intermediates.noindex/StreamChat.build/Debug-watchos/StreamChatAICMark.build/Objects-normal/armv7k/7187679823f38a2a940e0043cdf9d637-common-args.resp -MMD -MT dependencies -MF /Users/admin/builder/spi-builder-workspace/.derivedData/Build/Intermediates.noindex/StreamChat.build/Debug-watchos/StreamChatAICMark.build/Objects-normal/armv7k/latex.d --serialize-diagnostics /Users/admin/builder/spi-builder-workspace/.derivedData/Build/Intermediates.noindex/StreamChat.build/Debug-watchos/StreamChatAICMark.build/Objects-normal/armv7k/latex.dia -c /Users/admin/builder/spi-builder-workspace/Sources/StreamChatAICMark/latex.c -o /Users/admin/builder/spi-builder-workspace/.derivedData/Build/Intermediates.noindex/StreamChat.build/Debug-watchos/StreamChatAICMark.build/Objects-normal/armv7k/latex.o -index-unit-output-path /StreamChat.build/Debug-watchos/StreamChatAICMark.build/Objects-normal/armv7k/latex.o
ScanDependencies /Users/admin/builder/spi-builder-workspace/.derivedData/Build/Intermediates.noindex/StreamChat.build/Debug-watchos/StreamChatAICMark.build/Objects-normal/armv7k/iterator.o /Users/admin/builder/spi-builder-workspace/Sources/StreamChatAICMark/iterator.c normal armv7k c com.apple.compilers.llvm.clang.1_0.compiler (in target 'StreamChatAICMark' from project 'StreamChat')
    cd /Users/admin/builder/spi-builder-workspace/.swiftpm/xcode

    Using response file: /Users/admin/builder/spi-builder-workspace/.derivedData/Build/Intermediates.noindex/StreamChat.build/Debug-watchos/StreamChatAICMark.build/Objects-normal/armv7k/7187679823f38a2a940e0043cdf9d637-common-args.resp

    builtin-ScanDependencies -o /Users/admin/builder/spi-builder-workspace/.derivedData/Build/Intermediates.noindex/StreamChat.build/Debug-watchos/StreamChatAICMark.build/Objects-normal/armv7k/iterator.o.scan -- /Applications/Xcode-16.3.0.app/Contents/Developer/Toolchains/XcodeDefault.xctoolchain/usr/bin/clang -x c -ivfsstatcache /Users/admin/builder/spi-builder-workspace/.derivedData/SDKStatCaches.noindex/watchos11.4-22T246-43efb940ff07ba2497b70ec94253f576.sdkstatcache -fmessage-length\=0 -fdiagnostics-show-note-include-stack -fmacro-backtrace-limit\=0 -fno-color-diagnostics -fmodules-prune-interval\=86400 -fmodules-prune-after\=345600 -fbuild-session-file\=/Users/admin/builder/spi-builder-workspace/.derivedData/ModuleCache.noindex/Session.modulevalidation -fmodules-validate-once-per-build-session -Wnon-modular-include-in-framework-module -Werror\=non-modular-include-in-framework-module -Wno-trigraphs -Wno-missing-field-initializers -Wno-missing-prototypes -Wno-return-type -Wno-missing-braces -Wparentheses -Wswitch -Wno-unused-function -Wno-unused-label -Wno-unused-parameter -Wno-unused-variable -Wunused-value -Wno-empty-body -Wno-uninitialized -Wno-unknown-pragmas -Wno-shadow -Wno-four-char-constants -Wno-conversion -Wno-constant-conversion -Wno-int-conversion -Wno-bool-conversion -Wno-enum-conversion -Wno-float-conversion -Wno-non-literal-null-conversion -Wno-objc-literal-conversion -Wno-shorten-64-to-32 -Wpointer-sign -Wno-newline-eof -Wno-implicit-fallthrough -fstrict-aliasing -Wdeprecated-declarations -Wno-sign-conversion -Wno-infinite-recursion -Wno-comma -Wno-block-capture-autoreleasing -Wno-strict-prototypes -Wno-semicolon-before-method-body -index-store-path /Users/admin/builder/spi-builder-workspace/.derivedData/Index.noindex/DataStore @/Users/admin/builder/spi-builder-workspace/.derivedData/Build/Intermediates.noindex/StreamChat.build/Debug-watchos/StreamChatAICMark.build/Objects-normal/armv7k/7187679823f38a2a940e0043cdf9d637-common-args.resp -MMD -MT dependencies -MF /Users/admin/builder/spi-builder-workspace/.derivedData/Build/Intermediates.noindex/StreamChat.build/Debug-watchos/StreamChatAICMark.build/Objects-normal/armv7k/iterator.d --serialize-diagnostics /Users/admin/builder/spi-builder-workspace/.derivedData/Build/Intermediates.noindex/StreamChat.build/Debug-watchos/StreamChatAICMark.build/Objects-normal/armv7k/iterator.dia -c /Users/admin/builder/spi-builder-workspace/Sources/StreamChatAICMark/iterator.c -o /Users/admin/builder/spi-builder-workspace/.derivedData/Build/Intermediates.noindex/StreamChat.build/Debug-watchos/StreamChatAICMark.build/Objects-normal/armv7k/iterator.o -index-unit-output-path /StreamChat.build/Debug-watchos/StreamChatAICMark.build/Objects-normal/armv7k/iterator.o
PrecompileModule /Users/admin/builder/spi-builder-workspace/.derivedData/Build/Intermediates.noindex/ExplicitPrecompiledModules/sys_resource-6XDW96MAO04PACXJCYPABQUGE.scan
    cd /Users/admin/builder/spi-builder-workspace/.swiftpm/xcode
    builtin-precompileModule /Users/admin/builder/spi-builder-workspace/.derivedData/Build/Intermediates.noindex/ExplicitPrecompiledModules/sys_resource-6XDW96MAO04PACXJCYPABQUGE.scan
PrecompileModule /Users/admin/builder/spi-builder-workspace/.derivedData/Build/Intermediates.noindex/ExplicitPrecompiledModules/_signal-57NF4K82R5NNN5G2IS3MXDGI9.scan
    cd /Users/admin/builder/spi-builder-workspace/.swiftpm/xcode
    builtin-precompileModule /Users/admin/builder/spi-builder-workspace/.derivedData/Build/Intermediates.noindex/ExplicitPrecompiledModules/_signal-57NF4K82R5NNN5G2IS3MXDGI9.scan
PrecompileModule /Users/admin/builder/spi-builder-workspace/.derivedData/Build/Intermediates.noindex/ExplicitPrecompiledModules/_string-67ZW3AY7U6ASO0LO01PFCZE8S.scan
    cd /Users/admin/builder/spi-builder-workspace/.swiftpm/xcode
    builtin-precompileModule /Users/admin/builder/spi-builder-workspace/.derivedData/Build/Intermediates.noindex/ExplicitPrecompiledModules/_string-67ZW3AY7U6ASO0LO01PFCZE8S.scan
PrecompileModule /Users/admin/builder/spi-builder-workspace/.derivedData/Build/Intermediates.noindex/ExplicitPrecompiledModules/_stdio-47Z48LVZE7LE3JH3RGY34MXXX.scan
    cd /Users/admin/builder/spi-builder-workspace/.swiftpm/xcode
    builtin-precompileModule /Users/admin/builder/spi-builder-workspace/.derivedData/Build/Intermediates.noindex/ExplicitPrecompiledModules/_stdio-47Z48LVZE7LE3JH3RGY34MXXX.scan
ScanDependencies /Users/admin/builder/spi-builder-workspace/.derivedData/Build/Intermediates.noindex/StreamChat.build/Debug-watchos/StreamChatAICMark.build/Objects-normal/armv7k/inlines.o /Users/admin/builder/spi-builder-workspace/Sources/StreamChatAICMark/inlines.c normal armv7k c com.apple.compilers.llvm.clang.1_0.compiler (in target 'StreamChatAICMark' from project 'StreamChat')
    cd /Users/admin/builder/spi-builder-workspace/.swiftpm/xcode

    Using response file: /Users/admin/builder/spi-builder-workspace/.derivedData/Build/Intermediates.noindex/StreamChat.build/Debug-watchos/StreamChatAICMark.build/Objects-normal/armv7k/7187679823f38a2a940e0043cdf9d637-common-args.resp

    builtin-ScanDependencies -o /Users/admin/builder/spi-builder-workspace/.derivedData/Build/Intermediates.noindex/StreamChat.build/Debug-watchos/StreamChatAICMark.build/Objects-normal/armv7k/inlines.o.scan -- /Applications/Xcode-16.3.0.app/Contents/Developer/Toolchains/XcodeDefault.xctoolchain/usr/bin/clang -x c -ivfsstatcache /Users/admin/builder/spi-builder-workspace/.derivedData/SDKStatCaches.noindex/watchos11.4-22T246-43efb940ff07ba2497b70ec94253f576.sdkstatcache -fmessage-length\=0 -fdiagnostics-show-note-include-stack -fmacro-backtrace-limit\=0 -fno-color-diagnostics -fmodules-prune-interval\=86400 -fmodules-prune-after\=345600 -fbuild-session-file\=/Users/admin/builder/spi-builder-workspace/.derivedData/ModuleCache.noindex/Session.modulevalidation -fmodules-validate-once-per-build-session -Wnon-modular-include-in-framework-module -Werror\=non-modular-include-in-framework-module -Wno-trigraphs -Wno-missing-field-initializers -Wno-missing-prototypes -Wno-return-type -Wno-missing-braces -Wparentheses -Wswitch -Wno-unused-function -Wno-unused-label -Wno-unused-parameter -Wno-unused-variable -Wunused-value -Wno-empty-body -Wno-uninitialized -Wno-unknown-pragmas -Wno-shadow -Wno-four-char-constants -Wno-conversion -Wno-constant-conversion -Wno-int-conversion -Wno-bool-conversion -Wno-enum-conversion -Wno-float-conversion -Wno-non-literal-null-conversion -Wno-objc-literal-conversion -Wno-shorten-64-to-32 -Wpointer-sign -Wno-newline-eof -Wno-implicit-fallthrough -fstrict-aliasing -Wdeprecated-declarations -Wno-sign-conversion -Wno-infinite-recursion -Wno-comma -Wno-block-capture-autoreleasing -Wno-strict-prototypes -Wno-semicolon-before-method-body -index-store-path /Users/admin/builder/spi-builder-workspace/.derivedData/Index.noindex/DataStore @/Users/admin/builder/spi-builder-workspace/.derivedData/Build/Intermediates.noindex/StreamChat.build/Debug-watchos/StreamChatAICMark.build/Objects-normal/armv7k/7187679823f38a2a940e0043cdf9d637-common-args.resp -MMD -MT dependencies -MF /Users/admin/builder/spi-builder-workspace/.derivedData/Build/Intermediates.noindex/StreamChat.build/Debug-watchos/StreamChatAICMark.build/Objects-normal/armv7k/inlines.d --serialize-diagnostics /Users/admin/builder/spi-builder-workspace/.derivedData/Build/Intermediates.noindex/StreamChat.build/Debug-watchos/StreamChatAICMark.build/Objects-normal/armv7k/inlines.dia -c /Users/admin/builder/spi-builder-workspace/Sources/StreamChatAICMark/inlines.c -o /Users/admin/builder/spi-builder-workspace/.derivedData/Build/Intermediates.noindex/StreamChat.build/Debug-watchos/StreamChatAICMark.build/Objects-normal/armv7k/inlines.o -index-unit-output-path /StreamChat.build/Debug-watchos/StreamChatAICMark.build/Objects-normal/armv7k/inlines.o
ScanDependencies /Users/admin/builder/spi-builder-workspace/.derivedData/Build/Intermediates.noindex/StreamChat.build/Debug-watchos/StreamChatAICMark.build/Objects-normal/armv7k/html.o /Users/admin/builder/spi-builder-workspace/Sources/StreamChatAICMark/html.c normal armv7k c com.apple.compilers.llvm.clang.1_0.compiler (in target 'StreamChatAICMark' from project 'StreamChat')
    cd /Users/admin/builder/spi-builder-workspace/.swiftpm/xcode

    Using response file: /Users/admin/builder/spi-builder-workspace/.derivedData/Build/Intermediates.noindex/StreamChat.build/Debug-watchos/StreamChatAICMark.build/Objects-normal/armv7k/7187679823f38a2a940e0043cdf9d637-common-args.resp

    builtin-ScanDependencies -o /Users/admin/builder/spi-builder-workspace/.derivedData/Build/Intermediates.noindex/StreamChat.build/Debug-watchos/StreamChatAICMark.build/Objects-normal/armv7k/html.o.scan -- /Applications/Xcode-16.3.0.app/Contents/Developer/Toolchains/XcodeDefault.xctoolchain/usr/bin/clang -x c -ivfsstatcache /Users/admin/builder/spi-builder-workspace/.derivedData/SDKStatCaches.noindex/watchos11.4-22T246-43efb940ff07ba2497b70ec94253f576.sdkstatcache -fmessage-length\=0 -fdiagnostics-show-note-include-stack -fmacro-backtrace-limit\=0 -fno-color-diagnostics -fmodules-prune-interval\=86400 -fmodules-prune-after\=345600 -fbuild-session-file\=/Users/admin/builder/spi-builder-workspace/.derivedData/ModuleCache.noindex/Session.modulevalidation -fmodules-validate-once-per-build-session -Wnon-modular-include-in-framework-module -Werror\=non-modular-include-in-framework-module -Wno-trigraphs -Wno-missing-field-initializers -Wno-missing-prototypes -Wno-return-type -Wno-missing-braces -Wparentheses -Wswitch -Wno-unused-function -Wno-unused-label -Wno-unused-parameter -Wno-unused-variable -Wunused-value -Wno-empty-body -Wno-uninitialized -Wno-unknown-pragmas -Wno-shadow -Wno-four-char-constants -Wno-conversion -Wno-constant-conversion -Wno-int-conversion -Wno-bool-conversion -Wno-enum-conversion -Wno-float-conversion -Wno-non-literal-null-conversion -Wno-objc-literal-conversion -Wno-shorten-64-to-32 -Wpointer-sign -Wno-newline-eof -Wno-implicit-fallthrough -fstrict-aliasing -Wdeprecated-declarations -Wno-sign-conversion -Wno-infinite-recursion -Wno-comma -Wno-block-capture-autoreleasing -Wno-strict-prototypes -Wno-semicolon-before-method-body -index-store-path /Users/admin/builder/spi-builder-workspace/.derivedData/Index.noindex/DataStore @/Users/admin/builder/spi-builder-workspace/.derivedData/Build/Intermediates.noindex/StreamChat.build/Debug-watchos/StreamChatAICMark.build/Objects-normal/armv7k/7187679823f38a2a940e0043cdf9d637-common-args.resp -MMD -MT dependencies -MF /Users/admin/builder/spi-builder-workspace/.derivedData/Build/Intermediates.noindex/StreamChat.build/Debug-watchos/StreamChatAICMark.build/Objects-normal/armv7k/html.d --serialize-diagnostics /Users/admin/builder/spi-builder-workspace/.derivedData/Build/Intermediates.noindex/StreamChat.build/Debug-watchos/StreamChatAICMark.build/Objects-normal/armv7k/html.dia -c /Users/admin/builder/spi-builder-workspace/Sources/StreamChatAICMark/html.c -o /Users/admin/builder/spi-builder-workspace/.derivedData/Build/Intermediates.noindex/StreamChat.build/Debug-watchos/StreamChatAICMark.build/Objects-normal/armv7k/html.o -index-unit-output-path /StreamChat.build/Debug-watchos/StreamChatAICMark.build/Objects-normal/armv7k/html.o
PrecompileModule /Users/admin/builder/spi-builder-workspace/.derivedData/Build/Intermediates.noindex/ExplicitPrecompiledModules/sys_wait-80X178HDWXCBOTFY4EJBUNEW5.scan
    cd /Users/admin/builder/spi-builder-workspace/.swiftpm/xcode
    builtin-precompileModule /Users/admin/builder/spi-builder-workspace/.derivedData/Build/Intermediates.noindex/ExplicitPrecompiledModules/sys_wait-80X178HDWXCBOTFY4EJBUNEW5.scan
ScanDependencies /Users/admin/builder/spi-builder-workspace/.derivedData/Build/Intermediates.noindex/StreamChat.build/Debug-watchos/StreamChatAICMark.build/Objects-normal/armv7k/houdini_html_u.o /Users/admin/builder/spi-builder-workspace/Sources/StreamChatAICMark/houdini_html_u.c normal armv7k c com.apple.compilers.llvm.clang.1_0.compiler (in target 'StreamChatAICMark' from project 'StreamChat')
    cd /Users/admin/builder/spi-builder-workspace/.swiftpm/xcode

    Using response file: /Users/admin/builder/spi-builder-workspace/.derivedData/Build/Intermediates.noindex/StreamChat.build/Debug-watchos/StreamChatAICMark.build/Objects-normal/armv7k/7187679823f38a2a940e0043cdf9d637-common-args.resp

    builtin-ScanDependencies -o /Users/admin/builder/spi-builder-workspace/.derivedData/Build/Intermediates.noindex/StreamChat.build/Debug-watchos/StreamChatAICMark.build/Objects-normal/armv7k/houdini_html_u.o.scan -- /Applications/Xcode-16.3.0.app/Contents/Developer/Toolchains/XcodeDefault.xctoolchain/usr/bin/clang -x c -ivfsstatcache /Users/admin/builder/spi-builder-workspace/.derivedData/SDKStatCaches.noindex/watchos11.4-22T246-43efb940ff07ba2497b70ec94253f576.sdkstatcache -fmessage-length\=0 -fdiagnostics-show-note-include-stack -fmacro-backtrace-limit\=0 -fno-color-diagnostics -fmodules-prune-interval\=86400 -fmodules-prune-after\=345600 -fbuild-session-file\=/Users/admin/builder/spi-builder-workspace/.derivedData/ModuleCache.noindex/Session.modulevalidation -fmodules-validate-once-per-build-session -Wnon-modular-include-in-framework-module -Werror\=non-modular-include-in-framework-module -Wno-trigraphs -Wno-missing-field-initializers -Wno-missing-prototypes -Wno-return-type -Wno-missing-braces -Wparentheses -Wswitch -Wno-unused-function -Wno-unused-label -Wno-unused-parameter -Wno-unused-variable -Wunused-value -Wno-empty-body -Wno-uninitialized -Wno-unknown-pragmas -Wno-shadow -Wno-four-char-constants -Wno-conversion -Wno-constant-conversion -Wno-int-conversion -Wno-bool-conversion -Wno-enum-conversion -Wno-float-conversion -Wno-non-literal-null-conversion -Wno-objc-literal-conversion -Wno-shorten-64-to-32 -Wpointer-sign -Wno-newline-eof -Wno-implicit-fallthrough -fstrict-aliasing -Wdeprecated-declarations -Wno-sign-conversion -Wno-infinite-recursion -Wno-comma -Wno-block-capture-autoreleasing -Wno-strict-prototypes -Wno-semicolon-before-method-body -index-store-path /Users/admin/builder/spi-builder-workspace/.derivedData/Index.noindex/DataStore @/Users/admin/builder/spi-builder-workspace/.derivedData/Build/Intermediates.noindex/StreamChat.build/Debug-watchos/StreamChatAICMark.build/Objects-normal/armv7k/7187679823f38a2a940e0043cdf9d637-common-args.resp -MMD -MT dependencies -MF /Users/admin/builder/spi-builder-workspace/.derivedData/Build/Intermediates.noindex/StreamChat.build/Debug-watchos/StreamChatAICMark.build/Objects-normal/armv7k/houdini_html_u.d --serialize-diagnostics /Users/admin/builder/spi-builder-workspace/.derivedData/Build/Intermediates.noindex/StreamChat.build/Debug-watchos/StreamChatAICMark.build/Objects-normal/armv7k/houdini_html_u.dia -c /Users/admin/builder/spi-builder-workspace/Sources/StreamChatAICMark/houdini_html_u.c -o /Users/admin/builder/spi-builder-workspace/.derivedData/Build/Intermediates.noindex/StreamChat.build/Debug-watchos/StreamChatAICMark.build/Objects-normal/armv7k/houdini_html_u.o -index-unit-output-path /StreamChat.build/Debug-watchos/StreamChatAICMark.build/Objects-normal/armv7k/houdini_html_u.o
ScanDependencies /Users/admin/builder/spi-builder-workspace/.derivedData/Build/Intermediates.noindex/StreamChat.build/Debug-watchos/StreamChatAICMark.build/Objects-normal/armv7k/houdini_html_e.o /Users/admin/builder/spi-builder-workspace/Sources/StreamChatAICMark/houdini_html_e.c normal armv7k c com.apple.compilers.llvm.clang.1_0.compiler (in target 'StreamChatAICMark' from project 'StreamChat')
    cd /Users/admin/builder/spi-builder-workspace/.swiftpm/xcode

    Using response file: /Users/admin/builder/spi-builder-workspace/.derivedData/Build/Intermediates.noindex/StreamChat.build/Debug-watchos/StreamChatAICMark.build/Objects-normal/armv7k/7187679823f38a2a940e0043cdf9d637-common-args.resp

    builtin-ScanDependencies -o /Users/admin/builder/spi-builder-workspace/.derivedData/Build/Intermediates.noindex/StreamChat.build/Debug-watchos/StreamChatAICMark.build/Objects-normal/armv7k/houdini_html_e.o.scan -- /Applications/Xcode-16.3.0.app/Contents/Developer/Toolchains/XcodeDefault.xctoolchain/usr/bin/clang -x c -ivfsstatcache /Users/admin/builder/spi-builder-workspace/.derivedData/SDKStatCaches.noindex/watchos11.4-22T246-43efb940ff07ba2497b70ec94253f576.sdkstatcache -fmessage-length\=0 -fdiagnostics-show-note-include-stack -fmacro-backtrace-limit\=0 -fno-color-diagnostics -fmodules-prune-interval\=86400 -fmodules-prune-after\=345600 -fbuild-session-file\=/Users/admin/builder/spi-builder-workspace/.derivedData/ModuleCache.noindex/Session.modulevalidation -fmodules-validate-once-per-build-session -Wnon-modular-include-in-framework-module -Werror\=non-modular-include-in-framework-module -Wno-trigraphs -Wno-missing-field-initializers -Wno-missing-prototypes -Wno-return-type -Wno-missing-braces -Wparentheses -Wswitch -Wno-unused-function -Wno-unused-label -Wno-unused-parameter -Wno-unused-variable -Wunused-value -Wno-empty-body -Wno-uninitialized -Wno-unknown-pragmas -Wno-shadow -Wno-four-char-constants -Wno-conversion -Wno-constant-conversion -Wno-int-conversion -Wno-bool-conversion -Wno-enum-conversion -Wno-float-conversion -Wno-non-literal-null-conversion -Wno-objc-literal-conversion -Wno-shorten-64-to-32 -Wpointer-sign -Wno-newline-eof -Wno-implicit-fallthrough -fstrict-aliasing -Wdeprecated-declarations -Wno-sign-conversion -Wno-infinite-recursion -Wno-comma -Wno-block-capture-autoreleasing -Wno-strict-prototypes -Wno-semicolon-before-method-body -index-store-path /Users/admin/builder/spi-builder-workspace/.derivedData/Index.noindex/DataStore @/Users/admin/builder/spi-builder-workspace/.derivedData/Build/Intermediates.noindex/StreamChat.build/Debug-watchos/StreamChatAICMark.build/Objects-normal/armv7k/7187679823f38a2a940e0043cdf9d637-common-args.resp -MMD -MT dependencies -MF /Users/admin/builder/spi-builder-workspace/.derivedData/Build/Intermediates.noindex/StreamChat.build/Debug-watchos/StreamChatAICMark.build/Objects-normal/armv7k/houdini_html_e.d --serialize-diagnostics /Users/admin/builder/spi-builder-workspace/.derivedData/Build/Intermediates.noindex/StreamChat.build/Debug-watchos/StreamChatAICMark.build/Objects-normal/armv7k/houdini_html_e.dia -c /Users/admin/builder/spi-builder-workspace/Sources/StreamChatAICMark/houdini_html_e.c -o /Users/admin/builder/spi-builder-workspace/.derivedData/Build/Intermediates.noindex/StreamChat.build/Debug-watchos/StreamChatAICMark.build/Objects-normal/armv7k/houdini_html_e.o -index-unit-output-path /StreamChat.build/Debug-watchos/StreamChatAICMark.build/Objects-normal/armv7k/houdini_html_e.o
ScanDependencies /Users/admin/builder/spi-builder-workspace/.derivedData/Build/Intermediates.noindex/StreamChat.build/Debug-watchos/StreamChatAICMark.build/Objects-normal/armv7k/houdini_href_e.o /Users/admin/builder/spi-builder-workspace/Sources/StreamChatAICMark/houdini_href_e.c normal armv7k c com.apple.compilers.llvm.clang.1_0.compiler (in target 'StreamChatAICMark' from project 'StreamChat')
    cd /Users/admin/builder/spi-builder-workspace/.swiftpm/xcode

    Using response file: /Users/admin/builder/spi-builder-workspace/.derivedData/Build/Intermediates.noindex/StreamChat.build/Debug-watchos/StreamChatAICMark.build/Objects-normal/armv7k/7187679823f38a2a940e0043cdf9d637-common-args.resp

    builtin-ScanDependencies -o /Users/admin/builder/spi-builder-workspace/.derivedData/Build/Intermediates.noindex/StreamChat.build/Debug-watchos/StreamChatAICMark.build/Objects-normal/armv7k/houdini_href_e.o.scan -- /Applications/Xcode-16.3.0.app/Contents/Developer/Toolchains/XcodeDefault.xctoolchain/usr/bin/clang -x c -ivfsstatcache /Users/admin/builder/spi-builder-workspace/.derivedData/SDKStatCaches.noindex/watchos11.4-22T246-43efb940ff07ba2497b70ec94253f576.sdkstatcache -fmessage-length\=0 -fdiagnostics-show-note-include-stack -fmacro-backtrace-limit\=0 -fno-color-diagnostics -fmodules-prune-interval\=86400 -fmodules-prune-after\=345600 -fbuild-session-file\=/Users/admin/builder/spi-builder-workspace/.derivedData/ModuleCache.noindex/Session.modulevalidation -fmodules-validate-once-per-build-session -Wnon-modular-include-in-framework-module -Werror\=non-modular-include-in-framework-module -Wno-trigraphs -Wno-missing-field-initializers -Wno-missing-prototypes -Wno-return-type -Wno-missing-braces -Wparentheses -Wswitch -Wno-unused-function -Wno-unused-label -Wno-unused-parameter -Wno-unused-variable -Wunused-value -Wno-empty-body -Wno-uninitialized -Wno-unknown-pragmas -Wno-shadow -Wno-four-char-constants -Wno-conversion -Wno-constant-conversion -Wno-int-conversion -Wno-bool-conversion -Wno-enum-conversion -Wno-float-conversion -Wno-non-literal-null-conversion -Wno-objc-literal-conversion -Wno-shorten-64-to-32 -Wpointer-sign -Wno-newline-eof -Wno-implicit-fallthrough -fstrict-aliasing -Wdeprecated-declarations -Wno-sign-conversion -Wno-infinite-recursion -Wno-comma -Wno-block-capture-autoreleasing -Wno-strict-prototypes -Wno-semicolon-before-method-body -index-store-path /Users/admin/builder/spi-builder-workspace/.derivedData/Index.noindex/DataStore @/Users/admin/builder/spi-builder-workspace/.derivedData/Build/Intermediates.noindex/StreamChat.build/Debug-watchos/StreamChatAICMark.build/Objects-normal/armv7k/7187679823f38a2a940e0043cdf9d637-common-args.resp -MMD -MT dependencies -MF /Users/admin/builder/spi-builder-workspace/.derivedData/Build/Intermediates.noindex/StreamChat.build/Debug-watchos/StreamChatAICMark.build/Objects-normal/armv7k/houdini_href_e.d --serialize-diagnostics /Users/admin/builder/spi-builder-workspace/.derivedData/Build/Intermediates.noindex/StreamChat.build/Debug-watchos/StreamChatAICMark.build/Objects-normal/armv7k/houdini_href_e.dia -c /Users/admin/builder/spi-builder-workspace/Sources/StreamChatAICMark/houdini_href_e.c -o /Users/admin/builder/spi-builder-workspace/.derivedData/Build/Intermediates.noindex/StreamChat.build/Debug-watchos/StreamChatAICMark.build/Objects-normal/armv7k/houdini_href_e.o -index-unit-output-path /StreamChat.build/Debug-watchos/StreamChatAICMark.build/Objects-normal/armv7k/houdini_href_e.o
CompileC /Users/admin/builder/spi-builder-workspace/.derivedData/Build/Intermediates.noindex/StreamChat.build/Debug-watchos/StreamChatAICMark.build/Objects-normal/armv7k/houdini_html_e.o /Users/admin/builder/spi-builder-workspace/Sources/StreamChatAICMark/houdini_html_e.c normal armv7k c com.apple.compilers.llvm.clang.1_0.compiler (in target 'StreamChatAICMark' from project 'StreamChat')
    cd /Users/admin/builder/spi-builder-workspace/.swiftpm/xcode

    Using response file: /Users/admin/builder/spi-builder-workspace/.derivedData/Build/Intermediates.noindex/StreamChat.build/Debug-watchos/StreamChatAICMark.build/Objects-normal/armv7k/7187679823f38a2a940e0043cdf9d637-common-args.resp

    /Applications/Xcode-16.3.0.app/Contents/Developer/Toolchains/XcodeDefault.xctoolchain/usr/bin/clang -x c -ivfsstatcache /Users/admin/builder/spi-builder-workspace/.derivedData/SDKStatCaches.noindex/watchos11.4-22T246-43efb940ff07ba2497b70ec94253f576.sdkstatcache -fmessage-length\=0 -fdiagnostics-show-note-include-stack -fmacro-backtrace-limit\=0 -fno-color-diagnostics -fmodules-prune-interval\=86400 -fmodules-prune-after\=345600 -fbuild-session-file\=/Users/admin/builder/spi-builder-workspace/.derivedData/ModuleCache.noindex/Session.modulevalidation -fmodules-validate-once-per-build-session -Wnon-modular-include-in-framework-module -Werror\=non-modular-include-in-framework-module -Wno-trigraphs -Wno-missing-field-initializers -Wno-missing-prototypes -Wno-return-type -Wno-missing-braces -Wparentheses -Wswitch -Wno-unused-function -Wno-unused-label -Wno-unused-parameter -Wno-unused-variable -Wunused-value -Wno-empty-body -Wno-uninitialized -Wno-unknown-pragmas -Wno-shadow -Wno-four-char-constants -Wno-conversion -Wno-constant-conversion -Wno-int-conversion -Wno-bool-conversion -Wno-enum-conversion -Wno-float-conversion -Wno-non-literal-null-conversion -Wno-objc-literal-conversion -Wno-shorten-64-to-32 -Wpointer-sign -Wno-newline-eof -Wno-implicit-fallthrough -fstrict-aliasing -Wdeprecated-declarations -Wno-sign-conversion -Wno-infinite-recursion -Wno-comma -Wno-block-capture-autoreleasing -Wno-strict-prototypes -Wno-semicolon-before-method-body -index-store-path /Users/admin/builder/spi-builder-workspace/.derivedData/Index.noindex/DataStore @/Users/admin/builder/spi-builder-workspace/.derivedData/Build/Intermediates.noindex/StreamChat.build/Debug-watchos/StreamChatAICMark.build/Objects-normal/armv7k/7187679823f38a2a940e0043cdf9d637-common-args.resp -MMD -MT dependencies -MF /Users/admin/builder/spi-builder-workspace/.derivedData/Build/Intermediates.noindex/StreamChat.build/Debug-watchos/StreamChatAICMark.build/Objects-normal/armv7k/houdini_html_e.d --serialize-diagnostics /Users/admin/builder/spi-builder-workspace/.derivedData/Build/Intermediates.noindex/StreamChat.build/Debug-watchos/StreamChatAICMark.build/Objects-normal/armv7k/houdini_html_e.dia -c /Users/admin/builder/spi-builder-workspace/Sources/StreamChatAICMark/houdini_html_e.c -o /Users/admin/builder/spi-builder-workspace/.derivedData/Build/Intermediates.noindex/StreamChat.build/Debug-watchos/StreamChatAICMark.build/Objects-normal/armv7k/houdini_html_e.o -index-unit-output-path /StreamChat.build/Debug-watchos/StreamChatAICMark.build/Objects-normal/armv7k/houdini_html_e.o
CompileC /Users/admin/builder/spi-builder-workspace/.derivedData/Build/Intermediates.noindex/StreamChat.build/Debug-watchos/StreamChatAICMark.build/Objects-normal/armv7k/houdini_html_u.o /Users/admin/builder/spi-builder-workspace/Sources/StreamChatAICMark/houdini_html_u.c normal armv7k c com.apple.compilers.llvm.clang.1_0.compiler (in target 'StreamChatAICMark' from project 'StreamChat')
    cd /Users/admin/builder/spi-builder-workspace/.swiftpm/xcode

    Using response file: /Users/admin/builder/spi-builder-workspace/.derivedData/Build/Intermediates.noindex/StreamChat.build/Debug-watchos/StreamChatAICMark.build/Objects-normal/armv7k/7187679823f38a2a940e0043cdf9d637-common-args.resp

    /Applications/Xcode-16.3.0.app/Contents/Developer/Toolchains/XcodeDefault.xctoolchain/usr/bin/clang -x c -ivfsstatcache /Users/admin/builder/spi-builder-workspace/.derivedData/SDKStatCaches.noindex/watchos11.4-22T246-43efb940ff07ba2497b70ec94253f576.sdkstatcache -fmessage-length\=0 -fdiagnostics-show-note-include-stack -fmacro-backtrace-limit\=0 -fno-color-diagnostics -fmodules-prune-interval\=86400 -fmodules-prune-after\=345600 -fbuild-session-file\=/Users/admin/builder/spi-builder-workspace/.derivedData/ModuleCache.noindex/Session.modulevalidation -fmodules-validate-once-per-build-session -Wnon-modular-include-in-framework-module -Werror\=non-modular-include-in-framework-module -Wno-trigraphs -Wno-missing-field-initializers -Wno-missing-prototypes -Wno-return-type -Wno-missing-braces -Wparentheses -Wswitch -Wno-unused-function -Wno-unused-label -Wno-unused-parameter -Wno-unused-variable -Wunused-value -Wno-empty-body -Wno-uninitialized -Wno-unknown-pragmas -Wno-shadow -Wno-four-char-constants -Wno-conversion -Wno-constant-conversion -Wno-int-conversion -Wno-bool-conversion -Wno-enum-conversion -Wno-float-conversion -Wno-non-literal-null-conversion -Wno-objc-literal-conversion -Wno-shorten-64-to-32 -Wpointer-sign -Wno-newline-eof -Wno-implicit-fallthrough -fstrict-aliasing -Wdeprecated-declarations -Wno-sign-conversion -Wno-infinite-recursion -Wno-comma -Wno-block-capture-autoreleasing -Wno-strict-prototypes -Wno-semicolon-before-method-body -index-store-path /Users/admin/builder/spi-builder-workspace/.derivedData/Index.noindex/DataStore @/Users/admin/builder/spi-builder-workspace/.derivedData/Build/Intermediates.noindex/StreamChat.build/Debug-watchos/StreamChatAICMark.build/Objects-normal/armv7k/7187679823f38a2a940e0043cdf9d637-common-args.resp -MMD -MT dependencies -MF /Users/admin/builder/spi-builder-workspace/.derivedData/Build/Intermediates.noindex/StreamChat.build/Debug-watchos/StreamChatAICMark.build/Objects-normal/armv7k/houdini_html_u.d --serialize-diagnostics /Users/admin/builder/spi-builder-workspace/.derivedData/Build/Intermediates.noindex/StreamChat.build/Debug-watchos/StreamChatAICMark.build/Objects-normal/armv7k/houdini_html_u.dia -c /Users/admin/builder/spi-builder-workspace/Sources/StreamChatAICMark/houdini_html_u.c -o /Users/admin/builder/spi-builder-workspace/.derivedData/Build/Intermediates.noindex/StreamChat.build/Debug-watchos/StreamChatAICMark.build/Objects-normal/armv7k/houdini_html_u.o -index-unit-output-path /StreamChat.build/Debug-watchos/StreamChatAICMark.build/Objects-normal/armv7k/houdini_html_u.o
PrecompileModule /Users/admin/builder/spi-builder-workspace/.derivedData/Build/Intermediates.noindex/ExplicitPrecompiledModules/_stdlib-3QHC2P0CG08BJ4CQE24P35AU2.scan
    cd /Users/admin/builder/spi-builder-workspace/.swiftpm/xcode
    builtin-precompileModule /Users/admin/builder/spi-builder-workspace/.derivedData/Build/Intermediates.noindex/ExplicitPrecompiledModules/_stdlib-3QHC2P0CG08BJ4CQE24P35AU2.scan
CompileC /Users/admin/builder/spi-builder-workspace/.derivedData/Build/Intermediates.noindex/StreamChat.build/Debug-watchos/StreamChatAICMark.build/Objects-normal/armv7k/houdini_href_e.o /Users/admin/builder/spi-builder-workspace/Sources/StreamChatAICMark/houdini_href_e.c normal armv7k c com.apple.compilers.llvm.clang.1_0.compiler (in target 'StreamChatAICMark' from project 'StreamChat')
    cd /Users/admin/builder/spi-builder-workspace/.swiftpm/xcode

    Using response file: /Users/admin/builder/spi-builder-workspace/.derivedData/Build/Intermediates.noindex/StreamChat.build/Debug-watchos/StreamChatAICMark.build/Objects-normal/armv7k/7187679823f38a2a940e0043cdf9d637-common-args.resp

    /Applications/Xcode-16.3.0.app/Contents/Developer/Toolchains/XcodeDefault.xctoolchain/usr/bin/clang -x c -ivfsstatcache /Users/admin/builder/spi-builder-workspace/.derivedData/SDKStatCaches.noindex/watchos11.4-22T246-43efb940ff07ba2497b70ec94253f576.sdkstatcache -fmessage-length\=0 -fdiagnostics-show-note-include-stack -fmacro-backtrace-limit\=0 -fno-color-diagnostics -fmodules-prune-interval\=86400 -fmodules-prune-after\=345600 -fbuild-session-file\=/Users/admin/builder/spi-builder-workspace/.derivedData/ModuleCache.noindex/Session.modulevalidation -fmodules-validate-once-per-build-session -Wnon-modular-include-in-framework-module -Werror\=non-modular-include-in-framework-module -Wno-trigraphs -Wno-missing-field-initializers -Wno-missing-prototypes -Wno-return-type -Wno-missing-braces -Wparentheses -Wswitch -Wno-unused-function -Wno-unused-label -Wno-unused-parameter -Wno-unused-variable -Wunused-value -Wno-empty-body -Wno-uninitialized -Wno-unknown-pragmas -Wno-shadow -Wno-four-char-constants -Wno-conversion -Wno-constant-conversion -Wno-int-conversion -Wno-bool-conversion -Wno-enum-conversion -Wno-float-conversion -Wno-non-literal-null-conversion -Wno-objc-literal-conversion -Wno-shorten-64-to-32 -Wpointer-sign -Wno-newline-eof -Wno-implicit-fallthrough -fstrict-aliasing -Wdeprecated-declarations -Wno-sign-conversion -Wno-infinite-recursion -Wno-comma -Wno-block-capture-autoreleasing -Wno-strict-prototypes -Wno-semicolon-before-method-body -index-store-path /Users/admin/builder/spi-builder-workspace/.derivedData/Index.noindex/DataStore @/Users/admin/builder/spi-builder-workspace/.derivedData/Build/Intermediates.noindex/StreamChat.build/Debug-watchos/StreamChatAICMark.build/Objects-normal/armv7k/7187679823f38a2a940e0043cdf9d637-common-args.resp -MMD -MT dependencies -MF /Users/admin/builder/spi-builder-workspace/.derivedData/Build/Intermediates.noindex/StreamChat.build/Debug-watchos/StreamChatAICMark.build/Objects-normal/armv7k/houdini_href_e.d --serialize-diagnostics /Users/admin/builder/spi-builder-workspace/.derivedData/Build/Intermediates.noindex/StreamChat.build/Debug-watchos/StreamChatAICMark.build/Objects-normal/armv7k/houdini_href_e.dia -c /Users/admin/builder/spi-builder-workspace/Sources/StreamChatAICMark/houdini_href_e.c -o /Users/admin/builder/spi-builder-workspace/.derivedData/Build/Intermediates.noindex/StreamChat.build/Debug-watchos/StreamChatAICMark.build/Objects-normal/armv7k/houdini_href_e.o -index-unit-output-path /StreamChat.build/Debug-watchos/StreamChatAICMark.build/Objects-normal/armv7k/houdini_href_e.o
CompileC /Users/admin/builder/spi-builder-workspace/.derivedData/Build/Intermediates.noindex/StreamChat.build/Debug-watchos/StreamChatAICMark.build/Objects-normal/armv7k/xml.o /Users/admin/builder/spi-builder-workspace/Sources/StreamChatAICMark/xml.c normal armv7k c com.apple.compilers.llvm.clang.1_0.compiler (in target 'StreamChatAICMark' from project 'StreamChat')
    cd /Users/admin/builder/spi-builder-workspace/.swiftpm/xcode

    Using response file: /Users/admin/builder/spi-builder-workspace/.derivedData/Build/Intermediates.noindex/StreamChat.build/Debug-watchos/StreamChatAICMark.build/Objects-normal/armv7k/7187679823f38a2a940e0043cdf9d637-common-args.resp

    /Applications/Xcode-16.3.0.app/Contents/Developer/Toolchains/XcodeDefault.xctoolchain/usr/bin/clang -x c -ivfsstatcache /Users/admin/builder/spi-builder-workspace/.derivedData/SDKStatCaches.noindex/watchos11.4-22T246-43efb940ff07ba2497b70ec94253f576.sdkstatcache -fmessage-length\=0 -fdiagnostics-show-note-include-stack -fmacro-backtrace-limit\=0 -fno-color-diagnostics -fmodules-prune-interval\=86400 -fmodules-prune-after\=345600 -fbuild-session-file\=/Users/admin/builder/spi-builder-workspace/.derivedData/ModuleCache.noindex/Session.modulevalidation -fmodules-validate-once-per-build-session -Wnon-modular-include-in-framework-module -Werror\=non-modular-include-in-framework-module -Wno-trigraphs -Wno-missing-field-initializers -Wno-missing-prototypes -Wno-return-type -Wno-missing-braces -Wparentheses -Wswitch -Wno-unused-function -Wno-unused-label -Wno-unused-parameter -Wno-unused-variable -Wunused-value -Wno-empty-body -Wno-uninitialized -Wno-unknown-pragmas -Wno-shadow -Wno-four-char-constants -Wno-conversion -Wno-constant-conversion -Wno-int-conversion -Wno-bool-conversion -Wno-enum-conversion -Wno-float-conversion -Wno-non-literal-null-conversion -Wno-objc-literal-conversion -Wno-shorten-64-to-32 -Wpointer-sign -Wno-newline-eof -Wno-implicit-fallthrough -fstrict-aliasing -Wdeprecated-declarations -Wno-sign-conversion -Wno-infinite-recursion -Wno-comma -Wno-block-capture-autoreleasing -Wno-strict-prototypes -Wno-semicolon-before-method-body -index-store-path /Users/admin/builder/spi-builder-workspace/.derivedData/Index.noindex/DataStore @/Users/admin/builder/spi-builder-workspace/.derivedData/Build/Intermediates.noindex/StreamChat.build/Debug-watchos/StreamChatAICMark.build/Objects-normal/armv7k/7187679823f38a2a940e0043cdf9d637-common-args.resp -MMD -MT dependencies -MF /Users/admin/builder/spi-builder-workspace/.derivedData/Build/Intermediates.noindex/StreamChat.build/Debug-watchos/StreamChatAICMark.build/Objects-normal/armv7k/xml.d --serialize-diagnostics /Users/admin/builder/spi-builder-workspace/.derivedData/Build/Intermediates.noindex/StreamChat.build/Debug-watchos/StreamChatAICMark.build/Objects-normal/armv7k/xml.dia -c /Users/admin/builder/spi-builder-workspace/Sources/StreamChatAICMark/xml.c -o /Users/admin/builder/spi-builder-workspace/.derivedData/Build/Intermediates.noindex/StreamChat.build/Debug-watchos/StreamChatAICMark.build/Objects-normal/armv7k/xml.o -index-unit-output-path /StreamChat.build/Debug-watchos/StreamChatAICMark.build/Objects-normal/armv7k/xml.o
CompileC /Users/admin/builder/spi-builder-workspace/.derivedData/Build/Intermediates.noindex/StreamChat.build/Debug-watchos/StreamChatAICMark.build/Objects-normal/armv7k/utf8.o /Users/admin/builder/spi-builder-workspace/Sources/StreamChatAICMark/utf8.c normal armv7k c com.apple.compilers.llvm.clang.1_0.compiler (in target 'StreamChatAICMark' from project 'StreamChat')
    cd /Users/admin/builder/spi-builder-workspace/.swiftpm/xcode

    Using response file: /Users/admin/builder/spi-builder-workspace/.derivedData/Build/Intermediates.noindex/StreamChat.build/Debug-watchos/StreamChatAICMark.build/Objects-normal/armv7k/7187679823f38a2a940e0043cdf9d637-common-args.resp

    /Applications/Xcode-16.3.0.app/Contents/Developer/Toolchains/XcodeDefault.xctoolchain/usr/bin/clang -x c -ivfsstatcache /Users/admin/builder/spi-builder-workspace/.derivedData/SDKStatCaches.noindex/watchos11.4-22T246-43efb940ff07ba2497b70ec94253f576.sdkstatcache -fmessage-length\=0 -fdiagnostics-show-note-include-stack -fmacro-backtrace-limit\=0 -fno-color-diagnostics -fmodules-prune-interval\=86400 -fmodules-prune-after\=345600 -fbuild-session-file\=/Users/admin/builder/spi-builder-workspace/.derivedData/ModuleCache.noindex/Session.modulevalidation -fmodules-validate-once-per-build-session -Wnon-modular-include-in-framework-module -Werror\=non-modular-include-in-framework-module -Wno-trigraphs -Wno-missing-field-initializers -Wno-missing-prototypes -Wno-return-type -Wno-missing-braces -Wparentheses -Wswitch -Wno-unused-function -Wno-unused-label -Wno-unused-parameter -Wno-unused-variable -Wunused-value -Wno-empty-body -Wno-uninitialized -Wno-unknown-pragmas -Wno-shadow -Wno-four-char-constants -Wno-conversion -Wno-constant-conversion -Wno-int-conversion -Wno-bool-conversion -Wno-enum-conversion -Wno-float-conversion -Wno-non-literal-null-conversion -Wno-objc-literal-conversion -Wno-shorten-64-to-32 -Wpointer-sign -Wno-newline-eof -Wno-implicit-fallthrough -fstrict-aliasing -Wdeprecated-declarations -Wno-sign-conversion -Wno-infinite-recursion -Wno-comma -Wno-block-capture-autoreleasing -Wno-strict-prototypes -Wno-semicolon-before-method-body -index-store-path /Users/admin/builder/spi-builder-workspace/.derivedData/Index.noindex/DataStore @/Users/admin/builder/spi-builder-workspace/.derivedData/Build/Intermediates.noindex/StreamChat.build/Debug-watchos/StreamChatAICMark.build/Objects-normal/armv7k/7187679823f38a2a940e0043cdf9d637-common-args.resp -MMD -MT dependencies -MF /Users/admin/builder/spi-builder-workspace/.derivedData/Build/Intermediates.noindex/StreamChat.build/Debug-watchos/StreamChatAICMark.build/Objects-normal/armv7k/utf8.d --serialize-diagnostics /Users/admin/builder/spi-builder-workspace/.derivedData/Build/Intermediates.noindex/StreamChat.build/Debug-watchos/StreamChatAICMark.build/Objects-normal/armv7k/utf8.dia -c /Users/admin/builder/spi-builder-workspace/Sources/StreamChatAICMark/utf8.c -o /Users/admin/builder/spi-builder-workspace/.derivedData/Build/Intermediates.noindex/StreamChat.build/Debug-watchos/StreamChatAICMark.build/Objects-normal/armv7k/utf8.o -index-unit-output-path /StreamChat.build/Debug-watchos/StreamChatAICMark.build/Objects-normal/armv7k/utf8.o
CompileC /Users/admin/builder/spi-builder-workspace/.derivedData/Build/Intermediates.noindex/StreamChat.build/Debug-watchos/StreamChatAICMark.build/Objects-normal/armv7k/tasklist.o /Users/admin/builder/spi-builder-workspace/Sources/StreamChatAICMark/tasklist.c normal armv7k c com.apple.compilers.llvm.clang.1_0.compiler (in target 'StreamChatAICMark' from project 'StreamChat')
    cd /Users/admin/builder/spi-builder-workspace/.swiftpm/xcode

    Using response file: /Users/admin/builder/spi-builder-workspace/.derivedData/Build/Intermediates.noindex/StreamChat.build/Debug-watchos/StreamChatAICMark.build/Objects-normal/armv7k/7187679823f38a2a940e0043cdf9d637-common-args.resp

    /Applications/Xcode-16.3.0.app/Contents/Developer/Toolchains/XcodeDefault.xctoolchain/usr/bin/clang -x c -ivfsstatcache /Users/admin/builder/spi-builder-workspace/.derivedData/SDKStatCaches.noindex/watchos11.4-22T246-43efb940ff07ba2497b70ec94253f576.sdkstatcache -fmessage-length\=0 -fdiagnostics-show-note-include-stack -fmacro-backtrace-limit\=0 -fno-color-diagnostics -fmodules-prune-interval\=86400 -fmodules-prune-after\=345600 -fbuild-session-file\=/Users/admin/builder/spi-builder-workspace/.derivedData/ModuleCache.noindex/Session.modulevalidation -fmodules-validate-once-per-build-session -Wnon-modular-include-in-framework-module -Werror\=non-modular-include-in-framework-module -Wno-trigraphs -Wno-missing-field-initializers -Wno-missing-prototypes -Wno-return-type -Wno-missing-braces -Wparentheses -Wswitch -Wno-unused-function -Wno-unused-label -Wno-unused-parameter -Wno-unused-variable -Wunused-value -Wno-empty-body -Wno-uninitialized -Wno-unknown-pragmas -Wno-shadow -Wno-four-char-constants -Wno-conversion -Wno-constant-conversion -Wno-int-conversion -Wno-bool-conversion -Wno-enum-conversion -Wno-float-conversion -Wno-non-literal-null-conversion -Wno-objc-literal-conversion -Wno-shorten-64-to-32 -Wpointer-sign -Wno-newline-eof -Wno-implicit-fallthrough -fstrict-aliasing -Wdeprecated-declarations -Wno-sign-conversion -Wno-infinite-recursion -Wno-comma -Wno-block-capture-autoreleasing -Wno-strict-prototypes -Wno-semicolon-before-method-body -index-store-path /Users/admin/builder/spi-builder-workspace/.derivedData/Index.noindex/DataStore @/Users/admin/builder/spi-builder-workspace/.derivedData/Build/Intermediates.noindex/StreamChat.build/Debug-watchos/StreamChatAICMark.build/Objects-normal/armv7k/7187679823f38a2a940e0043cdf9d637-common-args.resp -MMD -MT dependencies -MF /Users/admin/builder/spi-builder-workspace/.derivedData/Build/Intermediates.noindex/StreamChat.build/Debug-watchos/StreamChatAICMark.build/Objects-normal/armv7k/tasklist.d --serialize-diagnostics /Users/admin/builder/spi-builder-workspace/.derivedData/Build/Intermediates.noindex/StreamChat.build/Debug-watchos/StreamChatAICMark.build/Objects-normal/armv7k/tasklist.dia -c /Users/admin/builder/spi-builder-workspace/Sources/StreamChatAICMark/tasklist.c -o /Users/admin/builder/spi-builder-workspace/.derivedData/Build/Intermediates.noindex/StreamChat.build/Debug-watchos/StreamChatAICMark.build/Objects-normal/armv7k/tasklist.o -index-unit-output-path /StreamChat.build/Debug-watchos/StreamChatAICMark.build/Objects-normal/armv7k/tasklist.o
CompileC /Users/admin/builder/spi-builder-workspace/.derivedData/Build/Intermediates.noindex/StreamChat.build/Debug-watchos/StreamChatAICMark.build/Objects-normal/armv7k/tagfilter.o /Users/admin/builder/spi-builder-workspace/Sources/StreamChatAICMark/tagfilter.c normal armv7k c com.apple.compilers.llvm.clang.1_0.compiler (in target 'StreamChatAICMark' from project 'StreamChat')
    cd /Users/admin/builder/spi-builder-workspace/.swiftpm/xcode

    Using response file: /Users/admin/builder/spi-builder-workspace/.derivedData/Build/Intermediates.noindex/StreamChat.build/Debug-watchos/StreamChatAICMark.build/Objects-normal/armv7k/7187679823f38a2a940e0043cdf9d637-common-args.resp

    /Applications/Xcode-16.3.0.app/Contents/Developer/Toolchains/XcodeDefault.xctoolchain/usr/bin/clang -x c -ivfsstatcache /Users/admin/builder/spi-builder-workspace/.derivedData/SDKStatCaches.noindex/watchos11.4-22T246-43efb940ff07ba2497b70ec94253f576.sdkstatcache -fmessage-length\=0 -fdiagnostics-show-note-include-stack -fmacro-backtrace-limit\=0 -fno-color-diagnostics -fmodules-prune-interval\=86400 -fmodules-prune-after\=345600 -fbuild-session-file\=/Users/admin/builder/spi-builder-workspace/.derivedData/ModuleCache.noindex/Session.modulevalidation -fmodules-validate-once-per-build-session -Wnon-modular-include-in-framework-module -Werror\=non-modular-include-in-framework-module -Wno-trigraphs -Wno-missing-field-initializers -Wno-missing-prototypes -Wno-return-type -Wno-missing-braces -Wparentheses -Wswitch -Wno-unused-function -Wno-unused-label -Wno-unused-parameter -Wno-unused-variable -Wunused-value -Wno-empty-body -Wno-uninitialized -Wno-unknown-pragmas -Wno-shadow -Wno-four-char-constants -Wno-conversion -Wno-constant-conversion -Wno-int-conversion -Wno-bool-conversion -Wno-enum-conversion -Wno-float-conversion -Wno-non-literal-null-conversion -Wno-objc-literal-conversion -Wno-shorten-64-to-32 -Wpointer-sign -Wno-newline-eof -Wno-implicit-fallthrough -fstrict-aliasing -Wdeprecated-declarations -Wno-sign-conversion -Wno-infinite-recursion -Wno-comma -Wno-block-capture-autoreleasing -Wno-strict-prototypes -Wno-semicolon-before-method-body -index-store-path /Users/admin/builder/spi-builder-workspace/.derivedData/Index.noindex/DataStore @/Users/admin/builder/spi-builder-workspace/.derivedData/Build/Intermediates.noindex/StreamChat.build/Debug-watchos/StreamChatAICMark.build/Objects-normal/armv7k/7187679823f38a2a940e0043cdf9d637-common-args.resp -MMD -MT dependencies -MF /Users/admin/builder/spi-builder-workspace/.derivedData/Build/Intermediates.noindex/StreamChat.build/Debug-watchos/StreamChatAICMark.build/Objects-normal/armv7k/tagfilter.d --serialize-diagnostics /Users/admin/builder/spi-builder-workspace/.derivedData/Build/Intermediates.noindex/StreamChat.build/Debug-watchos/StreamChatAICMark.build/Objects-normal/armv7k/tagfilter.dia -c /Users/admin/builder/spi-builder-workspace/Sources/StreamChatAICMark/tagfilter.c -o /Users/admin/builder/spi-builder-workspace/.derivedData/Build/Intermediates.noindex/StreamChat.build/Debug-watchos/StreamChatAICMark.build/Objects-normal/armv7k/tagfilter.o -index-unit-output-path /StreamChat.build/Debug-watchos/StreamChatAICMark.build/Objects-normal/armv7k/tagfilter.o
CompileC /Users/admin/builder/spi-builder-workspace/.derivedData/Build/Intermediates.noindex/StreamChat.build/Debug-watchos/StreamChatAICMark.build/Objects-normal/armv7k/table.o /Users/admin/builder/spi-builder-workspace/Sources/StreamChatAICMark/table.c normal armv7k c com.apple.compilers.llvm.clang.1_0.compiler (in target 'StreamChatAICMark' from project 'StreamChat')
    cd /Users/admin/builder/spi-builder-workspace/.swiftpm/xcode

    Using response file: /Users/admin/builder/spi-builder-workspace/.derivedData/Build/Intermediates.noindex/StreamChat.build/Debug-watchos/StreamChatAICMark.build/Objects-normal/armv7k/7187679823f38a2a940e0043cdf9d637-common-args.resp

    /Applications/Xcode-16.3.0.app/Contents/Developer/Toolchains/XcodeDefault.xctoolchain/usr/bin/clang -x c -ivfsstatcache /Users/admin/builder/spi-builder-workspace/.derivedData/SDKStatCaches.noindex/watchos11.4-22T246-43efb940ff07ba2497b70ec94253f576.sdkstatcache -fmessage-length\=0 -fdiagnostics-show-note-include-stack -fmacro-backtrace-limit\=0 -fno-color-diagnostics -fmodules-prune-interval\=86400 -fmodules-prune-after\=345600 -fbuild-session-file\=/Users/admin/builder/spi-builder-workspace/.derivedData/ModuleCache.noindex/Session.modulevalidation -fmodules-validate-once-per-build-session -Wnon-modular-include-in-framework-module -Werror\=non-modular-include-in-framework-module -Wno-trigraphs -Wno-missing-field-initializers -Wno-missing-prototypes -Wno-return-type -Wno-missing-braces -Wparentheses -Wswitch -Wno-unused-function -Wno-unused-label -Wno-unused-parameter -Wno-unused-variable -Wunused-value -Wno-empty-body -Wno-uninitialized -Wno-unknown-pragmas -Wno-shadow -Wno-four-char-constants -Wno-conversion -Wno-constant-conversion -Wno-int-conversion -Wno-bool-conversion -Wno-enum-conversion -Wno-float-conversion -Wno-non-literal-null-conversion -Wno-objc-literal-conversion -Wno-shorten-64-to-32 -Wpointer-sign -Wno-newline-eof -Wno-implicit-fallthrough -fstrict-aliasing -Wdeprecated-declarations -Wno-sign-conversion -Wno-infinite-recursion -Wno-comma -Wno-block-capture-autoreleasing -Wno-strict-prototypes -Wno-semicolon-before-method-body -index-store-path /Users/admin/builder/spi-builder-workspace/.derivedData/Index.noindex/DataStore @/Users/admin/builder/spi-builder-workspace/.derivedData/Build/Intermediates.noindex/StreamChat.build/Debug-watchos/StreamChatAICMark.build/Objects-normal/armv7k/7187679823f38a2a940e0043cdf9d637-common-args.resp -MMD -MT dependencies -MF /Users/admin/builder/spi-builder-workspace/.derivedData/Build/Intermediates.noindex/StreamChat.build/Debug-watchos/StreamChatAICMark.build/Objects-normal/armv7k/table.d --serialize-diagnostics /Users/admin/builder/spi-builder-workspace/.derivedData/Build/Intermediates.noindex/StreamChat.build/Debug-watchos/StreamChatAICMark.build/Objects-normal/armv7k/table.dia -c /Users/admin/builder/spi-builder-workspace/Sources/StreamChatAICMark/table.c -o /Users/admin/builder/spi-builder-workspace/.derivedData/Build/Intermediates.noindex/StreamChat.build/Debug-watchos/StreamChatAICMark.build/Objects-normal/armv7k/table.o -index-unit-output-path /StreamChat.build/Debug-watchos/StreamChatAICMark.build/Objects-normal/armv7k/table.o
CompileC /Users/admin/builder/spi-builder-workspace/.derivedData/Build/Intermediates.noindex/StreamChat.build/Debug-watchos/StreamChatAICMark.build/Objects-normal/armv7k/syntax_extension.o /Users/admin/builder/spi-builder-workspace/Sources/StreamChatAICMark/syntax_extension.c normal armv7k c com.apple.compilers.llvm.clang.1_0.compiler (in target 'StreamChatAICMark' from project 'StreamChat')
    cd /Users/admin/builder/spi-builder-workspace/.swiftpm/xcode

    Using response file: /Users/admin/builder/spi-builder-workspace/.derivedData/Build/Intermediates.noindex/StreamChat.build/Debug-watchos/StreamChatAICMark.build/Objects-normal/armv7k/7187679823f38a2a940e0043cdf9d637-common-args.resp

    /Applications/Xcode-16.3.0.app/Contents/Developer/Toolchains/XcodeDefault.xctoolchain/usr/bin/clang -x c -ivfsstatcache /Users/admin/builder/spi-builder-workspace/.derivedData/SDKStatCaches.noindex/watchos11.4-22T246-43efb940ff07ba2497b70ec94253f576.sdkstatcache -fmessage-length\=0 -fdiagnostics-show-note-include-stack -fmacro-backtrace-limit\=0 -fno-color-diagnostics -fmodules-prune-interval\=86400 -fmodules-prune-after\=345600 -fbuild-session-file\=/Users/admin/builder/spi-builder-workspace/.derivedData/ModuleCache.noindex/Session.modulevalidation -fmodules-validate-once-per-build-session -Wnon-modular-include-in-framework-module -Werror\=non-modular-include-in-framework-module -Wno-trigraphs -Wno-missing-field-initializers -Wno-missing-prototypes -Wno-return-type -Wno-missing-braces -Wparentheses -Wswitch -Wno-unused-function -Wno-unused-label -Wno-unused-parameter -Wno-unused-variable -Wunused-value -Wno-empty-body -Wno-uninitialized -Wno-unknown-pragmas -Wno-shadow -Wno-four-char-constants -Wno-conversion -Wno-constant-conversion -Wno-int-conversion -Wno-bool-conversion -Wno-enum-conversion -Wno-float-conversion -Wno-non-literal-null-conversion -Wno-objc-literal-conversion -Wno-shorten-64-to-32 -Wpointer-sign -Wno-newline-eof -Wno-implicit-fallthrough -fstrict-aliasing -Wdeprecated-declarations -Wno-sign-conversion -Wno-infinite-recursion -Wno-comma -Wno-block-capture-autoreleasing -Wno-strict-prototypes -Wno-semicolon-before-method-body -index-store-path /Users/admin/builder/spi-builder-workspace/.derivedData/Index.noindex/DataStore @/Users/admin/builder/spi-builder-workspace/.derivedData/Build/Intermediates.noindex/StreamChat.build/Debug-watchos/StreamChatAICMark.build/Objects-normal/armv7k/7187679823f38a2a940e0043cdf9d637-common-args.resp -MMD -MT dependencies -MF /Users/admin/builder/spi-builder-workspace/.derivedData/Build/Intermediates.noindex/StreamChat.build/Debug-watchos/StreamChatAICMark.build/Objects-normal/armv7k/syntax_extension.d --serialize-diagnostics /Users/admin/builder/spi-builder-workspace/.derivedData/Build/Intermediates.noindex/StreamChat.build/Debug-watchos/StreamChatAICMark.build/Objects-normal/armv7k/syntax_extension.dia -c /Users/admin/builder/spi-builder-workspace/Sources/StreamChatAICMark/syntax_extension.c -o /Users/admin/builder/spi-builder-workspace/.derivedData/Build/Intermediates.noindex/StreamChat.build/Debug-watchos/StreamChatAICMark.build/Objects-normal/armv7k/syntax_extension.o -index-unit-output-path /StreamChat.build/Debug-watchos/StreamChatAICMark.build/Objects-normal/armv7k/syntax_extension.o
CompileC /Users/admin/builder/spi-builder-workspace/.derivedData/Build/Intermediates.noindex/StreamChat.build/Debug-watchos/StreamChatAICMark.build/Objects-normal/armv7k/strikethrough.o /Users/admin/builder/spi-builder-workspace/Sources/StreamChatAICMark/strikethrough.c normal armv7k c com.apple.compilers.llvm.clang.1_0.compiler (in target 'StreamChatAICMark' from project 'StreamChat')
    cd /Users/admin/builder/spi-builder-workspace/.swiftpm/xcode

    Using response file: /Users/admin/builder/spi-builder-workspace/.derivedData/Build/Intermediates.noindex/StreamChat.build/Debug-watchos/StreamChatAICMark.build/Objects-normal/armv7k/7187679823f38a2a940e0043cdf9d637-common-args.resp

    /Applications/Xcode-16.3.0.app/Contents/Developer/Toolchains/XcodeDefault.xctoolchain/usr/bin/clang -x c -ivfsstatcache /Users/admin/builder/spi-builder-workspace/.derivedData/SDKStatCaches.noindex/watchos11.4-22T246-43efb940ff07ba2497b70ec94253f576.sdkstatcache -fmessage-length\=0 -fdiagnostics-show-note-include-stack -fmacro-backtrace-limit\=0 -fno-color-diagnostics -fmodules-prune-interval\=86400 -fmodules-prune-after\=345600 -fbuild-session-file\=/Users/admin/builder/spi-builder-workspace/.derivedData/ModuleCache.noindex/Session.modulevalidation -fmodules-validate-once-per-build-session -Wnon-modular-include-in-framework-module -Werror\=non-modular-include-in-framework-module -Wno-trigraphs -Wno-missing-field-initializers -Wno-missing-prototypes -Wno-return-type -Wno-missing-braces -Wparentheses -Wswitch -Wno-unused-function -Wno-unused-label -Wno-unused-parameter -Wno-unused-variable -Wunused-value -Wno-empty-body -Wno-uninitialized -Wno-unknown-pragmas -Wno-shadow -Wno-four-char-constants -Wno-conversion -Wno-constant-conversion -Wno-int-conversion -Wno-bool-conversion -Wno-enum-conversion -Wno-float-conversion -Wno-non-literal-null-conversion -Wno-objc-literal-conversion -Wno-shorten-64-to-32 -Wpointer-sign -Wno-newline-eof -Wno-implicit-fallthrough -fstrict-aliasing -Wdeprecated-declarations -Wno-sign-conversion -Wno-infinite-recursion -Wno-comma -Wno-block-capture-autoreleasing -Wno-strict-prototypes -Wno-semicolon-before-method-body -index-store-path /Users/admin/builder/spi-builder-workspace/.derivedData/Index.noindex/DataStore @/Users/admin/builder/spi-builder-workspace/.derivedData/Build/Intermediates.noindex/StreamChat.build/Debug-watchos/StreamChatAICMark.build/Objects-normal/armv7k/7187679823f38a2a940e0043cdf9d637-common-args.resp -MMD -MT dependencies -MF /Users/admin/builder/spi-builder-workspace/.derivedData/Build/Intermediates.noindex/StreamChat.build/Debug-watchos/StreamChatAICMark.build/Objects-normal/armv7k/strikethrough.d --serialize-diagnostics /Users/admin/builder/spi-builder-workspace/.derivedData/Build/Intermediates.noindex/StreamChat.build/Debug-watchos/StreamChatAICMark.build/Objects-normal/armv7k/strikethrough.dia -c /Users/admin/builder/spi-builder-workspace/Sources/StreamChatAICMark/strikethrough.c -o /Users/admin/builder/spi-builder-workspace/.derivedData/Build/Intermediates.noindex/StreamChat.build/Debug-watchos/StreamChatAICMark.build/Objects-normal/armv7k/strikethrough.o -index-unit-output-path /StreamChat.build/Debug-watchos/StreamChatAICMark.build/Objects-normal/armv7k/strikethrough.o
CompileC /Users/admin/builder/spi-builder-workspace/.derivedData/Build/Intermediates.noindex/StreamChat.build/Debug-watchos/StreamChatAICMark.build/Objects-normal/armv7k/scanners.o /Users/admin/builder/spi-builder-workspace/Sources/StreamChatAICMark/scanners.c normal armv7k c com.apple.compilers.llvm.clang.1_0.compiler (in target 'StreamChatAICMark' from project 'StreamChat')
    cd /Users/admin/builder/spi-builder-workspace/.swiftpm/xcode

    Using response file: /Users/admin/builder/spi-builder-workspace/.derivedData/Build/Intermediates.noindex/StreamChat.build/Debug-watchos/StreamChatAICMark.build/Objects-normal/armv7k/7187679823f38a2a940e0043cdf9d637-common-args.resp

    /Applications/Xcode-16.3.0.app/Contents/Developer/Toolchains/XcodeDefault.xctoolchain/usr/bin/clang -x c -ivfsstatcache /Users/admin/builder/spi-builder-workspace/.derivedData/SDKStatCaches.noindex/watchos11.4-22T246-43efb940ff07ba2497b70ec94253f576.sdkstatcache -fmessage-length\=0 -fdiagnostics-show-note-include-stack -fmacro-backtrace-limit\=0 -fno-color-diagnostics -fmodules-prune-interval\=86400 -fmodules-prune-after\=345600 -fbuild-session-file\=/Users/admin/builder/spi-builder-workspace/.derivedData/ModuleCache.noindex/Session.modulevalidation -fmodules-validate-once-per-build-session -Wnon-modular-include-in-framework-module -Werror\=non-modular-include-in-framework-module -Wno-trigraphs -Wno-missing-field-initializers -Wno-missing-prototypes -Wno-return-type -Wno-missing-braces -Wparentheses -Wswitch -Wno-unused-function -Wno-unused-label -Wno-unused-parameter -Wno-unused-variable -Wunused-value -Wno-empty-body -Wno-uninitialized -Wno-unknown-pragmas -Wno-shadow -Wno-four-char-constants -Wno-conversion -Wno-constant-conversion -Wno-int-conversion -Wno-bool-conversion -Wno-enum-conversion -Wno-float-conversion -Wno-non-literal-null-conversion -Wno-objc-literal-conversion -Wno-shorten-64-to-32 -Wpointer-sign -Wno-newline-eof -Wno-implicit-fallthrough -fstrict-aliasing -Wdeprecated-declarations -Wno-sign-conversion -Wno-infinite-recursion -Wno-comma -Wno-block-capture-autoreleasing -Wno-strict-prototypes -Wno-semicolon-before-method-body -index-store-path /Users/admin/builder/spi-builder-workspace/.derivedData/Index.noindex/DataStore @/Users/admin/builder/spi-builder-workspace/.derivedData/Build/Intermediates.noindex/StreamChat.build/Debug-watchos/StreamChatAICMark.build/Objects-normal/armv7k/7187679823f38a2a940e0043cdf9d637-common-args.resp -MMD -MT dependencies -MF /Users/admin/builder/spi-builder-workspace/.derivedData/Build/Intermediates.noindex/StreamChat.build/Debug-watchos/StreamChatAICMark.build/Objects-normal/armv7k/scanners.d --serialize-diagnostics /Users/admin/builder/spi-builder-workspace/.derivedData/Build/Intermediates.noindex/StreamChat.build/Debug-watchos/StreamChatAICMark.build/Objects-normal/armv7k/scanners.dia -c /Users/admin/builder/spi-builder-workspace/Sources/StreamChatAICMark/scanners.c -o /Users/admin/builder/spi-builder-workspace/.derivedData/Build/Intermediates.noindex/StreamChat.build/Debug-watchos/StreamChatAICMark.build/Objects-normal/armv7k/scanners.o -index-unit-output-path /StreamChat.build/Debug-watchos/StreamChatAICMark.build/Objects-normal/armv7k/scanners.o
CompileC /Users/admin/builder/spi-builder-workspace/.derivedData/Build/Intermediates.noindex/StreamChat.build/Debug-watchos/StreamChatAICMark.build/Objects-normal/armv7k/render.o /Users/admin/builder/spi-builder-workspace/Sources/StreamChatAICMark/render.c normal armv7k c com.apple.compilers.llvm.clang.1_0.compiler (in target 'StreamChatAICMark' from project 'StreamChat')
    cd /Users/admin/builder/spi-builder-workspace/.swiftpm/xcode

    Using response file: /Users/admin/builder/spi-builder-workspace/.derivedData/Build/Intermediates.noindex/StreamChat.build/Debug-watchos/StreamChatAICMark.build/Objects-normal/armv7k/7187679823f38a2a940e0043cdf9d637-common-args.resp

    /Applications/Xcode-16.3.0.app/Contents/Developer/Toolchains/XcodeDefault.xctoolchain/usr/bin/clang -x c -ivfsstatcache /Users/admin/builder/spi-builder-workspace/.derivedData/SDKStatCaches.noindex/watchos11.4-22T246-43efb940ff07ba2497b70ec94253f576.sdkstatcache -fmessage-length\=0 -fdiagnostics-show-note-include-stack -fmacro-backtrace-limit\=0 -fno-color-diagnostics -fmodules-prune-interval\=86400 -fmodules-prune-after\=345600 -fbuild-session-file\=/Users/admin/builder/spi-builder-workspace/.derivedData/ModuleCache.noindex/Session.modulevalidation -fmodules-validate-once-per-build-session -Wnon-modular-include-in-framework-module -Werror\=non-modular-include-in-framework-module -Wno-trigraphs -Wno-missing-field-initializers -Wno-missing-prototypes -Wno-return-type -Wno-missing-braces -Wparentheses -Wswitch -Wno-unused-function -Wno-unused-label -Wno-unused-parameter -Wno-unused-variable -Wunused-value -Wno-empty-body -Wno-uninitialized -Wno-unknown-pragmas -Wno-shadow -Wno-four-char-constants -Wno-conversion -Wno-constant-conversion -Wno-int-conversion -Wno-bool-conversion -Wno-enum-conversion -Wno-float-conversion -Wno-non-literal-null-conversion -Wno-objc-literal-conversion -Wno-shorten-64-to-32 -Wpointer-sign -Wno-newline-eof -Wno-implicit-fallthrough -fstrict-aliasing -Wdeprecated-declarations -Wno-sign-conversion -Wno-infinite-recursion -Wno-comma -Wno-block-capture-autoreleasing -Wno-strict-prototypes -Wno-semicolon-before-method-body -index-store-path /Users/admin/builder/spi-builder-workspace/.derivedData/Index.noindex/DataStore @/Users/admin/builder/spi-builder-workspace/.derivedData/Build/Intermediates.noindex/StreamChat.build/Debug-watchos/StreamChatAICMark.build/Objects-normal/armv7k/7187679823f38a2a940e0043cdf9d637-common-args.resp -MMD -MT dependencies -MF /Users/admin/builder/spi-builder-workspace/.derivedData/Build/Intermediates.noindex/StreamChat.build/Debug-watchos/StreamChatAICMark.build/Objects-normal/armv7k/render.d --serialize-diagnostics /Users/admin/builder/spi-builder-workspace/.derivedData/Build/Intermediates.noindex/StreamChat.build/Debug-watchos/StreamChatAICMark.build/Objects-normal/armv7k/render.dia -c /Users/admin/builder/spi-builder-workspace/Sources/StreamChatAICMark/render.c -o /Users/admin/builder/spi-builder-workspace/.derivedData/Build/Intermediates.noindex/StreamChat.build/Debug-watchos/StreamChatAICMark.build/Objects-normal/armv7k/render.o -index-unit-output-path /StreamChat.build/Debug-watchos/StreamChatAICMark.build/Objects-normal/armv7k/render.o
CompileC /Users/admin/builder/spi-builder-workspace/.derivedData/Build/Intermediates.noindex/StreamChat.build/Debug-watchos/StreamChatAICMark.build/Objects-normal/armv7k/registry.o /Users/admin/builder/spi-builder-workspace/Sources/StreamChatAICMark/registry.c normal armv7k c com.apple.compilers.llvm.clang.1_0.compiler (in target 'StreamChatAICMark' from project 'StreamChat')
    cd /Users/admin/builder/spi-builder-workspace/.swiftpm/xcode

    Using response file: /Users/admin/builder/spi-builder-workspace/.derivedData/Build/Intermediates.noindex/StreamChat.build/Debug-watchos/StreamChatAICMark.build/Objects-normal/armv7k/7187679823f38a2a940e0043cdf9d637-common-args.resp

    /Applications/Xcode-16.3.0.app/Contents/Developer/Toolchains/XcodeDefault.xctoolchain/usr/bin/clang -x c -ivfsstatcache /Users/admin/builder/spi-builder-workspace/.derivedData/SDKStatCaches.noindex/watchos11.4-22T246-43efb940ff07ba2497b70ec94253f576.sdkstatcache -fmessage-length\=0 -fdiagnostics-show-note-include-stack -fmacro-backtrace-limit\=0 -fno-color-diagnostics -fmodules-prune-interval\=86400 -fmodules-prune-after\=345600 -fbuild-session-file\=/Users/admin/builder/spi-builder-workspace/.derivedData/ModuleCache.noindex/Session.modulevalidation -fmodules-validate-once-per-build-session -Wnon-modular-include-in-framework-module -Werror\=non-modular-include-in-framework-module -Wno-trigraphs -Wno-missing-field-initializers -Wno-missing-prototypes -Wno-return-type -Wno-missing-braces -Wparentheses -Wswitch -Wno-unused-function -Wno-unused-label -Wno-unused-parameter -Wno-unused-variable -Wunused-value -Wno-empty-body -Wno-uninitialized -Wno-unknown-pragmas -Wno-shadow -Wno-four-char-constants -Wno-conversion -Wno-constant-conversion -Wno-int-conversion -Wno-bool-conversion -Wno-enum-conversion -Wno-float-conversion -Wno-non-literal-null-conversion -Wno-objc-literal-conversion -Wno-shorten-64-to-32 -Wpointer-sign -Wno-newline-eof -Wno-implicit-fallthrough -fstrict-aliasing -Wdeprecated-declarations -Wno-sign-conversion -Wno-infinite-recursion -Wno-comma -Wno-block-capture-autoreleasing -Wno-strict-prototypes -Wno-semicolon-before-method-body -index-store-path /Users/admin/builder/spi-builder-workspace/.derivedData/Index.noindex/DataStore @/Users/admin/builder/spi-builder-workspace/.derivedData/Build/Intermediates.noindex/StreamChat.build/Debug-watchos/StreamChatAICMark.build/Objects-normal/armv7k/7187679823f38a2a940e0043cdf9d637-common-args.resp -MMD -MT dependencies -MF /Users/admin/builder/spi-builder-workspace/.derivedData/Build/Intermediates.noindex/StreamChat.build/Debug-watchos/StreamChatAICMark.build/Objects-normal/armv7k/registry.d --serialize-diagnostics /Users/admin/builder/spi-builder-workspace/.derivedData/Build/Intermediates.noindex/StreamChat.build/Debug-watchos/StreamChatAICMark.build/Objects-normal/armv7k/registry.dia -c /Users/admin/builder/spi-builder-workspace/Sources/StreamChatAICMark/registry.c -o /Users/admin/builder/spi-builder-workspace/.derivedData/Build/Intermediates.noindex/StreamChat.build/Debug-watchos/StreamChatAICMark.build/Objects-normal/armv7k/registry.o -index-unit-output-path /StreamChat.build/Debug-watchos/StreamChatAICMark.build/Objects-normal/armv7k/registry.o
CompileC /Users/admin/builder/spi-builder-workspace/.derivedData/Build/Intermediates.noindex/StreamChat.build/Debug-watchos/StreamChatAICMark.build/Objects-normal/armv7k/references.o /Users/admin/builder/spi-builder-workspace/Sources/StreamChatAICMark/references.c normal armv7k c com.apple.compilers.llvm.clang.1_0.compiler (in target 'StreamChatAICMark' from project 'StreamChat')
    cd /Users/admin/builder/spi-builder-workspace/.swiftpm/xcode

    Using response file: /Users/admin/builder/spi-builder-workspace/.derivedData/Build/Intermediates.noindex/StreamChat.build/Debug-watchos/StreamChatAICMark.build/Objects-normal/armv7k/7187679823f38a2a940e0043cdf9d637-common-args.resp

    /Applications/Xcode-16.3.0.app/Contents/Developer/Toolchains/XcodeDefault.xctoolchain/usr/bin/clang -x c -ivfsstatcache /Users/admin/builder/spi-builder-workspace/.derivedData/SDKStatCaches.noindex/watchos11.4-22T246-43efb940ff07ba2497b70ec94253f576.sdkstatcache -fmessage-length\=0 -fdiagnostics-show-note-include-stack -fmacro-backtrace-limit\=0 -fno-color-diagnostics -fmodules-prune-interval\=86400 -fmodules-prune-after\=345600 -fbuild-session-file\=/Users/admin/builder/spi-builder-workspace/.derivedData/ModuleCache.noindex/Session.modulevalidation -fmodules-validate-once-per-build-session -Wnon-modular-include-in-framework-module -Werror\=non-modular-include-in-framework-module -Wno-trigraphs -Wno-missing-field-initializers -Wno-missing-prototypes -Wno-return-type -Wno-missing-braces -Wparentheses -Wswitch -Wno-unused-function -Wno-unused-label -Wno-unused-parameter -Wno-unused-variable -Wunused-value -Wno-empty-body -Wno-uninitialized -Wno-unknown-pragmas -Wno-shadow -Wno-four-char-constants -Wno-conversion -Wno-constant-conversion -Wno-int-conversion -Wno-bool-conversion -Wno-enum-conversion -Wno-float-conversion -Wno-non-literal-null-conversion -Wno-objc-literal-conversion -Wno-shorten-64-to-32 -Wpointer-sign -Wno-newline-eof -Wno-implicit-fallthrough -fstrict-aliasing -Wdeprecated-declarations -Wno-sign-conversion -Wno-infinite-recursion -Wno-comma -Wno-block-capture-autoreleasing -Wno-strict-prototypes -Wno-semicolon-before-method-body -index-store-path /Users/admin/builder/spi-builder-workspace/.derivedData/Index.noindex/DataStore @/Users/admin/builder/spi-builder-workspace/.derivedData/Build/Intermediates.noindex/StreamChat.build/Debug-watchos/StreamChatAICMark.build/Objects-normal/armv7k/7187679823f38a2a940e0043cdf9d637-common-args.resp -MMD -MT dependencies -MF /Users/admin/builder/spi-builder-workspace/.derivedData/Build/Intermediates.noindex/StreamChat.build/Debug-watchos/StreamChatAICMark.build/Objects-normal/armv7k/references.d --serialize-diagnostics /Users/admin/builder/spi-builder-workspace/.derivedData/Build/Intermediates.noindex/StreamChat.build/Debug-watchos/StreamChatAICMark.build/Objects-normal/armv7k/references.dia -c /Users/admin/builder/spi-builder-workspace/Sources/StreamChatAICMark/references.c -o /Users/admin/builder/spi-builder-workspace/.derivedData/Build/Intermediates.noindex/StreamChat.build/Debug-watchos/StreamChatAICMark.build/Objects-normal/armv7k/references.o -index-unit-output-path /StreamChat.build/Debug-watchos/StreamChatAICMark.build/Objects-normal/armv7k/references.o
CompileC /Users/admin/builder/spi-builder-workspace/.derivedData/Build/Intermediates.noindex/StreamChat.build/Debug-watchos/StreamChatAICMark.build/Objects-normal/armv7k/plugin.o /Users/admin/builder/spi-builder-workspace/Sources/StreamChatAICMark/plugin.c normal armv7k c com.apple.compilers.llvm.clang.1_0.compiler (in target 'StreamChatAICMark' from project 'StreamChat')
    cd /Users/admin/builder/spi-builder-workspace/.swiftpm/xcode

    Using response file: /Users/admin/builder/spi-builder-workspace/.derivedData/Build/Intermediates.noindex/StreamChat.build/Debug-watchos/StreamChatAICMark.build/Objects-normal/armv7k/7187679823f38a2a940e0043cdf9d637-common-args.resp

    /Applications/Xcode-16.3.0.app/Contents/Developer/Toolchains/XcodeDefault.xctoolchain/usr/bin/clang -x c -ivfsstatcache /Users/admin/builder/spi-builder-workspace/.derivedData/SDKStatCaches.noindex/watchos11.4-22T246-43efb940ff07ba2497b70ec94253f576.sdkstatcache -fmessage-length\=0 -fdiagnostics-show-note-include-stack -fmacro-backtrace-limit\=0 -fno-color-diagnostics -fmodules-prune-interval\=86400 -fmodules-prune-after\=345600 -fbuild-session-file\=/Users/admin/builder/spi-builder-workspace/.derivedData/ModuleCache.noindex/Session.modulevalidation -fmodules-validate-once-per-build-session -Wnon-modular-include-in-framework-module -Werror\=non-modular-include-in-framework-module -Wno-trigraphs -Wno-missing-field-initializers -Wno-missing-prototypes -Wno-return-type -Wno-missing-braces -Wparentheses -Wswitch -Wno-unused-function -Wno-unused-label -Wno-unused-parameter -Wno-unused-variable -Wunused-value -Wno-empty-body -Wno-uninitialized -Wno-unknown-pragmas -Wno-shadow -Wno-four-char-constants -Wno-conversion -Wno-constant-conversion -Wno-int-conversion -Wno-bool-conversion -Wno-enum-conversion -Wno-float-conversion -Wno-non-literal-null-conversion -Wno-objc-literal-conversion -Wno-shorten-64-to-32 -Wpointer-sign -Wno-newline-eof -Wno-implicit-fallthrough -fstrict-aliasing -Wdeprecated-declarations -Wno-sign-conversion -Wno-infinite-recursion -Wno-comma -Wno-block-capture-autoreleasing -Wno-strict-prototypes -Wno-semicolon-before-method-body -index-store-path /Users/admin/builder/spi-builder-workspace/.derivedData/Index.noindex/DataStore @/Users/admin/builder/spi-builder-workspace/.derivedData/Build/Intermediates.noindex/StreamChat.build/Debug-watchos/StreamChatAICMark.build/Objects-normal/armv7k/7187679823f38a2a940e0043cdf9d637-common-args.resp -MMD -MT dependencies -MF /Users/admin/builder/spi-builder-workspace/.derivedData/Build/Intermediates.noindex/StreamChat.build/Debug-watchos/StreamChatAICMark.build/Objects-normal/armv7k/plugin.d --serialize-diagnostics /Users/admin/builder/spi-builder-workspace/.derivedData/Build/Intermediates.noindex/StreamChat.build/Debug-watchos/StreamChatAICMark.build/Objects-normal/armv7k/plugin.dia -c /Users/admin/builder/spi-builder-workspace/Sources/StreamChatAICMark/plugin.c -o /Users/admin/builder/spi-builder-workspace/.derivedData/Build/Intermediates.noindex/StreamChat.build/Debug-watchos/StreamChatAICMark.build/Objects-normal/armv7k/plugin.o -index-unit-output-path /StreamChat.build/Debug-watchos/StreamChatAICMark.build/Objects-normal/armv7k/plugin.o
CompileC /Users/admin/builder/spi-builder-workspace/.derivedData/Build/Intermediates.noindex/StreamChat.build/Debug-watchos/StreamChatAICMark.build/Objects-normal/armv7k/plaintext.o /Users/admin/builder/spi-builder-workspace/Sources/StreamChatAICMark/plaintext.c normal armv7k c com.apple.compilers.llvm.clang.1_0.compiler (in target 'StreamChatAICMark' from project 'StreamChat')
    cd /Users/admin/builder/spi-builder-workspace/.swiftpm/xcode

    Using response file: /Users/admin/builder/spi-builder-workspace/.derivedData/Build/Intermediates.noindex/StreamChat.build/Debug-watchos/StreamChatAICMark.build/Objects-normal/armv7k/7187679823f38a2a940e0043cdf9d637-common-args.resp

    /Applications/Xcode-16.3.0.app/Contents/Developer/Toolchains/XcodeDefault.xctoolchain/usr/bin/clang -x c -ivfsstatcache /Users/admin/builder/spi-builder-workspace/.derivedData/SDKStatCaches.noindex/watchos11.4-22T246-43efb940ff07ba2497b70ec94253f576.sdkstatcache -fmessage-length\=0 -fdiagnostics-show-note-include-stack -fmacro-backtrace-limit\=0 -fno-color-diagnostics -fmodules-prune-interval\=86400 -fmodules-prune-after\=345600 -fbuild-session-file\=/Users/admin/builder/spi-builder-workspace/.derivedData/ModuleCache.noindex/Session.modulevalidation -fmodules-validate-once-per-build-session -Wnon-modular-include-in-framework-module -Werror\=non-modular-include-in-framework-module -Wno-trigraphs -Wno-missing-field-initializers -Wno-missing-prototypes -Wno-return-type -Wno-missing-braces -Wparentheses -Wswitch -Wno-unused-function -Wno-unused-label -Wno-unused-parameter -Wno-unused-variable -Wunused-value -Wno-empty-body -Wno-uninitialized -Wno-unknown-pragmas -Wno-shadow -Wno-four-char-constants -Wno-conversion -Wno-constant-conversion -Wno-int-conversion -Wno-bool-conversion -Wno-enum-conversion -Wno-float-conversion -Wno-non-literal-null-conversion -Wno-objc-literal-conversion -Wno-shorten-64-to-32 -Wpointer-sign -Wno-newline-eof -Wno-implicit-fallthrough -fstrict-aliasing -Wdeprecated-declarations -Wno-sign-conversion -Wno-infinite-recursion -Wno-comma -Wno-block-capture-autoreleasing -Wno-strict-prototypes -Wno-semicolon-before-method-body -index-store-path /Users/admin/builder/spi-builder-workspace/.derivedData/Index.noindex/DataStore @/Users/admin/builder/spi-builder-workspace/.derivedData/Build/Intermediates.noindex/StreamChat.build/Debug-watchos/StreamChatAICMark.build/Objects-normal/armv7k/7187679823f38a2a940e0043cdf9d637-common-args.resp -MMD -MT dependencies -MF /Users/admin/builder/spi-builder-workspace/.derivedData/Build/Intermediates.noindex/StreamChat.build/Debug-watchos/StreamChatAICMark.build/Objects-normal/armv7k/plaintext.d --serialize-diagnostics /Users/admin/builder/spi-builder-workspace/.derivedData/Build/Intermediates.noindex/StreamChat.build/Debug-watchos/StreamChatAICMark.build/Objects-normal/armv7k/plaintext.dia -c /Users/admin/builder/spi-builder-workspace/Sources/StreamChatAICMark/plaintext.c -o /Users/admin/builder/spi-builder-workspace/.derivedData/Build/Intermediates.noindex/StreamChat.build/Debug-watchos/StreamChatAICMark.build/Objects-normal/armv7k/plaintext.o -index-unit-output-path /StreamChat.build/Debug-watchos/StreamChatAICMark.build/Objects-normal/armv7k/plaintext.o
CompileC /Users/admin/builder/spi-builder-workspace/.derivedData/Build/Intermediates.noindex/StreamChat.build/Debug-watchos/StreamChatAICMark.build/Objects-normal/armv7k/node.o /Users/admin/builder/spi-builder-workspace/Sources/StreamChatAICMark/node.c normal armv7k c com.apple.compilers.llvm.clang.1_0.compiler (in target 'StreamChatAICMark' from project 'StreamChat')
    cd /Users/admin/builder/spi-builder-workspace/.swiftpm/xcode

    Using response file: /Users/admin/builder/spi-builder-workspace/.derivedData/Build/Intermediates.noindex/StreamChat.build/Debug-watchos/StreamChatAICMark.build/Objects-normal/armv7k/7187679823f38a2a940e0043cdf9d637-common-args.resp

    /Applications/Xcode-16.3.0.app/Contents/Developer/Toolchains/XcodeDefault.xctoolchain/usr/bin/clang -x c -ivfsstatcache /Users/admin/builder/spi-builder-workspace/.derivedData/SDKStatCaches.noindex/watchos11.4-22T246-43efb940ff07ba2497b70ec94253f576.sdkstatcache -fmessage-length\=0 -fdiagnostics-show-note-include-stack -fmacro-backtrace-limit\=0 -fno-color-diagnostics -fmodules-prune-interval\=86400 -fmodules-prune-after\=345600 -fbuild-session-file\=/Users/admin/builder/spi-builder-workspace/.derivedData/ModuleCache.noindex/Session.modulevalidation -fmodules-validate-once-per-build-session -Wnon-modular-include-in-framework-module -Werror\=non-modular-include-in-framework-module -Wno-trigraphs -Wno-missing-field-initializers -Wno-missing-prototypes -Wno-return-type -Wno-missing-braces -Wparentheses -Wswitch -Wno-unused-function -Wno-unused-label -Wno-unused-parameter -Wno-unused-variable -Wunused-value -Wno-empty-body -Wno-uninitialized -Wno-unknown-pragmas -Wno-shadow -Wno-four-char-constants -Wno-conversion -Wno-constant-conversion -Wno-int-conversion -Wno-bool-conversion -Wno-enum-conversion -Wno-float-conversion -Wno-non-literal-null-conversion -Wno-objc-literal-conversion -Wno-shorten-64-to-32 -Wpointer-sign -Wno-newline-eof -Wno-implicit-fallthrough -fstrict-aliasing -Wdeprecated-declarations -Wno-sign-conversion -Wno-infinite-recursion -Wno-comma -Wno-block-capture-autoreleasing -Wno-strict-prototypes -Wno-semicolon-before-method-body -index-store-path /Users/admin/builder/spi-builder-workspace/.derivedData/Index.noindex/DataStore @/Users/admin/builder/spi-builder-workspace/.derivedData/Build/Intermediates.noindex/StreamChat.build/Debug-watchos/StreamChatAICMark.build/Objects-normal/armv7k/7187679823f38a2a940e0043cdf9d637-common-args.resp -MMD -MT dependencies -MF /Users/admin/builder/spi-builder-workspace/.derivedData/Build/Intermediates.noindex/StreamChat.build/Debug-watchos/StreamChatAICMark.build/Objects-normal/armv7k/node.d --serialize-diagnostics /Users/admin/builder/spi-builder-workspace/.derivedData/Build/Intermediates.noindex/StreamChat.build/Debug-watchos/StreamChatAICMark.build/Objects-normal/armv7k/node.dia -c /Users/admin/builder/spi-builder-workspace/Sources/StreamChatAICMark/node.c -o /Users/admin/builder/spi-builder-workspace/.derivedData/Build/Intermediates.noindex/StreamChat.build/Debug-watchos/StreamChatAICMark.build/Objects-normal/armv7k/node.o -index-unit-output-path /StreamChat.build/Debug-watchos/StreamChatAICMark.build/Objects-normal/armv7k/node.o
CompileC /Users/admin/builder/spi-builder-workspace/.derivedData/Build/Intermediates.noindex/StreamChat.build/Debug-watchos/StreamChatAICMark.build/Objects-normal/armv7k/map.o /Users/admin/builder/spi-builder-workspace/Sources/StreamChatAICMark/map.c normal armv7k c com.apple.compilers.llvm.clang.1_0.compiler (in target 'StreamChatAICMark' from project 'StreamChat')
    cd /Users/admin/builder/spi-builder-workspace/.swiftpm/xcode

    Using response file: /Users/admin/builder/spi-builder-workspace/.derivedData/Build/Intermediates.noindex/StreamChat.build/Debug-watchos/StreamChatAICMark.build/Objects-normal/armv7k/7187679823f38a2a940e0043cdf9d637-common-args.resp

    /Applications/Xcode-16.3.0.app/Contents/Developer/Toolchains/XcodeDefault.xctoolchain/usr/bin/clang -x c -ivfsstatcache /Users/admin/builder/spi-builder-workspace/.derivedData/SDKStatCaches.noindex/watchos11.4-22T246-43efb940ff07ba2497b70ec94253f576.sdkstatcache -fmessage-length\=0 -fdiagnostics-show-note-include-stack -fmacro-backtrace-limit\=0 -fno-color-diagnostics -fmodules-prune-interval\=86400 -fmodules-prune-after\=345600 -fbuild-session-file\=/Users/admin/builder/spi-builder-workspace/.derivedData/ModuleCache.noindex/Session.modulevalidation -fmodules-validate-once-per-build-session -Wnon-modular-include-in-framework-module -Werror\=non-modular-include-in-framework-module -Wno-trigraphs -Wno-missing-field-initializers -Wno-missing-prototypes -Wno-return-type -Wno-missing-braces -Wparentheses -Wswitch -Wno-unused-function -Wno-unused-label -Wno-unused-parameter -Wno-unused-variable -Wunused-value -Wno-empty-body -Wno-uninitialized -Wno-unknown-pragmas -Wno-shadow -Wno-four-char-constants -Wno-conversion -Wno-constant-conversion -Wno-int-conversion -Wno-bool-conversion -Wno-enum-conversion -Wno-float-conversion -Wno-non-literal-null-conversion -Wno-objc-literal-conversion -Wno-shorten-64-to-32 -Wpointer-sign -Wno-newline-eof -Wno-implicit-fallthrough -fstrict-aliasing -Wdeprecated-declarations -Wno-sign-conversion -Wno-infinite-recursion -Wno-comma -Wno-block-capture-autoreleasing -Wno-strict-prototypes -Wno-semicolon-before-method-body -index-store-path /Users/admin/builder/spi-builder-workspace/.derivedData/Index.noindex/DataStore @/Users/admin/builder/spi-builder-workspace/.derivedData/Build/Intermediates.noindex/StreamChat.build/Debug-watchos/StreamChatAICMark.build/Objects-normal/armv7k/7187679823f38a2a940e0043cdf9d637-common-args.resp -MMD -MT dependencies -MF /Users/admin/builder/spi-builder-workspace/.derivedData/Build/Intermediates.noindex/StreamChat.build/Debug-watchos/StreamChatAICMark.build/Objects-normal/armv7k/map.d --serialize-diagnostics /Users/admin/builder/spi-builder-workspace/.derivedData/Build/Intermediates.noindex/StreamChat.build/Debug-watchos/StreamChatAICMark.build/Objects-normal/armv7k/map.dia -c /Users/admin/builder/spi-builder-workspace/Sources/StreamChatAICMark/map.c -o /Users/admin/builder/spi-builder-workspace/.derivedData/Build/Intermediates.noindex/StreamChat.build/Debug-watchos/StreamChatAICMark.build/Objects-normal/armv7k/map.o -index-unit-output-path /StreamChat.build/Debug-watchos/StreamChatAICMark.build/Objects-normal/armv7k/map.o
CompileC /Users/admin/builder/spi-builder-workspace/.derivedData/Build/Intermediates.noindex/StreamChat.build/Debug-watchos/StreamChatAICMark.build/Objects-normal/armv7k/man.o /Users/admin/builder/spi-builder-workspace/Sources/StreamChatAICMark/man.c normal armv7k c com.apple.compilers.llvm.clang.1_0.compiler (in target 'StreamChatAICMark' from project 'StreamChat')
    cd /Users/admin/builder/spi-builder-workspace/.swiftpm/xcode

    Using response file: /Users/admin/builder/spi-builder-workspace/.derivedData/Build/Intermediates.noindex/StreamChat.build/Debug-watchos/StreamChatAICMark.build/Objects-normal/armv7k/7187679823f38a2a940e0043cdf9d637-common-args.resp

    /Applications/Xcode-16.3.0.app/Contents/Developer/Toolchains/XcodeDefault.xctoolchain/usr/bin/clang -x c -ivfsstatcache /Users/admin/builder/spi-builder-workspace/.derivedData/SDKStatCaches.noindex/watchos11.4-22T246-43efb940ff07ba2497b70ec94253f576.sdkstatcache -fmessage-length\=0 -fdiagnostics-show-note-include-stack -fmacro-backtrace-limit\=0 -fno-color-diagnostics -fmodules-prune-interval\=86400 -fmodules-prune-after\=345600 -fbuild-session-file\=/Users/admin/builder/spi-builder-workspace/.derivedData/ModuleCache.noindex/Session.modulevalidation -fmodules-validate-once-per-build-session -Wnon-modular-include-in-framework-module -Werror\=non-modular-include-in-framework-module -Wno-trigraphs -Wno-missing-field-initializers -Wno-missing-prototypes -Wno-return-type -Wno-missing-braces -Wparentheses -Wswitch -Wno-unused-function -Wno-unused-label -Wno-unused-parameter -Wno-unused-variable -Wunused-value -Wno-empty-body -Wno-uninitialized -Wno-unknown-pragmas -Wno-shadow -Wno-four-char-constants -Wno-conversion -Wno-constant-conversion -Wno-int-conversion -Wno-bool-conversion -Wno-enum-conversion -Wno-float-conversion -Wno-non-literal-null-conversion -Wno-objc-literal-conversion -Wno-shorten-64-to-32 -Wpointer-sign -Wno-newline-eof -Wno-implicit-fallthrough -fstrict-aliasing -Wdeprecated-declarations -Wno-sign-conversion -Wno-infinite-recursion -Wno-comma -Wno-block-capture-autoreleasing -Wno-strict-prototypes -Wno-semicolon-before-method-body -index-store-path /Users/admin/builder/spi-builder-workspace/.derivedData/Index.noindex/DataStore @/Users/admin/builder/spi-builder-workspace/.derivedData/Build/Intermediates.noindex/StreamChat.build/Debug-watchos/StreamChatAICMark.build/Objects-normal/armv7k/7187679823f38a2a940e0043cdf9d637-common-args.resp -MMD -MT dependencies -MF /Users/admin/builder/spi-builder-workspace/.derivedData/Build/Intermediates.noindex/StreamChat.build/Debug-watchos/StreamChatAICMark.build/Objects-normal/armv7k/man.d --serialize-diagnostics /Users/admin/builder/spi-builder-workspace/.derivedData/Build/Intermediates.noindex/StreamChat.build/Debug-watchos/StreamChatAICMark.build/Objects-normal/armv7k/man.dia -c /Users/admin/builder/spi-builder-workspace/Sources/StreamChatAICMark/man.c -o /Users/admin/builder/spi-builder-workspace/.derivedData/Build/Intermediates.noindex/StreamChat.build/Debug-watchos/StreamChatAICMark.build/Objects-normal/armv7k/man.o -index-unit-output-path /StreamChat.build/Debug-watchos/StreamChatAICMark.build/Objects-normal/armv7k/man.o
CompileC /Users/admin/builder/spi-builder-workspace/.derivedData/Build/Intermediates.noindex/StreamChat.build/Debug-watchos/StreamChatAICMark.build/Objects-normal/armv7k/linked_list.o /Users/admin/builder/spi-builder-workspace/Sources/StreamChatAICMark/linked_list.c normal armv7k c com.apple.compilers.llvm.clang.1_0.compiler (in target 'StreamChatAICMark' from project 'StreamChat')
    cd /Users/admin/builder/spi-builder-workspace/.swiftpm/xcode

    Using response file: /Users/admin/builder/spi-builder-workspace/.derivedData/Build/Intermediates.noindex/StreamChat.build/Debug-watchos/StreamChatAICMark.build/Objects-normal/armv7k/7187679823f38a2a940e0043cdf9d637-common-args.resp

    /Applications/Xcode-16.3.0.app/Contents/Developer/Toolchains/XcodeDefault.xctoolchain/usr/bin/clang -x c -ivfsstatcache /Users/admin/builder/spi-builder-workspace/.derivedData/SDKStatCaches.noindex/watchos11.4-22T246-43efb940ff07ba2497b70ec94253f576.sdkstatcache -fmessage-length\=0 -fdiagnostics-show-note-include-stack -fmacro-backtrace-limit\=0 -fno-color-diagnostics -fmodules-prune-interval\=86400 -fmodules-prune-after\=345600 -fbuild-session-file\=/Users/admin/builder/spi-builder-workspace/.derivedData/ModuleCache.noindex/Session.modulevalidation -fmodules-validate-once-per-build-session -Wnon-modular-include-in-framework-module -Werror\=non-modular-include-in-framework-module -Wno-trigraphs -Wno-missing-field-initializers -Wno-missing-prototypes -Wno-return-type -Wno-missing-braces -Wparentheses -Wswitch -Wno-unused-function -Wno-unused-label -Wno-unused-parameter -Wno-unused-variable -Wunused-value -Wno-empty-body -Wno-uninitialized -Wno-unknown-pragmas -Wno-shadow -Wno-four-char-constants -Wno-conversion -Wno-constant-conversion -Wno-int-conversion -Wno-bool-conversion -Wno-enum-conversion -Wno-float-conversion -Wno-non-literal-null-conversion -Wno-objc-literal-conversion -Wno-shorten-64-to-32 -Wpointer-sign -Wno-newline-eof -Wno-implicit-fallthrough -fstrict-aliasing -Wdeprecated-declarations -Wno-sign-conversion -Wno-infinite-recursion -Wno-comma -Wno-block-capture-autoreleasing -Wno-strict-prototypes -Wno-semicolon-before-method-body -index-store-path /Users/admin/builder/spi-builder-workspace/.derivedData/Index.noindex/DataStore @/Users/admin/builder/spi-builder-workspace/.derivedData/Build/Intermediates.noindex/StreamChat.build/Debug-watchos/StreamChatAICMark.build/Objects-normal/armv7k/7187679823f38a2a940e0043cdf9d637-common-args.resp -MMD -MT dependencies -MF /Users/admin/builder/spi-builder-workspace/.derivedData/Build/Intermediates.noindex/StreamChat.build/Debug-watchos/StreamChatAICMark.build/Objects-normal/armv7k/linked_list.d --serialize-diagnostics /Users/admin/builder/spi-builder-workspace/.derivedData/Build/Intermediates.noindex/StreamChat.build/Debug-watchos/StreamChatAICMark.build/Objects-normal/armv7k/linked_list.dia -c /Users/admin/builder/spi-builder-workspace/Sources/StreamChatAICMark/linked_list.c -o /Users/admin/builder/spi-builder-workspace/.derivedData/Build/Intermediates.noindex/StreamChat.build/Debug-watchos/StreamChatAICMark.build/Objects-normal/armv7k/linked_list.o -index-unit-output-path /StreamChat.build/Debug-watchos/StreamChatAICMark.build/Objects-normal/armv7k/linked_list.o
CompileC /Users/admin/builder/spi-builder-workspace/.derivedData/Build/Intermediates.noindex/StreamChat.build/Debug-watchos/StreamChatAICMark.build/Objects-normal/armv7k/latex.o /Users/admin/builder/spi-builder-workspace/Sources/StreamChatAICMark/latex.c normal armv7k c com.apple.compilers.llvm.clang.1_0.compiler (in target 'StreamChatAICMark' from project 'StreamChat')
    cd /Users/admin/builder/spi-builder-workspace/.swiftpm/xcode

    Using response file: /Users/admin/builder/spi-builder-workspace/.derivedData/Build/Intermediates.noindex/StreamChat.build/Debug-watchos/StreamChatAICMark.build/Objects-normal/armv7k/7187679823f38a2a940e0043cdf9d637-common-args.resp

    /Applications/Xcode-16.3.0.app/Contents/Developer/Toolchains/XcodeDefault.xctoolchain/usr/bin/clang -x c -ivfsstatcache /Users/admin/builder/spi-builder-workspace/.derivedData/SDKStatCaches.noindex/watchos11.4-22T246-43efb940ff07ba2497b70ec94253f576.sdkstatcache -fmessage-length\=0 -fdiagnostics-show-note-include-stack -fmacro-backtrace-limit\=0 -fno-color-diagnostics -fmodules-prune-interval\=86400 -fmodules-prune-after\=345600 -fbuild-session-file\=/Users/admin/builder/spi-builder-workspace/.derivedData/ModuleCache.noindex/Session.modulevalidation -fmodules-validate-once-per-build-session -Wnon-modular-include-in-framework-module -Werror\=non-modular-include-in-framework-module -Wno-trigraphs -Wno-missing-field-initializers -Wno-missing-prototypes -Wno-return-type -Wno-missing-braces -Wparentheses -Wswitch -Wno-unused-function -Wno-unused-label -Wno-unused-parameter -Wno-unused-variable -Wunused-value -Wno-empty-body -Wno-uninitialized -Wno-unknown-pragmas -Wno-shadow -Wno-four-char-constants -Wno-conversion -Wno-constant-conversion -Wno-int-conversion -Wno-bool-conversion -Wno-enum-conversion -Wno-float-conversion -Wno-non-literal-null-conversion -Wno-objc-literal-conversion -Wno-shorten-64-to-32 -Wpointer-sign -Wno-newline-eof -Wno-implicit-fallthrough -fstrict-aliasing -Wdeprecated-declarations -Wno-sign-conversion -Wno-infinite-recursion -Wno-comma -Wno-block-capture-autoreleasing -Wno-strict-prototypes -Wno-semicolon-before-method-body -index-store-path /Users/admin/builder/spi-builder-workspace/.derivedData/Index.noindex/DataStore @/Users/admin/builder/spi-builder-workspace/.derivedData/Build/Intermediates.noindex/StreamChat.build/Debug-watchos/StreamChatAICMark.build/Objects-normal/armv7k/7187679823f38a2a940e0043cdf9d637-common-args.resp -MMD -MT dependencies -MF /Users/admin/builder/spi-builder-workspace/.derivedData/Build/Intermediates.noindex/StreamChat.build/Debug-watchos/StreamChatAICMark.build/Objects-normal/armv7k/latex.d --serialize-diagnostics /Users/admin/builder/spi-builder-workspace/.derivedData/Build/Intermediates.noindex/StreamChat.build/Debug-watchos/StreamChatAICMark.build/Objects-normal/armv7k/latex.dia -c /Users/admin/builder/spi-builder-workspace/Sources/StreamChatAICMark/latex.c -o /Users/admin/builder/spi-builder-workspace/.derivedData/Build/Intermediates.noindex/StreamChat.build/Debug-watchos/StreamChatAICMark.build/Objects-normal/armv7k/latex.o -index-unit-output-path /StreamChat.build/Debug-watchos/StreamChatAICMark.build/Objects-normal/armv7k/latex.o
CompileC /Users/admin/builder/spi-builder-workspace/.derivedData/Build/Intermediates.noindex/StreamChat.build/Debug-watchos/StreamChatAICMark.build/Objects-normal/armv7k/iterator.o /Users/admin/builder/spi-builder-workspace/Sources/StreamChatAICMark/iterator.c normal armv7k c com.apple.compilers.llvm.clang.1_0.compiler (in target 'StreamChatAICMark' from project 'StreamChat')
    cd /Users/admin/builder/spi-builder-workspace/.swiftpm/xcode

    Using response file: /Users/admin/builder/spi-builder-workspace/.derivedData/Build/Intermediates.noindex/StreamChat.build/Debug-watchos/StreamChatAICMark.build/Objects-normal/armv7k/7187679823f38a2a940e0043cdf9d637-common-args.resp

    /Applications/Xcode-16.3.0.app/Contents/Developer/Toolchains/XcodeDefault.xctoolchain/usr/bin/clang -x c -ivfsstatcache /Users/admin/builder/spi-builder-workspace/.derivedData/SDKStatCaches.noindex/watchos11.4-22T246-43efb940ff07ba2497b70ec94253f576.sdkstatcache -fmessage-length\=0 -fdiagnostics-show-note-include-stack -fmacro-backtrace-limit\=0 -fno-color-diagnostics -fmodules-prune-interval\=86400 -fmodules-prune-after\=345600 -fbuild-session-file\=/Users/admin/builder/spi-builder-workspace/.derivedData/ModuleCache.noindex/Session.modulevalidation -fmodules-validate-once-per-build-session -Wnon-modular-include-in-framework-module -Werror\=non-modular-include-in-framework-module -Wno-trigraphs -Wno-missing-field-initializers -Wno-missing-prototypes -Wno-return-type -Wno-missing-braces -Wparentheses -Wswitch -Wno-unused-function -Wno-unused-label -Wno-unused-parameter -Wno-unused-variable -Wunused-value -Wno-empty-body -Wno-uninitialized -Wno-unknown-pragmas -Wno-shadow -Wno-four-char-constants -Wno-conversion -Wno-constant-conversion -Wno-int-conversion -Wno-bool-conversion -Wno-enum-conversion -Wno-float-conversion -Wno-non-literal-null-conversion -Wno-objc-literal-conversion -Wno-shorten-64-to-32 -Wpointer-sign -Wno-newline-eof -Wno-implicit-fallthrough -fstrict-aliasing -Wdeprecated-declarations -Wno-sign-conversion -Wno-infinite-recursion -Wno-comma -Wno-block-capture-autoreleasing -Wno-strict-prototypes -Wno-semicolon-before-method-body -index-store-path /Users/admin/builder/spi-builder-workspace/.derivedData/Index.noindex/DataStore @/Users/admin/builder/spi-builder-workspace/.derivedData/Build/Intermediates.noindex/StreamChat.build/Debug-watchos/StreamChatAICMark.build/Objects-normal/armv7k/7187679823f38a2a940e0043cdf9d637-common-args.resp -MMD -MT dependencies -MF /Users/admin/builder/spi-builder-workspace/.derivedData/Build/Intermediates.noindex/StreamChat.build/Debug-watchos/StreamChatAICMark.build/Objects-normal/armv7k/iterator.d --serialize-diagnostics /Users/admin/builder/spi-builder-workspace/.derivedData/Build/Intermediates.noindex/StreamChat.build/Debug-watchos/StreamChatAICMark.build/Objects-normal/armv7k/iterator.dia -c /Users/admin/builder/spi-builder-workspace/Sources/StreamChatAICMark/iterator.c -o /Users/admin/builder/spi-builder-workspace/.derivedData/Build/Intermediates.noindex/StreamChat.build/Debug-watchos/StreamChatAICMark.build/Objects-normal/armv7k/iterator.o -index-unit-output-path /StreamChat.build/Debug-watchos/StreamChatAICMark.build/Objects-normal/armv7k/iterator.o
CompileC /Users/admin/builder/spi-builder-workspace/.derivedData/Build/Intermediates.noindex/StreamChat.build/Debug-watchos/StreamChatAICMark.build/Objects-normal/armv7k/inlines.o /Users/admin/builder/spi-builder-workspace/Sources/StreamChatAICMark/inlines.c normal armv7k c com.apple.compilers.llvm.clang.1_0.compiler (in target 'StreamChatAICMark' from project 'StreamChat')
    cd /Users/admin/builder/spi-builder-workspace/.swiftpm/xcode

    Using response file: /Users/admin/builder/spi-builder-workspace/.derivedData/Build/Intermediates.noindex/StreamChat.build/Debug-watchos/StreamChatAICMark.build/Objects-normal/armv7k/7187679823f38a2a940e0043cdf9d637-common-args.resp

    /Applications/Xcode-16.3.0.app/Contents/Developer/Toolchains/XcodeDefault.xctoolchain/usr/bin/clang -x c -ivfsstatcache /Users/admin/builder/spi-builder-workspace/.derivedData/SDKStatCaches.noindex/watchos11.4-22T246-43efb940ff07ba2497b70ec94253f576.sdkstatcache -fmessage-length\=0 -fdiagnostics-show-note-include-stack -fmacro-backtrace-limit\=0 -fno-color-diagnostics -fmodules-prune-interval\=86400 -fmodules-prune-after\=345600 -fbuild-session-file\=/Users/admin/builder/spi-builder-workspace/.derivedData/ModuleCache.noindex/Session.modulevalidation -fmodules-validate-once-per-build-session -Wnon-modular-include-in-framework-module -Werror\=non-modular-include-in-framework-module -Wno-trigraphs -Wno-missing-field-initializers -Wno-missing-prototypes -Wno-return-type -Wno-missing-braces -Wparentheses -Wswitch -Wno-unused-function -Wno-unused-label -Wno-unused-parameter -Wno-unused-variable -Wunused-value -Wno-empty-body -Wno-uninitialized -Wno-unknown-pragmas -Wno-shadow -Wno-four-char-constants -Wno-conversion -Wno-constant-conversion -Wno-int-conversion -Wno-bool-conversion -Wno-enum-conversion -Wno-float-conversion -Wno-non-literal-null-conversion -Wno-objc-literal-conversion -Wno-shorten-64-to-32 -Wpointer-sign -Wno-newline-eof -Wno-implicit-fallthrough -fstrict-aliasing -Wdeprecated-declarations -Wno-sign-conversion -Wno-infinite-recursion -Wno-comma -Wno-block-capture-autoreleasing -Wno-strict-prototypes -Wno-semicolon-before-method-body -index-store-path /Users/admin/builder/spi-builder-workspace/.derivedData/Index.noindex/DataStore @/Users/admin/builder/spi-builder-workspace/.derivedData/Build/Intermediates.noindex/StreamChat.build/Debug-watchos/StreamChatAICMark.build/Objects-normal/armv7k/7187679823f38a2a940e0043cdf9d637-common-args.resp -MMD -MT dependencies -MF /Users/admin/builder/spi-builder-workspace/.derivedData/Build/Intermediates.noindex/StreamChat.build/Debug-watchos/StreamChatAICMark.build/Objects-normal/armv7k/inlines.d --serialize-diagnostics /Users/admin/builder/spi-builder-workspace/.derivedData/Build/Intermediates.noindex/StreamChat.build/Debug-watchos/StreamChatAICMark.build/Objects-normal/armv7k/inlines.dia -c /Users/admin/builder/spi-builder-workspace/Sources/StreamChatAICMark/inlines.c -o /Users/admin/builder/spi-builder-workspace/.derivedData/Build/Intermediates.noindex/StreamChat.build/Debug-watchos/StreamChatAICMark.build/Objects-normal/armv7k/inlines.o -index-unit-output-path /StreamChat.build/Debug-watchos/StreamChatAICMark.build/Objects-normal/armv7k/inlines.o
CompileC /Users/admin/builder/spi-builder-workspace/.derivedData/Build/Intermediates.noindex/StreamChat.build/Debug-watchos/StreamChatAICMark.build/Objects-normal/armv7k/html.o /Users/admin/builder/spi-builder-workspace/Sources/StreamChatAICMark/html.c normal armv7k c com.apple.compilers.llvm.clang.1_0.compiler (in target 'StreamChatAICMark' from project 'StreamChat')
    cd /Users/admin/builder/spi-builder-workspace/.swiftpm/xcode

    Using response file: /Users/admin/builder/spi-builder-workspace/.derivedData/Build/Intermediates.noindex/StreamChat.build/Debug-watchos/StreamChatAICMark.build/Objects-normal/armv7k/7187679823f38a2a940e0043cdf9d637-common-args.resp

    /Applications/Xcode-16.3.0.app/Contents/Developer/Toolchains/XcodeDefault.xctoolchain/usr/bin/clang -x c -ivfsstatcache /Users/admin/builder/spi-builder-workspace/.derivedData/SDKStatCaches.noindex/watchos11.4-22T246-43efb940ff07ba2497b70ec94253f576.sdkstatcache -fmessage-length\=0 -fdiagnostics-show-note-include-stack -fmacro-backtrace-limit\=0 -fno-color-diagnostics -fmodules-prune-interval\=86400 -fmodules-prune-after\=345600 -fbuild-session-file\=/Users/admin/builder/spi-builder-workspace/.derivedData/ModuleCache.noindex/Session.modulevalidation -fmodules-validate-once-per-build-session -Wnon-modular-include-in-framework-module -Werror\=non-modular-include-in-framework-module -Wno-trigraphs -Wno-missing-field-initializers -Wno-missing-prototypes -Wno-return-type -Wno-missing-braces -Wparentheses -Wswitch -Wno-unused-function -Wno-unused-label -Wno-unused-parameter -Wno-unused-variable -Wunused-value -Wno-empty-body -Wno-uninitialized -Wno-unknown-pragmas -Wno-shadow -Wno-four-char-constants -Wno-conversion -Wno-constant-conversion -Wno-int-conversion -Wno-bool-conversion -Wno-enum-conversion -Wno-float-conversion -Wno-non-literal-null-conversion -Wno-objc-literal-conversion -Wno-shorten-64-to-32 -Wpointer-sign -Wno-newline-eof -Wno-implicit-fallthrough -fstrict-aliasing -Wdeprecated-declarations -Wno-sign-conversion -Wno-infinite-recursion -Wno-comma -Wno-block-capture-autoreleasing -Wno-strict-prototypes -Wno-semicolon-before-method-body -index-store-path /Users/admin/builder/spi-builder-workspace/.derivedData/Index.noindex/DataStore @/Users/admin/builder/spi-builder-workspace/.derivedData/Build/Intermediates.noindex/StreamChat.build/Debug-watchos/StreamChatAICMark.build/Objects-normal/armv7k/7187679823f38a2a940e0043cdf9d637-common-args.resp -MMD -MT dependencies -MF /Users/admin/builder/spi-builder-workspace/.derivedData/Build/Intermediates.noindex/StreamChat.build/Debug-watchos/StreamChatAICMark.build/Objects-normal/armv7k/html.d --serialize-diagnostics /Users/admin/builder/spi-builder-workspace/.derivedData/Build/Intermediates.noindex/StreamChat.build/Debug-watchos/StreamChatAICMark.build/Objects-normal/armv7k/html.dia -c /Users/admin/builder/spi-builder-workspace/Sources/StreamChatAICMark/html.c -o /Users/admin/builder/spi-builder-workspace/.derivedData/Build/Intermediates.noindex/StreamChat.build/Debug-watchos/StreamChatAICMark.build/Objects-normal/armv7k/html.o -index-unit-output-path /StreamChat.build/Debug-watchos/StreamChatAICMark.build/Objects-normal/armv7k/html.o
ScanDependencies /Users/admin/builder/spi-builder-workspace/.derivedData/Build/Intermediates.noindex/StreamChat.build/Debug-watchos/StreamChatAICMark.build/Objects-normal/armv7k/footnotes.o /Users/admin/builder/spi-builder-workspace/Sources/StreamChatAICMark/footnotes.c normal armv7k c com.apple.compilers.llvm.clang.1_0.compiler (in target 'StreamChatAICMark' from project 'StreamChat')
    cd /Users/admin/builder/spi-builder-workspace/.swiftpm/xcode

    Using response file: /Users/admin/builder/spi-builder-workspace/.derivedData/Build/Intermediates.noindex/StreamChat.build/Debug-watchos/StreamChatAICMark.build/Objects-normal/armv7k/7187679823f38a2a940e0043cdf9d637-common-args.resp

    builtin-ScanDependencies -o /Users/admin/builder/spi-builder-workspace/.derivedData/Build/Intermediates.noindex/StreamChat.build/Debug-watchos/StreamChatAICMark.build/Objects-normal/armv7k/footnotes.o.scan -- /Applications/Xcode-16.3.0.app/Contents/Developer/Toolchains/XcodeDefault.xctoolchain/usr/bin/clang -x c -ivfsstatcache /Users/admin/builder/spi-builder-workspace/.derivedData/SDKStatCaches.noindex/watchos11.4-22T246-43efb940ff07ba2497b70ec94253f576.sdkstatcache -fmessage-length\=0 -fdiagnostics-show-note-include-stack -fmacro-backtrace-limit\=0 -fno-color-diagnostics -fmodules-prune-interval\=86400 -fmodules-prune-after\=345600 -fbuild-session-file\=/Users/admin/builder/spi-builder-workspace/.derivedData/ModuleCache.noindex/Session.modulevalidation -fmodules-validate-once-per-build-session -Wnon-modular-include-in-framework-module -Werror\=non-modular-include-in-framework-module -Wno-trigraphs -Wno-missing-field-initializers -Wno-missing-prototypes -Wno-return-type -Wno-missing-braces -Wparentheses -Wswitch -Wno-unused-function -Wno-unused-label -Wno-unused-parameter -Wno-unused-variable -Wunused-value -Wno-empty-body -Wno-uninitialized -Wno-unknown-pragmas -Wno-shadow -Wno-four-char-constants -Wno-conversion -Wno-constant-conversion -Wno-int-conversion -Wno-bool-conversion -Wno-enum-conversion -Wno-float-conversion -Wno-non-literal-null-conversion -Wno-objc-literal-conversion -Wno-shorten-64-to-32 -Wpointer-sign -Wno-newline-eof -Wno-implicit-fallthrough -fstrict-aliasing -Wdeprecated-declarations -Wno-sign-conversion -Wno-infinite-recursion -Wno-comma -Wno-block-capture-autoreleasing -Wno-strict-prototypes -Wno-semicolon-before-method-body -index-store-path /Users/admin/builder/spi-builder-workspace/.derivedData/Index.noindex/DataStore @/Users/admin/builder/spi-builder-workspace/.derivedData/Build/Intermediates.noindex/StreamChat.build/Debug-watchos/StreamChatAICMark.build/Objects-normal/armv7k/7187679823f38a2a940e0043cdf9d637-common-args.resp -MMD -MT dependencies -MF /Users/admin/builder/spi-builder-workspace/.derivedData/Build/Intermediates.noindex/StreamChat.build/Debug-watchos/StreamChatAICMark.build/Objects-normal/armv7k/footnotes.d --serialize-diagnostics /Users/admin/builder/spi-builder-workspace/.derivedData/Build/Intermediates.noindex/StreamChat.build/Debug-watchos/StreamChatAICMark.build/Objects-normal/armv7k/footnotes.dia -c /Users/admin/builder/spi-builder-workspace/Sources/StreamChatAICMark/footnotes.c -o /Users/admin/builder/spi-builder-workspace/.derivedData/Build/Intermediates.noindex/StreamChat.build/Debug-watchos/StreamChatAICMark.build/Objects-normal/armv7k/footnotes.o -index-unit-output-path /StreamChat.build/Debug-watchos/StreamChatAICMark.build/Objects-normal/armv7k/footnotes.o
ScanDependencies /Users/admin/builder/spi-builder-workspace/.derivedData/Build/Intermediates.noindex/StreamChat.build/Debug-watchos/StreamChatAICMark.build/Objects-normal/armv7k/ext_scanners.o /Users/admin/builder/spi-builder-workspace/Sources/StreamChatAICMark/ext_scanners.c normal armv7k c com.apple.compilers.llvm.clang.1_0.compiler (in target 'StreamChatAICMark' from project 'StreamChat')
    cd /Users/admin/builder/spi-builder-workspace/.swiftpm/xcode

    Using response file: /Users/admin/builder/spi-builder-workspace/.derivedData/Build/Intermediates.noindex/StreamChat.build/Debug-watchos/StreamChatAICMark.build/Objects-normal/armv7k/7187679823f38a2a940e0043cdf9d637-common-args.resp

    builtin-ScanDependencies -o /Users/admin/builder/spi-builder-workspace/.derivedData/Build/Intermediates.noindex/StreamChat.build/Debug-watchos/StreamChatAICMark.build/Objects-normal/armv7k/ext_scanners.o.scan -- /Applications/Xcode-16.3.0.app/Contents/Developer/Toolchains/XcodeDefault.xctoolchain/usr/bin/clang -x c -ivfsstatcache /Users/admin/builder/spi-builder-workspace/.derivedData/SDKStatCaches.noindex/watchos11.4-22T246-43efb940ff07ba2497b70ec94253f576.sdkstatcache -fmessage-length\=0 -fdiagnostics-show-note-include-stack -fmacro-backtrace-limit\=0 -fno-color-diagnostics -fmodules-prune-interval\=86400 -fmodules-prune-after\=345600 -fbuild-session-file\=/Users/admin/builder/spi-builder-workspace/.derivedData/ModuleCache.noindex/Session.modulevalidation -fmodules-validate-once-per-build-session -Wnon-modular-include-in-framework-module -Werror\=non-modular-include-in-framework-module -Wno-trigraphs -Wno-missing-field-initializers -Wno-missing-prototypes -Wno-return-type -Wno-missing-braces -Wparentheses -Wswitch -Wno-unused-function -Wno-unused-label -Wno-unused-parameter -Wno-unused-variable -Wunused-value -Wno-empty-body -Wno-uninitialized -Wno-unknown-pragmas -Wno-shadow -Wno-four-char-constants -Wno-conversion -Wno-constant-conversion -Wno-int-conversion -Wno-bool-conversion -Wno-enum-conversion -Wno-float-conversion -Wno-non-literal-null-conversion -Wno-objc-literal-conversion -Wno-shorten-64-to-32 -Wpointer-sign -Wno-newline-eof -Wno-implicit-fallthrough -fstrict-aliasing -Wdeprecated-declarations -Wno-sign-conversion -Wno-infinite-recursion -Wno-comma -Wno-block-capture-autoreleasing -Wno-strict-prototypes -Wno-semicolon-before-method-body -index-store-path /Users/admin/builder/spi-builder-workspace/.derivedData/Index.noindex/DataStore @/Users/admin/builder/spi-builder-workspace/.derivedData/Build/Intermediates.noindex/StreamChat.build/Debug-watchos/StreamChatAICMark.build/Objects-normal/armv7k/7187679823f38a2a940e0043cdf9d637-common-args.resp -MMD -MT dependencies -MF /Users/admin/builder/spi-builder-workspace/.derivedData/Build/Intermediates.noindex/StreamChat.build/Debug-watchos/StreamChatAICMark.build/Objects-normal/armv7k/ext_scanners.d --serialize-diagnostics /Users/admin/builder/spi-builder-workspace/.derivedData/Build/Intermediates.noindex/StreamChat.build/Debug-watchos/StreamChatAICMark.build/Objects-normal/armv7k/ext_scanners.dia -c /Users/admin/builder/spi-builder-workspace/Sources/StreamChatAICMark/ext_scanners.c -o /Users/admin/builder/spi-builder-workspace/.derivedData/Build/Intermediates.noindex/StreamChat.build/Debug-watchos/StreamChatAICMark.build/Objects-normal/armv7k/ext_scanners.o -index-unit-output-path /StreamChat.build/Debug-watchos/StreamChatAICMark.build/Objects-normal/armv7k/ext_scanners.o
ScanDependencies /Users/admin/builder/spi-builder-workspace/.derivedData/Build/Intermediates.noindex/StreamChat.build/Debug-watchos/StreamChatAICMark.build/Objects-normal/armv7k/core-extensions.o /Users/admin/builder/spi-builder-workspace/Sources/StreamChatAICMark/core-extensions.c normal armv7k c com.apple.compilers.llvm.clang.1_0.compiler (in target 'StreamChatAICMark' from project 'StreamChat')
    cd /Users/admin/builder/spi-builder-workspace/.swiftpm/xcode

    Using response file: /Users/admin/builder/spi-builder-workspace/.derivedData/Build/Intermediates.noindex/StreamChat.build/Debug-watchos/StreamChatAICMark.build/Objects-normal/armv7k/7187679823f38a2a940e0043cdf9d637-common-args.resp

    builtin-ScanDependencies -o /Users/admin/builder/spi-builder-workspace/.derivedData/Build/Intermediates.noindex/StreamChat.build/Debug-watchos/StreamChatAICMark.build/Objects-normal/armv7k/core-extensions.o.scan -- /Applications/Xcode-16.3.0.app/Contents/Developer/Toolchains/XcodeDefault.xctoolchain/usr/bin/clang -x c -ivfsstatcache /Users/admin/builder/spi-builder-workspace/.derivedData/SDKStatCaches.noindex/watchos11.4-22T246-43efb940ff07ba2497b70ec94253f576.sdkstatcache -fmessage-length\=0 -fdiagnostics-show-note-include-stack -fmacro-backtrace-limit\=0 -fno-color-diagnostics -fmodules-prune-interval\=86400 -fmodules-prune-after\=345600 -fbuild-session-file\=/Users/admin/builder/spi-builder-workspace/.derivedData/ModuleCache.noindex/Session.modulevalidation -fmodules-validate-once-per-build-session -Wnon-modular-include-in-framework-module -Werror\=non-modular-include-in-framework-module -Wno-trigraphs -Wno-missing-field-initializers -Wno-missing-prototypes -Wno-return-type -Wno-missing-braces -Wparentheses -Wswitch -Wno-unused-function -Wno-unused-label -Wno-unused-parameter -Wno-unused-variable -Wunused-value -Wno-empty-body -Wno-uninitialized -Wno-unknown-pragmas -Wno-shadow -Wno-four-char-constants -Wno-conversion -Wno-constant-conversion -Wno-int-conversion -Wno-bool-conversion -Wno-enum-conversion -Wno-float-conversion -Wno-non-literal-null-conversion -Wno-objc-literal-conversion -Wno-shorten-64-to-32 -Wpointer-sign -Wno-newline-eof -Wno-implicit-fallthrough -fstrict-aliasing -Wdeprecated-declarations -Wno-sign-conversion -Wno-infinite-recursion -Wno-comma -Wno-block-capture-autoreleasing -Wno-strict-prototypes -Wno-semicolon-before-method-body -index-store-path /Users/admin/builder/spi-builder-workspace/.derivedData/Index.noindex/DataStore @/Users/admin/builder/spi-builder-workspace/.derivedData/Build/Intermediates.noindex/StreamChat.build/Debug-watchos/StreamChatAICMark.build/Objects-normal/armv7k/7187679823f38a2a940e0043cdf9d637-common-args.resp -MMD -MT dependencies -MF /Users/admin/builder/spi-builder-workspace/.derivedData/Build/Intermediates.noindex/StreamChat.build/Debug-watchos/StreamChatAICMark.build/Objects-normal/armv7k/core-extensions.d --serialize-diagnostics /Users/admin/builder/spi-builder-workspace/.derivedData/Build/Intermediates.noindex/StreamChat.build/Debug-watchos/StreamChatAICMark.build/Objects-normal/armv7k/core-extensions.dia -c /Users/admin/builder/spi-builder-workspace/Sources/StreamChatAICMark/core-extensions.c -o /Users/admin/builder/spi-builder-workspace/.derivedData/Build/Intermediates.noindex/StreamChat.build/Debug-watchos/StreamChatAICMark.build/Objects-normal/armv7k/core-extensions.o -index-unit-output-path /StreamChat.build/Debug-watchos/StreamChatAICMark.build/Objects-normal/armv7k/core-extensions.o
ScanDependencies /Users/admin/builder/spi-builder-workspace/.derivedData/Build/Intermediates.noindex/StreamChat.build/Debug-watchos/StreamChatAICMark.build/Objects-normal/armv7k/commonmark.o /Users/admin/builder/spi-builder-workspace/Sources/StreamChatAICMark/commonmark.c normal armv7k c com.apple.compilers.llvm.clang.1_0.compiler (in target 'StreamChatAICMark' from project 'StreamChat')
    cd /Users/admin/builder/spi-builder-workspace/.swiftpm/xcode

    Using response file: /Users/admin/builder/spi-builder-workspace/.derivedData/Build/Intermediates.noindex/StreamChat.build/Debug-watchos/StreamChatAICMark.build/Objects-normal/armv7k/7187679823f38a2a940e0043cdf9d637-common-args.resp

    builtin-ScanDependencies -o /Users/admin/builder/spi-builder-workspace/.derivedData/Build/Intermediates.noindex/StreamChat.build/Debug-watchos/StreamChatAICMark.build/Objects-normal/armv7k/commonmark.o.scan -- /Applications/Xcode-16.3.0.app/Contents/Developer/Toolchains/XcodeDefault.xctoolchain/usr/bin/clang -x c -ivfsstatcache /Users/admin/builder/spi-builder-workspace/.derivedData/SDKStatCaches.noindex/watchos11.4-22T246-43efb940ff07ba2497b70ec94253f576.sdkstatcache -fmessage-length\=0 -fdiagnostics-show-note-include-stack -fmacro-backtrace-limit\=0 -fno-color-diagnostics -fmodules-prune-interval\=86400 -fmodules-prune-after\=345600 -fbuild-session-file\=/Users/admin/builder/spi-builder-workspace/.derivedData/ModuleCache.noindex/Session.modulevalidation -fmodules-validate-once-per-build-session -Wnon-modular-include-in-framework-module -Werror\=non-modular-include-in-framework-module -Wno-trigraphs -Wno-missing-field-initializers -Wno-missing-prototypes -Wno-return-type -Wno-missing-braces -Wparentheses -Wswitch -Wno-unused-function -Wno-unused-label -Wno-unused-parameter -Wno-unused-variable -Wunused-value -Wno-empty-body -Wno-uninitialized -Wno-unknown-pragmas -Wno-shadow -Wno-four-char-constants -Wno-conversion -Wno-constant-conversion -Wno-int-conversion -Wno-bool-conversion -Wno-enum-conversion -Wno-float-conversion -Wno-non-literal-null-conversion -Wno-objc-literal-conversion -Wno-shorten-64-to-32 -Wpointer-sign -Wno-newline-eof -Wno-implicit-fallthrough -fstrict-aliasing -Wdeprecated-declarations -Wno-sign-conversion -Wno-infinite-recursion -Wno-comma -Wno-block-capture-autoreleasing -Wno-strict-prototypes -Wno-semicolon-before-method-body -index-store-path /Users/admin/builder/spi-builder-workspace/.derivedData/Index.noindex/DataStore @/Users/admin/builder/spi-builder-workspace/.derivedData/Build/Intermediates.noindex/StreamChat.build/Debug-watchos/StreamChatAICMark.build/Objects-normal/armv7k/7187679823f38a2a940e0043cdf9d637-common-args.resp -MMD -MT dependencies -MF /Users/admin/builder/spi-builder-workspace/.derivedData/Build/Intermediates.noindex/StreamChat.build/Debug-watchos/StreamChatAICMark.build/Objects-normal/armv7k/commonmark.d --serialize-diagnostics /Users/admin/builder/spi-builder-workspace/.derivedData/Build/Intermediates.noindex/StreamChat.build/Debug-watchos/StreamChatAICMark.build/Objects-normal/armv7k/commonmark.dia -c /Users/admin/builder/spi-builder-workspace/Sources/StreamChatAICMark/commonmark.c -o /Users/admin/builder/spi-builder-workspace/.derivedData/Build/Intermediates.noindex/StreamChat.build/Debug-watchos/StreamChatAICMark.build/Objects-normal/armv7k/commonmark.o -index-unit-output-path /StreamChat.build/Debug-watchos/StreamChatAICMark.build/Objects-normal/armv7k/commonmark.o
SwiftEmitModule normal arm64_32 Emitting\ module\ for\ StreamLogsUI (in target 'StreamLogsUI' from project 'StreamLogsUI')
EmitSwiftModule normal arm64_32 (in target 'StreamLogsUI' from project 'StreamLogsUI')
    cd /Users/admin/builder/spi-builder-workspace/.swiftpm/xcode

SwiftEmitModule normal armv7k Emitting\ module\ for\ StreamLogsUI (in target 'StreamLogsUI' from project 'StreamLogsUI')
EmitSwiftModule normal armv7k (in target 'StreamLogsUI' from project 'StreamLogsUI')
    cd /Users/admin/builder/spi-builder-workspace/.swiftpm/xcode

SwiftEmitModule normal arm64 Emitting\ module\ for\ StreamLogsUI (in target 'StreamLogsUI' from project 'StreamLogsUI')
EmitSwiftModule normal arm64 (in target 'StreamLogsUI' from project 'StreamLogsUI')
    cd /Users/admin/builder/spi-builder-workspace/.swiftpm/xcode

CompileC /Users/admin/builder/spi-builder-workspace/.derivedData/Build/Intermediates.noindex/StreamChat.build/Debug-watchos/StreamChatAICMark.build/Objects-normal/armv7k/footnotes.o /Users/admin/builder/spi-builder-workspace/Sources/StreamChatAICMark/footnotes.c normal armv7k c com.apple.compilers.llvm.clang.1_0.compiler (in target 'StreamChatAICMark' from project 'StreamChat')
    cd /Users/admin/builder/spi-builder-workspace/.swiftpm/xcode

    Using response file: /Users/admin/builder/spi-builder-workspace/.derivedData/Build/Intermediates.noindex/StreamChat.build/Debug-watchos/StreamChatAICMark.build/Objects-normal/armv7k/7187679823f38a2a940e0043cdf9d637-common-args.resp

    /Applications/Xcode-16.3.0.app/Contents/Developer/Toolchains/XcodeDefault.xctoolchain/usr/bin/clang -x c -ivfsstatcache /Users/admin/builder/spi-builder-workspace/.derivedData/SDKStatCaches.noindex/watchos11.4-22T246-43efb940ff07ba2497b70ec94253f576.sdkstatcache -fmessage-length\=0 -fdiagnostics-show-note-include-stack -fmacro-backtrace-limit\=0 -fno-color-diagnostics -fmodules-prune-interval\=86400 -fmodules-prune-after\=345600 -fbuild-session-file\=/Users/admin/builder/spi-builder-workspace/.derivedData/ModuleCache.noindex/Session.modulevalidation -fmodules-validate-once-per-build-session -Wnon-modular-include-in-framework-module -Werror\=non-modular-include-in-framework-module -Wno-trigraphs -Wno-missing-field-initializers -Wno-missing-prototypes -Wno-return-type -Wno-missing-braces -Wparentheses -Wswitch -Wno-unused-function -Wno-unused-label -Wno-unused-parameter -Wno-unused-variable -Wunused-value -Wno-empty-body -Wno-uninitialized -Wno-unknown-pragmas -Wno-shadow -Wno-four-char-constants -Wno-conversion -Wno-constant-conversion -Wno-int-conversion -Wno-bool-conversion -Wno-enum-conversion -Wno-float-conversion -Wno-non-literal-null-conversion -Wno-objc-literal-conversion -Wno-shorten-64-to-32 -Wpointer-sign -Wno-newline-eof -Wno-implicit-fallthrough -fstrict-aliasing -Wdeprecated-declarations -Wno-sign-conversion -Wno-infinite-recursion -Wno-comma -Wno-block-capture-autoreleasing -Wno-strict-prototypes -Wno-semicolon-before-method-body -index-store-path /Users/admin/builder/spi-builder-workspace/.derivedData/Index.noindex/DataStore @/Users/admin/builder/spi-builder-workspace/.derivedData/Build/Intermediates.noindex/StreamChat.build/Debug-watchos/StreamChatAICMark.build/Objects-normal/armv7k/7187679823f38a2a940e0043cdf9d637-common-args.resp -MMD -MT dependencies -MF /Users/admin/builder/spi-builder-workspace/.derivedData/Build/Intermediates.noindex/StreamChat.build/Debug-watchos/StreamChatAICMark.build/Objects-normal/armv7k/footnotes.d --serialize-diagnostics /Users/admin/builder/spi-builder-workspace/.derivedData/Build/Intermediates.noindex/StreamChat.build/Debug-watchos/StreamChatAICMark.build/Objects-normal/armv7k/footnotes.dia -c /Users/admin/builder/spi-builder-workspace/Sources/StreamChatAICMark/footnotes.c -o /Users/admin/builder/spi-builder-workspace/.derivedData/Build/Intermediates.noindex/StreamChat.build/Debug-watchos/StreamChatAICMark.build/Objects-normal/armv7k/footnotes.o -index-unit-output-path /StreamChat.build/Debug-watchos/StreamChatAICMark.build/Objects-normal/armv7k/footnotes.o
CompileC /Users/admin/builder/spi-builder-workspace/.derivedData/Build/Intermediates.noindex/StreamChat.build/Debug-watchos/StreamChatAICMark.build/Objects-normal/armv7k/ext_scanners.o /Users/admin/builder/spi-builder-workspace/Sources/StreamChatAICMark/ext_scanners.c normal armv7k c com.apple.compilers.llvm.clang.1_0.compiler (in target 'StreamChatAICMark' from project 'StreamChat')
    cd /Users/admin/builder/spi-builder-workspace/.swiftpm/xcode

    Using response file: /Users/admin/builder/spi-builder-workspace/.derivedData/Build/Intermediates.noindex/StreamChat.build/Debug-watchos/StreamChatAICMark.build/Objects-normal/armv7k/7187679823f38a2a940e0043cdf9d637-common-args.resp

    /Applications/Xcode-16.3.0.app/Contents/Developer/Toolchains/XcodeDefault.xctoolchain/usr/bin/clang -x c -ivfsstatcache /Users/admin/builder/spi-builder-workspace/.derivedData/SDKStatCaches.noindex/watchos11.4-22T246-43efb940ff07ba2497b70ec94253f576.sdkstatcache -fmessage-length\=0 -fdiagnostics-show-note-include-stack -fmacro-backtrace-limit\=0 -fno-color-diagnostics -fmodules-prune-interval\=86400 -fmodules-prune-after\=345600 -fbuild-session-file\=/Users/admin/builder/spi-builder-workspace/.derivedData/ModuleCache.noindex/Session.modulevalidation -fmodules-validate-once-per-build-session -Wnon-modular-include-in-framework-module -Werror\=non-modular-include-in-framework-module -Wno-trigraphs -Wno-missing-field-initializers -Wno-missing-prototypes -Wno-return-type -Wno-missing-braces -Wparentheses -Wswitch -Wno-unused-function -Wno-unused-label -Wno-unused-parameter -Wno-unused-variable -Wunused-value -Wno-empty-body -Wno-uninitialized -Wno-unknown-pragmas -Wno-shadow -Wno-four-char-constants -Wno-conversion -Wno-constant-conversion -Wno-int-conversion -Wno-bool-conversion -Wno-enum-conversion -Wno-float-conversion -Wno-non-literal-null-conversion -Wno-objc-literal-conversion -Wno-shorten-64-to-32 -Wpointer-sign -Wno-newline-eof -Wno-implicit-fallthrough -fstrict-aliasing -Wdeprecated-declarations -Wno-sign-conversion -Wno-infinite-recursion -Wno-comma -Wno-block-capture-autoreleasing -Wno-strict-prototypes -Wno-semicolon-before-method-body -index-store-path /Users/admin/builder/spi-builder-workspace/.derivedData/Index.noindex/DataStore @/Users/admin/builder/spi-builder-workspace/.derivedData/Build/Intermediates.noindex/StreamChat.build/Debug-watchos/StreamChatAICMark.build/Objects-normal/armv7k/7187679823f38a2a940e0043cdf9d637-common-args.resp -MMD -MT dependencies -MF /Users/admin/builder/spi-builder-workspace/.derivedData/Build/Intermediates.noindex/StreamChat.build/Debug-watchos/StreamChatAICMark.build/Objects-normal/armv7k/ext_scanners.d --serialize-diagnostics /Users/admin/builder/spi-builder-workspace/.derivedData/Build/Intermediates.noindex/StreamChat.build/Debug-watchos/StreamChatAICMark.build/Objects-normal/armv7k/ext_scanners.dia -c /Users/admin/builder/spi-builder-workspace/Sources/StreamChatAICMark/ext_scanners.c -o /Users/admin/builder/spi-builder-workspace/.derivedData/Build/Intermediates.noindex/StreamChat.build/Debug-watchos/StreamChatAICMark.build/Objects-normal/armv7k/ext_scanners.o -index-unit-output-path /StreamChat.build/Debug-watchos/StreamChatAICMark.build/Objects-normal/armv7k/ext_scanners.o
CompileC /Users/admin/builder/spi-builder-workspace/.derivedData/Build/Intermediates.noindex/StreamChat.build/Debug-watchos/StreamChatAICMark.build/Objects-normal/armv7k/core-extensions.o /Users/admin/builder/spi-builder-workspace/Sources/StreamChatAICMark/core-extensions.c normal armv7k c com.apple.compilers.llvm.clang.1_0.compiler (in target 'StreamChatAICMark' from project 'StreamChat')
    cd /Users/admin/builder/spi-builder-workspace/.swiftpm/xcode

    Using response file: /Users/admin/builder/spi-builder-workspace/.derivedData/Build/Intermediates.noindex/StreamChat.build/Debug-watchos/StreamChatAICMark.build/Objects-normal/armv7k/7187679823f38a2a940e0043cdf9d637-common-args.resp

    /Applications/Xcode-16.3.0.app/Contents/Developer/Toolchains/XcodeDefault.xctoolchain/usr/bin/clang -x c -ivfsstatcache /Users/admin/builder/spi-builder-workspace/.derivedData/SDKStatCaches.noindex/watchos11.4-22T246-43efb940ff07ba2497b70ec94253f576.sdkstatcache -fmessage-length\=0 -fdiagnostics-show-note-include-stack -fmacro-backtrace-limit\=0 -fno-color-diagnostics -fmodules-prune-interval\=86400 -fmodules-prune-after\=345600 -fbuild-session-file\=/Users/admin/builder/spi-builder-workspace/.derivedData/ModuleCache.noindex/Session.modulevalidation -fmodules-validate-once-per-build-session -Wnon-modular-include-in-framework-module -Werror\=non-modular-include-in-framework-module -Wno-trigraphs -Wno-missing-field-initializers -Wno-missing-prototypes -Wno-return-type -Wno-missing-braces -Wparentheses -Wswitch -Wno-unused-function -Wno-unused-label -Wno-unused-parameter -Wno-unused-variable -Wunused-value -Wno-empty-body -Wno-uninitialized -Wno-unknown-pragmas -Wno-shadow -Wno-four-char-constants -Wno-conversion -Wno-constant-conversion -Wno-int-conversion -Wno-bool-conversion -Wno-enum-conversion -Wno-float-conversion -Wno-non-literal-null-conversion -Wno-objc-literal-conversion -Wno-shorten-64-to-32 -Wpointer-sign -Wno-newline-eof -Wno-implicit-fallthrough -fstrict-aliasing -Wdeprecated-declarations -Wno-sign-conversion -Wno-infinite-recursion -Wno-comma -Wno-block-capture-autoreleasing -Wno-strict-prototypes -Wno-semicolon-before-method-body -index-store-path /Users/admin/builder/spi-builder-workspace/.derivedData/Index.noindex/DataStore @/Users/admin/builder/spi-builder-workspace/.derivedData/Build/Intermediates.noindex/StreamChat.build/Debug-watchos/StreamChatAICMark.build/Objects-normal/armv7k/7187679823f38a2a940e0043cdf9d637-common-args.resp -MMD -MT dependencies -MF /Users/admin/builder/spi-builder-workspace/.derivedData/Build/Intermediates.noindex/StreamChat.build/Debug-watchos/StreamChatAICMark.build/Objects-normal/armv7k/core-extensions.d --serialize-diagnostics /Users/admin/builder/spi-builder-workspace/.derivedData/Build/Intermediates.noindex/StreamChat.build/Debug-watchos/StreamChatAICMark.build/Objects-normal/armv7k/core-extensions.dia -c /Users/admin/builder/spi-builder-workspace/Sources/StreamChatAICMark/core-extensions.c -o /Users/admin/builder/spi-builder-workspace/.derivedData/Build/Intermediates.noindex/StreamChat.build/Debug-watchos/StreamChatAICMark.build/Objects-normal/armv7k/core-extensions.o -index-unit-output-path /StreamChat.build/Debug-watchos/StreamChatAICMark.build/Objects-normal/armv7k/core-extensions.o
CompileC /Users/admin/builder/spi-builder-workspace/.derivedData/Build/Intermediates.noindex/StreamChat.build/Debug-watchos/StreamChatAICMark.build/Objects-normal/armv7k/commonmark.o /Users/admin/builder/spi-builder-workspace/Sources/StreamChatAICMark/commonmark.c normal armv7k c com.apple.compilers.llvm.clang.1_0.compiler (in target 'StreamChatAICMark' from project 'StreamChat')
    cd /Users/admin/builder/spi-builder-workspace/.swiftpm/xcode

    Using response file: /Users/admin/builder/spi-builder-workspace/.derivedData/Build/Intermediates.noindex/StreamChat.build/Debug-watchos/StreamChatAICMark.build/Objects-normal/armv7k/7187679823f38a2a940e0043cdf9d637-common-args.resp

    /Applications/Xcode-16.3.0.app/Contents/Developer/Toolchains/XcodeDefault.xctoolchain/usr/bin/clang -x c -ivfsstatcache /Users/admin/builder/spi-builder-workspace/.derivedData/SDKStatCaches.noindex/watchos11.4-22T246-43efb940ff07ba2497b70ec94253f576.sdkstatcache -fmessage-length\=0 -fdiagnostics-show-note-include-stack -fmacro-backtrace-limit\=0 -fno-color-diagnostics -fmodules-prune-interval\=86400 -fmodules-prune-after\=345600 -fbuild-session-file\=/Users/admin/builder/spi-builder-workspace/.derivedData/ModuleCache.noindex/Session.modulevalidation -fmodules-validate-once-per-build-session -Wnon-modular-include-in-framework-module -Werror\=non-modular-include-in-framework-module -Wno-trigraphs -Wno-missing-field-initializers -Wno-missing-prototypes -Wno-return-type -Wno-missing-braces -Wparentheses -Wswitch -Wno-unused-function -Wno-unused-label -Wno-unused-parameter -Wno-unused-variable -Wunused-value -Wno-empty-body -Wno-uninitialized -Wno-unknown-pragmas -Wno-shadow -Wno-four-char-constants -Wno-conversion -Wno-constant-conversion -Wno-int-conversion -Wno-bool-conversion -Wno-enum-conversion -Wno-float-conversion -Wno-non-literal-null-conversion -Wno-objc-literal-conversion -Wno-shorten-64-to-32 -Wpointer-sign -Wno-newline-eof -Wno-implicit-fallthrough -fstrict-aliasing -Wdeprecated-declarations -Wno-sign-conversion -Wno-infinite-recursion -Wno-comma -Wno-block-capture-autoreleasing -Wno-strict-prototypes -Wno-semicolon-before-method-body -index-store-path /Users/admin/builder/spi-builder-workspace/.derivedData/Index.noindex/DataStore @/Users/admin/builder/spi-builder-workspace/.derivedData/Build/Intermediates.noindex/StreamChat.build/Debug-watchos/StreamChatAICMark.build/Objects-normal/armv7k/7187679823f38a2a940e0043cdf9d637-common-args.resp -MMD -MT dependencies -MF /Users/admin/builder/spi-builder-workspace/.derivedData/Build/Intermediates.noindex/StreamChat.build/Debug-watchos/StreamChatAICMark.build/Objects-normal/armv7k/commonmark.d --serialize-diagnostics /Users/admin/builder/spi-builder-workspace/.derivedData/Build/Intermediates.noindex/StreamChat.build/Debug-watchos/StreamChatAICMark.build/Objects-normal/armv7k/commonmark.dia -c /Users/admin/builder/spi-builder-workspace/Sources/StreamChatAICMark/commonmark.c -o /Users/admin/builder/spi-builder-workspace/.derivedData/Build/Intermediates.noindex/StreamChat.build/Debug-watchos/StreamChatAICMark.build/Objects-normal/armv7k/commonmark.o -index-unit-output-path /StreamChat.build/Debug-watchos/StreamChatAICMark.build/Objects-normal/armv7k/commonmark.o
SwiftCompile normal armv7k Compiling\ LogEntry.swift,\ LogFilter.swift,\ LogJSONTree.swift,\ LogJSONViewModel.swift /Users/admin/builder/spi-builder-workspace/.dependencies/checkouts/stream-logs-ui-swift/Sources/StreamLogsUI/LogEntry.swift /Users/admin/builder/spi-builder-workspace/.dependencies/checkouts/stream-logs-ui-swift/Sources/StreamLogsUI/LogFilter.swift /Users/admin/builder/spi-builder-workspace/.dependencies/checkouts/stream-logs-ui-swift/Sources/StreamLogsUI/LogJSONTree.swift /Users/admin/builder/spi-builder-workspace/.dependencies/checkouts/stream-logs-ui-swift/Sources/StreamLogsUI/LogJSONViewModel.swift (in target 'StreamLogsUI' from project 'StreamLogsUI')
SwiftCompile normal armv7k /Users/admin/builder/spi-builder-workspace/.dependencies/checkouts/stream-logs-ui-swift/Sources/StreamLogsUI/LogEntry.swift (in target 'StreamLogsUI' from project 'StreamLogsUI')
    cd /Users/admin/builder/spi-builder-workspace/.swiftpm/xcode

SwiftCompile normal armv7k /Users/admin/builder/spi-builder-workspace/.dependencies/checkouts/stream-logs-ui-swift/Sources/StreamLogsUI/LogFilter.swift (in target 'StreamLogsUI' from project 'StreamLogsUI')
    cd /Users/admin/builder/spi-builder-workspace/.swiftpm/xcode

SwiftCompile normal armv7k /Users/admin/builder/spi-builder-workspace/.dependencies/checkouts/stream-logs-ui-swift/Sources/StreamLogsUI/LogJSONTree.swift (in target 'StreamLogsUI' from project 'StreamLogsUI')
    cd /Users/admin/builder/spi-builder-workspace/.swiftpm/xcode

SwiftCompile normal armv7k /Users/admin/builder/spi-builder-workspace/.dependencies/checkouts/stream-logs-ui-swift/Sources/StreamLogsUI/LogJSONViewModel.swift (in target 'StreamLogsUI' from project 'StreamLogsUI')
    cd /Users/admin/builder/spi-builder-workspace/.swiftpm/xcode

SwiftCompile normal arm64 Compiling\ SystemEnvironment+Version.swift,\ InMemoryLogRecorder.swift,\ LogDestinationSettings.swift,\ LogDetailContent.swift /Users/admin/builder/spi-builder-workspace/.dependencies/checkouts/stream-logs-ui-swift/Sources/StreamLogsUI/Generated/SystemEnvironment+Version.swift /Users/admin/builder/spi-builder-workspace/.dependencies/checkouts/stream-logs-ui-swift/Sources/StreamLogsUI/InMemoryLogRecorder.swift /Users/admin/builder/spi-builder-workspace/.dependencies/checkouts/stream-logs-ui-swift/Sources/StreamLogsUI/LogDestinationSettings.swift /Users/admin/builder/spi-builder-workspace/.dependencies/checkouts/stream-logs-ui-swift/Sources/StreamLogsUI/LogDetailContent.swift (in target 'StreamLogsUI' from project 'StreamLogsUI')
SwiftCompile normal arm64 /Users/admin/builder/spi-builder-workspace/.dependencies/checkouts/stream-logs-ui-swift/Sources/StreamLogsUI/Generated/SystemEnvironment+Version.swift (in target 'StreamLogsUI' from project 'StreamLogsUI')
    cd /Users/admin/builder/spi-builder-workspace/.swiftpm/xcode

SwiftCompile normal arm64 /Users/admin/builder/spi-builder-workspace/.dependencies/checkouts/stream-logs-ui-swift/Sources/StreamLogsUI/InMemoryLogRecorder.swift (in target 'StreamLogsUI' from project 'StreamLogsUI')
    cd /Users/admin/builder/spi-builder-workspace/.swiftpm/xcode

SwiftCompile normal arm64 /Users/admin/builder/spi-builder-workspace/.dependencies/checkouts/stream-logs-ui-swift/Sources/StreamLogsUI/LogDestinationSettings.swift (in target 'StreamLogsUI' from project 'StreamLogsUI')
    cd /Users/admin/builder/spi-builder-workspace/.swiftpm/xcode

SwiftCompile normal arm64 /Users/admin/builder/spi-builder-workspace/.dependencies/checkouts/stream-logs-ui-swift/Sources/StreamLogsUI/LogDetailContent.swift (in target 'StreamLogsUI' from project 'StreamLogsUI')
    cd /Users/admin/builder/spi-builder-workspace/.swiftpm/xcode

SwiftCompile normal armv7k Compiling\ LogSearchField.swift,\ LogTokens.swift,\ LogTopBar.swift /Users/admin/builder/spi-builder-workspace/.dependencies/checkouts/stream-logs-ui-swift/Sources/StreamLogsUI/Views/LogSearchField.swift /Users/admin/builder/spi-builder-workspace/.dependencies/checkouts/stream-logs-ui-swift/Sources/StreamLogsUI/Views/LogTokens.swift /Users/admin/builder/spi-builder-workspace/.dependencies/checkouts/stream-logs-ui-swift/Sources/StreamLogsUI/Views/LogTopBar.swift (in target 'StreamLogsUI' from project 'StreamLogsUI')
SwiftCompile normal armv7k /Users/admin/builder/spi-builder-workspace/.dependencies/checkouts/stream-logs-ui-swift/Sources/StreamLogsUI/Views/LogSearchField.swift (in target 'StreamLogsUI' from project 'StreamLogsUI')
    cd /Users/admin/builder/spi-builder-workspace/.swiftpm/xcode

SwiftCompile normal armv7k /Users/admin/builder/spi-builder-workspace/.dependencies/checkouts/stream-logs-ui-swift/Sources/StreamLogsUI/Views/LogTokens.swift (in target 'StreamLogsUI' from project 'StreamLogsUI')
    cd /Users/admin/builder/spi-builder-workspace/.swiftpm/xcode

SwiftCompile normal armv7k /Users/admin/builder/spi-builder-workspace/.dependencies/checkouts/stream-logs-ui-swift/Sources/StreamLogsUI/Views/LogTopBar.swift (in target 'StreamLogsUI' from project 'StreamLogsUI')
    cd /Users/admin/builder/spi-builder-workspace/.swiftpm/xcode

SwiftCompile normal arm64 Compiling\ LogDetailView.swift,\ LogFilterButtonStyle.swift,\ LogFilterPickers.swift,\ LogFlowLayout.swift /Users/admin/builder/spi-builder-workspace/.dependencies/checkouts/stream-logs-ui-swift/Sources/StreamLogsUI/Views/LogDetailView.swift /Users/admin/builder/spi-builder-workspace/.dependencies/checkouts/stream-logs-ui-swift/Sources/StreamLogsUI/Views/LogFilterButtonStyle.swift /Users/admin/builder/spi-builder-workspace/.dependencies/checkouts/stream-logs-ui-swift/Sources/StreamLogsUI/Views/LogFilterPickers.swift /Users/admin/builder/spi-builder-workspace/.dependencies/checkouts/stream-logs-ui-swift/Sources/StreamLogsUI/Views/LogFlowLayout.swift (in target 'StreamLogsUI' from project 'StreamLogsUI')
SwiftCompile normal arm64 /Users/admin/builder/spi-builder-workspace/.dependencies/checkouts/stream-logs-ui-swift/Sources/StreamLogsUI/Views/LogDetailView.swift (in target 'StreamLogsUI' from project 'StreamLogsUI')
    cd /Users/admin/builder/spi-builder-workspace/.swiftpm/xcode

SwiftCompile normal arm64 /Users/admin/builder/spi-builder-workspace/.dependencies/checkouts/stream-logs-ui-swift/Sources/StreamLogsUI/Views/LogFilterButtonStyle.swift (in target 'StreamLogsUI' from project 'StreamLogsUI')
    cd /Users/admin/builder/spi-builder-workspace/.swiftpm/xcode

SwiftCompile normal arm64 /Users/admin/builder/spi-builder-workspace/.dependencies/checkouts/stream-logs-ui-swift/Sources/StreamLogsUI/Views/LogFilterPickers.swift (in target 'StreamLogsUI' from project 'StreamLogsUI')
    cd /Users/admin/builder/spi-builder-workspace/.swiftpm/xcode

SwiftCompile normal arm64 /Users/admin/builder/spi-builder-workspace/.dependencies/checkouts/stream-logs-ui-swift/Sources/StreamLogsUI/Views/LogFlowLayout.swift (in target 'StreamLogsUI' from project 'StreamLogsUI')
    cd /Users/admin/builder/spi-builder-workspace/.swiftpm/xcode

SwiftCompile normal arm64_32 Compiling\ LogSettingsView.swift,\ LogViewer.swift,\ LogViewerAppearance.swift,\ LogViewerFloatingButton.swift /Users/admin/builder/spi-builder-workspace/.dependencies/checkouts/stream-logs-ui-swift/Sources/StreamLogsUI/LogSettingsView.swift /Users/admin/builder/spi-builder-workspace/.dependencies/checkouts/stream-logs-ui-swift/Sources/StreamLogsUI/LogViewer.swift /Users/admin/builder/spi-builder-workspace/.dependencies/checkouts/stream-logs-ui-swift/Sources/StreamLogsUI/LogViewerAppearance.swift /Users/admin/builder/spi-builder-workspace/.dependencies/checkouts/stream-logs-ui-swift/Sources/StreamLogsUI/Overlay/LogViewerFloatingButton.swift (in target 'StreamLogsUI' from project 'StreamLogsUI')
SwiftCompile normal arm64_32 /Users/admin/builder/spi-builder-workspace/.dependencies/checkouts/stream-logs-ui-swift/Sources/StreamLogsUI/LogSettingsView.swift (in target 'StreamLogsUI' from project 'StreamLogsUI')
    cd /Users/admin/builder/spi-builder-workspace/.swiftpm/xcode

SwiftCompile normal arm64_32 /Users/admin/builder/spi-builder-workspace/.dependencies/checkouts/stream-logs-ui-swift/Sources/StreamLogsUI/LogViewer.swift (in target 'StreamLogsUI' from project 'StreamLogsUI')
    cd /Users/admin/builder/spi-builder-workspace/.swiftpm/xcode

SwiftCompile normal arm64_32 /Users/admin/builder/spi-builder-workspace/.dependencies/checkouts/stream-logs-ui-swift/Sources/StreamLogsUI/LogViewerAppearance.swift (in target 'StreamLogsUI' from project 'StreamLogsUI')
    cd /Users/admin/builder/spi-builder-workspace/.swiftpm/xcode

SwiftCompile normal arm64_32 /Users/admin/builder/spi-builder-workspace/.dependencies/checkouts/stream-logs-ui-swift/Sources/StreamLogsUI/Overlay/LogViewerFloatingButton.swift (in target 'StreamLogsUI' from project 'StreamLogsUI')
    cd /Users/admin/builder/spi-builder-workspace/.swiftpm/xcode

SwiftEmitModule normal arm64 Emitting\ module\ for\ StreamCore (in target 'StreamCore' from project 'StreamCore')
Failed frontend command:
/Applications/Xcode-16.3.0.app/Contents/Developer/Toolchains/XcodeDefault.xctoolchain/usr/bin/swift-frontend -frontend -emit-module -experimental-skip-non-inlinable-function-bodies-without-types /Users/admin/builder/spi-builder-workspace/.dependencies/checkouts/stream-core-swift/Sources/StreamCore/Concurrency/AllocatedUnfairLock.swift /Users/admin/builder/spi-builder-workspace/.dependencies/checkouts/stream-core-swift/Sources/StreamCore/Concurrency/Atomic.swift /Users/admin/builder/spi-builder-workspace/.dependencies/checkouts/stream-core-swift/Sources/StreamCore/Concurrency/LockQueuing.swift /Users/admin/builder/spi-builder-workspace/.dependencies/checkouts/stream-core-swift/Sources/StreamCore/Concurrency/RecursiveQueue.swift /Users/admin/builder/spi-builder-workspace/.dependencies/checkouts/stream-core-swift/Sources/StreamCore/Concurrency/StreamConcurrency.swift /Users/admin/builder/spi-builder-workspace/.dependencies/checkouts/stream-core-swift/Sources/StreamCore/Concurrency/UnfairQueue.swift /Users/admin/builder/spi-builder-workspace/.dependencies/checkouts/stream-core-swift/Sources/StreamCore/Errors/APIError.swift /Users/admin/builder/spi-builder-workspace/.dependencies/checkouts/stream-core-swift/Sources/StreamCore/Errors/Errors.swift /Users/admin/builder/spi-builder-workspace/.dependencies/checkouts/stream-core-swift/Sources/StreamCore/Logger/Array+Logger.swift /Users/admin/builder/spi-builder-workspace/.dependencies/checkouts/stream-core-swift/Sources/StreamCore/Logger/Destination/BaseLogDestination.swift /Users/admin/builder/spi-builder-workspace/.dependencies/checkouts/stream-core-swift/Sources/StreamCore/Logger/Destination/ConsoleLogDestination.swift /Users/admin/builder/spi-builder-workspace/.dependencies/checkouts/stream-core-swift/Sources/StreamCore/Logger/Destination/LogDestination.swift /Users/admin/builder/spi-builder-workspace/.dependencies/checkouts/stream-core-swift/Sources/StreamCore/Logger/Destination/OSLogDestination.swift /Users/admin/builder/spi-builder-workspace/.dependencies/checkouts/stream-core-swift/Sources/StreamCore/Logger/Formatter/LogFormatter.swift /Users/admin/builder/spi-builder-workspace/.dependencies/checkouts/stream-core-swift/Sources/StreamCore/Logger/Formatter/PrefixLogFormatter.swift /Users/admin/builder/spi-builder-workspace/.dependencies/checkouts/stream-core-swift/Sources/StreamCore/Logger/LogAttachment.swift /Users/admin/builder/spi-builder-workspace/.dependencies/checkouts/stream-core-swift/Sources/StreamCore/Logger/Logger.swift /Users/admin/builder/spi-builder-workspace/.dependencies/checkouts/stream-core-swift/Sources/StreamCore/Logger/Publisher+Logger.swift /Users/admin/builder/spi-builder-workspace/.dependencies/checkouts/stream-core-swift/Sources/StreamCore/OpenAPI/HTTP/AuthMiddlewares.swift /Users/admin/builder/spi-builder-workspace/.dependencies/checkouts/stream-core-swift/Sources/StreamCore/OpenAPI/HTTP/HTTPClient.swift /Users/admin/builder/spi-builder-workspace/.dependencies/checkouts/stream-core-swift/Sources/StreamCore/OpenAPI/HTTP/Request.swift /Users/admin/builder/spi-builder-workspace/.dependencies/checkouts/stream-core-swift/Sources/StreamCore/OpenAPI/HTTP/Retries.swift /Users/admin/builder/spi-builder-workspace/.dependencies/checkouts/stream-core-swift/Sources/StreamCore/OpenAPI/HTTP/URLSession+Logging.swift /Users/admin/builder/spi-builder-workspace/.dependencies/checkouts/stream-core-swift/Sources/StreamCore/OpenAPI/HTTP/URLSessionTransport.swift /Users/admin/builder/spi-builder-workspace/.dependencies/checkouts/stream-core-swift/Sources/StreamCore/OpenAPI/Models/ConnectUserDetailsRequest.swift /Users/admin/builder/spi-builder-workspace/.dependencies/checkouts/stream-core-swift/Sources/StreamCore/OpenAPI/Models/DeliveryReceiptsPrivacySettings.swift /Users/admin/builder/spi-builder-workspace/.dependencies/checkouts/stream-core-swift/Sources/StreamCore/OpenAPI/Models/ReadReceiptsPrivacySettings.swift /Users/admin/builder/spi-builder-workspace/.dependencies/checkouts/stream-core-swift/Sources/StreamCore/OpenAPI/Models/TypingIndicatorPrivacySettings.swift /Users/admin/builder/spi-builder-workspace/.dependencies/checkouts/stream-core-swift/Sources/StreamCore/OpenAPI/Models/UserPrivacySettings.swift /Users/admin/builder/spi-builder-workspace/.dependencies/checkouts/stream-core-swift/Sources/StreamCore/OpenAPI/Models/WSAuthMessageRequest.swift /Users/admin/builder/spi-builder-workspace/.dependencies/checkouts/stream-core-swift/Sources/StreamCore/OpenAPI/Push/CreateDeviceRequest.swift /Users/admin/builder/spi-builder-workspace/.dependencies/checkouts/stream-core-swift/Sources/StreamCore/OpenAPI/Push/Device.swift /Users/admin/builder/spi-builder-workspace/.dependencies/checkouts/stream-core-swift/Sources/StreamCore/OpenAPI/Push/DevicesAPI.swift /Users/admin/builder/spi-builder-workspace/.dependencies/checkouts/stream-core-swift/Sources/StreamCore/OpenAPI/Push/ListDevicesResponse.swift /Users/admin/builder/spi-builder-workspace/.dependencies/checkouts/stream-core-swift/Sources/StreamCore/OpenAPI/Push/ModelResponse.swift /Users/admin/builder/spi-builder-workspace/.dependencies/checkouts/stream-core-swift/Sources/StreamCore/OpenAPI/Query/Filter+Local.swift /Users/admin/builder/spi-builder-workspace/.dependencies/checkouts/stream-core-swift/Sources/StreamCore/OpenAPI/Query/Filter.swift /Users/admin/builder/spi-builder-workspace/.dependencies/checkouts/stream-core-swift/Sources/StreamCore/OpenAPI/Query/FilterOperator.swift /Users/admin/builder/spi-builder-workspace/.dependencies/checkouts/stream-core-swift/Sources/StreamCore/OpenAPI/Query/FilterValue+Location.swift /Users/admin/builder/spi-builder-workspace/.dependencies/checkouts/stream-core-swift/Sources/StreamCore/OpenAPI/Query/FilterValue.swift /Users/admin/builder/spi-builder-workspace/.dependencies/checkouts/stream-core-swift/Sources/StreamCore/OpenAPI/Query/Sort.swift /Users/admin/builder/spi-builder-workspace/.dependencies/checkouts/stream-core-swift/Sources/StreamCore/OpenAPI/Utils/APIHelper.swift /Users/admin/builder/spi-builder-workspace/.dependencies/checkouts/stream-core-swift/Sources/StreamCore/OpenAPI/Utils/CodableHelper.swift /Users/admin/builder/spi-builder-workspace/.dependencies/checkouts/stream-core-swift/Sources/StreamCore/OpenAPI/Utils/Extensions.swift /Users/admin/builder/spi-builder-workspace/.dependencies/checkouts/stream-core-swift/Sources/StreamCore/OpenAPI/Utils/JSONDataEncoding.swift /Users/admin/builder/spi-builder-workspace/.dependencies/checkouts/stream-core-swift/Sources/StreamCore/OpenAPI/Utils/Models.swift /Users/admin/builder/spi-builder-workspace/.dependencies/checkouts/stream-core-swift/Sources/StreamCore/OpenAPI/Utils/OpenISO8601DateFormatter.swift /Users/admin/builder/spi-builder-workspace/.dependencies/checkouts/stream-core-swift/Sources/StreamCore/User/User.swift /Users/admin/builder/spi-builder-workspace/.dependencies/checkouts/stream-core-swift/Sources/StreamCore/User/UserToken.swift /Users/admin/builder/spi-builder-workspace/.dependencies/checkouts/stream-core-swift/Sources/StreamCore/Utils/ApplicationStateAdapter.swift /Users/admin/builder/spi-builder-workspace/.dependencies/checkouts/stream-core-swift/Sources/StreamCore/Utils/BoxedAny.swift /Users/admin/builder/spi-builder-workspace/.dependencies/checkouts/stream-core-swift/Sources/StreamCore/Utils/BundleExtensions.swift /Users/admin/builder/spi-builder-workspace/.dependencies/checkouts/stream-core-swift/Sources/StreamCore/Utils/Data+Gzip.swift /Users/admin/builder/spi-builder-workspace/.dependencies/checkouts/stream-core-swift/Sources/StreamCore/Utils/DisposableBag.swift /Users/admin/builder/spi-builder-workspace/.dependencies/checkouts/stream-core-swift/Sources/StreamCore/Utils/HTTPUtils.swift /Users/admin/builder/spi-builder-workspace/.dependencies/checkouts/stream-core-swift/Sources/StreamCore/Utils/InjectedValues.swift /Users/admin/builder/spi-builder-workspace/.dependencies/checkouts/stream-core-swift/Sources/StreamCore/Utils/InternetConnection.swift /Users/admin/builder/spi-builder-workspace/.dependencies/checkouts/stream-core-swift/Sources/StreamCore/Utils/MultipartFormData.swift /Users/admin/builder/spi-builder-workspace/.dependencies/checkouts/stream-core-swift/Sources/StreamCore/Utils/Publisher+AsyncStream.swift /Users/admin/builder/spi-builder-workspace/.dependencies/checkouts/stream-core-swift/Sources/StreamCore/Utils/Publisher+WeakAssign.swift /Users/admin/builder/spi-builder-workspace/.dependencies/checkouts/stream-core-swift/Sources/StreamCore/Utils/RFC3339DateFormatter.swift /Users/admin/builder/spi-builder-workspace/.dependencies/checkouts/stream-core-swift/Sources/StreamCore/Utils/RawJSON.swift /Users/admin/builder/spi-builder-workspace/.dependencies/checkouts/stream-core-swift/Sources/StreamCore/Utils/ReflectiveStringConvertible.swift /Users/admin/builder/spi-builder-workspace/.dependencies/checkouts/stream-core-swift/Sources/StreamCore/Utils/StateBuilder.swift /Users/admin/builder/spi-builder-workspace/.dependencies/checkouts/stream-core-swift/Sources/StreamCore/Utils/StreamRuntimeCheck.swift /Users/admin/builder/spi-builder-workspace/.dependencies/checkouts/stream-core-swift/Sources/StreamCore/Utils/StringExtensions.swift /Users/admin/builder/spi-builder-workspace/.dependencies/checkouts/stream-core-swift/Sources/StreamCore/Utils/SystemEnvironment+Version.swift /Users/admin/builder/spi-builder-workspace/.dependencies/checkouts/stream-core-swift/Sources/StreamCore/Utils/Task+Timeout.swift /Users/admin/builder/spi-builder-workspace/.dependencies/checkouts/stream-core-swift/Sources/StreamCore/Utils/TimerPublisher.swift /Users/admin/builder/spi-builder-workspace/.dependencies/checkouts/stream-core-swift/Sources/StreamCore/Utils/Timers.swift /Users/admin/builder/spi-builder-workspace/.dependencies/checkouts/stream-core-swift/Sources/StreamCore/WebSocket/Client/APIKey.swift /Users/admin/builder/spi-builder-workspace/.dependencies/checkouts/stream-core-swift/Sources/StreamCore/WebSocket/Client/BackgroundTaskScheduler.swift /Users/admin/builder/spi-builder-workspace/.dependencies/checkouts/stream-core-swift/Sources/StreamCore/WebSocket/Client/ConnectionRecoveryHandler.swift /Users/admin/builder/spi-builder-workspace/.dependencies/checkouts/stream-core-swift/Sources/StreamCore/WebSocket/Client/ConnectionStatus.swift /Users/admin/builder/spi-builder-workspace/.dependencies/checkouts/stream-core-swift/Sources/StreamCore/WebSocket/Client/RetryStrategy.swift /Users/admin/builder/spi-builder-workspace/.dependencies/checkouts/stream-core-swift/Sources/StreamCore/WebSocket/Client/URLSessionWebSocketEngine.swift /Users/admin/builder/spi-builder-workspace/.dependencies/checkouts/stream-core-swift/Sources/StreamCore/WebSocket/Client/WebSocketClient.swift /Users/admin/builder/spi-builder-workspace/.dependencies/checkouts/stream-core-swift/Sources/StreamCore/WebSocket/Client/WebSocketEngine.swift /Users/admin/builder/spi-builder-workspace/.dependencies/checkouts/stream-core-swift/Sources/StreamCore/WebSocket/Client/WebSocketPingController.swift /Users/admin/builder/spi-builder-workspace/.dependencies/checkouts/stream-core-swift/Sources/StreamCore/WebSocket/Events/Event.swift /Users/admin/builder/spi-builder-workspace/.dependencies/checkouts/stream-core-swift/Sources/StreamCore/WebSocket/Events/EventBatcher.swift /Users/admin/builder/spi-builder-workspace/.dependencies/checkouts/stream-core-swift/Sources/StreamCore/WebSocket/Events/EventMiddleware.swift /Users/admin/builder/spi-builder-workspace/.dependencies/checkouts/stream-core-swift/Sources/StreamCore/WebSocket/Events/EventNotificationCenter.swift /Users/admin/builder/spi-builder-workspace/.dependencies/checkouts/stream-core-swift/Sources/StreamCore/WebSocket/Events/StreamJsonDecoder.swift -target arm64-apple-watchos6.0 -Xllvm -aarch64-use-tbi -enable-objc-interop -stack-check -sdk /Applications/Xcode-16.3.0.app/Contents/Developer/Platforms/WatchOS.platform/Developer/SDKs/WatchOS11.4.sdk -I /Users/admin/builder/spi-builder-workspace/.derivedData/Build/Products/Debug-watchos -I /Applications/Xcode-16.3.0.app/Contents/Developer/Platforms/WatchOS.platform/Developer/usr/lib -F /Users/admin/builder/spi-builder-workspace/.derivedData/Build/Products/Debug-watchos -F /Applications/Xcode-16.3.0.app/Contents/Developer/Platforms/WatchOS.platform/Developer/Library/Frameworks -F /Applications/Xcode-16.3.0.app/Contents/Developer/Platforms/WatchOS.platform/Developer/SDKs/WatchOS11.4.sdk/Developer/Library/Frameworks -no-color-diagnostics -enable-testing -g -debug-info-format\=dwarf -dwarf-version\=4 -module-cache-path /Users/admin/builder/spi-builder-workspace/.derivedData/ModuleCache.noindex -suppress-warnings -swift-version 6 -enforce-exclusivity\=checked -Onone -D SWIFT_PACKAGE -D DEBUG -D Xcode -serialize-debugging-options -const-gather-protocols-file /Users/admin/builder/spi-builder-workspace/.derivedData/Build/Intermediates.noindex/StreamCore.build/Debug-watchos/StreamCore.build/Objects-normal/arm64/StreamCore_const_extract_protocols.json -enable-experimental-feature DebugDescriptionMacro -empty-abi-descriptor -plugin-path /Applications/Xcode-16.3.0.app/Contents/Developer/Toolchains/XcodeDefault.xctoolchain/usr/lib/swift/host/plugins/testing -user-module-version 0.15.0 -validate-clang-modules-once -clang-build-session-file /Users/admin/builder/spi-builder-workspace/.derivedData/ModuleCache.noindex/Session.modulevalidation -Xcc -working-directory -Xcc /Users/admin/builder/spi-builder-workspace/.swiftpm/xcode -resource-dir /Applications/Xcode-16.3.0.app/Contents/Developer/Toolchains/XcodeDefault.xctoolchain/usr/lib/swift -enable-anonymous-context-mangled-names -file-compilation-dir /Users/admin/builder/spi-builder-workspace/.swiftpm/xcode -Xcc -ivfsstatcache -Xcc /Users/admin/builder/spi-builder-workspace/.derivedData/SDKStatCaches.noindex/watchos11.4-22T246-43efb940ff07ba2497b70ec94253f576.sdkstatcache -Xcc -I/Users/admin/builder/spi-builder-workspace/.derivedData/Build/Intermediates.noindex/StreamCore.build/Debug-watchos/StreamCore.build/swift-overrides.hmap -Xcc -I/Users/admin/builder/spi-builder-workspace/.derivedData/Build/Products/Debug-watchos/include -Xcc -I/Users/admin/builder/spi-builder-workspace/.derivedData/Build/Intermediates.noindex/StreamCore.build/Debug-watchos/StreamCore.build/DerivedSources-normal/arm64 -Xcc -I/Users/admin/builder/spi-builder-workspace/.derivedData/Build/Intermediates.noindex/StreamCore.build/Debug-watchos/StreamCore.build/DerivedSources/arm64 -Xcc -I/Users/admin/builder/spi-builder-workspace/.derivedData/Build/Intermediates.noindex/StreamCore.build/Debug-watchos/StreamCore.build/DerivedSources -Xcc -DSWIFT_PACKAGE -Xcc -DDEBUG\=1 -module-name StreamCore -package-name stream_core_swift -frontend-parseable-output -disable-clang-spi -target-sdk-version 11.4 -target-sdk-name watchos11.4 -external-plugin-path /Applications/Xcode-16.3.0.app/Contents/Developer/Platforms/WatchOS.platform/Developer/usr/lib/swift/host/plugins\#/Applications/Xcode-16.3.0.app/Contents/Developer/Platforms/WatchOS.platform/Developer/usr/bin/swift-plugin-server -external-plugin-path /Applications/Xcode-16.3.0.app/Contents/Developer/Platforms/WatchOS.platform/Developer/usr/local/lib/swift/host/plugins\#/Applications/Xcode-16.3.0.app/Contents/Developer/Platforms/WatchOS.platform/Developer/usr/bin/swift-plugin-server -in-process-plugin-server-path /Applications/Xcode-16.3.0.app/Contents/Developer/Toolchains/XcodeDefault.xctoolchain/usr/lib/swift/host/libSwiftInProcPluginServer.dylib -plugin-path /Applications/Xcode-16.3.0.app/Contents/Developer/Toolchains/XcodeDefault.xctoolchain/usr/lib/swift/host/plugins -plugin-path /Applications/Xcode-16.3.0.app/Contents/Developer/Toolchains/XcodeDefault.xctoolchain/usr/local/lib/swift/host/plugins -emit-module-doc-path /Users/admin/builder/spi-builder-workspace/.derivedData/Build/Intermediates.noindex/StreamCore.build/Debug-watchos/StreamCore.build/Objects-normal/arm64/StreamCore.swiftdoc -emit-module-source-info-path /Users/admin/builder/spi-builder-workspace/.derivedData/Build/Intermediates.noindex/StreamCore.build/Debug-watchos/StreamCore.build/Objects-normal/arm64/StreamCore.swiftsourceinfo -emit-objc-header-path /Users/admin/builder/spi-builder-workspace/.derivedData/Build/Intermediates.noindex/StreamCore.build/Debug-watchos/StreamCore.build/Objects-normal/arm64/StreamCore-Swift.h -serialize-diagnostics-path /Users/admin/builder/spi-builder-workspace/.derivedData/Build/Intermediates.noindex/StreamCore.build/Debug-watchos/StreamCore.build/Objects-normal/arm64/StreamCore-master-emit-module.dia -emit-dependencies-path /Users/admin/builder/spi-builder-workspace/.derivedData/Build/Intermediates.noindex/StreamCore.build/Debug-watchos/StreamCore.build/Objects-normal/arm64/StreamCore-master-emit-module.d -o /Users/admin/builder/spi-builder-workspace/.derivedData/Build/Intermediates.noindex/StreamCore.build/Debug-watchos/StreamCore.build/Objects-normal/arm64/StreamCore.swiftmodule -emit-abi-descriptor-path /Users/admin/builder/spi-builder-workspace/.derivedData/Build/Intermediates.noindex/StreamCore.build/Debug-watchos/StreamCore.build/Objects-normal/arm64/StreamCore.abi.json
EmitSwiftModule normal arm64 (in target 'StreamCore' from project 'StreamCore')
    cd /Users/admin/builder/spi-builder-workspace/.swiftpm/xcode

/Users/admin/builder/spi-builder-workspace/.dependencies/checkouts/stream-core-swift/Sources/StreamCore/Logger/Destination/OSLogDestination.swift:10:38: error: 'Logger' is only available in watchOS 7.0 or newer
    private let loggers: [String: os.Logger] = LogSubsystem
                                     ^
/Users/admin/builder/spi-builder-workspace/.dependencies/checkouts/stream-core-swift/Sources/StreamCore/Logger/Destination/OSLogDestination.swift:9:20: note: add @available attribute to enclosing class
public final class OSLogDestination: BaseLogDestination, @unchecked Sendable {
                   ^
/Users/admin/builder/spi-builder-workspace/.dependencies/checkouts/stream-core-swift/Sources/StreamCore/Logger/Destination/OSLogDestination.swift:12:35: error: 'Logger' is only available in watchOS 7.0 or newer
        .reduce(into: [String: os.Logger]()) {
                                  ^
/Users/admin/builder/spi-builder-workspace/.dependencies/checkouts/stream-core-swift/Sources/StreamCore/Logger/Destination/OSLogDestination.swift:9:20: note: add @available attribute to enclosing class
public final class OSLogDestination: BaseLogDestination, @unchecked Sendable {
                   ^
SwiftEmitModule normal arm64_32 Emitting\ module\ for\ StreamCore (in target 'StreamCore' from project 'StreamCore')
EmitSwiftModule normal arm64_32 (in target 'StreamCore' from project 'StreamCore')
    cd /Users/admin/builder/spi-builder-workspace/.swiftpm/xcode

SwiftEmitModule normal armv7k Emitting\ module\ for\ StreamCore (in target 'StreamCore' from project 'StreamCore')
Command SwiftEmitModule failed with a nonzero exit code
** BUILD FAILED **
The following build commands failed:
	SwiftEmitModule normal arm64 Emitting\ module\ for\ StreamCore (in target 'StreamCore' from project 'StreamCore')
	EmitSwiftModule normal arm64 (in target 'StreamCore' from project 'StreamCore')
	SwiftEmitModule normal armv7k Emitting\ module\ for\ StreamCore (in target 'StreamCore' from project 'StreamCore')
	Building workspace spi-builder-workspace with scheme StreamChat-Package
(4 failures)
BUILD FAILURE 6.1 watchOS