Build Information
Failed to build StyleDecorator, reference 1.0.0 (6d9234), with Swift 6.4 for macOS (Xcode) using Xcode 27.0 on 16 Sep 2026 01:22:15 UTC.
Build Command
env DEVELOPER_DIR=/Applications/Xcode-27.0.0-Release.Candidate.app xcrun xcodebuild -IDEClonedSourcePackagesDirPathOverride=$PWD/.dependencies -skipMacroValidation -skipPackagePluginValidation -derivedDataPath $PWD/.derivedData build -scheme StyleDecorator -destination platform=macOS,arch=arm64Build Log
========================================
RunAll
========================================
Builder version: 5.1.0
Interrupt handler set up.
========================================
Checkout
========================================
Clone URL: https://github.com/dimpiax/StyleDecorator.git
Reference: 1.0.0
Initialized empty Git repository in /Users/admin/builder/spi-builder-workspace/.git/
From https://github.com/dimpiax/StyleDecorator
* tag 1.0.0 -> FETCH_HEAD
HEAD is now at 6d9234c Update to Swift 5.
Cloned https://github.com/dimpiax/StyleDecorator.git
Revision (git rev-parse @):
6d9234c9437d1ebbd0ed819696b443c4091044af
SUCCESS checkout https://github.com/dimpiax/StyleDecorator.git at 1.0.0
========================================
Build
========================================
Selected platform: macosXcodebuild
Swift version: 6.4
Building package at path: $PWD
https://github.com/dimpiax/StyleDecorator.git
Command line invocation:
/Applications/Xcode-27.0.0-Release.Candidate.app/Contents/Developer/usr/bin/xcodebuild -IDEClonedSourcePackagesDirPathOverride=/Users/admin/builder/spi-builder-workspace/.dependencies -resolvePackageDependencies
Resolve Package Graph
Resolve Package Graph
Resolved source packages:
StyleDecorator: /Users/admin/builder/spi-builder-workspace
resolved source packages: StyleDecorator
2026-09-15 21:21:25.444 xcodebuild[529:3051] [MT] IDERunDestination: Supported platforms for the buildables in the current scheme is empty.
{
"dependencies" : [
],
"manifest_display_name" : "StyleDecorator",
"name" : "StyleDecorator",
"path" : "/Users/admin/builder/spi-builder-workspace",
"platforms" : [
],
"products" : [
{
"name" : "StyleDecorator",
"targets" : [
"StyleDecorator"
],
"type" : {
"library" : [
"automatic"
]
}
}
],
"targets" : [
{
"c99name" : "StyleDecoratorTests",
"module_type" : "SwiftTarget",
"name" : "StyleDecoratorTests",
"path" : "Tests/StyleDecoratorTests",
"sources" : [
"StyleDecoratorTests.swift",
"XCTestManifests.swift"
],
"target_dependencies" : [
"StyleDecorator"
],
"type" : "test"
},
{
"c99name" : "StyleDecorator",
"module_type" : "SwiftTarget",
"name" : "StyleDecorator",
"path" : "Sources/StyleDecorator",
"product_memberships" : [
"StyleDecorator"
],
"sources" : [
"Decorator.swift",
"NSAttributedString+.swift",
"Parapraph.swift",
"Style.swift"
],
"type" : "library"
}
],
"tools_version" : "5.1"
}
{
"workspace" : {
"name" : "StyleDecorator",
"schemes" : [
"StyleDecorator"
]
}
}
2026-09-15 21:22:06.678 xcodebuild[648:4176] [MT] IDERunDestination: Supported platforms for the buildables in the current scheme is empty.
Running build ...
env DEVELOPER_DIR=/Applications/Xcode-27.0.0-Release.Candidate.app xcrun xcodebuild -IDEClonedSourcePackagesDirPathOverride=$PWD/.dependencies -skipMacroValidation -skipPackagePluginValidation -derivedDataPath $PWD/.derivedData build -scheme StyleDecorator -destination platform=macOS,arch=arm64
Command line invocation:
/Applications/Xcode-27.0.0-Release.Candidate.app/Contents/Developer/usr/bin/xcodebuild -IDEClonedSourcePackagesDirPathOverride=/Users/admin/builder/spi-builder-workspace/.dependencies -skipMacroValidation -skipPackagePluginValidation -derivedDataPath /Users/admin/builder/spi-builder-workspace/.derivedData build -scheme StyleDecorator -destination platform=macOS,arch=arm64
Resolve Package Graph
Resolved source packages:
StyleDecorator: /Users/admin/builder/spi-builder-workspace
ComputePackagePrebuildTargetDependencyGraph
Prepare packages
CreateBuildRequest
SendProjectDescription
CreateBuildOperation
ComputeTargetDependencyGraph
note: Building targets in dependency order
note: Target dependency graph (2 targets)
Target 'StyleDecorator-product' in project 'StyleDecorator'
➜ Explicit dependency on target 'StyleDecorator' in project 'StyleDecorator'
Target 'StyleDecorator' in project 'StyleDecorator' (no dependencies)
GatherProvisioningInputs
CreateBuildDescription
ExecuteExternalTool /Applications/Xcode-27.0.0-Release.Candidate.app/Contents/Developer/Toolchains/XcodeDefault.xctoolchain/usr/bin/clang -v -E -dM -isysroot /Applications/Xcode-27.0.0-Release.Candidate.app/Contents/Developer/Platforms/MacOSX.platform/Developer/SDKs/MacOSX27.0.sdk -x c -c /dev/null
ExecuteExternalTool /Applications/Xcode-27.0.0-Release.Candidate.app/Contents/Developer/Toolchains/XcodeDefault.xctoolchain/usr/bin/swiftc --version
ExecuteExternalTool /Applications/Xcode-27.0.0-Release.Candidate.app/Contents/Developer/Toolchains/XcodeDefault.xctoolchain/usr/bin/ld -version_details
Build description signature: de2562a8de17acd397eea8ff272fce16
Build description path: /Users/admin/builder/spi-builder-workspace/.derivedData/Build/Intermediates.noindex/XCBuildData/de2562a8de17acd397eea8ff272fce16.xcbuilddata
CreateBuildDirectory /Users/admin/builder/spi-builder-workspace/.derivedData/SDKExplicitPrecompiledModules
cd /Users/admin/builder/spi-builder-workspace/.swiftpm/xcode
builtin-create-build-directory /Users/admin/builder/spi-builder-workspace/.derivedData/SDKExplicitPrecompiledModules
CreateBuildDirectory /Users/admin/builder/spi-builder-workspace/.derivedData/ModuleCache.noindex
cd /Users/admin/builder/spi-builder-workspace/.swiftpm/xcode
builtin-create-build-directory /Users/admin/builder/spi-builder-workspace/.derivedData/ModuleCache.noindex
CreateBuildDirectory /Users/admin/builder/spi-builder-workspace/.derivedData/CompilationCache.noindex
cd /Users/admin/builder/spi-builder-workspace/.swiftpm/xcode
builtin-create-build-directory /Users/admin/builder/spi-builder-workspace/.derivedData/CompilationCache.noindex
CreateBuildDirectory /Users/admin/builder/spi-builder-workspace/.derivedData/Build/Products
cd /Users/admin/builder/spi-builder-workspace/.swiftpm/xcode
builtin-create-build-directory /Users/admin/builder/spi-builder-workspace/.derivedData/Build/Products
CreateBuildDirectory /Users/admin/builder/spi-builder-workspace/.derivedData/Build/Intermediates.noindex
cd /Users/admin/builder/spi-builder-workspace/.swiftpm/xcode
builtin-create-build-directory /Users/admin/builder/spi-builder-workspace/.derivedData/Build/Intermediates.noindex
ClangStatCache /Applications/Xcode-27.0.0-Release.Candidate.app/Contents/Developer/Toolchains/XcodeDefault.xctoolchain/usr/bin/clang-stat-cache /Applications/Xcode-27.0.0-Release.Candidate.app/Contents/Developer/Platforms/MacOSX.platform/Developer/SDKs/MacOSX27.0.sdk /Users/admin/builder/spi-builder-workspace/.derivedData/SDKStatCaches.noindex/macosx27.0-26A425-e829b21a6f8c9b70876ba0858053c0446a22442a12e9d48fe1a705f55a1adfc4.sdkstatcache
cd /Users/admin/builder/spi-builder-workspace/.swiftpm/xcode
/Applications/Xcode-27.0.0-Release.Candidate.app/Contents/Developer/Toolchains/XcodeDefault.xctoolchain/usr/bin/clang-stat-cache /Applications/Xcode-27.0.0-Release.Candidate.app/Contents/Developer/Platforms/MacOSX.platform/Developer/SDKs/MacOSX27.0.sdk -o /Users/admin/builder/spi-builder-workspace/.derivedData/SDKStatCaches.noindex/macosx27.0-26A425-e829b21a6f8c9b70876ba0858053c0446a22442a12e9d48fe1a705f55a1adfc4.sdkstatcache
CreateBuildDirectory /Users/admin/builder/spi-builder-workspace/.derivedData/Build/Products/Debug
cd /Users/admin/builder/spi-builder-workspace/.swiftpm/xcode
builtin-create-build-directory /Users/admin/builder/spi-builder-workspace/.derivedData/Build/Products/Debug
CreateBuildDirectory /Users/admin/builder/spi-builder-workspace/.derivedData/Build/Intermediates.noindex/SwiftExplicitPrecompiledModules
cd /Users/admin/builder/spi-builder-workspace/.swiftpm/xcode
builtin-create-build-directory /Users/admin/builder/spi-builder-workspace/.derivedData/Build/Intermediates.noindex/SwiftExplicitPrecompiledModules
CreateBuildDirectory /Users/admin/builder/spi-builder-workspace/.derivedData/Build/Intermediates.noindex/PrecompiledHeaders
cd /Users/admin/builder/spi-builder-workspace/.swiftpm/xcode
builtin-create-build-directory /Users/admin/builder/spi-builder-workspace/.derivedData/Build/Intermediates.noindex/PrecompiledHeaders
CreateBuildDirectory /Users/admin/builder/spi-builder-workspace/.derivedData/Build/Intermediates.noindex/ExplicitPrecompiledModules
cd /Users/admin/builder/spi-builder-workspace/.swiftpm/xcode
builtin-create-build-directory /Users/admin/builder/spi-builder-workspace/.derivedData/Build/Intermediates.noindex/ExplicitPrecompiledModules
CreateBuildDirectory /Users/admin/builder/spi-builder-workspace/.derivedData/Build/Intermediates.noindex/EagerLinkingTBDs/Debug
cd /Users/admin/builder/spi-builder-workspace/.swiftpm/xcode
builtin-create-build-directory /Users/admin/builder/spi-builder-workspace/.derivedData/Build/Intermediates.noindex/EagerLinkingTBDs/Debug
CreateBuildDirectory /Users/admin/builder/spi-builder-workspace/.derivedData/Build/Products/Debug/PackageFrameworks
cd /Users/admin/builder/spi-builder-workspace/.swiftpm/xcode
builtin-create-build-directory /Users/admin/builder/spi-builder-workspace/.derivedData/Build/Products/Debug/PackageFrameworks
WriteAuxiliaryFile /Users/admin/builder/spi-builder-workspace/.derivedData/Build/Intermediates.noindex/StyleDecorator.build/Debug/StyleDecorator-t.build/StyleDecorator.modulemap (in target 'StyleDecorator' from project 'StyleDecorator')
cd /Users/admin/builder/spi-builder-workspace
write-file /Users/admin/builder/spi-builder-workspace/.derivedData/Build/Intermediates.noindex/StyleDecorator.build/Debug/StyleDecorator-t.build/StyleDecorator.modulemap
WriteAuxiliaryFile /Users/admin/builder/spi-builder-workspace/.derivedData/Build/Intermediates.noindex/StyleDecorator.build/Debug/StyleDecorator-t.build/StyleDecorator.DependencyStaticMetadataFileList (in target 'StyleDecorator' from project 'StyleDecorator')
cd /Users/admin/builder/spi-builder-workspace
write-file /Users/admin/builder/spi-builder-workspace/.derivedData/Build/Intermediates.noindex/StyleDecorator.build/Debug/StyleDecorator-t.build/StyleDecorator.DependencyStaticMetadataFileList
WriteAuxiliaryFile /Users/admin/builder/spi-builder-workspace/.derivedData/Build/Intermediates.noindex/StyleDecorator.build/Debug/StyleDecorator-t.build/StyleDecorator.DependencyMetadataFileList (in target 'StyleDecorator' from project 'StyleDecorator')
cd /Users/admin/builder/spi-builder-workspace
write-file /Users/admin/builder/spi-builder-workspace/.derivedData/Build/Intermediates.noindex/StyleDecorator.build/Debug/StyleDecorator-t.build/StyleDecorator.DependencyMetadataFileList
WriteAuxiliaryFile /Users/admin/builder/spi-builder-workspace/.derivedData/Build/Intermediates.noindex/StyleDecorator.build/Debug/StyleDecorator-t.build/Objects-normal/arm64/StyleDecorator.SwiftConstValuesFileList (in target 'StyleDecorator' from project 'StyleDecorator')
cd /Users/admin/builder/spi-builder-workspace
write-file /Users/admin/builder/spi-builder-workspace/.derivedData/Build/Intermediates.noindex/StyleDecorator.build/Debug/StyleDecorator-t.build/Objects-normal/arm64/StyleDecorator.SwiftConstValuesFileList
WriteAuxiliaryFile /Users/admin/builder/spi-builder-workspace/.derivedData/Build/Intermediates.noindex/StyleDecorator.build/Debug/StyleDecorator-t.build/Objects-normal/arm64/StyleDecorator-OutputFileMap.json (in target 'StyleDecorator' from project 'StyleDecorator')
cd /Users/admin/builder/spi-builder-workspace
write-file /Users/admin/builder/spi-builder-workspace/.derivedData/Build/Intermediates.noindex/StyleDecorator.build/Debug/StyleDecorator-t.build/Objects-normal/arm64/StyleDecorator-OutputFileMap.json
WriteAuxiliaryFile /Users/admin/builder/spi-builder-workspace/.derivedData/Build/Intermediates.noindex/StyleDecorator.build/Debug/StyleDecorator-t.build/Objects-normal/arm64/StyleDecorator.LinkFileList (in target 'StyleDecorator' from project 'StyleDecorator')
cd /Users/admin/builder/spi-builder-workspace
write-file /Users/admin/builder/spi-builder-workspace/.derivedData/Build/Intermediates.noindex/StyleDecorator.build/Debug/StyleDecorator-t.build/Objects-normal/arm64/StyleDecorator.LinkFileList
WriteAuxiliaryFile /Users/admin/builder/spi-builder-workspace/.derivedData/Build/Intermediates.noindex/StyleDecorator.build/Debug/StyleDecorator-t.build/Objects-normal/arm64/StyleDecorator.SwiftFileList (in target 'StyleDecorator' from project 'StyleDecorator')
cd /Users/admin/builder/spi-builder-workspace
write-file /Users/admin/builder/spi-builder-workspace/.derivedData/Build/Intermediates.noindex/StyleDecorator.build/Debug/StyleDecorator-t.build/Objects-normal/arm64/StyleDecorator.SwiftFileList
WriteAuxiliaryFile /Users/admin/builder/spi-builder-workspace/.derivedData/Build/Intermediates.noindex/StyleDecorator.build/Debug/StyleDecorator-t.build/Objects-normal/arm64/StyleDecorator_const_extract_protocols.json (in target 'StyleDecorator' from project 'StyleDecorator')
cd /Users/admin/builder/spi-builder-workspace
write-file /Users/admin/builder/spi-builder-workspace/.derivedData/Build/Intermediates.noindex/StyleDecorator.build/Debug/StyleDecorator-t.build/Objects-normal/arm64/StyleDecorator_const_extract_protocols.json
Copy /Users/admin/builder/spi-builder-workspace/.derivedData/Build/Intermediates.noindex/GeneratedModuleMaps/StyleDecorator.modulemap /Users/admin/builder/spi-builder-workspace/.derivedData/Build/Intermediates.noindex/StyleDecorator.build/Debug/StyleDecorator-t.build/StyleDecorator.modulemap (in target 'StyleDecorator' from project 'StyleDecorator')
cd /Users/admin/builder/spi-builder-workspace
builtin-copy -exclude .DS_Store -exclude CVS -exclude .svn -exclude .git -exclude .hg -resolve-src-symlinks /Users/admin/builder/spi-builder-workspace/.derivedData/Build/Intermediates.noindex/StyleDecorator.build/Debug/StyleDecorator-t.build/StyleDecorator.modulemap /Users/admin/builder/spi-builder-workspace/.derivedData/Build/Intermediates.noindex/GeneratedModuleMaps
SwiftDriver StyleDecorator normal arm64 com.apple.xcode.tools.swift.compiler (in target 'StyleDecorator' from project 'StyleDecorator')
cd /Users/admin/builder/spi-builder-workspace/.swiftpm/xcode
builtin-SwiftDriver -- /Applications/Xcode-27.0.0-Release.Candidate.app/Contents/Developer/Toolchains/XcodeDefault.xctoolchain/usr/bin/swiftc -parse-as-library -module-name StyleDecorator -Onone @/Users/admin/builder/spi-builder-workspace/.derivedData/Build/Intermediates.noindex/StyleDecorator.build/Debug/StyleDecorator-t.build/Objects-normal/arm64/StyleDecorator.SwiftFileList -DSWIFT_PACKAGE -DDEBUG -DSWIFT_MODULE_RESOURCE_BUNDLE_UNAVAILABLE -DXcode -plugin-path /Applications/Xcode-27.0.0-Release.Candidate.app/Contents/Developer/Toolchains/XcodeDefault.xctoolchain/usr/lib/swift/host/plugins/testing -enable-experimental-feature DebugDescriptionMacro -sdk /Applications/Xcode-27.0.0-Release.Candidate.app/Contents/Developer/Platforms/MacOSX.platform/Developer/SDKs/MacOSX27.0.sdk -target arm64-apple-macos12.0 -g -module-cache-path /Users/admin/builder/spi-builder-workspace/.derivedData/ModuleCache.noindex -Xfrontend -serialize-debugging-options -profile-coverage-mapping -profile-generate -enable-testing -index-store-path /Users/admin/builder/spi-builder-workspace/.derivedData/Index.noindex/DataStore -Xcc -D_LIBCPP_HARDENING_MODE\=_LIBCPP_HARDENING_MODE_DEBUG -swift-version 5 -I /Users/admin/builder/spi-builder-workspace/.derivedData/Build/Products/Debug -Isystem /Applications/Xcode-27.0.0-Release.Candidate.app/Contents/Developer/Platforms/MacOSX.platform/Developer/usr/lib -F /Users/admin/builder/spi-builder-workspace/.derivedData/Build/Products/Debug -F /Applications/Xcode-27.0.0-Release.Candidate.app/Contents/Developer/Platforms/MacOSX.platform/Developer/Library/Frameworks -c -j10 -enable-batch-mode -incremental -Xcc -ivfsstatcache -Xcc /Users/admin/builder/spi-builder-workspace/.derivedData/SDKStatCaches.noindex/macosx27.0-26A425-e829b21a6f8c9b70876ba0858053c0446a22442a12e9d48fe1a705f55a1adfc4.sdkstatcache -output-file-map /Users/admin/builder/spi-builder-workspace/.derivedData/Build/Intermediates.noindex/StyleDecorator.build/Debug/StyleDecorator-t.build/Objects-normal/arm64/StyleDecorator-OutputFileMap.json -save-temps -no-color-diagnostics -explicit-module-build -module-cache-path /Users/admin/builder/spi-builder-workspace/.derivedData/Build/Intermediates.noindex/SwiftExplicitPrecompiledModules -clang-scanner-module-cache-path /Users/admin/builder/spi-builder-workspace/.derivedData/ModuleCache.noindex -sdk-module-cache-path /Users/admin/builder/spi-builder-workspace/.derivedData/SDKExplicitPrecompiledModules -emit-dependencies -emit-module -emit-module-path /Users/admin/builder/spi-builder-workspace/.derivedData/Build/Intermediates.noindex/StyleDecorator.build/Debug/StyleDecorator-t.build/Objects-normal/arm64/StyleDecorator.swiftmodule -serialize-diagnostics -dependency-scan-serialize-diagnostics-path /Users/admin/builder/spi-builder-workspace/.derivedData/Build/Intermediates.noindex/StyleDecorator.build/Debug/StyleDecorator-t.build/Objects-normal/arm64/StyleDecorator-dependency-scan.dia -validate-clang-modules-once -clang-build-session-file /Users/admin/builder/spi-builder-workspace/.derivedData/ModuleCache.noindex/Session.modulevalidation -Xcc -fmodules-prune-interval\=86400 -Xcc -fmodules-prune-after\=345600 -emit-const-values -const-gather-protocols-list /Users/admin/builder/spi-builder-workspace/.derivedData/Build/Intermediates.noindex/StyleDecorator.build/Debug/StyleDecorator-t.build/Objects-normal/arm64/StyleDecorator_const_extract_protocols.json -Xcc -I/Users/admin/builder/spi-builder-workspace/.derivedData/Build/Products/Debug/include -Xcc -I/Users/admin/builder/spi-builder-workspace/.derivedData/Build/Intermediates.noindex/StyleDecorator.build/Debug/StyleDecorator-t.build/DerivedSources-normal/arm64 -Xcc -I/Users/admin/builder/spi-builder-workspace/.derivedData/Build/Intermediates.noindex/StyleDecorator.build/Debug/StyleDecorator-t.build/DerivedSources/arm64 -Xcc -I/Users/admin/builder/spi-builder-workspace/.derivedData/Build/Intermediates.noindex/StyleDecorator.build/Debug/StyleDecorator-t.build/DerivedSources -Xcc -DSWIFT_PACKAGE -Xcc -DDEBUG\=1 -emit-objc-header -emit-objc-header-path /Users/admin/builder/spi-builder-workspace/.derivedData/Build/Intermediates.noindex/StyleDecorator.build/Debug/StyleDecorator-t.build/Objects-normal/arm64/StyleDecorator-Swift.h -working-directory /Users/admin/builder/spi-builder-workspace/.swiftpm/xcode -experimental-emit-module-separately -disable-cmo
/Users/admin/builder/spi-builder-workspace/Sources/StyleDecorator/NSAttributedString+.swift:9:8: error: Unable to resolve module dependency: 'UIKit' (in target 'StyleDecorator' from project 'StyleDecorator')
note: A dependency of main module 'StyleDecorator'
/Users/admin/builder/spi-builder-workspace/Sources/StyleDecorator/Parapraph.swift:9:8: note: Also imported here
/Users/admin/builder/spi-builder-workspace/Sources/StyleDecorator/Style.swift:9:8: note: Also imported here
/Users/admin/builder/spi-builder-workspace/Sources/StyleDecorator/NSAttributedString+.swift:9:8: note: A dependency of main module 'StyleDecorator'
import UIKit
^ (in target 'StyleDecorator' from project 'StyleDecorator')
/Users/admin/builder/spi-builder-workspace/Sources/StyleDecorator/Parapraph.swift:9:8: note: Also imported here
import UIKit
^ (in target 'StyleDecorator' from project 'StyleDecorator')
/Users/admin/builder/spi-builder-workspace/Sources/StyleDecorator/Style.swift:9:8: note: Also imported here
import UIKit
^ (in target 'StyleDecorator' from project 'StyleDecorator')
PruneExplicitPrecompiledModules /Users/admin/builder/spi-builder-workspace/.derivedData/Build/Intermediates.noindex/ExplicitPrecompiledModules
PruneExplicitPrecompiledModules /Users/admin/builder/spi-builder-workspace/.derivedData/Build/Intermediates.noindex/SwiftExplicitPrecompiledModules
PruneExplicitPrecompiledModules /Users/admin/builder/spi-builder-workspace/.derivedData/SDKExplicitPrecompiledModules
2026-09-15 21:22:08.222 xcodebuild[649:4220] [MT] IDERunDestination: Supported platforms for the buildables in the current scheme is empty.
--- xcodebuild: WARNING: Using the first of multiple matching destinations:
{ platform:macOS, arch:arm64, id:0a372ce542c69cb7f9994d9f99eb69091e497e32, name:My Mac }
{ platform:macOS, arch:arm64, variant:Mac Catalyst, id:0a372ce542c69cb7f9994d9f99eb69091e497e32, name:My Mac }
{ platform:macOS, arch:arm64, variant:DriverKit, id:0a372ce542c69cb7f9994d9f99eb69091e497e32, name:My Mac }
{ platform:macOS, arch:arm64, variant:Designed for [iPad,iPhone], id:0a372ce542c69cb7f9994d9f99eb69091e497e32, name:My Mac }
** BUILD FAILED **
The following build commands failed:
SwiftDriver StyleDecorator normal arm64 com.apple.xcode.tools.swift.compiler (in target 'StyleDecorator' from project 'StyleDecorator')
Building workspace StyleDecorator with scheme StyleDecorator
(2 failures)
Command line invocation:
/Applications/Xcode-27.0.0-Release.Candidate.app/Contents/Developer/usr/bin/xcodebuild -IDEClonedSourcePackagesDirPathOverride=/Users/admin/builder/spi-builder-workspace/.dependencies -resolvePackageDependencies
Resolve Package Graph
Resolved source packages:
StyleDecorator: /Users/admin/builder/spi-builder-workspace
resolved source packages: StyleDecorator
2026-09-15 21:22:12.751 xcodebuild[664:4388] [MT] IDERunDestination: Supported platforms for the buildables in the current scheme is empty.
{
"dependencies" : [
],
"manifest_display_name" : "StyleDecorator",
"name" : "StyleDecorator",
"path" : "/Users/admin/builder/spi-builder-workspace",
"platforms" : [
],
"products" : [
{
"name" : "StyleDecorator",
"targets" : [
"StyleDecorator"
],
"type" : {
"library" : [
"automatic"
]
}
}
],
"targets" : [
{
"c99name" : "StyleDecoratorTests",
"module_type" : "SwiftTarget",
"name" : "StyleDecoratorTests",
"path" : "Tests/StyleDecoratorTests",
"sources" : [
"StyleDecoratorTests.swift",
"XCTestManifests.swift"
],
"target_dependencies" : [
"StyleDecorator"
],
"type" : "test"
},
{
"c99name" : "StyleDecorator",
"module_type" : "SwiftTarget",
"name" : "StyleDecorator",
"path" : "Sources/StyleDecorator",
"product_memberships" : [
"StyleDecorator"
],
"sources" : [
"Decorator.swift",
"NSAttributedString+.swift",
"Parapraph.swift",
"Style.swift"
],
"type" : "library"
}
],
"tools_version" : "5.1"
}
{
"workspace" : {
"name" : "StyleDecorator",
"schemes" : [
"StyleDecorator"
]
}
}
2026-09-15 21:22:13.939 xcodebuild[672:4455] [MT] IDERunDestination: Supported platforms for the buildables in the current scheme is empty.
Running build ...
env DEVELOPER_DIR=/Applications/Xcode-27.0.0-Release.Candidate.app xcrun xcodebuild -IDEClonedSourcePackagesDirPathOverride=$PWD/.dependencies -skipMacroValidation -skipPackagePluginValidation -derivedDataPath $PWD/.derivedData build -scheme StyleDecorator -destination platform=macOS,arch=arm64
Command line invocation:
/Applications/Xcode-27.0.0-Release.Candidate.app/Contents/Developer/usr/bin/xcodebuild -IDEClonedSourcePackagesDirPathOverride=/Users/admin/builder/spi-builder-workspace/.dependencies -skipMacroValidation -skipPackagePluginValidation -derivedDataPath /Users/admin/builder/spi-builder-workspace/.derivedData build -scheme StyleDecorator -destination platform=macOS,arch=arm64
Resolve Package Graph
Resolved source packages:
StyleDecorator: /Users/admin/builder/spi-builder-workspace
ComputePackagePrebuildTargetDependencyGraph
Prepare packages
CreateBuildRequest
SendProjectDescription
CreateBuildOperation
ComputeTargetDependencyGraph
note: Building targets in dependency order
note: Target dependency graph (2 targets)
Target 'StyleDecorator-product' in project 'StyleDecorator'
➜ Explicit dependency on target 'StyleDecorator' in project 'StyleDecorator'
Target 'StyleDecorator' in project 'StyleDecorator' (no dependencies)
GatherProvisioningInputs
CreateBuildDescription
ClangStatCache /Applications/Xcode-27.0.0-Release.Candidate.app/Contents/Developer/Toolchains/XcodeDefault.xctoolchain/usr/bin/clang-stat-cache /Applications/Xcode-27.0.0-Release.Candidate.app/Contents/Developer/Platforms/MacOSX.platform/Developer/SDKs/MacOSX27.0.sdk /Users/admin/builder/spi-builder-workspace/.derivedData/SDKStatCaches.noindex/macosx27.0-26A425-e829b21a6f8c9b70876ba0858053c0446a22442a12e9d48fe1a705f55a1adfc4.sdkstatcache
cd /Users/admin/builder/spi-builder-workspace/.swiftpm/xcode
/Applications/Xcode-27.0.0-Release.Candidate.app/Contents/Developer/Toolchains/XcodeDefault.xctoolchain/usr/bin/clang-stat-cache /Applications/Xcode-27.0.0-Release.Candidate.app/Contents/Developer/Platforms/MacOSX.platform/Developer/SDKs/MacOSX27.0.sdk -o /Users/admin/builder/spi-builder-workspace/.derivedData/SDKStatCaches.noindex/macosx27.0-26A425-e829b21a6f8c9b70876ba0858053c0446a22442a12e9d48fe1a705f55a1adfc4.sdkstatcache
SwiftDriver StyleDecorator normal arm64 com.apple.xcode.tools.swift.compiler (in target 'StyleDecorator' from project 'StyleDecorator')
cd /Users/admin/builder/spi-builder-workspace/.swiftpm/xcode
builtin-SwiftDriver -- /Applications/Xcode-27.0.0-Release.Candidate.app/Contents/Developer/Toolchains/XcodeDefault.xctoolchain/usr/bin/swiftc -parse-as-library -module-name StyleDecorator -Onone @/Users/admin/builder/spi-builder-workspace/.derivedData/Build/Intermediates.noindex/StyleDecorator.build/Debug/StyleDecorator-t.build/Objects-normal/arm64/StyleDecorator.SwiftFileList -DSWIFT_PACKAGE -DDEBUG -DSWIFT_MODULE_RESOURCE_BUNDLE_UNAVAILABLE -DXcode -plugin-path /Applications/Xcode-27.0.0-Release.Candidate.app/Contents/Developer/Toolchains/XcodeDefault.xctoolchain/usr/lib/swift/host/plugins/testing -enable-experimental-feature DebugDescriptionMacro -sdk /Applications/Xcode-27.0.0-Release.Candidate.app/Contents/Developer/Platforms/MacOSX.platform/Developer/SDKs/MacOSX27.0.sdk -target arm64-apple-macos12.0 -g -module-cache-path /Users/admin/builder/spi-builder-workspace/.derivedData/ModuleCache.noindex -Xfrontend -serialize-debugging-options -profile-coverage-mapping -profile-generate -enable-testing -index-store-path /Users/admin/builder/spi-builder-workspace/.derivedData/Index.noindex/DataStore -Xcc -D_LIBCPP_HARDENING_MODE\=_LIBCPP_HARDENING_MODE_DEBUG -swift-version 5 -I /Users/admin/builder/spi-builder-workspace/.derivedData/Build/Products/Debug -Isystem /Applications/Xcode-27.0.0-Release.Candidate.app/Contents/Developer/Platforms/MacOSX.platform/Developer/usr/lib -F /Users/admin/builder/spi-builder-workspace/.derivedData/Build/Products/Debug -F /Applications/Xcode-27.0.0-Release.Candidate.app/Contents/Developer/Platforms/MacOSX.platform/Developer/Library/Frameworks -c -j10 -enable-batch-mode -incremental -Xcc -ivfsstatcache -Xcc /Users/admin/builder/spi-builder-workspace/.derivedData/SDKStatCaches.noindex/macosx27.0-26A425-e829b21a6f8c9b70876ba0858053c0446a22442a12e9d48fe1a705f55a1adfc4.sdkstatcache -output-file-map /Users/admin/builder/spi-builder-workspace/.derivedData/Build/Intermediates.noindex/StyleDecorator.build/Debug/StyleDecorator-t.build/Objects-normal/arm64/StyleDecorator-OutputFileMap.json -save-temps -no-color-diagnostics -explicit-module-build -module-cache-path /Users/admin/builder/spi-builder-workspace/.derivedData/Build/Intermediates.noindex/SwiftExplicitPrecompiledModules -clang-scanner-module-cache-path /Users/admin/builder/spi-builder-workspace/.derivedData/ModuleCache.noindex -sdk-module-cache-path /Users/admin/builder/spi-builder-workspace/.derivedData/SDKExplicitPrecompiledModules -emit-dependencies -emit-module -emit-module-path /Users/admin/builder/spi-builder-workspace/.derivedData/Build/Intermediates.noindex/StyleDecorator.build/Debug/StyleDecorator-t.build/Objects-normal/arm64/StyleDecorator.swiftmodule -serialize-diagnostics -dependency-scan-serialize-diagnostics-path /Users/admin/builder/spi-builder-workspace/.derivedData/Build/Intermediates.noindex/StyleDecorator.build/Debug/StyleDecorator-t.build/Objects-normal/arm64/StyleDecorator-dependency-scan.dia -validate-clang-modules-once -clang-build-session-file /Users/admin/builder/spi-builder-workspace/.derivedData/ModuleCache.noindex/Session.modulevalidation -Xcc -fmodules-prune-interval\=86400 -Xcc -fmodules-prune-after\=345600 -emit-const-values -const-gather-protocols-list /Users/admin/builder/spi-builder-workspace/.derivedData/Build/Intermediates.noindex/StyleDecorator.build/Debug/StyleDecorator-t.build/Objects-normal/arm64/StyleDecorator_const_extract_protocols.json -Xcc -I/Users/admin/builder/spi-builder-workspace/.derivedData/Build/Products/Debug/include -Xcc -I/Users/admin/builder/spi-builder-workspace/.derivedData/Build/Intermediates.noindex/StyleDecorator.build/Debug/StyleDecorator-t.build/DerivedSources-normal/arm64 -Xcc -I/Users/admin/builder/spi-builder-workspace/.derivedData/Build/Intermediates.noindex/StyleDecorator.build/Debug/StyleDecorator-t.build/DerivedSources/arm64 -Xcc -I/Users/admin/builder/spi-builder-workspace/.derivedData/Build/Intermediates.noindex/StyleDecorator.build/Debug/StyleDecorator-t.build/DerivedSources -Xcc -DSWIFT_PACKAGE -Xcc -DDEBUG\=1 -emit-objc-header -emit-objc-header-path /Users/admin/builder/spi-builder-workspace/.derivedData/Build/Intermediates.noindex/StyleDecorator.build/Debug/StyleDecorator-t.build/Objects-normal/arm64/StyleDecorator-Swift.h -working-directory /Users/admin/builder/spi-builder-workspace/.swiftpm/xcode -experimental-emit-module-separately -disable-cmo
/Users/admin/builder/spi-builder-workspace/Sources/StyleDecorator/NSAttributedString+.swift:9:8: error: Unable to resolve module dependency: 'UIKit' (in target 'StyleDecorator' from project 'StyleDecorator')
note: A dependency of main module 'StyleDecorator'
/Users/admin/builder/spi-builder-workspace/Sources/StyleDecorator/Parapraph.swift:9:8: note: Also imported here
/Users/admin/builder/spi-builder-workspace/Sources/StyleDecorator/Style.swift:9:8: note: Also imported here
/Users/admin/builder/spi-builder-workspace/Sources/StyleDecorator/NSAttributedString+.swift:9:8: note: A dependency of main module 'StyleDecorator'
import UIKit
^ (in target 'StyleDecorator' from project 'StyleDecorator')
/Users/admin/builder/spi-builder-workspace/Sources/StyleDecorator/Parapraph.swift:9:8: note: Also imported here
import UIKit
^ (in target 'StyleDecorator' from project 'StyleDecorator')
/Users/admin/builder/spi-builder-workspace/Sources/StyleDecorator/Style.swift:9:8: note: Also imported here
import UIKit
^ (in target 'StyleDecorator' from project 'StyleDecorator')
PruneExplicitPrecompiledModules /Users/admin/builder/spi-builder-workspace/.derivedData/Build/Intermediates.noindex/SwiftExplicitPrecompiledModules
PruneExplicitPrecompiledModules /Users/admin/builder/spi-builder-workspace/.derivedData/Build/Intermediates.noindex/ExplicitPrecompiledModules
PruneExplicitPrecompiledModules /Users/admin/builder/spi-builder-workspace/.derivedData/SDKExplicitPrecompiledModules
2026-09-15 21:22:14.886 xcodebuild[673:4478] [MT] IDERunDestination: Supported platforms for the buildables in the current scheme is empty.
--- xcodebuild: WARNING: Using the first of multiple matching destinations:
{ platform:macOS, arch:arm64, id:0a372ce542c69cb7f9994d9f99eb69091e497e32, name:My Mac }
{ platform:macOS, arch:arm64, variant:Mac Catalyst, id:0a372ce542c69cb7f9994d9f99eb69091e497e32, name:My Mac }
{ platform:macOS, arch:arm64, variant:DriverKit, id:0a372ce542c69cb7f9994d9f99eb69091e497e32, name:My Mac }
{ platform:macOS, arch:arm64, variant:Designed for [iPad,iPhone], id:0a372ce542c69cb7f9994d9f99eb69091e497e32, name:My Mac }
** BUILD FAILED **
The following build commands failed:
SwiftDriver StyleDecorator normal arm64 com.apple.xcode.tools.swift.compiler (in target 'StyleDecorator' from project 'StyleDecorator')
Building workspace StyleDecorator with scheme StyleDecorator
(2 failures)
BUILD FAILURE 6.4 macosXcodebuild