The Swift Package Index logo.Swift Package Index

Build Information

Failed to build sqlite-vec-data, reference main (f980c9), with Swift 6.4 for Wasm on 3 Oct 2026 19:48:24 UTC.

Build Command

bash -c docker run --pull=always --rm -v "checkouts-54344843-0":/host -w "$PWD" -e JAVA_HOME="/root/.sdkman/candidates/java/current" -e SPI_BUILD="1" -e SPI_PROCESSING="1" registry.gitlab.com/saguaro1/spi-images:wasm-6.4-latest swift build --swift-sdk swift-6.4.x-DEVELOPMENT-SNAPSHOT-2026-09-04-a_wasm 2>&1

Build Log

========================================
RunAll
========================================
Builder version: 5.1.1
Interrupt handler set up.
========================================
Checkout
========================================
Clone URL: https://github.com/mhayes853/sqlite-vec-data.git
Reference: main
Initialized empty Git repository in /host/spi-builder-workspace/.git/
hint: Using 'master' as the name for the initial branch. This default branch name
hint: is subject to change. To configure the initial branch name to use in all
hint: of your new repositories, which will suppress this warning, call:
hint:
hint: 	git config --global init.defaultBranch <name>
hint:
hint: Names commonly chosen instead of 'master' are 'main', 'trunk' and
hint: 'development'. The just-created branch can be renamed via this command:
hint:
hint: 	git branch -m <name>
From https://github.com/mhayes853/sqlite-vec-data
 * branch            main       -> FETCH_HEAD
 * [new branch]      main       -> origin/main
HEAD is now at f980c99 Merge branch 'c-product'
Cloned https://github.com/mhayes853/sqlite-vec-data.git
Revision (git rev-parse @):
f980c99e337ff7c3aff250558d038ee2b149f47e
SPI manifest file found: $PWD/.spi.yml
SUCCESS checkout https://github.com/mhayes853/sqlite-vec-data.git at main
========================================
Build
========================================
Selected platform:         wasm
Swift version:             6.4
Building package at path:  $PWD
https://github.com/mhayes853/sqlite-vec-data.git
Running build ...
bash -c docker run --pull=always --rm -v "checkouts-54344843-0":/host -w "$PWD" -e JAVA_HOME="/root/.sdkman/candidates/java/current" -e SPI_BUILD="1" -e SPI_PROCESSING="1" registry.gitlab.com/saguaro1/spi-images:wasm-6.4-latest swift build --swift-sdk swift-6.4.x-DEVELOPMENT-SNAPSHOT-2026-09-04-a_wasm 2>&1
wasm-6.4-latest: Pulling from saguaro1/spi-images
Digest: sha256:4328fdb43c680d205c1d6761b1e3267aa38277eefdda9ddfb17b6a0f1a77857a
Status: Image is up to date for registry.gitlab.com/saguaro1/spi-images:wasm-6.4-latest
Fetching https://github.com/pointfreeco/sqlite-data
[1/20142] Fetching sqlite-data
Fetching https://github.com/pointfreeco/xctest-dynamic-overlay
Fetching https://github.com/pointfreeco/swift-structured-queries
Fetching https://github.com/apple/swift-docc-plugin
Fetching https://github.com/pointfreeco/swift-tagged
[20143/22487] Fetching sqlite-data, swift-docc-plugin
[22488/25214] Fetching sqlite-data, swift-docc-plugin, xctest-dynamic-overlay
Fetched https://github.com/apple/swift-docc-plugin (0.51s)
[20498/33576] Fetching sqlite-data, xctest-dynamic-overlay, swift-structured-queries
Fetched https://github.com/pointfreeco/swift-structured-queries (0.70s)
Fetched https://github.com/pointfreeco/xctest-dynamic-overlay (0.70s)
Fetched https://github.com/pointfreeco/sqlite-data (1.61s)
[1/1218] Fetching swift-tagged
Fetched https://github.com/pointfreeco/swift-tagged (0.83s)
Computing version for https://github.com/pointfreeco/swift-tagged
Computed https://github.com/pointfreeco/swift-tagged at 0.10.0 (2.85s)
Computing version for https://github.com/pointfreeco/sqlite-data
Computed https://github.com/pointfreeco/sqlite-data at 1.12.0 (1.33s)
Fetching https://github.com/pointfreeco/swift-snapshot-testing
Fetching https://github.com/pointfreeco/swift-issue-reporting
Fetching https://github.com/pointfreeco/swift-custom-dump
Fetching https://github.com/pointfreeco/swift-dependencies
Fetching https://github.com/groue/GRDB.swift
[1/5669] Fetching swift-custom-dump
[172/13269] Fetching swift-custom-dump, swift-dependencies
[5429/19439] Fetching swift-custom-dump, swift-dependencies, swift-issue-reporting
[5620/133496] Fetching swift-custom-dump, swift-dependencies, swift-issue-reporting, grdb.swift
Fetched https://github.com/pointfreeco/swift-custom-dump (0.64s)
[23017/127827] Fetching swift-dependencies, swift-issue-reporting, grdb.swift
Fetched https://github.com/pointfreeco/swift-dependencies (0.64s)
[15479/120227] Fetching swift-issue-reporting, grdb.swift
Fetching https://github.com/apple/swift-collections
Fetching https://github.com/pointfreeco/swift-sharing
Fetched https://github.com/pointfreeco/swift-issue-reporting (0.81s)
Fetching https://github.com/pointfreeco/swift-perception
[13687/114057] Fetching grdb.swift
[26235/130556] Fetching grdb.swift, swift-snapshot-testing
[26236/134706] Fetching grdb.swift, swift-snapshot-testing, swift-sharing
Fetched https://github.com/pointfreeco/swift-sharing (0.56s)
[31126/130556] Fetching grdb.swift, swift-snapshot-testing
[31127/132634] Fetching grdb.swift, swift-snapshot-testing, swift-perception
Fetched https://github.com/pointfreeco/swift-perception (0.46s)
[31786/130556] Fetching grdb.swift, swift-snapshot-testing
[37519/159094] Fetching grdb.swift, swift-snapshot-testing, swift-collections
Fetched https://github.com/apple/swift-collections (1.60s)
[59841/130556] Fetching grdb.swift, swift-snapshot-testing
Fetching https://github.com/pointfreeco/swift-concurrency-extras
Fetched https://github.com/pointfreeco/swift-snapshot-testing (2.37s)
[44483/114057] Fetching grdb.swift
[46765/115115] Fetching grdb.swift, swift-concurrency-extras
Fetched https://github.com/pointfreeco/swift-concurrency-extras (0.44s)
[49045/114057] Fetching grdb.swift
Fetched https://github.com/groue/GRDB.swift (9.92s)
Computing version for https://github.com/pointfreeco/swift-structured-queries
Computed https://github.com/pointfreeco/swift-structured-queries at 0.39.2 (10.22s)
Fetching https://github.com/swiftlang/swift-syntax
[1/80311] Fetching swift-syntax
Fetched https://github.com/swiftlang/swift-syntax (3.92s)
Computing version for https://github.com/pointfreeco/swift-issue-reporting
Computed https://github.com/pointfreeco/swift-issue-reporting at 2.1.1 (4.17s)
Computing version for https://github.com/pointfreeco/swift-concurrency-extras
Computed https://github.com/pointfreeco/swift-concurrency-extras at 1.4.1 (0.19s)
Computing version for https://github.com/groue/GRDB.swift
Computed https://github.com/groue/GRDB.swift at 7.11.1 (0.24s)
Computing version for https://github.com/swiftlang/swift-syntax
Computed https://github.com/swiftlang/swift-syntax at 604.0.0 (0.32s)
Computing version for https://github.com/pointfreeco/swift-custom-dump
Computed https://github.com/pointfreeco/swift-custom-dump at 1.7.3 (0.19s)
Computing version for https://github.com/apple/swift-docc-plugin
Computed https://github.com/apple/swift-docc-plugin at 1.5.0 (0.21s)
Fetching https://github.com/swiftlang/swift-docc-symbolkit
[1/3833] Fetching swift-docc-symbolkit
Fetched https://github.com/swiftlang/swift-docc-symbolkit (0.53s)
Computing version for https://github.com/swiftlang/swift-docc-symbolkit
Computed https://github.com/swiftlang/swift-docc-symbolkit at 1.0.0 (0.77s)
Computing version for https://github.com/pointfreeco/swift-snapshot-testing
Computed https://github.com/pointfreeco/swift-snapshot-testing at 1.19.6 (0.17s)
Computing version for https://github.com/pointfreeco/swift-perception
Computed https://github.com/pointfreeco/swift-perception at 2.0.12 (0.21s)
Computing version for https://github.com/pointfreeco/xctest-dynamic-overlay
Computed https://github.com/pointfreeco/xctest-dynamic-overlay at 1.13.1 (0.22s)
Computing version for https://github.com/pointfreeco/swift-dependencies
Computed https://github.com/pointfreeco/swift-dependencies at 1.17.1 (0.21s)
Fetching https://github.com/pointfreeco/swift-clocks
Fetching https://github.com/pointfreeco/combine-schedulers
[1/2686] Fetching combine-schedulers
[673/4132] Fetching combine-schedulers, swift-clocks
Fetched https://github.com/pointfreeco/combine-schedulers (0.39s)
[348/1446] Fetching swift-clocks
Fetched https://github.com/pointfreeco/swift-clocks (0.42s)
Computing version for https://github.com/pointfreeco/swift-clocks
Computed https://github.com/pointfreeco/swift-clocks at 1.1.1 (0.61s)
Computing version for https://github.com/pointfreeco/combine-schedulers
Computed https://github.com/pointfreeco/combine-schedulers at 1.2.2 (0.21s)
Fetching https://github.com/OpenCombine/OpenCombine.git
[1/8306] Fetching opencombine
Fetched https://github.com/OpenCombine/OpenCombine.git (0.63s)
Computing version for https://github.com/OpenCombine/OpenCombine.git
Computed https://github.com/OpenCombine/OpenCombine.git at 0.14.0 (0.87s)
Computing version for https://github.com/pointfreeco/swift-sharing
Computed https://github.com/pointfreeco/swift-sharing at 2.10.1 (0.28s)
Fetching https://github.com/pointfreeco/swift-identified-collections
[1/1580] Fetching swift-identified-collections
Fetched https://github.com/pointfreeco/swift-identified-collections (0.49s)
Computing version for https://github.com/pointfreeco/swift-identified-collections
Computed https://github.com/pointfreeco/swift-identified-collections at 1.1.1 (0.66s)
Computing version for https://github.com/apple/swift-collections
Computed https://github.com/apple/swift-collections at 1.7.1 (0.34s)
Creating working copy for https://github.com/pointfreeco/xctest-dynamic-overlay
Working copy of https://github.com/pointfreeco/xctest-dynamic-overlay resolved at 1.13.1
Creating working copy for https://github.com/swiftlang/swift-syntax
Working copy of https://github.com/swiftlang/swift-syntax resolved at 604.0.0
Creating working copy for https://github.com/groue/GRDB.swift
Working copy of https://github.com/groue/GRDB.swift resolved at 7.11.1
Creating working copy for https://github.com/pointfreeco/swift-snapshot-testing
Working copy of https://github.com/pointfreeco/swift-snapshot-testing resolved at 1.19.6
Creating working copy for https://github.com/pointfreeco/swift-structured-queries
Working copy of https://github.com/pointfreeco/swift-structured-queries resolved at 0.39.2
Creating working copy for https://github.com/pointfreeco/swift-issue-reporting
Working copy of https://github.com/pointfreeco/swift-issue-reporting resolved at 2.1.1
Creating working copy for https://github.com/pointfreeco/swift-custom-dump
Working copy of https://github.com/pointfreeco/swift-custom-dump resolved at 1.7.3
Creating working copy for https://github.com/pointfreeco/combine-schedulers
Working copy of https://github.com/pointfreeco/combine-schedulers resolved at 1.2.2
Creating working copy for https://github.com/pointfreeco/swift-concurrency-extras
Working copy of https://github.com/pointfreeco/swift-concurrency-extras resolved at 1.4.1
Creating working copy for https://github.com/pointfreeco/swift-clocks
Working copy of https://github.com/pointfreeco/swift-clocks resolved at 1.1.1
Creating working copy for https://github.com/pointfreeco/swift-perception
Working copy of https://github.com/pointfreeco/swift-perception resolved at 2.0.12
Creating working copy for https://github.com/apple/swift-collections
Working copy of https://github.com/apple/swift-collections resolved at 1.7.1
Creating working copy for https://github.com/pointfreeco/swift-tagged
Working copy of https://github.com/pointfreeco/swift-tagged resolved at 0.10.0
Creating working copy for https://github.com/OpenCombine/OpenCombine.git
Working copy of https://github.com/OpenCombine/OpenCombine.git resolved at 0.14.0
Creating working copy for https://github.com/swiftlang/swift-docc-symbolkit
Working copy of https://github.com/swiftlang/swift-docc-symbolkit resolved at 1.0.0
Creating working copy for https://github.com/apple/swift-docc-plugin
Working copy of https://github.com/apple/swift-docc-plugin resolved at 1.5.0
Creating working copy for https://github.com/pointfreeco/swift-sharing
Working copy of https://github.com/pointfreeco/swift-sharing resolved at 2.10.1
Creating working copy for https://github.com/pointfreeco/swift-identified-collections
Working copy of https://github.com/pointfreeco/swift-identified-collections resolved at 1.1.1
Creating working copy for https://github.com/pointfreeco/sqlite-data
Working copy of https://github.com/pointfreeco/sqlite-data resolved at 1.12.0
Creating working copy for https://github.com/pointfreeco/swift-dependencies
Working copy of https://github.com/pointfreeco/swift-dependencies resolved at 1.17.1
warning: 'spi-builder-workspace': dependency 'swift-tagged' is not used by any target
warning: 'spi-builder-workspace': dependency 'swift-tagged' is not used by any target
Building for debugging...
[Computing dependencies]
[Constructing description]
[Pre-planning 1 / 1595]
[Planning 739 / 1595]
[Planning deferred tasks]
[Constructing 3067 / 3427]
[6 / 600] ConcurrencyExtras-product
[151 / 600] StructuredQueriesSQLite
[266 / 602]
[280 / 629] SwiftSyntax602
[285 / 652] SwiftSyntax509
[313 / 653] SwiftSyntax602
[336 / 662] Sharing2
[340 / 662] SwiftSyntax604
[341 / 671] InternalCollectionsUtilities
[350 / 671] ConcurrencyExtras
[359 / 671] Tagged-product
[361 / 671] IssueReporting
[368 / 673] SwiftSyntax600
[373 / 674] SwiftSyntax510
[378 / 677] SwiftSyntax603
[382 / 677] IssueReporting
[386 / 678] SwiftSyntax601
[390 / 679] PerceptionCore
[393 / 680] Sharing2
[395 / 680] Sharing2
[396 / 680] IssueReporting
[398 / 680] Sharing2
[400 / 680] InternalCollectionsUtilities
[401 / 680] OrderedCollections
[402 / 680] OrderedCollections
[405 / 681] Tagged
[407 / 681] Tagged
[413 / 681] GRDB
[415 / 682] IssueReporting
[417 / 682] IssueReporting
[419 / 682] IssueReporting
error: SwiftCompile normal wasm32 /host/spi-builder-workspace/.build/checkouts/GRDB.swift/GRDB/QueryInterface/FTS3+QueryInterface.swift failed with a nonzero exit code. Command line:     cd /host
    builtin-SwiftPerFileCompile FTS3+QueryInterface.swift
error: SwiftCompile normal wasm32 /host/spi-builder-workspace/.build/checkouts/GRDB.swift/GRDB/QueryInterface/FTS5+QueryInterface.swift failed with a nonzero exit code. Command line:     cd /host
    builtin-SwiftPerFileCompile FTS5+QueryInterface.swift
error: SwiftCompile normal wasm32 /host/spi-builder-workspace/.build/checkouts/GRDB.swift/GRDB/QueryInterface/ForeignKey.swift failed with a nonzero exit code. Command line:     cd /host
    builtin-SwiftPerFileCompile ForeignKey.swift
error: SwiftCompile normal wasm32 /host/spi-builder-workspace/.build/checkouts/GRDB.swift/GRDB/QueryInterface/Request/Association/Association.swift failed with a nonzero exit code. Command line:     cd /host
    builtin-SwiftPerFileCompile Association.swift
error: SwiftCompile normal wasm32 /host/spi-builder-workspace/.build/checkouts/GRDB.swift/GRDB/QueryInterface/Request/Association/AssociationAggregate.swift failed with a nonzero exit code. Command line:     cd /host
    builtin-SwiftPerFileCompile AssociationAggregate.swift
error: SwiftCompile normal wasm32 /host/spi-builder-workspace/.build/checkouts/GRDB.swift/GRDB/QueryInterface/Request/Association/BelongsToAssociation.swift failed with a nonzero exit code. Command line:     cd /host
    builtin-SwiftPerFileCompile BelongsToAssociation.swift
error: SwiftCompile normal wasm32 /host/spi-builder-workspace/.build/checkouts/GRDB.swift/GRDB/QueryInterface/Request/Association/HasManyAssociation.swift failed with a nonzero exit code. Command line:     cd /host
    builtin-SwiftPerFileCompile HasManyAssociation.swift
error: SwiftCompile normal wasm32 /host/spi-builder-workspace/.build/checkouts/GRDB.swift/GRDB/QueryInterface/Request/Association/HasManyThroughAssociation.swift failed with a nonzero exit code. Command line:     cd /host
    builtin-SwiftPerFileCompile HasManyThroughAssociation.swift
error: SwiftCompile normal wasm32 /host/spi-builder-workspace/.build/checkouts/GRDB.swift/GRDB/QueryInterface/Request/Association/HasOneAssociation.swift failed with a nonzero exit code. Command line:     cd /host
    builtin-SwiftPerFileCompile HasOneAssociation.swift
error: SwiftCompile normal wasm32 /host/spi-builder-workspace/.build/checkouts/GRDB.swift/GRDB/QueryInterface/Request/Association/HasOneThroughAssociation.swift failed with a nonzero exit code. Command line:     cd /host
    builtin-SwiftPerFileCompile HasOneThroughAssociation.swift
error: SwiftCompile normal wasm32 /host/spi-builder-workspace/.build/checkouts/GRDB.swift/GRDB/QueryInterface/Request/Association/JoinAssociation.swift failed with a nonzero exit code. Command line:     cd /host
    builtin-SwiftPerFileCompile JoinAssociation.swift
error: SwiftCompile normal wasm32 /host/spi-builder-workspace/.build/checkouts/GRDB.swift/GRDB/QueryInterface/Request/CommonTableExpression.swift failed with a nonzero exit code. Command line:     cd /host
    builtin-SwiftPerFileCompile CommonTableExpression.swift
error: SwiftCompile normal wasm32 /host/spi-builder-workspace/.build/checkouts/GRDB.swift/GRDB/QueryInterface/Request/QueryInterfaceRequest.swift failed with a nonzero exit code. Command line:     cd /host
    builtin-SwiftPerFileCompile QueryInterfaceRequest.swift
error: SwiftCompile normal wasm32 /host/spi-builder-workspace/.build/checkouts/GRDB.swift/GRDB/QueryInterface/Request/RequestProtocols.swift failed with a nonzero exit code. Command line:     cd /host
    builtin-SwiftPerFileCompile RequestProtocols.swift
error: SwiftCompile normal wasm32 /host/spi-builder-workspace/.build/checkouts/GRDB.swift/GRDB/QueryInterface/SQL/Column.swift failed with a nonzero exit code. Command line:     cd /host
    builtin-SwiftPerFileCompile Column.swift
error: SwiftCompile normal wasm32 /host/spi-builder-workspace/.build/checkouts/GRDB.swift/GRDB/QueryInterface/SQL/DatabasePromise.swift failed with a nonzero exit code. Command line:     cd /host
    builtin-SwiftPerFileCompile DatabasePromise.swift
error: SwiftCompile normal wasm32 /host/spi-builder-workspace/.build/checkouts/GRDB.swift/GRDB/QueryInterface/SQL/SQLAssociation.swift failed with a nonzero exit code. Command line:     cd /host
    builtin-SwiftPerFileCompile SQLAssociation.swift
error: SwiftCompile normal wasm32 /host/spi-builder-workspace/.build/checkouts/GRDB.swift/GRDB/QueryInterface/SQL/SQLCollection.swift failed with a nonzero exit code. Command line:     cd /host
    builtin-SwiftPerFileCompile SQLCollection.swift
error: SwiftCompile normal wasm32 /host/spi-builder-workspace/.build/checkouts/GRDB.swift/GRDB/QueryInterface/SQL/SQLExpression.swift failed with a nonzero exit code. Command line:     cd /host
    builtin-SwiftPerFileCompile SQLExpression.swift
error: SwiftCompile normal wasm32 /host/spi-builder-workspace/.build/checkouts/GRDB.swift/GRDB/QueryInterface/SQL/SQLForeignKeyRequest.swift failed with a nonzero exit code. Command line:     cd /host
    builtin-SwiftPerFileCompile SQLForeignKeyRequest.swift
error: SwiftCompile normal wasm32 /host/spi-builder-workspace/.build/checkouts/GRDB.swift/GRDB/QueryInterface/SQL/SQLFunctions.swift failed with a nonzero exit code. Command line:     cd /host
    builtin-SwiftPerFileCompile SQLFunctions.swift
<module-includes>:1:10: note: in file included from <module-includes>:1:
1 | #include "shim.h"
  |          `- note: in file included from <module-includes>:1:
2 |
/host/spi-builder-workspace/.build/checkouts/GRDB.swift/Sources/GRDBSQLite/shim.h:1:10: error: 'sqlite3.h' file not found
 1 | #include <sqlite3.h>
   |          `- error: 'sqlite3.h' file not found
 2 |
 3 | typedef void(*_errorLogCallback)(void *pArg, int iErrCode, const char *zMsg);
/host/spi-builder-workspace/.build/checkouts/GRDB.swift/GRDB/Core/Configuration.swift:10:8: error: could not build C module 'GRDBSQLite'
  8 | import SQLCipher
  9 | #else // Default SPM trait must be the default. It impossible to detect from Xcode.
 10 | import GRDBSQLite
    |        `- error: could not build C module 'GRDBSQLite'
 11 | #endif
 12 |
Failed frontend command:
/usr/bin/swift-frontend -frontend -c -filelist /host/spi-builder-workspace/.build/out/Intermediates.noindex/GRDB.build/Debug-webassembly-wasm32/GRDB-t.build/Objects-normal/wasm32/sources-1 -primary-file /host/spi-builder-workspace/.build/checkouts/GRDB.swift/GRDB/QueryInterface/FTS3+QueryInterface.swift -primary-file /host/spi-builder-workspace/.build/checkouts/GRDB.swift/GRDB/QueryInterface/FTS5+QueryInterface.swift -primary-file /host/spi-builder-workspace/.build/checkouts/GRDB.swift/GRDB/QueryInterface/ForeignKey.swift -primary-file /host/spi-builder-workspace/.build/checkouts/GRDB.swift/GRDB/QueryInterface/Request/Association/Association.swift -primary-file /host/spi-builder-workspace/.build/checkouts/GRDB.swift/GRDB/QueryInterface/Request/Association/AssociationAggregate.swift -primary-file /host/spi-builder-workspace/.build/checkouts/GRDB.swift/GRDB/QueryInterface/Request/Association/BelongsToAssociation.swift -primary-file /host/spi-builder-workspace/.build/checkouts/GRDB.swift/GRDB/QueryInterface/Request/Association/HasManyAssociation.swift -primary-file /host/spi-builder-workspace/.build/checkouts/GRDB.swift/GRDB/QueryInterface/Request/Association/HasManyThroughAssociation.swift -primary-file /host/spi-builder-workspace/.build/checkouts/GRDB.swift/GRDB/QueryInterface/Request/Association/HasOneAssociation.swift -primary-file /host/spi-builder-workspace/.build/checkouts/GRDB.swift/GRDB/QueryInterface/Request/Association/HasOneThroughAssociation.swift -primary-file /host/spi-builder-workspace/.build/checkouts/GRDB.swift/GRDB/QueryInterface/Request/Association/JoinAssociation.swift -primary-file /host/spi-builder-workspace/.build/checkouts/GRDB.swift/GRDB/QueryInterface/Request/CommonTableExpression.swift -primary-file /host/spi-builder-workspace/.build/checkouts/GRDB.swift/GRDB/QueryInterface/Request/QueryInterfaceRequest.swift -primary-file /host/spi-builder-workspace/.build/checkouts/GRDB.swift/GRDB/QueryInterface/Request/RequestProtocols.swift -primary-file /host/spi-builder-workspace/.build/checkouts/GRDB.swift/GRDB/QueryInterface/SQL/Column.swift -primary-file /host/spi-builder-workspace/.build/checkouts/GRDB.swift/GRDB/QueryInterface/SQL/DatabasePromise.swift -primary-file /host/spi-builder-workspace/.build/checkouts/GRDB.swift/GRDB/QueryInterface/SQL/SQLAssociation.swift -primary-file /host/spi-builder-workspace/.build/checkouts/GRDB.swift/GRDB/QueryInterface/SQL/SQLCollection.swift -primary-file /host/spi-builder-workspace/.build/checkouts/GRDB.swift/GRDB/QueryInterface/SQL/SQLExpression.swift -primary-file /host/spi-builder-workspace/.build/checkouts/GRDB.swift/GRDB/QueryInterface/SQL/SQLForeignKeyRequest.swift -primary-file /host/spi-builder-workspace/.build/checkouts/GRDB.swift/GRDB/QueryInterface/SQL/SQLFunctions.swift -supplementary-output-file-map /host/spi-builder-workspace/.build/out/Intermediates.noindex/GRDB.build/Debug-webassembly-wasm32/GRDB-t.build/Objects-normal/wasm32/supplementaryOutputs-20 -target wasm32-unknown-wasip1 -disable-objc-interop -sdk /root/.swiftpm/swift-sdks/swift-6.4.x-DEVELOPMENT-SNAPSHOT-2026-09-04-a_wasm.artifactbundle/swift-6.4.x-DEVELOPMENT-SNAPSHOT-2026-09-04-a_wasm/wasm32-unknown-wasip1/WASI.sdk -sysroot /root/.swiftpm/swift-sdks/swift-6.4.x-DEVELOPMENT-SNAPSHOT-2026-09-04-a_wasm.artifactbundle/swift-6.4.x-DEVELOPMENT-SNAPSHOT-2026-09-04-a_wasm/wasm32-unknown-wasip1/WASI.sdk -I /host/spi-builder-workspace/.build/out/Products/Debug-webassembly-wasm32 -module-cache-path /host/spi-builder-workspace/.build/out/ModuleCache.noindex -color-diagnostics -Xcc -fcolor-diagnostics -enable-testing -g -debug-info-format\=dwarf -dwarf-version\=4 -suppress-warnings -swift-version 6 -Onone -D SWIFT_PACKAGE -D DEBUG -D SWIFT_MODULE_RESOURCE_BUNDLE_AVAILABLE -D SQLITE_ENABLE_FTS5 -D SQLITE_ENABLE_SNAPSHOT -D Xcode -serialize-debugging-options -enable-upcoming-feature MemberImportVisibility -enable-experimental-feature DebugDescriptionMacro -empty-abi-descriptor -external-plugin-path /usr/lib/swift/host/plugins/testing\#/usr/bin/swift-plugin-server -user-module-version 7.11.1 -validate-clang-modules-once -clang-build-session-file /host/spi-builder-workspace/.build/out/ModuleCache.noindex/Session.modulevalidation -Xcc -working-directory -Xcc /host -resource-dir /root/.swiftpm/swift-sdks/swift-6.4.x-DEVELOPMENT-SNAPSHOT-2026-09-04-a_wasm.artifactbundle/swift-6.4.x-DEVELOPMENT-SNAPSHOT-2026-09-04-a_wasm/wasm32-unknown-wasip1/swift.xctoolchain/usr/lib/swift_static -use-static-resource-dir -enable-anonymous-context-mangled-names -file-compilation-dir /host -Xcc -resource-dir -Xcc /root/.swiftpm/swift-sdks/swift-6.4.x-DEVELOPMENT-SNAPSHOT-2026-09-04-a_wasm.artifactbundle/swift-6.4.x-DEVELOPMENT-SNAPSHOT-2026-09-04-a_wasm/wasm32-unknown-wasip1/swift.xctoolchain/usr/lib/swift_static/clang -Xcc -fmodule-map-file\=/host/spi-builder-workspace/.build/checkouts/GRDB.swift/Sources/GRDBSQLite/module.modulemap -Xcc -D_LIBCPP_HARDENING_MODE\=_LIBCPP_HARDENING_MODE_DEBUG -Xcc -fmodules-prune-interval\=86400 -Xcc -fmodules-prune-after\=345600 -Xcc -I/host/spi-builder-workspace/.build/out/Products/Debug-webassembly-wasm32/include -Xcc -I/host/spi-builder-workspace/.build/out/Intermediates.noindex/GRDB.build/Debug-webassembly-wasm32/GRDB-t.build/DerivedSources-normal/wasm32 -Xcc -I/host/spi-builder-workspace/.build/out/Intermediates.noindex/GRDB.build/Debug-webassembly-wasm32/GRDB-t.build/DerivedSources/wasm32 -Xcc -I/host/spi-builder-workspace/.build/out/Intermediates.noindex/GRDB.build/Debug-webassembly-wasm32/GRDB-t.build/DerivedSources -Xcc -DSWIFT_PACKAGE -Xcc -DDEBUG\=1 -no-auto-bridging-header-chaining -module-name GRDB -package-name grdb_swift -const-gather-protocols-file /host/spi-builder-workspace/.build/out/Intermediates.noindex/GRDB.build/Debug-webassembly-wasm32/GRDB-t.build/Objects-normal/wasm32/GRDB_const_extract_protocols.json -in-process-plugin-server-path /usr/lib/swift/host/libSwiftInProcPluginServer.so -plugin-path /usr/lib/swift/host/plugins -plugin-path /usr/local/lib/swift/host/plugins -parse-as-library -o /host/spi-builder-workspace/.build/out/Intermediates.noindex/GRDB.build/Debug-webassembly-wasm32/GRDB-t.build/Objects-normal/wasm32/FTS3+QueryInterface.o -o /host/spi-builder-workspace/.build/out/Intermediates.noindex/GRDB.build/Debug-webassembly-wasm32/GRDB-t.build/Objects-normal/wasm32/FTS5+QueryInterface.o -o /host/spi-builder-workspace/.build/out/Intermediates.noindex/GRDB.build/Debug-webassembly-wasm32/GRDB-t.build/Objects-normal/wasm32/ForeignKey.o -o /host/spi-builder-workspace/.build/out/Intermediates.noindex/GRDB.build/Debug-webassembly-wasm32/GRDB-t.build/Objects-normal/wasm32/Association.o -o /host/spi-builder-workspace/.build/out/Intermediates.noindex/GRDB.build/Debug-webassembly-wasm32/GRDB-t.build/Objects-normal/wasm32/AssociationAggregate.o -o /host/spi-builder-workspace/.build/out/Intermediates.noindex/GRDB.build/Debug-webassembly-wasm32/GRDB-t.build/Objects-normal/wasm32/BelongsToAssociation.o -o /host/spi-builder-workspace/.build/out/Intermediates.noindex/GRDB.build/Debug-webassembly-wasm32/GRDB-t.build/Objects-normal/wasm32/HasManyAssociation.o -o /host/spi-builder-workspace/.build/out/Intermediates.noindex/GRDB.build/Debug-webassembly-wasm32/GRDB-t.build/Objects-normal/wasm32/HasManyThroughAssociation.o -o /host/spi-builder-workspace/.build/out/Intermediates.noindex/GRDB.build/Debug-webassembly-wasm32/GRDB-t.build/Objects-normal/wasm32/HasOneAssociation.o -o /host/spi-builder-workspace/.build/out/Intermediates.noindex/GRDB.build/Debug-webassembly-wasm32/GRDB-t.build/Objects-normal/wasm32/HasOneThroughAssociation.o -o /host/spi-builder-workspace/.build/out/Intermediates.noindex/GRDB.build/Debug-webassembly-wasm32/GRDB-t.build/Objects-normal/wasm32/JoinAssociation.o -o /host/spi-builder-workspace/.build/out/Intermediates.noindex/GRDB.build/Debug-webassembly-wasm32/GRDB-t.build/Objects-normal/wasm32/CommonTableExpression.o -o /host/spi-builder-workspace/.build/out/Intermediates.noindex/GRDB.build/Debug-webassembly-wasm32/GRDB-t.build/Objects-normal/wasm32/QueryInterfaceRequest.o -o /host/spi-builder-workspace/.build/out/Intermediates.noindex/GRDB.build/Debug-webassembly-wasm32/GRDB-t.build/Objects-normal/wasm32/RequestProtocols.o -o /host/spi-builder-workspace/.build/out/Intermediates.noindex/GRDB.build/Debug-webassembly-wasm32/GRDB-t.build/Objects-normal/wasm32/Column.o -o /host/spi-builder-workspace/.build/out/Intermediates.noindex/GRDB.build/Debug-webassembly-wasm32/GRDB-t.build/Objects-normal/wasm32/DatabasePromise.o -o /host/spi-builder-workspace/.build/out/Intermediates.noindex/GRDB.build/Debug-webassembly-wasm32/GRDB-t.build/Objects-normal/wasm32/SQLAssociation.o -o /host/spi-builder-workspace/.build/out/Intermediates.noindex/GRDB.build/Debug-webassembly-wasm32/GRDB-t.build/Objects-normal/wasm32/SQLCollection.o -o /host/spi-builder-workspace/.build/out/Intermediates.noindex/GRDB.build/Debug-webassembly-wasm32/GRDB-t.build/Objects-normal/wasm32/SQLExpression.o -o /host/spi-builder-workspace/.build/out/Intermediates.noindex/GRDB.build/Debug-webassembly-wasm32/GRDB-t.build/Objects-normal/wasm32/SQLForeignKeyRequest.o -o /host/spi-builder-workspace/.build/out/Intermediates.noindex/GRDB.build/Debug-webassembly-wasm32/GRDB-t.build/Objects-normal/wasm32/SQLFunctions.o -index-unit-output-path /GRDB.build/Debug-webassembly-wasm32/GRDB-t.build/Objects-normal/wasm32/FTS3+QueryInterface.o -index-unit-output-path /GRDB.build/Debug-webassembly-wasm32/GRDB-t.build/Objects-normal/wasm32/FTS5+QueryInterface.o -index-unit-output-path /GRDB.build/Debug-webassembly-wasm32/GRDB-t.build/Objects-normal/wasm32/ForeignKey.o -index-unit-output-path /GRDB.build/Debug-webassembly-wasm32/GRDB-t.build/Objects-normal/wasm32/Association.o -index-unit-output-path /GRDB.build/Debug-webassembly-wasm32/GRDB-t.build/Objects-normal/wasm32/AssociationAggregate.o -index-unit-output-path /GRDB.build/Debug-webassembly-wasm32/GRDB-t.build/Objects-normal/wasm32/BelongsToAssociation.o -index-unit-output-path /GRDB.build/Debug-webassembly-wasm32/GRDB-t.build/Objects-normal/wasm32/HasManyAssociation.o -index-unit-output-path /GRDB.build/Debug-webassembly-wasm32/GRDB-t.build/Objects-normal/wasm32/HasManyThroughAssociation.o -index-unit-output-path /GRDB.build/Debug-webassembly-wasm32/GRDB-t.build/Objects-normal/wasm32/HasOneAssociation.o -index-unit-output-path /GRDB.build/Debug-webassembly-wasm32/GRDB-t.build/Objects-normal/wasm32/HasOneThroughAssociation.o -index-unit-output-path /GRDB.build/Debug-webassembly-wasm32/GRDB-t.build/Objects-normal/wasm32/JoinAssociation.o -index-unit-output-path /GRDB.build/Debug-webassembly-wasm32/GRDB-t.build/Objects-normal/wasm32/CommonTableExpression.o -index-unit-output-path /GRDB.build/Debug-webassembly-wasm32/GRDB-t.build/Objects-normal/wasm32/QueryInterfaceRequest.o -index-unit-output-path /GRDB.build/Debug-webassembly-wasm32/GRDB-t.build/Objects-normal/wasm32/RequestProtocols.o -index-unit-output-path /GRDB.build/Debug-webassembly-wasm32/GRDB-t.build/Objects-normal/wasm32/Column.o -index-unit-output-path /GRDB.build/Debug-webassembly-wasm32/GRDB-t.build/Objects-normal/wasm32/DatabasePromise.o -index-unit-output-path /GRDB.build/Debug-webassembly-wasm32/GRDB-t.build/Objects-normal/wasm32/SQLAssociation.o -index-unit-output-path /GRDB.build/Debug-webassembly-wasm32/GRDB-t.build/Objects-normal/wasm32/SQLCollection.o -index-unit-output-path /GRDB.build/Debug-webassembly-wasm32/GRDB-t.build/Objects-normal/wasm32/SQLExpression.o -index-unit-output-path /GRDB.build/Debug-webassembly-wasm32/GRDB-t.build/Objects-normal/wasm32/SQLForeignKeyRequest.o -index-unit-output-path /GRDB.build/Debug-webassembly-wasm32/GRDB-t.build/Objects-normal/wasm32/SQLFunctions.o -index-store-path /host/spi-builder-workspace/.build/out -index-system-modules
[420 / 683] IssueReporting
error: Build failed
BUILD FAILURE 6.4 wasm