Build Information
Failed to build MicroExpress, reference 0.0.1 (06f66c), with Swift 6.4 for tvOS using Xcode 27.0 on 18 Sep 2026 10:38:21 UTC.
Build Command
env DEVELOPER_DIR=/Applications/Xcode-27.0.0-Release.Candidate.app xcrun xcodebuild -IDEClonedSourcePackagesDirPathOverride=$PWD/.dependencies -skipMacroValidation -skipPackagePluginValidation -derivedDataPath $PWD/.derivedData build -scheme MicroExpress-Package -destination generic/platform=tvOSBuild Log
========================================
RunAll
========================================
Builder version: 5.1.0
Interrupt handler set up.
========================================
Checkout
========================================
Clone URL: https://github.com/helje5/MicroExpress.git
Reference: 0.0.1
Initialized empty Git repository in /Users/admin/builder/spi-builder-workspace/.git/
From https://github.com/helje5/MicroExpress
* tag 0.0.1 -> FETCH_HEAD
HEAD is now at 06f66cf Language tag
Cloned https://github.com/helje5/MicroExpress.git
Revision (git rev-parse @):
06f66cf05a8cd8a1e0dca120d615afbc470bde10
SUCCESS checkout https://github.com/helje5/MicroExpress.git at 0.0.1
========================================
Build
========================================
Selected platform: tvOS
Swift version: 6.4
Building package at path: $PWD
https://github.com/helje5/MicroExpress.git
Command line invocation:
/Applications/Xcode-27.0.0-Release.Candidate.app/Contents/Developer/usr/bin/xcodebuild -IDEClonedSourcePackagesDirPathOverride=/Users/admin/builder/spi-builder-workspace/.dependencies -resolvePackageDependencies
Resolve Package Graph
Fetching from https://github.com/swift-server/http
Creating working copy of package ‘http’
Checking out 0.1.0 of package ‘http’
Resolve Package Graph
Resolved source packages:
SwiftServerHttp: https://github.com/swift-server/http @ 0.1.0
MicroExpress: /Users/admin/builder/spi-builder-workspace
resolved source packages: SwiftServerHttp, MicroExpress
2026-09-18 06:37:30.066 xcodebuild[529:3040] [MT] IDERunDestination: Supported platforms for the buildables in the current scheme is empty.
{
"dependencies" : [
{
"identity" : "http",
"requirement" : {
"range" : [
{
"lower_bound" : "0.1.0",
"upper_bound" : "1.0.0"
}
]
},
"type" : "sourceControl",
"url" : "https://github.com/swift-server/http"
}
],
"manifest_display_name" : "MicroExpress",
"name" : "MicroExpress",
"path" : "/Users/admin/builder/spi-builder-workspace",
"platforms" : [
],
"products" : [
{
"name" : "MicroExpress",
"targets" : [
"MicroExpress"
],
"type" : {
"library" : [
"automatic"
]
}
},
{
"name" : "MicroHelloServer",
"targets" : [
"MicroHelloServer"
],
"type" : {
"executable" : null
}
}
],
"targets" : [
{
"c99name" : "MicroHelloServer",
"module_type" : "SwiftTarget",
"name" : "MicroHelloServer",
"path" : "Sources/MicroHelloServer",
"product_memberships" : [
"MicroHelloServer"
],
"sources" : [
"TodoModel.swift",
"main.swift"
],
"target_dependencies" : [
"MicroExpress"
],
"type" : "executable"
},
{
"c99name" : "MicroExpress",
"module_type" : "SwiftTarget",
"name" : "MicroExpress",
"path" : "Sources/MicroExpress",
"product_dependencies" : [
"HTTP"
],
"product_memberships" : [
"MicroExpress",
"MicroHelloServer"
],
"sources" : [
"CORS.swift",
"Express.swift",
"IncomingMessage.swift",
"Middleware.swift",
"QueryString.swift",
"Router.swift",
"ServerResponse.swift"
],
"type" : "library"
}
],
"tools_version" : "4.0"
}
{
"workspace" : {
"name" : "MicroExpress",
"schemes" : [
"MicroExpress",
"MicroExpress-Package",
"MicroHelloServer"
]
}
}
2026-09-18 06:38:11.052 xcodebuild[684:4309] [MT] IDERunDestination: Supported platforms for the buildables in the current scheme is empty.
Running build ...
env DEVELOPER_DIR=/Applications/Xcode-27.0.0-Release.Candidate.app xcrun xcodebuild -IDEClonedSourcePackagesDirPathOverride=$PWD/.dependencies -skipMacroValidation -skipPackagePluginValidation -derivedDataPath $PWD/.derivedData build -scheme MicroExpress-Package -destination generic/platform=tvOS
Command line invocation:
/Applications/Xcode-27.0.0-Release.Candidate.app/Contents/Developer/usr/bin/xcodebuild -IDEClonedSourcePackagesDirPathOverride=/Users/admin/builder/spi-builder-workspace/.dependencies -skipMacroValidation -skipPackagePluginValidation -derivedDataPath /Users/admin/builder/spi-builder-workspace/.derivedData build -scheme MicroExpress-Package -destination generic/platform=tvOS
Resolve Package Graph
Resolve Package Graph
Resolved source packages:
SwiftServerHttp: https://github.com/swift-server/http @ 0.1.0
MicroExpress: /Users/admin/builder/spi-builder-workspace
ComputePackagePrebuildTargetDependencyGraph
Prepare packages
CreateBuildRequest
SendProjectDescription
CreateBuildOperation
ComputeTargetDependencyGraph
note: Building targets in dependency order
note: Target dependency graph (6 targets)
Target 'MicroHelloServer-product' in project 'MicroExpress'
➜ Explicit dependency on target 'MicroExpress' in project 'MicroExpress'
➜ Explicit dependency on target 'HTTP-product' in project 'SwiftServerHttp'
Target 'MicroExpress-product' in project 'MicroExpress'
➜ Explicit dependency on target 'MicroExpress' in project 'MicroExpress'
➜ Explicit dependency on target 'HTTP-product' in project 'SwiftServerHttp'
Target 'MicroExpress' in project 'MicroExpress'
➜ Explicit dependency on target 'HTTP-product' in project 'SwiftServerHttp'
Target 'HTTP-product' in project 'SwiftServerHttp'
➜ Explicit dependency on target 'HTTP' in project 'SwiftServerHttp'
➜ Explicit dependency on target 'CHTTPParser' in project 'SwiftServerHttp'
Target 'HTTP' in project 'SwiftServerHttp'
➜ Explicit dependency on target 'CHTTPParser' in project 'SwiftServerHttp'
Target 'CHTTPParser' in project 'SwiftServerHttp' (no dependencies)
GatherProvisioningInputs
CreateBuildDescription
ExecuteExternalTool /Applications/Xcode-27.0.0-Release.Candidate.app/Contents/Developer/Toolchains/XcodeDefault.xctoolchain/usr/bin/clang -v -E -dM -arch arm64 -isysroot /Applications/Xcode-27.0.0-Release.Candidate.app/Contents/Developer/Platforms/AppleTVOS.platform/Developer/SDKs/AppleTVOS27.0.sdk -x c -c /dev/null
ExecuteExternalTool /Applications/Xcode-27.0.0-Release.Candidate.app/Contents/Developer/Toolchains/XcodeDefault.xctoolchain/usr/bin/swiftc --version
ExecuteExternalTool /Applications/Xcode-27.0.0-Release.Candidate.app/Contents/Developer/Toolchains/XcodeDefault.xctoolchain/usr/bin/clang -v -E -dM -isysroot /Applications/Xcode-27.0.0-Release.Candidate.app/Contents/Developer/Platforms/AppleTVOS.platform/Developer/SDKs/AppleTVOS27.0.sdk -x c -c /dev/null
ExecuteExternalTool /Applications/Xcode-27.0.0-Release.Candidate.app/Contents/Developer/Toolchains/XcodeDefault.xctoolchain/usr/bin/ld -version_details
Build description signature: d8ff85deb9cde7afb107949781b03780
Build description path: /Users/admin/builder/spi-builder-workspace/.derivedData/Build/Intermediates.noindex/XCBuildData/d8ff85deb9cde7afb107949781b03780.xcbuilddata
CreateBuildDirectory /Users/admin/builder/spi-builder-workspace/.derivedData/ModuleCache.noindex
cd /Users/admin/builder/spi-builder-workspace/.swiftpm/xcode
builtin-create-build-directory /Users/admin/builder/spi-builder-workspace/.derivedData/ModuleCache.noindex
CreateBuildDirectory /Users/admin/builder/spi-builder-workspace/.derivedData/SDKExplicitPrecompiledModules
cd /Users/admin/builder/spi-builder-workspace/.swiftpm/xcode
builtin-create-build-directory /Users/admin/builder/spi-builder-workspace/.derivedData/SDKExplicitPrecompiledModules
CreateBuildDirectory /Users/admin/builder/spi-builder-workspace/.derivedData/CompilationCache.noindex
cd /Users/admin/builder/spi-builder-workspace/.swiftpm/xcode
builtin-create-build-directory /Users/admin/builder/spi-builder-workspace/.derivedData/CompilationCache.noindex
CreateBuildDirectory /Users/admin/builder/spi-builder-workspace/.derivedData/Build/Intermediates.noindex
cd /Users/admin/builder/spi-builder-workspace/.swiftpm/xcode
builtin-create-build-directory /Users/admin/builder/spi-builder-workspace/.derivedData/Build/Intermediates.noindex
ClangStatCache /Applications/Xcode-27.0.0-Release.Candidate.app/Contents/Developer/Toolchains/XcodeDefault.xctoolchain/usr/bin/clang-stat-cache /Applications/Xcode-27.0.0-Release.Candidate.app/Contents/Developer/Platforms/AppleTVOS.platform/Developer/SDKs/AppleTVOS27.0.sdk /Users/admin/builder/spi-builder-workspace/.derivedData/SDKStatCaches.noindex/appletvos27.0-24J360-e829b21a6f8c9b70876ba0858053c044b32bfd8d43560033f8d89884cdb90028.sdkstatcache
cd /Users/admin/builder/spi-builder-workspace/.swiftpm/xcode
/Applications/Xcode-27.0.0-Release.Candidate.app/Contents/Developer/Toolchains/XcodeDefault.xctoolchain/usr/bin/clang-stat-cache /Applications/Xcode-27.0.0-Release.Candidate.app/Contents/Developer/Platforms/AppleTVOS.platform/Developer/SDKs/AppleTVOS27.0.sdk -o /Users/admin/builder/spi-builder-workspace/.derivedData/SDKStatCaches.noindex/appletvos27.0-24J360-e829b21a6f8c9b70876ba0858053c044b32bfd8d43560033f8d89884cdb90028.sdkstatcache
CreateBuildDirectory /Users/admin/builder/spi-builder-workspace/.derivedData/Build/Products
cd /Users/admin/builder/spi-builder-workspace/.swiftpm/xcode
builtin-create-build-directory /Users/admin/builder/spi-builder-workspace/.derivedData/Build/Products
CreateBuildDirectory /Users/admin/builder/spi-builder-workspace/.derivedData/Build/Intermediates.noindex/PrecompiledHeaders
cd /Users/admin/builder/spi-builder-workspace/.swiftpm/xcode
builtin-create-build-directory /Users/admin/builder/spi-builder-workspace/.derivedData/Build/Intermediates.noindex/PrecompiledHeaders
CreateBuildDirectory /Users/admin/builder/spi-builder-workspace/.derivedData/Build/Intermediates.noindex/SwiftExplicitPrecompiledModules
cd /Users/admin/builder/spi-builder-workspace/.swiftpm/xcode
builtin-create-build-directory /Users/admin/builder/spi-builder-workspace/.derivedData/Build/Intermediates.noindex/SwiftExplicitPrecompiledModules
CreateBuildDirectory /Users/admin/builder/spi-builder-workspace/.derivedData/Build/Intermediates.noindex/ExplicitPrecompiledModules
cd /Users/admin/builder/spi-builder-workspace/.swiftpm/xcode
builtin-create-build-directory /Users/admin/builder/spi-builder-workspace/.derivedData/Build/Intermediates.noindex/ExplicitPrecompiledModules
CreateBuildDirectory /Users/admin/builder/spi-builder-workspace/.derivedData/Build/Intermediates.noindex/EagerLinkingTBDs/Debug-appletvos
cd /Users/admin/builder/spi-builder-workspace/.swiftpm/xcode
builtin-create-build-directory /Users/admin/builder/spi-builder-workspace/.derivedData/Build/Intermediates.noindex/EagerLinkingTBDs/Debug-appletvos
CreateBuildDirectory /Users/admin/builder/spi-builder-workspace/.derivedData/Build/Products/Debug-appletvos
cd /Users/admin/builder/spi-builder-workspace/.swiftpm/xcode
builtin-create-build-directory /Users/admin/builder/spi-builder-workspace/.derivedData/Build/Products/Debug-appletvos
CreateBuildDirectory /Users/admin/builder/spi-builder-workspace/.derivedData/Build/Products/Debug-appletvos/PackageFrameworks
cd /Users/admin/builder/spi-builder-workspace/.swiftpm/xcode
builtin-create-build-directory /Users/admin/builder/spi-builder-workspace/.derivedData/Build/Products/Debug-appletvos/PackageFrameworks
WriteAuxiliaryFile /Users/admin/builder/spi-builder-workspace/.derivedData/Build/Intermediates.noindex/MicroExpress.build/Debug-appletvos/MicroHelloServer-p.build/MicroHelloServer.DependencyMetadataFileList (in target 'MicroHelloServer-product' from project 'MicroExpress')
cd /Users/admin/builder/spi-builder-workspace
write-file /Users/admin/builder/spi-builder-workspace/.derivedData/Build/Intermediates.noindex/MicroExpress.build/Debug-appletvos/MicroHelloServer-p.build/MicroHelloServer.DependencyMetadataFileList
WriteAuxiliaryFile /Users/admin/builder/spi-builder-workspace/.derivedData/Build/Intermediates.noindex/MicroExpress.build/Debug-appletvos/MicroHelloServer-p.build/MicroHelloServer.DependencyStaticMetadataFileList (in target 'MicroHelloServer-product' from project 'MicroExpress')
cd /Users/admin/builder/spi-builder-workspace
write-file /Users/admin/builder/spi-builder-workspace/.derivedData/Build/Intermediates.noindex/MicroExpress.build/Debug-appletvos/MicroHelloServer-p.build/MicroHelloServer.DependencyStaticMetadataFileList
WriteAuxiliaryFile /Users/admin/builder/spi-builder-workspace/.derivedData/Build/Intermediates.noindex/MicroExpress.build/Debug-appletvos/MicroHelloServer-p.build/Objects-normal/arm64/MicroHelloServer.LinkFileList (in target 'MicroHelloServer-product' from project 'MicroExpress')
cd /Users/admin/builder/spi-builder-workspace
write-file /Users/admin/builder/spi-builder-workspace/.derivedData/Build/Intermediates.noindex/MicroExpress.build/Debug-appletvos/MicroHelloServer-p.build/Objects-normal/arm64/MicroHelloServer.LinkFileList
WriteAuxiliaryFile /Users/admin/builder/spi-builder-workspace/.derivedData/Build/Intermediates.noindex/MicroExpress.build/Debug-appletvos/MicroHelloServer-p.build/Objects-normal/arm64/MicroHelloServer.SwiftFileList (in target 'MicroHelloServer-product' from project 'MicroExpress')
cd /Users/admin/builder/spi-builder-workspace
write-file /Users/admin/builder/spi-builder-workspace/.derivedData/Build/Intermediates.noindex/MicroExpress.build/Debug-appletvos/MicroHelloServer-p.build/Objects-normal/arm64/MicroHelloServer.SwiftFileList
WriteAuxiliaryFile /Users/admin/builder/spi-builder-workspace/.derivedData/Build/Intermediates.noindex/MicroExpress.build/Debug-appletvos/MicroHelloServer-p.build/Objects-normal/arm64/MicroHelloServer_const_extract_protocols.json (in target 'MicroHelloServer-product' from project 'MicroExpress')
cd /Users/admin/builder/spi-builder-workspace
write-file /Users/admin/builder/spi-builder-workspace/.derivedData/Build/Intermediates.noindex/MicroExpress.build/Debug-appletvos/MicroHelloServer-p.build/Objects-normal/arm64/MicroHelloServer_const_extract_protocols.json
WriteAuxiliaryFile /Users/admin/builder/spi-builder-workspace/.derivedData/Build/Intermediates.noindex/MicroExpress.build/Debug-appletvos/MicroExpress-t.build/Objects-normal/arm64/MicroExpress_const_extract_protocols.json (in target 'MicroExpress' from project 'MicroExpress')
cd /Users/admin/builder/spi-builder-workspace
write-file /Users/admin/builder/spi-builder-workspace/.derivedData/Build/Intermediates.noindex/MicroExpress.build/Debug-appletvos/MicroExpress-t.build/Objects-normal/arm64/MicroExpress_const_extract_protocols.json
WriteAuxiliaryFile /Users/admin/builder/spi-builder-workspace/.derivedData/Build/Intermediates.noindex/MicroExpress.build/Debug-appletvos/MicroExpress-t.build/Objects-normal/arm64/MicroExpress.SwiftFileList (in target 'MicroExpress' from project 'MicroExpress')
cd /Users/admin/builder/spi-builder-workspace
write-file /Users/admin/builder/spi-builder-workspace/.derivedData/Build/Intermediates.noindex/MicroExpress.build/Debug-appletvos/MicroExpress-t.build/Objects-normal/arm64/MicroExpress.SwiftFileList
WriteAuxiliaryFile /Users/admin/builder/spi-builder-workspace/.derivedData/Build/Intermediates.noindex/MicroExpress.build/Debug-appletvos/MicroHelloServer-p.build/Objects-normal/arm64/MicroHelloServer-OutputFileMap.json (in target 'MicroHelloServer-product' from project 'MicroExpress')
cd /Users/admin/builder/spi-builder-workspace
write-file /Users/admin/builder/spi-builder-workspace/.derivedData/Build/Intermediates.noindex/MicroExpress.build/Debug-appletvos/MicroHelloServer-p.build/Objects-normal/arm64/MicroHelloServer-OutputFileMap.json
WriteAuxiliaryFile /Users/admin/builder/spi-builder-workspace/.derivedData/Build/Intermediates.noindex/SwiftServerHttp.build/Debug-appletvos/CHTTPParser-t.build/Objects-normal/arm64/CHTTPParser.LinkFileList (in target 'CHTTPParser' from project 'SwiftServerHttp')
cd /Users/admin/builder/spi-builder-workspace/.dependencies/checkouts/http
write-file /Users/admin/builder/spi-builder-workspace/.derivedData/Build/Intermediates.noindex/SwiftServerHttp.build/Debug-appletvos/CHTTPParser-t.build/Objects-normal/arm64/CHTTPParser.LinkFileList
WriteAuxiliaryFile /Users/admin/builder/spi-builder-workspace/.derivedData/Build/Intermediates.noindex/MicroExpress.build/Debug-appletvos/MicroExpress-t.build/Objects-normal/arm64/MicroExpress.SwiftConstValuesFileList (in target 'MicroExpress' from project 'MicroExpress')
cd /Users/admin/builder/spi-builder-workspace
write-file /Users/admin/builder/spi-builder-workspace/.derivedData/Build/Intermediates.noindex/MicroExpress.build/Debug-appletvos/MicroExpress-t.build/Objects-normal/arm64/MicroExpress.SwiftConstValuesFileList
WriteAuxiliaryFile /Users/admin/builder/spi-builder-workspace/.derivedData/Build/Intermediates.noindex/MicroExpress.build/Debug-appletvos/MicroExpress-t.build/Objects-normal/arm64/MicroExpress.LinkFileList (in target 'MicroExpress' from project 'MicroExpress')
cd /Users/admin/builder/spi-builder-workspace
write-file /Users/admin/builder/spi-builder-workspace/.derivedData/Build/Intermediates.noindex/MicroExpress.build/Debug-appletvos/MicroExpress-t.build/Objects-normal/arm64/MicroExpress.LinkFileList
WriteAuxiliaryFile /Users/admin/builder/spi-builder-workspace/.derivedData/Build/Intermediates.noindex/MicroExpress.build/Debug-appletvos/MicroExpress-t.build/Objects-normal/arm64/MicroExpress-OutputFileMap.json (in target 'MicroExpress' from project 'MicroExpress')
cd /Users/admin/builder/spi-builder-workspace
write-file /Users/admin/builder/spi-builder-workspace/.derivedData/Build/Intermediates.noindex/MicroExpress.build/Debug-appletvos/MicroExpress-t.build/Objects-normal/arm64/MicroExpress-OutputFileMap.json
WriteAuxiliaryFile /Users/admin/builder/spi-builder-workspace/.derivedData/Build/Intermediates.noindex/MicroExpress.build/Debug-appletvos/MicroExpress-t.build/MicroExpress.modulemap (in target 'MicroExpress' from project 'MicroExpress')
cd /Users/admin/builder/spi-builder-workspace
write-file /Users/admin/builder/spi-builder-workspace/.derivedData/Build/Intermediates.noindex/MicroExpress.build/Debug-appletvos/MicroExpress-t.build/MicroExpress.modulemap
WriteAuxiliaryFile /Users/admin/builder/spi-builder-workspace/.derivedData/Build/Intermediates.noindex/MicroExpress.build/Debug-appletvos/MicroExpress-t.build/MicroExpress.DependencyStaticMetadataFileList (in target 'MicroExpress' from project 'MicroExpress')
cd /Users/admin/builder/spi-builder-workspace
write-file /Users/admin/builder/spi-builder-workspace/.derivedData/Build/Intermediates.noindex/MicroExpress.build/Debug-appletvos/MicroExpress-t.build/MicroExpress.DependencyStaticMetadataFileList
WriteAuxiliaryFile /Users/admin/builder/spi-builder-workspace/.derivedData/Build/Intermediates.noindex/MicroExpress.build/Debug-appletvos/MicroExpress-t.build/MicroExpress.DependencyMetadataFileList (in target 'MicroExpress' from project 'MicroExpress')
cd /Users/admin/builder/spi-builder-workspace
write-file /Users/admin/builder/spi-builder-workspace/.derivedData/Build/Intermediates.noindex/MicroExpress.build/Debug-appletvos/MicroExpress-t.build/MicroExpress.DependencyMetadataFileList
WriteAuxiliaryFile /Users/admin/builder/spi-builder-workspace/.derivedData/Build/Intermediates.noindex/SwiftServerHttp.build/Debug-appletvos/HTTP-t.build/Objects-normal/arm64/HTTP_const_extract_protocols.json (in target 'HTTP' from project 'SwiftServerHttp')
cd /Users/admin/builder/spi-builder-workspace/.dependencies/checkouts/http
write-file /Users/admin/builder/spi-builder-workspace/.derivedData/Build/Intermediates.noindex/SwiftServerHttp.build/Debug-appletvos/HTTP-t.build/Objects-normal/arm64/HTTP_const_extract_protocols.json
WriteAuxiliaryFile /Users/admin/builder/spi-builder-workspace/.derivedData/Build/Intermediates.noindex/SwiftServerHttp.build/Debug-appletvos/HTTP-t.build/Objects-normal/arm64/HTTP.SwiftConstValuesFileList (in target 'HTTP' from project 'SwiftServerHttp')
cd /Users/admin/builder/spi-builder-workspace/.dependencies/checkouts/http
write-file /Users/admin/builder/spi-builder-workspace/.derivedData/Build/Intermediates.noindex/SwiftServerHttp.build/Debug-appletvos/HTTP-t.build/Objects-normal/arm64/HTTP.SwiftConstValuesFileList
WriteAuxiliaryFile /Users/admin/builder/spi-builder-workspace/.derivedData/Build/Intermediates.noindex/SwiftServerHttp.build/Debug-appletvos/HTTP-t.build/Objects-normal/arm64/HTTP.SwiftFileList (in target 'HTTP' from project 'SwiftServerHttp')
cd /Users/admin/builder/spi-builder-workspace/.dependencies/checkouts/http
write-file /Users/admin/builder/spi-builder-workspace/.derivedData/Build/Intermediates.noindex/SwiftServerHttp.build/Debug-appletvos/HTTP-t.build/Objects-normal/arm64/HTTP.SwiftFileList
WriteAuxiliaryFile /Users/admin/builder/spi-builder-workspace/.derivedData/Build/Intermediates.noindex/SwiftServerHttp.build/Debug-appletvos/HTTP-t.build/Objects-normal/arm64/HTTP.LinkFileList (in target 'HTTP' from project 'SwiftServerHttp')
cd /Users/admin/builder/spi-builder-workspace/.dependencies/checkouts/http
write-file /Users/admin/builder/spi-builder-workspace/.derivedData/Build/Intermediates.noindex/SwiftServerHttp.build/Debug-appletvos/HTTP-t.build/Objects-normal/arm64/HTTP.LinkFileList
WriteAuxiliaryFile /Users/admin/builder/spi-builder-workspace/.derivedData/Build/Intermediates.noindex/SwiftServerHttp.build/Debug-appletvos/HTTP-t.build/Objects-normal/arm64/HTTP-OutputFileMap.json (in target 'HTTP' from project 'SwiftServerHttp')
cd /Users/admin/builder/spi-builder-workspace/.dependencies/checkouts/http
write-file /Users/admin/builder/spi-builder-workspace/.derivedData/Build/Intermediates.noindex/SwiftServerHttp.build/Debug-appletvos/HTTP-t.build/Objects-normal/arm64/HTTP-OutputFileMap.json
WriteAuxiliaryFile /Users/admin/builder/spi-builder-workspace/.derivedData/Build/Intermediates.noindex/SwiftServerHttp.build/Debug-appletvos/HTTP-t.build/HTTP.modulemap (in target 'HTTP' from project 'SwiftServerHttp')
cd /Users/admin/builder/spi-builder-workspace/.dependencies/checkouts/http
write-file /Users/admin/builder/spi-builder-workspace/.derivedData/Build/Intermediates.noindex/SwiftServerHttp.build/Debug-appletvos/HTTP-t.build/HTTP.modulemap
WriteAuxiliaryFile /Users/admin/builder/spi-builder-workspace/.derivedData/Build/Intermediates.noindex/SwiftServerHttp.build/Debug-appletvos/HTTP-t.build/HTTP.DependencyStaticMetadataFileList (in target 'HTTP' from project 'SwiftServerHttp')
cd /Users/admin/builder/spi-builder-workspace/.dependencies/checkouts/http
write-file /Users/admin/builder/spi-builder-workspace/.derivedData/Build/Intermediates.noindex/SwiftServerHttp.build/Debug-appletvos/HTTP-t.build/HTTP.DependencyStaticMetadataFileList
Copy /Users/admin/builder/spi-builder-workspace/.derivedData/Build/Intermediates.noindex/GeneratedModuleMaps-appletvos/MicroExpress.modulemap /Users/admin/builder/spi-builder-workspace/.derivedData/Build/Intermediates.noindex/MicroExpress.build/Debug-appletvos/MicroExpress-t.build/MicroExpress.modulemap (in target 'MicroExpress' from project 'MicroExpress')
cd /Users/admin/builder/spi-builder-workspace
builtin-copy -exclude .DS_Store -exclude CVS -exclude .svn -exclude .git -exclude .hg -resolve-src-symlinks /Users/admin/builder/spi-builder-workspace/.derivedData/Build/Intermediates.noindex/MicroExpress.build/Debug-appletvos/MicroExpress-t.build/MicroExpress.modulemap /Users/admin/builder/spi-builder-workspace/.derivedData/Build/Intermediates.noindex/GeneratedModuleMaps-appletvos
WriteAuxiliaryFile /Users/admin/builder/spi-builder-workspace/.derivedData/Build/Intermediates.noindex/SwiftServerHttp.build/Debug-appletvos/HTTP-t.build/HTTP.DependencyMetadataFileList (in target 'HTTP' from project 'SwiftServerHttp')
cd /Users/admin/builder/spi-builder-workspace/.dependencies/checkouts/http
write-file /Users/admin/builder/spi-builder-workspace/.derivedData/Build/Intermediates.noindex/SwiftServerHttp.build/Debug-appletvos/HTTP-t.build/HTTP.DependencyMetadataFileList
WriteAuxiliaryFile /Users/admin/builder/spi-builder-workspace/.derivedData/Build/Intermediates.noindex/SwiftServerHttp.build/Debug-appletvos/CHTTPParser-t.build/Objects-normal/arm64/7187679823f38a2a940e0043cdf9d637-common-args.resp (in target 'CHTTPParser' from project 'SwiftServerHttp')
cd /Users/admin/builder/spi-builder-workspace/.dependencies/checkouts/http
write-file /Users/admin/builder/spi-builder-workspace/.derivedData/Build/Intermediates.noindex/SwiftServerHttp.build/Debug-appletvos/CHTTPParser-t.build/Objects-normal/arm64/7187679823f38a2a940e0043cdf9d637-common-args.resp
-fmodules -gmodules '-fmodules-cache-path=/Users/admin/builder/spi-builder-workspace/.derivedData/ModuleCache.noindex' '-fmodule-name=CHTTPParser' -fpascal-strings -O0 -DSWIFT_PACKAGE '-DDEBUG=1' -g -I/Users/admin/builder/spi-builder-workspace/.derivedData/Build/Products/Debug-appletvos/include -I/Users/admin/builder/spi-builder-workspace/.dependencies/checkouts/http/Sources/CHTTPParser/include -I/Users/admin/builder/spi-builder-workspace/.derivedData/Build/Intermediates.noindex/SwiftServerHttp.build/Debug-appletvos/CHTTPParser-t.build/DerivedSources-normal/arm64 -I/Users/admin/builder/spi-builder-workspace/.derivedData/Build/Intermediates.noindex/SwiftServerHttp.build/Debug-appletvos/CHTTPParser-t.build/DerivedSources/arm64 -I/Users/admin/builder/spi-builder-workspace/.derivedData/Build/Intermediates.noindex/SwiftServerHttp.build/Debug-appletvos/CHTTPParser-t.build/DerivedSources -F/Users/admin/builder/spi-builder-workspace/.derivedData/Build/Products/Debug-appletvos -iframework /Applications/Xcode-27.0.0-Release.Candidate.app/Contents/Developer/Platforms/AppleTVOS.platform/Developer/Library/Frameworks -iframework /Applications/Xcode-27.0.0-Release.Candidate.app/Contents/Developer/Platforms/AppleTVOS.platform/Developer/SDKs/AppleTVOS27.0.sdk/Developer/Library/Frameworks -DXcode
WriteAuxiliaryFile /Users/admin/builder/spi-builder-workspace/.derivedData/Build/Intermediates.noindex/SwiftServerHttp.build/Debug-appletvos/CHTTPParser-t.build/CHTTPParser.modulemap (in target 'CHTTPParser' from project 'SwiftServerHttp')
cd /Users/admin/builder/spi-builder-workspace/.dependencies/checkouts/http
write-file /Users/admin/builder/spi-builder-workspace/.derivedData/Build/Intermediates.noindex/SwiftServerHttp.build/Debug-appletvos/CHTTPParser-t.build/CHTTPParser.modulemap
WriteAuxiliaryFile /Users/admin/builder/spi-builder-workspace/.derivedData/Build/Intermediates.noindex/SwiftServerHttp.build/Debug-appletvos/CHTTPParser-t.build/CHTTPParser.DependencyStaticMetadataFileList (in target 'CHTTPParser' from project 'SwiftServerHttp')
cd /Users/admin/builder/spi-builder-workspace/.dependencies/checkouts/http
write-file /Users/admin/builder/spi-builder-workspace/.derivedData/Build/Intermediates.noindex/SwiftServerHttp.build/Debug-appletvos/CHTTPParser-t.build/CHTTPParser.DependencyStaticMetadataFileList
WriteAuxiliaryFile /Users/admin/builder/spi-builder-workspace/.derivedData/Build/Intermediates.noindex/SwiftServerHttp.build/Debug-appletvos/CHTTPParser-t.build/CHTTPParser.DependencyMetadataFileList (in target 'CHTTPParser' from project 'SwiftServerHttp')
cd /Users/admin/builder/spi-builder-workspace/.dependencies/checkouts/http
write-file /Users/admin/builder/spi-builder-workspace/.derivedData/Build/Intermediates.noindex/SwiftServerHttp.build/Debug-appletvos/CHTTPParser-t.build/CHTTPParser.DependencyMetadataFileList
Copy /Users/admin/builder/spi-builder-workspace/.derivedData/Build/Intermediates.noindex/GeneratedModuleMaps-appletvos/HTTP.modulemap /Users/admin/builder/spi-builder-workspace/.derivedData/Build/Intermediates.noindex/SwiftServerHttp.build/Debug-appletvos/HTTP-t.build/HTTP.modulemap (in target 'HTTP' from project 'SwiftServerHttp')
cd /Users/admin/builder/spi-builder-workspace/.dependencies/checkouts/http
builtin-copy -exclude .DS_Store -exclude CVS -exclude .svn -exclude .git -exclude .hg -resolve-src-symlinks /Users/admin/builder/spi-builder-workspace/.derivedData/Build/Intermediates.noindex/SwiftServerHttp.build/Debug-appletvos/HTTP-t.build/HTTP.modulemap /Users/admin/builder/spi-builder-workspace/.derivedData/Build/Intermediates.noindex/GeneratedModuleMaps-appletvos
Copy /Users/admin/builder/spi-builder-workspace/.derivedData/Build/Intermediates.noindex/GeneratedModuleMaps-appletvos/CHTTPParser.modulemap /Users/admin/builder/spi-builder-workspace/.derivedData/Build/Intermediates.noindex/SwiftServerHttp.build/Debug-appletvos/CHTTPParser-t.build/CHTTPParser.modulemap (in target 'CHTTPParser' from project 'SwiftServerHttp')
cd /Users/admin/builder/spi-builder-workspace/.dependencies/checkouts/http
builtin-copy -exclude .DS_Store -exclude CVS -exclude .svn -exclude .git -exclude .hg -resolve-src-symlinks /Users/admin/builder/spi-builder-workspace/.derivedData/Build/Intermediates.noindex/SwiftServerHttp.build/Debug-appletvos/CHTTPParser-t.build/CHTTPParser.modulemap /Users/admin/builder/spi-builder-workspace/.derivedData/Build/Intermediates.noindex/GeneratedModuleMaps-appletvos
ScanDependencies /Users/admin/builder/spi-builder-workspace/.derivedData/Build/Intermediates.noindex/SwiftServerHttp.build/Debug-appletvos/CHTTPParser-t.build/Objects-normal/arm64/http_parser.o /Users/admin/builder/spi-builder-workspace/.dependencies/checkouts/http/Sources/CHTTPParser/http_parser.c normal arm64 c com.apple.compilers.llvm.clang.1_0.compiler (in target 'CHTTPParser' from project 'SwiftServerHttp')
cd /Users/admin/builder/spi-builder-workspace/.swiftpm/xcode
Using response file: /Users/admin/builder/spi-builder-workspace/.derivedData/Build/Intermediates.noindex/SwiftServerHttp.build/Debug-appletvos/CHTTPParser-t.build/Objects-normal/arm64/7187679823f38a2a940e0043cdf9d637-common-args.resp
builtin-ScanDependencies -o /Users/admin/builder/spi-builder-workspace/.derivedData/Build/Intermediates.noindex/SwiftServerHttp.build/Debug-appletvos/CHTTPParser-t.build/Objects-normal/arm64/http_parser.o.scan -- /Applications/Xcode-27.0.0-Release.Candidate.app/Contents/Developer/Toolchains/XcodeDefault.xctoolchain/usr/bin/clang -x c -ivfsstatcache /Users/admin/builder/spi-builder-workspace/.derivedData/SDKStatCaches.noindex/appletvos27.0-24J360-e829b21a6f8c9b70876ba0858053c044b32bfd8d43560033f8d89884cdb90028.sdkstatcache -target arm64-apple-tvos15.0 -fmessage-length\=0 -fdiagnostics-show-note-include-stack -fmacro-backtrace-limit\=0 -fno-color-diagnostics -fmodules-prune-interval\=86400 -fmodules-prune-after\=345600 -fbuild-session-file\=/Users/admin/builder/spi-builder-workspace/.derivedData/ModuleCache.noindex/Session.modulevalidation -fmodules-validate-once-per-build-session -Wnon-modular-include-in-framework-module -Werror\=non-modular-include-in-framework-module -Wno-trigraphs -Wno-missing-field-initializers -Wno-missing-prototypes -Wno-return-type -Wno-missing-braces -Wparentheses -Wswitch -Wno-unused-function -Wno-unused-label -Wno-unused-parameter -Wno-unused-variable -Wunused-value -Wno-empty-body -Wno-uninitialized -Wno-unknown-pragmas -w -Wno-shadow -Wno-four-char-constants -Wno-conversion -Wno-constant-conversion -Wno-int-conversion -Wno-bool-conversion -Wno-enum-conversion -Wno-float-conversion -Wno-non-literal-null-conversion -Wno-objc-literal-conversion -Wshorten-64-to-32 -Wpointer-sign -Wno-newline-eof -Wno-implicit-fallthrough -isysroot /Applications/Xcode-27.0.0-Release.Candidate.app/Contents/Developer/Platforms/AppleTVOS.platform/Developer/SDKs/AppleTVOS27.0.sdk -fstrict-aliasing -Wdeprecated-declarations -Wno-sign-conversion -Wno-infinite-recursion -Wno-comma -Wno-block-capture-autoreleasing -Wno-strict-prototypes -Wno-semicolon-before-method-body -index-store-path /Users/admin/builder/spi-builder-workspace/.derivedData/Index.noindex/DataStore @/Users/admin/builder/spi-builder-workspace/.derivedData/Build/Intermediates.noindex/SwiftServerHttp.build/Debug-appletvos/CHTTPParser-t.build/Objects-normal/arm64/7187679823f38a2a940e0043cdf9d637-common-args.resp -MMD -MT dependencies -MF /Users/admin/builder/spi-builder-workspace/.derivedData/Build/Intermediates.noindex/SwiftServerHttp.build/Debug-appletvos/CHTTPParser-t.build/Objects-normal/arm64/http_parser.d --serialize-diagnostics /Users/admin/builder/spi-builder-workspace/.derivedData/Build/Intermediates.noindex/SwiftServerHttp.build/Debug-appletvos/CHTTPParser-t.build/Objects-normal/arm64/http_parser.dia -c /Users/admin/builder/spi-builder-workspace/.dependencies/checkouts/http/Sources/CHTTPParser/http_parser.c -o /Users/admin/builder/spi-builder-workspace/.derivedData/Build/Intermediates.noindex/SwiftServerHttp.build/Debug-appletvos/CHTTPParser-t.build/Objects-normal/arm64/http_parser.o -index-unit-output-path /SwiftServerHttp.build/Debug-appletvos/CHTTPParser-t.build/Objects-normal/arm64/http_parser.o
SwiftDriver HTTP normal arm64 com.apple.xcode.tools.swift.compiler (in target 'HTTP' from project 'SwiftServerHttp')
cd /Users/admin/builder/spi-builder-workspace/.swiftpm/xcode
builtin-SwiftDriver -- /Applications/Xcode-27.0.0-Release.Candidate.app/Contents/Developer/Toolchains/XcodeDefault.xctoolchain/usr/bin/swiftc -parse-as-library -module-name HTTP -Onone @/Users/admin/builder/spi-builder-workspace/.derivedData/Build/Intermediates.noindex/SwiftServerHttp.build/Debug-appletvos/HTTP-t.build/Objects-normal/arm64/HTTP.SwiftFileList -DSWIFT_PACKAGE -DDEBUG -DSWIFT_MODULE_RESOURCE_BUNDLE_UNAVAILABLE -Xcc -fmodule-map-file\=/Users/admin/builder/spi-builder-workspace/.derivedData/Build/Intermediates.noindex/GeneratedModuleMaps-appletvos/CHTTPParser.modulemap -DXcode -plugin-path /Applications/Xcode-27.0.0-Release.Candidate.app/Contents/Developer/Toolchains/XcodeDefault.xctoolchain/usr/lib/swift/host/plugins/testing -enable-experimental-feature DebugDescriptionMacro -sdk /Applications/Xcode-27.0.0-Release.Candidate.app/Contents/Developer/Platforms/AppleTVOS.platform/Developer/SDKs/AppleTVOS27.0.sdk -target arm64-apple-tvos15.0 -g -module-cache-path /Users/admin/builder/spi-builder-workspace/.derivedData/ModuleCache.noindex -Xfrontend -serialize-debugging-options -enable-testing -suppress-warnings -index-store-path /Users/admin/builder/spi-builder-workspace/.derivedData/Index.noindex/DataStore -Xcc -D_LIBCPP_HARDENING_MODE\=_LIBCPP_HARDENING_MODE_DEBUG -swift-version 4 -I /Users/admin/builder/spi-builder-workspace/.derivedData/Build/Products/Debug-appletvos -Isystem /Applications/Xcode-27.0.0-Release.Candidate.app/Contents/Developer/Platforms/AppleTVOS.platform/Developer/usr/lib -F /Users/admin/builder/spi-builder-workspace/.derivedData/Build/Products/Debug-appletvos/PackageFrameworks -F /Users/admin/builder/spi-builder-workspace/.derivedData/Build/Products/Debug-appletvos -F /Applications/Xcode-27.0.0-Release.Candidate.app/Contents/Developer/Platforms/AppleTVOS.platform/Developer/Library/Frameworks -F /Applications/Xcode-27.0.0-Release.Candidate.app/Contents/Developer/Platforms/AppleTVOS.platform/Developer/SDKs/AppleTVOS27.0.sdk/Developer/Library/Frameworks -c -j10 -enable-batch-mode -incremental -Xcc -ivfsstatcache -Xcc /Users/admin/builder/spi-builder-workspace/.derivedData/SDKStatCaches.noindex/appletvos27.0-24J360-e829b21a6f8c9b70876ba0858053c044b32bfd8d43560033f8d89884cdb90028.sdkstatcache -output-file-map /Users/admin/builder/spi-builder-workspace/.derivedData/Build/Intermediates.noindex/SwiftServerHttp.build/Debug-appletvos/HTTP-t.build/Objects-normal/arm64/HTTP-OutputFileMap.json -save-temps -no-color-diagnostics -emit-dependencies -emit-module -emit-module-path /Users/admin/builder/spi-builder-workspace/.derivedData/Build/Intermediates.noindex/SwiftServerHttp.build/Debug-appletvos/HTTP-t.build/Objects-normal/arm64/HTTP.swiftmodule -serialize-diagnostics -validate-clang-modules-once -clang-build-session-file /Users/admin/builder/spi-builder-workspace/.derivedData/ModuleCache.noindex/Session.modulevalidation -Xcc -fmodules-prune-interval\=86400 -Xcc -fmodules-prune-after\=345600 -emit-const-values -const-gather-protocols-list /Users/admin/builder/spi-builder-workspace/.derivedData/Build/Intermediates.noindex/SwiftServerHttp.build/Debug-appletvos/HTTP-t.build/Objects-normal/arm64/HTTP_const_extract_protocols.json -Xcc -I/Users/admin/builder/spi-builder-workspace/.dependencies/checkouts/http/Sources/CHTTPParser/include -Xcc -I/Users/admin/builder/spi-builder-workspace/.derivedData/Build/Products/Debug-appletvos/include -Xcc -I/Users/admin/builder/spi-builder-workspace/.derivedData/Build/Intermediates.noindex/SwiftServerHttp.build/Debug-appletvos/HTTP-t.build/DerivedSources-normal/arm64 -Xcc -I/Users/admin/builder/spi-builder-workspace/.derivedData/Build/Intermediates.noindex/SwiftServerHttp.build/Debug-appletvos/HTTP-t.build/DerivedSources/arm64 -Xcc -I/Users/admin/builder/spi-builder-workspace/.derivedData/Build/Intermediates.noindex/SwiftServerHttp.build/Debug-appletvos/HTTP-t.build/DerivedSources -Xcc -DSWIFT_PACKAGE -Xcc -DDEBUG\=1 -emit-objc-header -emit-objc-header-path /Users/admin/builder/spi-builder-workspace/.derivedData/Build/Intermediates.noindex/SwiftServerHttp.build/Debug-appletvos/HTTP-t.build/Objects-normal/arm64/HTTP-Swift.h -working-directory /Users/admin/builder/spi-builder-workspace/.swiftpm/xcode -experimental-emit-module-separately -disable-cmo
SwiftCompile normal arm64 Compiling\ HTTPMethod.swift /Users/admin/builder/spi-builder-workspace/.dependencies/checkouts/http/Sources/HTTP/HTTPMethod.swift (in target 'HTTP' from project 'SwiftServerHttp')
SwiftCompile normal arm64 /Users/admin/builder/spi-builder-workspace/.dependencies/checkouts/http/Sources/HTTP/HTTPMethod.swift (in target 'HTTP' from project 'SwiftServerHttp')
cd /Users/admin/builder/spi-builder-workspace/.swiftpm/xcode
builtin-SwiftPerFileCompile HTTPMethod.swift
SwiftCompile normal arm64 Compiling\ HTTPRequest.swift /Users/admin/builder/spi-builder-workspace/.dependencies/checkouts/http/Sources/HTTP/HTTPRequest.swift (in target 'HTTP' from project 'SwiftServerHttp')
SwiftCompile normal arm64 /Users/admin/builder/spi-builder-workspace/.dependencies/checkouts/http/Sources/HTTP/HTTPRequest.swift (in target 'HTTP' from project 'SwiftServerHttp')
cd /Users/admin/builder/spi-builder-workspace/.swiftpm/xcode
builtin-SwiftPerFileCompile HTTPRequest.swift
SwiftCompile normal arm64 Compiling\ HTTPResponse.swift /Users/admin/builder/spi-builder-workspace/.dependencies/checkouts/http/Sources/HTTP/HTTPResponse.swift (in target 'HTTP' from project 'SwiftServerHttp')
SwiftCompile normal arm64 /Users/admin/builder/spi-builder-workspace/.dependencies/checkouts/http/Sources/HTTP/HTTPResponse.swift (in target 'HTTP' from project 'SwiftServerHttp')
cd /Users/admin/builder/spi-builder-workspace/.swiftpm/xcode
builtin-SwiftPerFileCompile HTTPResponse.swift
SwiftCompile normal arm64 Compiling\ HTTPServer.swift /Users/admin/builder/spi-builder-workspace/.dependencies/checkouts/http/Sources/HTTP/HTTPServer.swift (in target 'HTTP' from project 'SwiftServerHttp')
SwiftCompile normal arm64 /Users/admin/builder/spi-builder-workspace/.dependencies/checkouts/http/Sources/HTTP/HTTPServer.swift (in target 'HTTP' from project 'SwiftServerHttp')
cd /Users/admin/builder/spi-builder-workspace/.swiftpm/xcode
builtin-SwiftPerFileCompile HTTPServer.swift
SwiftCompile normal arm64 Compiling\ HTTPStreamingParser.swift /Users/admin/builder/spi-builder-workspace/.dependencies/checkouts/http/Sources/HTTP/HTTPStreamingParser.swift (in target 'HTTP' from project 'SwiftServerHttp')
SwiftCompile normal arm64 /Users/admin/builder/spi-builder-workspace/.dependencies/checkouts/http/Sources/HTTP/HTTPStreamingParser.swift (in target 'HTTP' from project 'SwiftServerHttp')
cd /Users/admin/builder/spi-builder-workspace/.swiftpm/xcode
builtin-SwiftPerFileCompile HTTPStreamingParser.swift
SwiftCompile normal arm64 Compiling\ HTTPVersion.swift /Users/admin/builder/spi-builder-workspace/.dependencies/checkouts/http/Sources/HTTP/HTTPVersion.swift (in target 'HTTP' from project 'SwiftServerHttp')
SwiftCompile normal arm64 /Users/admin/builder/spi-builder-workspace/.dependencies/checkouts/http/Sources/HTTP/HTTPVersion.swift (in target 'HTTP' from project 'SwiftServerHttp')
cd /Users/admin/builder/spi-builder-workspace/.swiftpm/xcode
builtin-SwiftPerFileCompile HTTPVersion.swift
SwiftCompile normal arm64 Compiling\ PoCSocket.swift /Users/admin/builder/spi-builder-workspace/.dependencies/checkouts/http/Sources/HTTP/PoCSocket/PoCSocket.swift (in target 'HTTP' from project 'SwiftServerHttp')
/Users/admin/builder/spi-builder-workspace/.dependencies/checkouts/http/Sources/HTTP/PoCSocket/PoCSocket.swift:230:51: error: overlapping accesses to 'addr_in', but modification requires exclusive access; consider copying to a local variable [#ExclusivityViolation]
228 | var addr_in = sockaddr_in()
229 |
230 | listeningPort = try withUnsafePointer(to: &addr_in) { pointer in
| `- error: overlapping accesses to 'addr_in', but modification requires exclusive access; consider copying to a local variable [#ExclusivityViolation]
231 | var len = socklen_t(MemoryLayout<sockaddr_in>.size)
232 | if getsockname(socketfd, UnsafeMutablePointer(OpaquePointer(pointer)), &len) != 0 {
:
236 | return Int32(ntohs(addr_in.sin_port))
237 | #else
238 | return Int32(Int(OSHostByteOrder()) != OSLittleEndian ? addr_in.sin_port.littleEndian : addr_in.sin_port.bigEndian)
| `- note: conflicting access is here
239 | #endif
240 | }
[#ExclusivityViolation]: <https://docs.swift.org/compiler/documentation/diagnostics/exclusivity-violation>
Failed frontend command:
/Applications/Xcode-27.0.0-Release.Candidate.app/Contents/Developer/Toolchains/XcodeDefault.xctoolchain/usr/bin/swift-frontend -frontend -c /Users/admin/builder/spi-builder-workspace/.dependencies/checkouts/http/Sources/HTTP/HTTPCommon.swift /Users/admin/builder/spi-builder-workspace/.dependencies/checkouts/http/Sources/HTTP/HTTPHeaders.swift /Users/admin/builder/spi-builder-workspace/.dependencies/checkouts/http/Sources/HTTP/HTTPMethod.swift /Users/admin/builder/spi-builder-workspace/.dependencies/checkouts/http/Sources/HTTP/HTTPRequest.swift /Users/admin/builder/spi-builder-workspace/.dependencies/checkouts/http/Sources/HTTP/HTTPResponse.swift /Users/admin/builder/spi-builder-workspace/.dependencies/checkouts/http/Sources/HTTP/HTTPServer.swift /Users/admin/builder/spi-builder-workspace/.dependencies/checkouts/http/Sources/HTTP/HTTPStreamingParser.swift /Users/admin/builder/spi-builder-workspace/.dependencies/checkouts/http/Sources/HTTP/HTTPVersion.swift -primary-file /Users/admin/builder/spi-builder-workspace/.dependencies/checkouts/http/Sources/HTTP/PoCSocket/PoCSocket.swift /Users/admin/builder/spi-builder-workspace/.dependencies/checkouts/http/Sources/HTTP/PoCSocket/PoCSocketConnectionListener.swift /Users/admin/builder/spi-builder-workspace/.dependencies/checkouts/http/Sources/HTTP/PoCSocket/PoCSocketSimpleServer.swift -emit-dependencies-path /Users/admin/builder/spi-builder-workspace/.derivedData/Build/Intermediates.noindex/SwiftServerHttp.build/Debug-appletvos/HTTP-t.build/Objects-normal/arm64/PoCSocket.d -emit-const-values-path /Users/admin/builder/spi-builder-workspace/.derivedData/Build/Intermediates.noindex/SwiftServerHttp.build/Debug-appletvos/HTTP-t.build/Objects-normal/arm64/PoCSocket.swiftconstvalues -emit-reference-dependencies-path /Users/admin/builder/spi-builder-workspace/.derivedData/Build/Intermediates.noindex/SwiftServerHttp.build/Debug-appletvos/HTTP-t.build/Objects-normal/arm64/PoCSocket.swiftdeps -serialize-diagnostics-path /Users/admin/builder/spi-builder-workspace/.derivedData/Build/Intermediates.noindex/SwiftServerHttp.build/Debug-appletvos/HTTP-t.build/Objects-normal/arm64/PoCSocket.dia -target arm64-apple-tvos15.0 -Xllvm -aarch64-use-tbi -enable-objc-interop -stack-check -sdk /Applications/Xcode-27.0.0-Release.Candidate.app/Contents/Developer/Platforms/AppleTVOS.platform/Developer/SDKs/AppleTVOS27.0.sdk -I /Users/admin/builder/spi-builder-workspace/.derivedData/Build/Products/Debug-appletvos -Isystem /Applications/Xcode-27.0.0-Release.Candidate.app/Contents/Developer/Platforms/AppleTVOS.platform/Developer/usr/lib -F /Users/admin/builder/spi-builder-workspace/.derivedData/Build/Products/Debug-appletvos/PackageFrameworks -F /Users/admin/builder/spi-builder-workspace/.derivedData/Build/Products/Debug-appletvos -F /Applications/Xcode-27.0.0-Release.Candidate.app/Contents/Developer/Platforms/AppleTVOS.platform/Developer/Library/Frameworks -F /Applications/Xcode-27.0.0-Release.Candidate.app/Contents/Developer/Platforms/AppleTVOS.platform/Developer/SDKs/AppleTVOS27.0.sdk/Developer/Library/Frameworks -module-cache-path /Users/admin/builder/spi-builder-workspace/.derivedData/ModuleCache.noindex -no-color-diagnostics -Xcc -fno-color-diagnostics -enable-testing -g -debug-info-format\=dwarf -dwarf-version\=4 -suppress-warnings -swift-version 4 -Onone -D SWIFT_PACKAGE -D DEBUG -D SWIFT_MODULE_RESOURCE_BUNDLE_UNAVAILABLE -D Xcode -serialize-debugging-options -enable-experimental-feature DebugDescriptionMacro -empty-abi-descriptor -plugin-path /Applications/Xcode-27.0.0-Release.Candidate.app/Contents/Developer/Toolchains/XcodeDefault.xctoolchain/usr/lib/swift/host/plugins/testing -validate-clang-modules-once -clang-build-session-file /Users/admin/builder/spi-builder-workspace/.derivedData/ModuleCache.noindex/Session.modulevalidation -Xcc -working-directory -Xcc /Users/admin/builder/spi-builder-workspace/.swiftpm/xcode -enable-anonymous-context-mangled-names -file-compilation-dir /Users/admin/builder/spi-builder-workspace/.swiftpm/xcode -Xcc -fmodule-map-file\=/Users/admin/builder/spi-builder-workspace/.derivedData/Build/Intermediates.noindex/GeneratedModuleMaps-appletvos/CHTTPParser.modulemap -Xcc -D_LIBCPP_HARDENING_MODE\=_LIBCPP_HARDENING_MODE_DEBUG -Xcc -ivfsstatcache -Xcc /Users/admin/builder/spi-builder-workspace/.derivedData/SDKStatCaches.noindex/appletvos27.0-24J360-e829b21a6f8c9b70876ba0858053c044b32bfd8d43560033f8d89884cdb90028.sdkstatcache -Xcc -fmodules-prune-interval\=86400 -Xcc -fmodules-prune-after\=345600 -Xcc -I/Users/admin/builder/spi-builder-workspace/.dependencies/checkouts/http/Sources/CHTTPParser/include -Xcc -I/Users/admin/builder/spi-builder-workspace/.derivedData/Build/Products/Debug-appletvos/include -Xcc -I/Users/admin/builder/spi-builder-workspace/.derivedData/Build/Intermediates.noindex/SwiftServerHttp.build/Debug-appletvos/HTTP-t.build/DerivedSources-normal/arm64 -Xcc -I/Users/admin/builder/spi-builder-workspace/.derivedData/Build/Intermediates.noindex/SwiftServerHttp.build/Debug-appletvos/HTTP-t.build/DerivedSources/arm64 -Xcc -I/Users/admin/builder/spi-builder-workspace/.derivedData/Build/Intermediates.noindex/SwiftServerHttp.build/Debug-appletvos/HTTP-t.build/DerivedSources -Xcc -DSWIFT_PACKAGE -Xcc -DDEBUG\=1 -no-auto-bridging-header-chaining -module-name HTTP -const-gather-protocols-file /Users/admin/builder/spi-builder-workspace/.derivedData/Build/Intermediates.noindex/SwiftServerHttp.build/Debug-appletvos/HTTP-t.build/Objects-normal/arm64/HTTP_const_extract_protocols.json -disable-clang-spi -target-sdk-version 27.0 -target-sdk-name appletvos27.0 -external-plugin-path /Applications/Xcode-27.0.0-Release.Candidate.app/Contents/Developer/Platforms/AppleTVOS.platform/Developer/usr/lib/swift/host/plugins\#/Applications/Xcode-27.0.0-Release.Candidate.app/Contents/Developer/Platforms/AppleTVOS.platform/Developer/usr/bin/swift-plugin-server -external-plugin-path /Applications/Xcode-27.0.0-Release.Candidate.app/Contents/Developer/Platforms/AppleTVOS.platform/Developer/usr/local/lib/swift/host/plugins\#/Applications/Xcode-27.0.0-Release.Candidate.app/Contents/Developer/Platforms/AppleTVOS.platform/Developer/usr/bin/swift-plugin-server -in-process-plugin-server-path /Applications/Xcode-27.0.0-Release.Candidate.app/Contents/Developer/Toolchains/XcodeDefault.xctoolchain/usr/lib/swift/host/libSwiftInProcPluginServer.dylib -plugin-path /Applications/Xcode-27.0.0-Release.Candidate.app/Contents/Developer/Toolchains/XcodeDefault.xctoolchain/usr/lib/swift/host/plugins -plugin-path /Applications/Xcode-27.0.0-Release.Candidate.app/Contents/Developer/Toolchains/XcodeDefault.xctoolchain/usr/local/lib/swift/host/plugins -parse-as-library -o /Users/admin/builder/spi-builder-workspace/.derivedData/Build/Intermediates.noindex/SwiftServerHttp.build/Debug-appletvos/HTTP-t.build/Objects-normal/arm64/PoCSocket.o -index-unit-output-path /SwiftServerHttp.build/Debug-appletvos/HTTP-t.build/Objects-normal/arm64/PoCSocket.o -index-store-path /Users/admin/builder/spi-builder-workspace/.derivedData/Index.noindex/DataStore -index-system-modules
SwiftCompile normal arm64 /Users/admin/builder/spi-builder-workspace/.dependencies/checkouts/http/Sources/HTTP/PoCSocket/PoCSocket.swift (in target 'HTTP' from project 'SwiftServerHttp')
cd /Users/admin/builder/spi-builder-workspace/.swiftpm/xcode
builtin-SwiftPerFileCompile PoCSocket.swift
SwiftCompile normal arm64 Compiling\ HTTPCommon.swift,\ HTTPHeaders.swift /Users/admin/builder/spi-builder-workspace/.dependencies/checkouts/http/Sources/HTTP/HTTPCommon.swift /Users/admin/builder/spi-builder-workspace/.dependencies/checkouts/http/Sources/HTTP/HTTPHeaders.swift (in target 'HTTP' from project 'SwiftServerHttp')
SwiftCompile normal arm64 /Users/admin/builder/spi-builder-workspace/.dependencies/checkouts/http/Sources/HTTP/HTTPCommon.swift (in target 'HTTP' from project 'SwiftServerHttp')
cd /Users/admin/builder/spi-builder-workspace/.swiftpm/xcode
builtin-SwiftPerFileCompile HTTPCommon.swift
SwiftCompile normal arm64 /Users/admin/builder/spi-builder-workspace/.dependencies/checkouts/http/Sources/HTTP/HTTPHeaders.swift (in target 'HTTP' from project 'SwiftServerHttp')
cd /Users/admin/builder/spi-builder-workspace/.swiftpm/xcode
builtin-SwiftPerFileCompile HTTPHeaders.swift
SwiftCompile normal arm64 Compiling\ PoCSocketConnectionListener.swift /Users/admin/builder/spi-builder-workspace/.dependencies/checkouts/http/Sources/HTTP/PoCSocket/PoCSocketConnectionListener.swift (in target 'HTTP' from project 'SwiftServerHttp')
SwiftCompile normal arm64 /Users/admin/builder/spi-builder-workspace/.dependencies/checkouts/http/Sources/HTTP/PoCSocket/PoCSocketConnectionListener.swift (in target 'HTTP' from project 'SwiftServerHttp')
cd /Users/admin/builder/spi-builder-workspace/.swiftpm/xcode
builtin-SwiftPerFileCompile PoCSocketConnectionListener.swift
SwiftEmitModule normal arm64 Emitting\ module\ for\ HTTP (in target 'HTTP' from project 'SwiftServerHttp')
SwiftCompile normal arm64 (in target 'HTTP' from project 'SwiftServerHttp')
cd /Users/admin/builder/spi-builder-workspace/.swiftpm/xcode
PrecompileModule /Users/admin/builder/spi-builder-workspace/.derivedData/Build/Intermediates.noindex/ExplicitPrecompiledModules/_Builtin_stdarg-3UP8BCULBU9UHYIDQVTKKABS1.scan
cd /
builtin-precompileModule /Users/admin/builder/spi-builder-workspace/.derivedData/Build/Intermediates.noindex/ExplicitPrecompiledModules/_Builtin_stdarg-3UP8BCULBU9UHYIDQVTKKABS1.scan
SwiftDriverJobDiscovery normal arm64 Emitting module for HTTP (in target 'HTTP' from project 'SwiftServerHttp')
SwiftDriver\ Compilation\ Requirements HTTP normal arm64 com.apple.xcode.tools.swift.compiler (in target 'HTTP' from project 'SwiftServerHttp')
cd /Users/admin/builder/spi-builder-workspace/.swiftpm/xcode
builtin-Swift-Compilation-Requirements -- /Applications/Xcode-27.0.0-Release.Candidate.app/Contents/Developer/Toolchains/XcodeDefault.xctoolchain/usr/bin/swiftc -parse-as-library -module-name HTTP -Onone @/Users/admin/builder/spi-builder-workspace/.derivedData/Build/Intermediates.noindex/SwiftServerHttp.build/Debug-appletvos/HTTP-t.build/Objects-normal/arm64/HTTP.SwiftFileList -DSWIFT_PACKAGE -DDEBUG -DSWIFT_MODULE_RESOURCE_BUNDLE_UNAVAILABLE -Xcc -fmodule-map-file\=/Users/admin/builder/spi-builder-workspace/.derivedData/Build/Intermediates.noindex/GeneratedModuleMaps-appletvos/CHTTPParser.modulemap -DXcode -plugin-path /Applications/Xcode-27.0.0-Release.Candidate.app/Contents/Developer/Toolchains/XcodeDefault.xctoolchain/usr/lib/swift/host/plugins/testing -enable-experimental-feature DebugDescriptionMacro -sdk /Applications/Xcode-27.0.0-Release.Candidate.app/Contents/Developer/Platforms/AppleTVOS.platform/Developer/SDKs/AppleTVOS27.0.sdk -target arm64-apple-tvos15.0 -g -module-cache-path /Users/admin/builder/spi-builder-workspace/.derivedData/ModuleCache.noindex -Xfrontend -serialize-debugging-options -enable-testing -suppress-warnings -index-store-path /Users/admin/builder/spi-builder-workspace/.derivedData/Index.noindex/DataStore -Xcc -D_LIBCPP_HARDENING_MODE\=_LIBCPP_HARDENING_MODE_DEBUG -swift-version 4 -I /Users/admin/builder/spi-builder-workspace/.derivedData/Build/Products/Debug-appletvos -Isystem /Applications/Xcode-27.0.0-Release.Candidate.app/Contents/Developer/Platforms/AppleTVOS.platform/Developer/usr/lib -F /Users/admin/builder/spi-builder-workspace/.derivedData/Build/Products/Debug-appletvos/PackageFrameworks -F /Users/admin/builder/spi-builder-workspace/.derivedData/Build/Products/Debug-appletvos -F /Applications/Xcode-27.0.0-Release.Candidate.app/Contents/Developer/Platforms/AppleTVOS.platform/Developer/Library/Frameworks -F /Applications/Xcode-27.0.0-Release.Candidate.app/Contents/Developer/Platforms/AppleTVOS.platform/Developer/SDKs/AppleTVOS27.0.sdk/Developer/Library/Frameworks -c -j10 -enable-batch-mode -incremental -Xcc -ivfsstatcache -Xcc /Users/admin/builder/spi-builder-workspace/.derivedData/SDKStatCaches.noindex/appletvos27.0-24J360-e829b21a6f8c9b70876ba0858053c044b32bfd8d43560033f8d89884cdb90028.sdkstatcache -output-file-map /Users/admin/builder/spi-builder-workspace/.derivedData/Build/Intermediates.noindex/SwiftServerHttp.build/Debug-appletvos/HTTP-t.build/Objects-normal/arm64/HTTP-OutputFileMap.json -save-temps -no-color-diagnostics -emit-dependencies -emit-module -emit-module-path /Users/admin/builder/spi-builder-workspace/.derivedData/Build/Intermediates.noindex/SwiftServerHttp.build/Debug-appletvos/HTTP-t.build/Objects-normal/arm64/HTTP.swiftmodule -serialize-diagnostics -validate-clang-modules-once -clang-build-session-file /Users/admin/builder/spi-builder-workspace/.derivedData/ModuleCache.noindex/Session.modulevalidation -Xcc -fmodules-prune-interval\=86400 -Xcc -fmodules-prune-after\=345600 -emit-const-values -const-gather-protocols-list /Users/admin/builder/spi-builder-workspace/.derivedData/Build/Intermediates.noindex/SwiftServerHttp.build/Debug-appletvos/HTTP-t.build/Objects-normal/arm64/HTTP_const_extract_protocols.json -Xcc -I/Users/admin/builder/spi-builder-workspace/.dependencies/checkouts/http/Sources/CHTTPParser/include -Xcc -I/Users/admin/builder/spi-builder-workspace/.derivedData/Build/Products/Debug-appletvos/include -Xcc -I/Users/admin/builder/spi-builder-workspace/.derivedData/Build/Intermediates.noindex/SwiftServerHttp.build/Debug-appletvos/HTTP-t.build/DerivedSources-normal/arm64 -Xcc -I/Users/admin/builder/spi-builder-workspace/.derivedData/Build/Intermediates.noindex/SwiftServerHttp.build/Debug-appletvos/HTTP-t.build/DerivedSources/arm64 -Xcc -I/Users/admin/builder/spi-builder-workspace/.derivedData/Build/Intermediates.noindex/SwiftServerHttp.build/Debug-appletvos/HTTP-t.build/DerivedSources -Xcc -DSWIFT_PACKAGE -Xcc -DDEBUG\=1 -emit-objc-header -emit-objc-header-path /Users/admin/builder/spi-builder-workspace/.derivedData/Build/Intermediates.noindex/SwiftServerHttp.build/Debug-appletvos/HTTP-t.build/Objects-normal/arm64/HTTP-Swift.h -working-directory /Users/admin/builder/spi-builder-workspace/.swiftpm/xcode -experimental-emit-module-separately -disable-cmo
PrecompileModule /Users/admin/builder/spi-builder-workspace/.derivedData/Build/Intermediates.noindex/ExplicitPrecompiledModules/_AvailabilityInternal-CW2SBG4JT764YV819NZUXXE0Q.scan
cd /
builtin-precompileModule /Users/admin/builder/spi-builder-workspace/.derivedData/Build/Intermediates.noindex/ExplicitPrecompiledModules/_AvailabilityInternal-CW2SBG4JT764YV819NZUXXE0Q.scan
SwiftMergeGeneratedHeaders /Users/admin/builder/spi-builder-workspace/.derivedData/Build/Intermediates.noindex/GeneratedModuleMaps-appletvos/HTTP-Swift.h /Users/admin/builder/spi-builder-workspace/.derivedData/Build/Intermediates.noindex/SwiftServerHttp.build/Debug-appletvos/HTTP-t.build/Objects-normal/arm64/HTTP-Swift.h (in target 'HTTP' from project 'SwiftServerHttp')
cd /Users/admin/builder/spi-builder-workspace/.dependencies/checkouts/http
builtin-swiftHeaderTool -arch arm64 /Users/admin/builder/spi-builder-workspace/.derivedData/Build/Intermediates.noindex/SwiftServerHttp.build/Debug-appletvos/HTTP-t.build/Objects-normal/arm64/HTTP-Swift.h -o /Users/admin/builder/spi-builder-workspace/.derivedData/Build/Intermediates.noindex/GeneratedModuleMaps-appletvos/HTTP-Swift.h
Copy /Users/admin/builder/spi-builder-workspace/.derivedData/Build/Products/Debug-appletvos/HTTP.swiftmodule/arm64-apple-tvos.swiftmodule /Users/admin/builder/spi-builder-workspace/.derivedData/Build/Intermediates.noindex/SwiftServerHttp.build/Debug-appletvos/HTTP-t.build/Objects-normal/arm64/HTTP.swiftmodule (in target 'HTTP' from project 'SwiftServerHttp')
cd /Users/admin/builder/spi-builder-workspace/.dependencies/checkouts/http
builtin-copy -exclude .DS_Store -exclude CVS -exclude .svn -exclude .git -exclude .hg -resolve-src-symlinks -rename /Users/admin/builder/spi-builder-workspace/.derivedData/Build/Intermediates.noindex/SwiftServerHttp.build/Debug-appletvos/HTTP-t.build/Objects-normal/arm64/HTTP.swiftmodule /Users/admin/builder/spi-builder-workspace/.derivedData/Build/Products/Debug-appletvos/HTTP.swiftmodule/arm64-apple-tvos.swiftmodule
Copy /Users/admin/builder/spi-builder-workspace/.derivedData/Build/Products/Debug-appletvos/HTTP.swiftmodule/arm64-apple-tvos.swiftdoc /Users/admin/builder/spi-builder-workspace/.derivedData/Build/Intermediates.noindex/SwiftServerHttp.build/Debug-appletvos/HTTP-t.build/Objects-normal/arm64/HTTP.swiftdoc (in target 'HTTP' from project 'SwiftServerHttp')
cd /Users/admin/builder/spi-builder-workspace/.dependencies/checkouts/http
builtin-copy -exclude .DS_Store -exclude CVS -exclude .svn -exclude .git -exclude .hg -resolve-src-symlinks -rename /Users/admin/builder/spi-builder-workspace/.derivedData/Build/Intermediates.noindex/SwiftServerHttp.build/Debug-appletvos/HTTP-t.build/Objects-normal/arm64/HTTP.swiftdoc /Users/admin/builder/spi-builder-workspace/.derivedData/Build/Products/Debug-appletvos/HTTP.swiftmodule/arm64-apple-tvos.swiftdoc
Copy /Users/admin/builder/spi-builder-workspace/.derivedData/Build/Products/Debug-appletvos/HTTP.swiftmodule/arm64-apple-tvos.abi.json /Users/admin/builder/spi-builder-workspace/.derivedData/Build/Intermediates.noindex/SwiftServerHttp.build/Debug-appletvos/HTTP-t.build/Objects-normal/arm64/HTTP.abi.json (in target 'HTTP' from project 'SwiftServerHttp')
cd /Users/admin/builder/spi-builder-workspace/.dependencies/checkouts/http
builtin-copy -exclude .DS_Store -exclude CVS -exclude .svn -exclude .git -exclude .hg -resolve-src-symlinks -rename /Users/admin/builder/spi-builder-workspace/.derivedData/Build/Intermediates.noindex/SwiftServerHttp.build/Debug-appletvos/HTTP-t.build/Objects-normal/arm64/HTTP.abi.json /Users/admin/builder/spi-builder-workspace/.derivedData/Build/Products/Debug-appletvos/HTTP.swiftmodule/arm64-apple-tvos.abi.json
Copy /Users/admin/builder/spi-builder-workspace/.derivedData/Build/Products/Debug-appletvos/HTTP.swiftmodule/Project/arm64-apple-tvos.swiftsourceinfo /Users/admin/builder/spi-builder-workspace/.derivedData/Build/Intermediates.noindex/SwiftServerHttp.build/Debug-appletvos/HTTP-t.build/Objects-normal/arm64/HTTP.swiftsourceinfo (in target 'HTTP' from project 'SwiftServerHttp')
cd /Users/admin/builder/spi-builder-workspace/.dependencies/checkouts/http
builtin-copy -exclude .DS_Store -exclude CVS -exclude .svn -exclude .git -exclude .hg -resolve-src-symlinks -rename /Users/admin/builder/spi-builder-workspace/.derivedData/Build/Intermediates.noindex/SwiftServerHttp.build/Debug-appletvos/HTTP-t.build/Objects-normal/arm64/HTTP.swiftsourceinfo /Users/admin/builder/spi-builder-workspace/.derivedData/Build/Products/Debug-appletvos/HTTP.swiftmodule/Project/arm64-apple-tvos.swiftsourceinfo
PrecompileModule /Users/admin/builder/spi-builder-workspace/.derivedData/Build/Intermediates.noindex/ExplicitPrecompiledModules/_Builtin_float-6WISZJI1C2NLYTAWO2RQR7CRM.scan
cd /
builtin-precompileModule /Users/admin/builder/spi-builder-workspace/.derivedData/Build/Intermediates.noindex/ExplicitPrecompiledModules/_Builtin_float-6WISZJI1C2NLYTAWO2RQR7CRM.scan
PrecompileModule /Users/admin/builder/spi-builder-workspace/.derivedData/Build/Intermediates.noindex/ExplicitPrecompiledModules/ptrcheck-9DCB9D8GC4JWD2WLJQUXTJYC5.scan
cd /
builtin-precompileModule /Users/admin/builder/spi-builder-workspace/.derivedData/Build/Intermediates.noindex/ExplicitPrecompiledModules/ptrcheck-9DCB9D8GC4JWD2WLJQUXTJYC5.scan
PrecompileModule /Users/admin/builder/spi-builder-workspace/.derivedData/Build/Intermediates.noindex/ExplicitPrecompiledModules/_Builtin_stddef-754GV68DDIN9SGWCQMYTDQHQT.scan
cd /
builtin-precompileModule /Users/admin/builder/spi-builder-workspace/.derivedData/Build/Intermediates.noindex/ExplicitPrecompiledModules/_Builtin_stddef-754GV68DDIN9SGWCQMYTDQHQT.scan
PrecompileModule /Users/admin/builder/spi-builder-workspace/.derivedData/Build/Intermediates.noindex/ExplicitPrecompiledModules/_DarwinFoundation1-1ARC7K8X6876WEUNAPCQB4QQW.scan
cd /
builtin-precompileModule /Users/admin/builder/spi-builder-workspace/.derivedData/Build/Intermediates.noindex/ExplicitPrecompiledModules/_DarwinFoundation1-1ARC7K8X6876WEUNAPCQB4QQW.scan
SwiftDriverJobDiscovery normal arm64 Compiling HTTPVersion.swift (in target 'HTTP' from project 'SwiftServerHttp')
SwiftCompile normal arm64 Compiling\ PoCSocketSimpleServer.swift /Users/admin/builder/spi-builder-workspace/.dependencies/checkouts/http/Sources/HTTP/PoCSocket/PoCSocketSimpleServer.swift (in target 'HTTP' from project 'SwiftServerHttp')
SwiftCompile normal arm64 /Users/admin/builder/spi-builder-workspace/.dependencies/checkouts/http/Sources/HTTP/PoCSocket/PoCSocketSimpleServer.swift (in target 'HTTP' from project 'SwiftServerHttp')
cd /Users/admin/builder/spi-builder-workspace/.swiftpm/xcode
builtin-SwiftPerFileCompile PoCSocketSimpleServer.swift
SwiftDriverJobDiscovery normal arm64 Compiling HTTPMethod.swift (in target 'HTTP' from project 'SwiftServerHttp')
PrecompileModule /Users/admin/builder/spi-builder-workspace/.derivedData/Build/Intermediates.noindex/ExplicitPrecompiledModules/_Builtin_limits-8XPB4PWHOCQ63POVMRE494BWH.scan
cd /
builtin-precompileModule /Users/admin/builder/spi-builder-workspace/.derivedData/Build/Intermediates.noindex/ExplicitPrecompiledModules/_Builtin_limits-8XPB4PWHOCQ63POVMRE494BWH.scan
PrecompileModule /Users/admin/builder/spi-builder-workspace/.derivedData/Build/Intermediates.noindex/ExplicitPrecompiledModules/_DarwinFoundation2-8EYC9V7XBYMAMSQ1R5X8HA5BP.scan
cd /
builtin-precompileModule /Users/admin/builder/spi-builder-workspace/.derivedData/Build/Intermediates.noindex/ExplicitPrecompiledModules/_DarwinFoundation2-8EYC9V7XBYMAMSQ1R5X8HA5BP.scan
SwiftDriver MicroExpress normal arm64 com.apple.xcode.tools.swift.compiler (in target 'MicroExpress' from project 'MicroExpress')
cd /Users/admin/builder/spi-builder-workspace/.swiftpm/xcode
builtin-SwiftDriver -- /Applications/Xcode-27.0.0-Release.Candidate.app/Contents/Developer/Toolchains/XcodeDefault.xctoolchain/usr/bin/swiftc -parse-as-library -module-name MicroExpress -Onone @/Users/admin/builder/spi-builder-workspace/.derivedData/Build/Intermediates.noindex/MicroExpress.build/Debug-appletvos/MicroExpress-t.build/Objects-normal/arm64/MicroExpress.SwiftFileList -DSWIFT_PACKAGE -DDEBUG -DSWIFT_MODULE_RESOURCE_BUNDLE_UNAVAILABLE -Xcc -fmodule-map-file\=/Users/admin/builder/spi-builder-workspace/.derivedData/Build/Intermediates.noindex/GeneratedModuleMaps-appletvos/CHTTPParser.modulemap -DXcode -plugin-path /Applications/Xcode-27.0.0-Release.Candidate.app/Contents/Developer/Toolchains/XcodeDefault.xctoolchain/usr/lib/swift/host/plugins/testing -enable-experimental-feature DebugDescriptionMacro -sdk /Applications/Xcode-27.0.0-Release.Candidate.app/Contents/Developer/Platforms/AppleTVOS.platform/Developer/SDKs/AppleTVOS27.0.sdk -target arm64-apple-tvos15.0 -g -module-cache-path /Users/admin/builder/spi-builder-workspace/.derivedData/ModuleCache.noindex -Xfrontend -serialize-debugging-options -enable-testing -index-store-path /Users/admin/builder/spi-builder-workspace/.derivedData/Index.noindex/DataStore -Xcc -D_LIBCPP_HARDENING_MODE\=_LIBCPP_HARDENING_MODE_DEBUG -swift-version 4 -I /Users/admin/builder/spi-builder-workspace/.derivedData/Build/Products/Debug-appletvos -Isystem /Applications/Xcode-27.0.0-Release.Candidate.app/Contents/Developer/Platforms/AppleTVOS.platform/Developer/usr/lib -F /Users/admin/builder/spi-builder-workspace/.derivedData/Build/Products/Debug-appletvos/PackageFrameworks -F /Users/admin/builder/spi-builder-workspace/.derivedData/Build/Products/Debug-appletvos -F /Applications/Xcode-27.0.0-Release.Candidate.app/Contents/Developer/Platforms/AppleTVOS.platform/Developer/Library/Frameworks -F /Applications/Xcode-27.0.0-Release.Candidate.app/Contents/Developer/Platforms/AppleTVOS.platform/Developer/SDKs/AppleTVOS27.0.sdk/Developer/Library/Frameworks -c -j10 -enable-batch-mode -incremental -Xcc -ivfsstatcache -Xcc /Users/admin/builder/spi-builder-workspace/.derivedData/SDKStatCaches.noindex/appletvos27.0-24J360-e829b21a6f8c9b70876ba0858053c044b32bfd8d43560033f8d89884cdb90028.sdkstatcache -output-file-map /Users/admin/builder/spi-builder-workspace/.derivedData/Build/Intermediates.noindex/MicroExpress.build/Debug-appletvos/MicroExpress-t.build/Objects-normal/arm64/MicroExpress-OutputFileMap.json -save-temps -no-color-diagnostics -emit-dependencies -emit-module -emit-module-path /Users/admin/builder/spi-builder-workspace/.derivedData/Build/Intermediates.noindex/MicroExpress.build/Debug-appletvos/MicroExpress-t.build/Objects-normal/arm64/MicroExpress.swiftmodule -serialize-diagnostics -validate-clang-modules-once -clang-build-session-file /Users/admin/builder/spi-builder-workspace/.derivedData/ModuleCache.noindex/Session.modulevalidation -Xcc -fmodules-prune-interval\=86400 -Xcc -fmodules-prune-after\=345600 -emit-const-values -const-gather-protocols-list /Users/admin/builder/spi-builder-workspace/.derivedData/Build/Intermediates.noindex/MicroExpress.build/Debug-appletvos/MicroExpress-t.build/Objects-normal/arm64/MicroExpress_const_extract_protocols.json -Xcc -I/Users/admin/builder/spi-builder-workspace/.dependencies/checkouts/http/Sources/CHTTPParser/include -Xcc -I/Users/admin/builder/spi-builder-workspace/.derivedData/Build/Products/Debug-appletvos/include -Xcc -I/Users/admin/builder/spi-builder-workspace/.derivedData/Build/Intermediates.noindex/MicroExpress.build/Debug-appletvos/MicroExpress-t.build/DerivedSources-normal/arm64 -Xcc -I/Users/admin/builder/spi-builder-workspace/.derivedData/Build/Intermediates.noindex/MicroExpress.build/Debug-appletvos/MicroExpress-t.build/DerivedSources/arm64 -Xcc -I/Users/admin/builder/spi-builder-workspace/.derivedData/Build/Intermediates.noindex/MicroExpress.build/Debug-appletvos/MicroExpress-t.build/DerivedSources -Xcc -DSWIFT_PACKAGE -Xcc -DDEBUG\=1 -emit-objc-header -emit-objc-header-path /Users/admin/builder/spi-builder-workspace/.derivedData/Build/Intermediates.noindex/MicroExpress.build/Debug-appletvos/MicroExpress-t.build/Objects-normal/arm64/MicroExpress-Swift.h -working-directory /Users/admin/builder/spi-builder-workspace/.swiftpm/xcode -experimental-emit-module-separately -disable-cmo
SwiftDriverJobDiscovery normal arm64 Compiling HTTPServer.swift (in target 'HTTP' from project 'SwiftServerHttp')
SwiftCompile normal arm64 Compiling\ Router.swift /Users/admin/builder/spi-builder-workspace/Sources/MicroExpress/Router.swift (in target 'MicroExpress' from project 'MicroExpress')
SwiftCompile normal arm64 /Users/admin/builder/spi-builder-workspace/Sources/MicroExpress/Router.swift (in target 'MicroExpress' from project 'MicroExpress')
cd /Users/admin/builder/spi-builder-workspace/.swiftpm/xcode
builtin-SwiftPerFileCompile Router.swift
SwiftEmitModule normal arm64 Emitting\ module\ for\ MicroExpress (in target 'MicroExpress' from project 'MicroExpress')
SwiftCompile normal arm64 (in target 'MicroExpress' from project 'MicroExpress')
cd /Users/admin/builder/spi-builder-workspace/.swiftpm/xcode
SwiftCompile normal arm64 Compiling\ Express.swift /Users/admin/builder/spi-builder-workspace/Sources/MicroExpress/Express.swift (in target 'MicroExpress' from project 'MicroExpress')
SwiftCompile normal arm64 /Users/admin/builder/spi-builder-workspace/Sources/MicroExpress/Express.swift (in target 'MicroExpress' from project 'MicroExpress')
cd /Users/admin/builder/spi-builder-workspace/.swiftpm/xcode
builtin-SwiftPerFileCompile Express.swift
PrecompileModule /Users/admin/builder/spi-builder-workspace/.derivedData/Build/Intermediates.noindex/ExplicitPrecompiledModules/_Builtin_stdint-E3QH1TB87G05R3Q7F6AUKI0GV.scan
cd /
builtin-precompileModule /Users/admin/builder/spi-builder-workspace/.derivedData/Build/Intermediates.noindex/ExplicitPrecompiledModules/_Builtin_stdint-E3QH1TB87G05R3Q7F6AUKI0GV.scan
SwiftDriverJobDiscovery normal arm64 Emitting module for MicroExpress (in target 'MicroExpress' from project 'MicroExpress')
SwiftDriver\ Compilation\ Requirements MicroExpress normal arm64 com.apple.xcode.tools.swift.compiler (in target 'MicroExpress' from project 'MicroExpress')
cd /Users/admin/builder/spi-builder-workspace/.swiftpm/xcode
builtin-Swift-Compilation-Requirements -- /Applications/Xcode-27.0.0-Release.Candidate.app/Contents/Developer/Toolchains/XcodeDefault.xctoolchain/usr/bin/swiftc -parse-as-library -module-name MicroExpress -Onone @/Users/admin/builder/spi-builder-workspace/.derivedData/Build/Intermediates.noindex/MicroExpress.build/Debug-appletvos/MicroExpress-t.build/Objects-normal/arm64/MicroExpress.SwiftFileList -DSWIFT_PACKAGE -DDEBUG -DSWIFT_MODULE_RESOURCE_BUNDLE_UNAVAILABLE -Xcc -fmodule-map-file\=/Users/admin/builder/spi-builder-workspace/.derivedData/Build/Intermediates.noindex/GeneratedModuleMaps-appletvos/CHTTPParser.modulemap -DXcode -plugin-path /Applications/Xcode-27.0.0-Release.Candidate.app/Contents/Developer/Toolchains/XcodeDefault.xctoolchain/usr/lib/swift/host/plugins/testing -enable-experimental-feature DebugDescriptionMacro -sdk /Applications/Xcode-27.0.0-Release.Candidate.app/Contents/Developer/Platforms/AppleTVOS.platform/Developer/SDKs/AppleTVOS27.0.sdk -target arm64-apple-tvos15.0 -g -module-cache-path /Users/admin/builder/spi-builder-workspace/.derivedData/ModuleCache.noindex -Xfrontend -serialize-debugging-options -enable-testing -index-store-path /Users/admin/builder/spi-builder-workspace/.derivedData/Index.noindex/DataStore -Xcc -D_LIBCPP_HARDENING_MODE\=_LIBCPP_HARDENING_MODE_DEBUG -swift-version 4 -I /Users/admin/builder/spi-builder-workspace/.derivedData/Build/Products/Debug-appletvos -Isystem /Applications/Xcode-27.0.0-Release.Candidate.app/Contents/Developer/Platforms/AppleTVOS.platform/Developer/usr/lib -F /Users/admin/builder/spi-builder-workspace/.derivedData/Build/Products/Debug-appletvos/PackageFrameworks -F /Users/admin/builder/spi-builder-workspace/.derivedData/Build/Products/Debug-appletvos -F /Applications/Xcode-27.0.0-Release.Candidate.app/Contents/Developer/Platforms/AppleTVOS.platform/Developer/Library/Frameworks -F /Applications/Xcode-27.0.0-Release.Candidate.app/Contents/Developer/Platforms/AppleTVOS.platform/Developer/SDKs/AppleTVOS27.0.sdk/Developer/Library/Frameworks -c -j10 -enable-batch-mode -incremental -Xcc -ivfsstatcache -Xcc /Users/admin/builder/spi-builder-workspace/.derivedData/SDKStatCaches.noindex/appletvos27.0-24J360-e829b21a6f8c9b70876ba0858053c044b32bfd8d43560033f8d89884cdb90028.sdkstatcache -output-file-map /Users/admin/builder/spi-builder-workspace/.derivedData/Build/Intermediates.noindex/MicroExpress.build/Debug-appletvos/MicroExpress-t.build/Objects-normal/arm64/MicroExpress-OutputFileMap.json -save-temps -no-color-diagnostics -emit-dependencies -emit-module -emit-module-path /Users/admin/builder/spi-builder-workspace/.derivedData/Build/Intermediates.noindex/MicroExpress.build/Debug-appletvos/MicroExpress-t.build/Objects-normal/arm64/MicroExpress.swiftmodule -serialize-diagnostics -validate-clang-modules-once -clang-build-session-file /Users/admin/builder/spi-builder-workspace/.derivedData/ModuleCache.noindex/Session.modulevalidation -Xcc -fmodules-prune-interval\=86400 -Xcc -fmodules-prune-after\=345600 -emit-const-values -const-gather-protocols-list /Users/admin/builder/spi-builder-workspace/.derivedData/Build/Intermediates.noindex/MicroExpress.build/Debug-appletvos/MicroExpress-t.build/Objects-normal/arm64/MicroExpress_const_extract_protocols.json -Xcc -I/Users/admin/builder/spi-builder-workspace/.dependencies/checkouts/http/Sources/CHTTPParser/include -Xcc -I/Users/admin/builder/spi-builder-workspace/.derivedData/Build/Products/Debug-appletvos/include -Xcc -I/Users/admin/builder/spi-builder-workspace/.derivedData/Build/Intermediates.noindex/MicroExpress.build/Debug-appletvos/MicroExpress-t.build/DerivedSources-normal/arm64 -Xcc -I/Users/admin/builder/spi-builder-workspace/.derivedData/Build/Intermediates.noindex/MicroExpress.build/Debug-appletvos/MicroExpress-t.build/DerivedSources/arm64 -Xcc -I/Users/admin/builder/spi-builder-workspace/.derivedData/Build/Intermediates.noindex/MicroExpress.build/Debug-appletvos/MicroExpress-t.build/DerivedSources -Xcc -DSWIFT_PACKAGE -Xcc -DDEBUG\=1 -emit-objc-header -emit-objc-header-path /Users/admin/builder/spi-builder-workspace/.derivedData/Build/Intermediates.noindex/MicroExpress.build/Debug-appletvos/MicroExpress-t.build/Objects-normal/arm64/MicroExpress-Swift.h -working-directory /Users/admin/builder/spi-builder-workspace/.swiftpm/xcode -experimental-emit-module-separately -disable-cmo
PrecompileModule /Users/admin/builder/spi-builder-workspace/.derivedData/Build/Intermediates.noindex/ExplicitPrecompiledModules/_DarwinFoundation3-14C2I4IC9C5X5DDSNQTKI011A.scan
cd /
builtin-precompileModule /Users/admin/builder/spi-builder-workspace/.derivedData/Build/Intermediates.noindex/ExplicitPrecompiledModules/_DarwinFoundation3-14C2I4IC9C5X5DDSNQTKI011A.scan
SwiftMergeGeneratedHeaders /Users/admin/builder/spi-builder-workspace/.derivedData/Build/Intermediates.noindex/GeneratedModuleMaps-appletvos/MicroExpress-Swift.h /Users/admin/builder/spi-builder-workspace/.derivedData/Build/Intermediates.noindex/MicroExpress.build/Debug-appletvos/MicroExpress-t.build/Objects-normal/arm64/MicroExpress-Swift.h (in target 'MicroExpress' from project 'MicroExpress')
cd /Users/admin/builder/spi-builder-workspace
builtin-swiftHeaderTool -arch arm64 /Users/admin/builder/spi-builder-workspace/.derivedData/Build/Intermediates.noindex/MicroExpress.build/Debug-appletvos/MicroExpress-t.build/Objects-normal/arm64/MicroExpress-Swift.h -o /Users/admin/builder/spi-builder-workspace/.derivedData/Build/Intermediates.noindex/GeneratedModuleMaps-appletvos/MicroExpress-Swift.h
SwiftDriverJobDiscovery normal arm64 Compiling Router.swift (in target 'MicroExpress' from project 'MicroExpress')
Copy /Users/admin/builder/spi-builder-workspace/.derivedData/Build/Products/Debug-appletvos/MicroExpress.swiftmodule/arm64-apple-tvos.swiftmodule /Users/admin/builder/spi-builder-workspace/.derivedData/Build/Intermediates.noindex/MicroExpress.build/Debug-appletvos/MicroExpress-t.build/Objects-normal/arm64/MicroExpress.swiftmodule (in target 'MicroExpress' from project 'MicroExpress')
cd /Users/admin/builder/spi-builder-workspace
builtin-copy -exclude .DS_Store -exclude CVS -exclude .svn -exclude .git -exclude .hg -resolve-src-symlinks -rename /Users/admin/builder/spi-builder-workspace/.derivedData/Build/Intermediates.noindex/MicroExpress.build/Debug-appletvos/MicroExpress-t.build/Objects-normal/arm64/MicroExpress.swiftmodule /Users/admin/builder/spi-builder-workspace/.derivedData/Build/Products/Debug-appletvos/MicroExpress.swiftmodule/arm64-apple-tvos.swiftmodule
Copy /Users/admin/builder/spi-builder-workspace/.derivedData/Build/Products/Debug-appletvos/MicroExpress.swiftmodule/arm64-apple-tvos.swiftdoc /Users/admin/builder/spi-builder-workspace/.derivedData/Build/Intermediates.noindex/MicroExpress.build/Debug-appletvos/MicroExpress-t.build/Objects-normal/arm64/MicroExpress.swiftdoc (in target 'MicroExpress' from project 'MicroExpress')
cd /Users/admin/builder/spi-builder-workspace
builtin-copy -exclude .DS_Store -exclude CVS -exclude .svn -exclude .git -exclude .hg -resolve-src-symlinks -rename /Users/admin/builder/spi-builder-workspace/.derivedData/Build/Intermediates.noindex/MicroExpress.build/Debug-appletvos/MicroExpress-t.build/Objects-normal/arm64/MicroExpress.swiftdoc /Users/admin/builder/spi-builder-workspace/.derivedData/Build/Products/Debug-appletvos/MicroExpress.swiftmodule/arm64-apple-tvos.swiftdoc
Copy /Users/admin/builder/spi-builder-workspace/.derivedData/Build/Products/Debug-appletvos/MicroExpress.swiftmodule/arm64-apple-tvos.abi.json /Users/admin/builder/spi-builder-workspace/.derivedData/Build/Intermediates.noindex/MicroExpress.build/Debug-appletvos/MicroExpress-t.build/Objects-normal/arm64/MicroExpress.abi.json (in target 'MicroExpress' from project 'MicroExpress')
cd /Users/admin/builder/spi-builder-workspace
builtin-copy -exclude .DS_Store -exclude CVS -exclude .svn -exclude .git -exclude .hg -resolve-src-symlinks -rename /Users/admin/builder/spi-builder-workspace/.derivedData/Build/Intermediates.noindex/MicroExpress.build/Debug-appletvos/MicroExpress-t.build/Objects-normal/arm64/MicroExpress.abi.json /Users/admin/builder/spi-builder-workspace/.derivedData/Build/Products/Debug-appletvos/MicroExpress.swiftmodule/arm64-apple-tvos.abi.json
Copy /Users/admin/builder/spi-builder-workspace/.derivedData/Build/Products/Debug-appletvos/MicroExpress.swiftmodule/Project/arm64-apple-tvos.swiftsourceinfo /Users/admin/builder/spi-builder-workspace/.derivedData/Build/Intermediates.noindex/MicroExpress.build/Debug-appletvos/MicroExpress-t.build/Objects-normal/arm64/MicroExpress.swiftsourceinfo (in target 'MicroExpress' from project 'MicroExpress')
cd /Users/admin/builder/spi-builder-workspace
builtin-copy -exclude .DS_Store -exclude CVS -exclude .svn -exclude .git -exclude .hg -resolve-src-symlinks -rename /Users/admin/builder/spi-builder-workspace/.derivedData/Build/Intermediates.noindex/MicroExpress.build/Debug-appletvos/MicroExpress-t.build/Objects-normal/arm64/MicroExpress.swiftsourceinfo /Users/admin/builder/spi-builder-workspace/.derivedData/Build/Products/Debug-appletvos/MicroExpress.swiftmodule/Project/arm64-apple-tvos.swiftsourceinfo
SwiftCompile normal arm64 Compiling\ IncomingMessage.swift /Users/admin/builder/spi-builder-workspace/Sources/MicroExpress/IncomingMessage.swift (in target 'MicroExpress' from project 'MicroExpress')
SwiftCompile normal arm64 /Users/admin/builder/spi-builder-workspace/Sources/MicroExpress/IncomingMessage.swift (in target 'MicroExpress' from project 'MicroExpress')
cd /Users/admin/builder/spi-builder-workspace/.swiftpm/xcode
builtin-SwiftPerFileCompile IncomingMessage.swift
SwiftCompile normal arm64 Compiling\ CORS.swift /Users/admin/builder/spi-builder-workspace/Sources/MicroExpress/CORS.swift (in target 'MicroExpress' from project 'MicroExpress')
SwiftCompile normal arm64 /Users/admin/builder/spi-builder-workspace/Sources/MicroExpress/CORS.swift (in target 'MicroExpress' from project 'MicroExpress')
cd /Users/admin/builder/spi-builder-workspace/.swiftpm/xcode
builtin-SwiftPerFileCompile CORS.swift
CompileC /Users/admin/builder/spi-builder-workspace/.derivedData/Build/Intermediates.noindex/SwiftServerHttp.build/Debug-appletvos/CHTTPParser-t.build/Objects-normal/arm64/http_parser.o /Users/admin/builder/spi-builder-workspace/.dependencies/checkouts/http/Sources/CHTTPParser/http_parser.c normal arm64 c com.apple.compilers.llvm.clang.1_0.compiler (in target 'CHTTPParser' from project 'SwiftServerHttp')
cd /Users/admin/builder/spi-builder-workspace/.swiftpm/xcode
Using response file: /Users/admin/builder/spi-builder-workspace/.derivedData/Build/Intermediates.noindex/SwiftServerHttp.build/Debug-appletvos/CHTTPParser-t.build/Objects-normal/arm64/7187679823f38a2a940e0043cdf9d637-common-args.resp
/Applications/Xcode-27.0.0-Release.Candidate.app/Contents/Developer/Toolchains/XcodeDefault.xctoolchain/usr/bin/clang -x c -ivfsstatcache /Users/admin/builder/spi-builder-workspace/.derivedData/SDKStatCaches.noindex/appletvos27.0-24J360-e829b21a6f8c9b70876ba0858053c044b32bfd8d43560033f8d89884cdb90028.sdkstatcache -target arm64-apple-tvos15.0 -fmessage-length\=0 -fdiagnostics-show-note-include-stack -fmacro-backtrace-limit\=0 -fno-color-diagnostics -fmodules-prune-interval\=86400 -fmodules-prune-after\=345600 -fbuild-session-file\=/Users/admin/builder/spi-builder-workspace/.derivedData/ModuleCache.noindex/Session.modulevalidation -fmodules-validate-once-per-build-session -Wnon-modular-include-in-framework-module -Werror\=non-modular-include-in-framework-module -Wno-trigraphs -Wno-missing-field-initializers -Wno-missing-prototypes -Wno-return-type -Wno-missing-braces -Wparentheses -Wswitch -Wno-unused-function -Wno-unused-label -Wno-unused-parameter -Wno-unused-variable -Wunused-value -Wno-empty-body -Wno-uninitialized -Wno-unknown-pragmas -w -Wno-shadow -Wno-four-char-constants -Wno-conversion -Wno-constant-conversion -Wno-int-conversion -Wno-bool-conversion -Wno-enum-conversion -Wno-float-conversion -Wno-non-literal-null-conversion -Wno-objc-literal-conversion -Wshorten-64-to-32 -Wpointer-sign -Wno-newline-eof -Wno-implicit-fallthrough -isysroot /Applications/Xcode-27.0.0-Release.Candidate.app/Contents/Developer/Platforms/AppleTVOS.platform/Developer/SDKs/AppleTVOS27.0.sdk -fstrict-aliasing -Wdeprecated-declarations -Wno-sign-conversion -Wno-infinite-recursion -Wno-comma -Wno-block-capture-autoreleasing -Wno-strict-prototypes -Wno-semicolon-before-method-body -index-store-path /Users/admin/builder/spi-builder-workspace/.derivedData/Index.noindex/DataStore @/Users/admin/builder/spi-builder-workspace/.derivedData/Build/Intermediates.noindex/SwiftServerHttp.build/Debug-appletvos/CHTTPParser-t.build/Objects-normal/arm64/7187679823f38a2a940e0043cdf9d637-common-args.resp -MMD -MT dependencies -MF /Users/admin/builder/spi-builder-workspace/.derivedData/Build/Intermediates.noindex/SwiftServerHttp.build/Debug-appletvos/CHTTPParser-t.build/Objects-normal/arm64/http_parser.d --serialize-diagnostics /Users/admin/builder/spi-builder-workspace/.derivedData/Build/Intermediates.noindex/SwiftServerHttp.build/Debug-appletvos/CHTTPParser-t.build/Objects-normal/arm64/http_parser.dia -c /Users/admin/builder/spi-builder-workspace/.dependencies/checkouts/http/Sources/CHTTPParser/http_parser.c -o /Users/admin/builder/spi-builder-workspace/.derivedData/Build/Intermediates.noindex/SwiftServerHttp.build/Debug-appletvos/CHTTPParser-t.build/Objects-normal/arm64/http_parser.o -index-unit-output-path /SwiftServerHttp.build/Debug-appletvos/CHTTPParser-t.build/Objects-normal/arm64/http_parser.o
SwiftDriverJobDiscovery normal arm64 Compiling IncomingMessage.swift (in target 'MicroExpress' from project 'MicroExpress')
SwiftDriverJobDiscovery normal arm64 Compiling CORS.swift (in target 'MicroExpress' from project 'MicroExpress')
SwiftCompile normal arm64 Compiling\ ServerResponse.swift /Users/admin/builder/spi-builder-workspace/Sources/MicroExpress/ServerResponse.swift (in target 'MicroExpress' from project 'MicroExpress')
SwiftCompile normal arm64 /Users/admin/builder/spi-builder-workspace/Sources/MicroExpress/ServerResponse.swift (in target 'MicroExpress' from project 'MicroExpress')
cd /Users/admin/builder/spi-builder-workspace/.swiftpm/xcode
builtin-SwiftPerFileCompile ServerResponse.swift
Ld /Users/admin/builder/spi-builder-workspace/.derivedData/Build/Products/Debug-appletvos/CHTTPParser.o normal (in target 'CHTTPParser' from project 'SwiftServerHttp')
cd /Users/admin/builder/spi-builder-workspace/.dependencies/checkouts/http
/Applications/Xcode-27.0.0-Release.Candidate.app/Contents/Developer/Toolchains/XcodeDefault.xctoolchain/usr/bin/clang -Xlinker -reproducible -target arm64-apple-tvos15.0 -r -isysroot /Applications/Xcode-27.0.0-Release.Candidate.app/Contents/Developer/Platforms/AppleTVOS.platform/Developer/SDKs/AppleTVOS27.0.sdk -O0 -w -Xlinker -no_warn_duplicate_libraries -F/Users/admin/builder/spi-builder-workspace/.derivedData/Build/Intermediates.noindex/EagerLinkingTBDs/Debug-appletvos -F/Users/admin/builder/spi-builder-workspace/.derivedData/Build/Products/Debug-appletvos -iframework /Applications/Xcode-27.0.0-Release.Candidate.app/Contents/Developer/Platforms/AppleTVOS.platform/Developer/Library/Frameworks -iframework /Applications/Xcode-27.0.0-Release.Candidate.app/Contents/Developer/Platforms/AppleTVOS.platform/Developer/SDKs/AppleTVOS27.0.sdk/Developer/Library/Frameworks -filelist /Users/admin/builder/spi-builder-workspace/.derivedData/Build/Intermediates.noindex/SwiftServerHttp.build/Debug-appletvos/CHTTPParser-t.build/Objects-normal/arm64/CHTTPParser.LinkFileList -nostdlib -Xlinker -object_path_lto -Xlinker /Users/admin/builder/spi-builder-workspace/.derivedData/Build/Intermediates.noindex/SwiftServerHttp.build/Debug-appletvos/CHTTPParser-t.build/Objects-normal/arm64/CHTTPParser_lto.o -Xlinker -no_deduplicate -Xlinker -dependency_info -Xlinker /Users/admin/builder/spi-builder-workspace/.derivedData/Build/Intermediates.noindex/SwiftServerHttp.build/Debug-appletvos/CHTTPParser-t.build/Objects-normal/arm64/CHTTPParser_dependency_info.dat -o /Users/admin/builder/spi-builder-workspace/.derivedData/Build/Products/Debug-appletvos/CHTTPParser.o
SwiftCompile normal arm64 Compiling\ QueryString.swift /Users/admin/builder/spi-builder-workspace/Sources/MicroExpress/QueryString.swift (in target 'MicroExpress' from project 'MicroExpress')
SwiftCompile normal arm64 /Users/admin/builder/spi-builder-workspace/Sources/MicroExpress/QueryString.swift (in target 'MicroExpress' from project 'MicroExpress')
cd /Users/admin/builder/spi-builder-workspace/.swiftpm/xcode
builtin-SwiftPerFileCompile QueryString.swift
PruneExplicitPrecompiledModules /Users/admin/builder/spi-builder-workspace/.derivedData/Build/Intermediates.noindex/SwiftExplicitPrecompiledModules
PruneExplicitPrecompiledModules /Users/admin/builder/spi-builder-workspace/.derivedData/SDKExplicitPrecompiledModules
PruneExplicitPrecompiledModules /Users/admin/builder/spi-builder-workspace/.derivedData/Build/Intermediates.noindex/ExplicitPrecompiledModules
2026-09-18 06:38:13.249 xcodebuild[685:4353] [MT] IDERunDestination: Supported platforms for the buildables in the current scheme is empty.
** BUILD FAILED **
The following build commands failed:
SwiftCompile normal arm64 Compiling\ PoCSocket.swift /Users/admin/builder/spi-builder-workspace/.dependencies/checkouts/http/Sources/HTTP/PoCSocket/PoCSocket.swift (in target 'HTTP' from project 'SwiftServerHttp')
SwiftCompile normal arm64 /Users/admin/builder/spi-builder-workspace/.dependencies/checkouts/http/Sources/HTTP/PoCSocket/PoCSocket.swift (in target 'HTTP' from project 'SwiftServerHttp')
Building workspace MicroExpress with scheme MicroExpress-Package
(3 failures)
Command line invocation:
/Applications/Xcode-27.0.0-Release.Candidate.app/Contents/Developer/usr/bin/xcodebuild -IDEClonedSourcePackagesDirPathOverride=/Users/admin/builder/spi-builder-workspace/.dependencies -resolvePackageDependencies
Resolve Package Graph
Resolved source packages:
MicroExpress: /Users/admin/builder/spi-builder-workspace
SwiftServerHttp: https://github.com/swift-server/http @ 0.1.0
resolved source packages: MicroExpress, SwiftServerHttp
2026-09-18 06:38:18.315 xcodebuild[741:4657] [MT] IDERunDestination: Supported platforms for the buildables in the current scheme is empty.
{
"dependencies" : [
{
"identity" : "http",
"requirement" : {
"range" : [
{
"lower_bound" : "0.1.0",
"upper_bound" : "1.0.0"
}
]
},
"type" : "sourceControl",
"url" : "https://github.com/swift-server/http"
}
],
"manifest_display_name" : "MicroExpress",
"name" : "MicroExpress",
"path" : "/Users/admin/builder/spi-builder-workspace",
"platforms" : [
],
"products" : [
{
"name" : "MicroExpress",
"targets" : [
"MicroExpress"
],
"type" : {
"library" : [
"automatic"
]
}
},
{
"name" : "MicroHelloServer",
"targets" : [
"MicroHelloServer"
],
"type" : {
"executable" : null
}
}
],
"targets" : [
{
"c99name" : "MicroHelloServer",
"module_type" : "SwiftTarget",
"name" : "MicroHelloServer",
"path" : "Sources/MicroHelloServer",
"product_memberships" : [
"MicroHelloServer"
],
"sources" : [
"TodoModel.swift",
"main.swift"
],
"target_dependencies" : [
"MicroExpress"
],
"type" : "executable"
},
{
"c99name" : "MicroExpress",
"module_type" : "SwiftTarget",
"name" : "MicroExpress",
"path" : "Sources/MicroExpress",
"product_dependencies" : [
"HTTP"
],
"product_memberships" : [
"MicroExpress",
"MicroHelloServer"
],
"sources" : [
"CORS.swift",
"Express.swift",
"IncomingMessage.swift",
"Middleware.swift",
"QueryString.swift",
"Router.swift",
"ServerResponse.swift"
],
"type" : "library"
}
],
"tools_version" : "4.0"
}
{
"workspace" : {
"name" : "MicroExpress",
"schemes" : [
"MicroExpress",
"MicroExpress-Package",
"MicroHelloServer"
]
}
}
2026-09-18 06:38:19.568 xcodebuild[749:4724] [MT] IDERunDestination: Supported platforms for the buildables in the current scheme is empty.
Running build ...
env DEVELOPER_DIR=/Applications/Xcode-27.0.0-Release.Candidate.app xcrun xcodebuild -IDEClonedSourcePackagesDirPathOverride=$PWD/.dependencies -skipMacroValidation -skipPackagePluginValidation -derivedDataPath $PWD/.derivedData build -scheme MicroExpress-Package -destination generic/platform=tvOS
Command line invocation:
/Applications/Xcode-27.0.0-Release.Candidate.app/Contents/Developer/usr/bin/xcodebuild -IDEClonedSourcePackagesDirPathOverride=/Users/admin/builder/spi-builder-workspace/.dependencies -skipMacroValidation -skipPackagePluginValidation -derivedDataPath /Users/admin/builder/spi-builder-workspace/.derivedData build -scheme MicroExpress-Package -destination generic/platform=tvOS
Resolve Package Graph
Resolved source packages:
MicroExpress: /Users/admin/builder/spi-builder-workspace
SwiftServerHttp: https://github.com/swift-server/http @ 0.1.0
ComputePackagePrebuildTargetDependencyGraph
Prepare packages
CreateBuildRequest
SendProjectDescription
CreateBuildOperation
ComputeTargetDependencyGraph
note: Building targets in dependency order
note: Target dependency graph (6 targets)
Target 'MicroHelloServer-product' in project 'MicroExpress'
➜ Explicit dependency on target 'MicroExpress' in project 'MicroExpress'
➜ Explicit dependency on target 'HTTP-product' in project 'SwiftServerHttp'
Target 'MicroExpress-product' in project 'MicroExpress'
➜ Explicit dependency on target 'MicroExpress' in project 'MicroExpress'
➜ Explicit dependency on target 'HTTP-product' in project 'SwiftServerHttp'
Target 'MicroExpress' in project 'MicroExpress'
➜ Explicit dependency on target 'HTTP-product' in project 'SwiftServerHttp'
Target 'HTTP-product' in project 'SwiftServerHttp'
➜ Explicit dependency on target 'HTTP' in project 'SwiftServerHttp'
➜ Explicit dependency on target 'CHTTPParser' in project 'SwiftServerHttp'
Target 'HTTP' in project 'SwiftServerHttp'
➜ Explicit dependency on target 'CHTTPParser' in project 'SwiftServerHttp'
Target 'CHTTPParser' in project 'SwiftServerHttp' (no dependencies)
GatherProvisioningInputs
CreateBuildDescription
ClangStatCache /Applications/Xcode-27.0.0-Release.Candidate.app/Contents/Developer/Toolchains/XcodeDefault.xctoolchain/usr/bin/clang-stat-cache /Applications/Xcode-27.0.0-Release.Candidate.app/Contents/Developer/Platforms/AppleTVOS.platform/Developer/SDKs/AppleTVOS27.0.sdk /Users/admin/builder/spi-builder-workspace/.derivedData/SDKStatCaches.noindex/appletvos27.0-24J360-e829b21a6f8c9b70876ba0858053c044b32bfd8d43560033f8d89884cdb90028.sdkstatcache
cd /Users/admin/builder/spi-builder-workspace/.swiftpm/xcode
/Applications/Xcode-27.0.0-Release.Candidate.app/Contents/Developer/Toolchains/XcodeDefault.xctoolchain/usr/bin/clang-stat-cache /Applications/Xcode-27.0.0-Release.Candidate.app/Contents/Developer/Platforms/AppleTVOS.platform/Developer/SDKs/AppleTVOS27.0.sdk -o /Users/admin/builder/spi-builder-workspace/.derivedData/SDKStatCaches.noindex/appletvos27.0-24J360-e829b21a6f8c9b70876ba0858053c044b32bfd8d43560033f8d89884cdb90028.sdkstatcache
SwiftDriver MicroExpress normal arm64 com.apple.xcode.tools.swift.compiler (in target 'MicroExpress' from project 'MicroExpress')
cd /Users/admin/builder/spi-builder-workspace/.swiftpm/xcode
builtin-SwiftDriver -- /Applications/Xcode-27.0.0-Release.Candidate.app/Contents/Developer/Toolchains/XcodeDefault.xctoolchain/usr/bin/swiftc -parse-as-library -module-name MicroExpress -Onone @/Users/admin/builder/spi-builder-workspace/.derivedData/Build/Intermediates.noindex/MicroExpress.build/Debug-appletvos/MicroExpress-t.build/Objects-normal/arm64/MicroExpress.SwiftFileList -DSWIFT_PACKAGE -DDEBUG -DSWIFT_MODULE_RESOURCE_BUNDLE_UNAVAILABLE -Xcc -fmodule-map-file\=/Users/admin/builder/spi-builder-workspace/.derivedData/Build/Intermediates.noindex/GeneratedModuleMaps-appletvos/CHTTPParser.modulemap -DXcode -plugin-path /Applications/Xcode-27.0.0-Release.Candidate.app/Contents/Developer/Toolchains/XcodeDefault.xctoolchain/usr/lib/swift/host/plugins/testing -enable-experimental-feature DebugDescriptionMacro -sdk /Applications/Xcode-27.0.0-Release.Candidate.app/Contents/Developer/Platforms/AppleTVOS.platform/Developer/SDKs/AppleTVOS27.0.sdk -target arm64-apple-tvos15.0 -g -module-cache-path /Users/admin/builder/spi-builder-workspace/.derivedData/ModuleCache.noindex -Xfrontend -serialize-debugging-options -enable-testing -index-store-path /Users/admin/builder/spi-builder-workspace/.derivedData/Index.noindex/DataStore -Xcc -D_LIBCPP_HARDENING_MODE\=_LIBCPP_HARDENING_MODE_DEBUG -swift-version 4 -I /Users/admin/builder/spi-builder-workspace/.derivedData/Build/Products/Debug-appletvos -Isystem /Applications/Xcode-27.0.0-Release.Candidate.app/Contents/Developer/Platforms/AppleTVOS.platform/Developer/usr/lib -F /Users/admin/builder/spi-builder-workspace/.derivedData/Build/Products/Debug-appletvos/PackageFrameworks -F /Users/admin/builder/spi-builder-workspace/.derivedData/Build/Products/Debug-appletvos -F /Applications/Xcode-27.0.0-Release.Candidate.app/Contents/Developer/Platforms/AppleTVOS.platform/Developer/Library/Frameworks -F /Applications/Xcode-27.0.0-Release.Candidate.app/Contents/Developer/Platforms/AppleTVOS.platform/Developer/SDKs/AppleTVOS27.0.sdk/Developer/Library/Frameworks -c -j10 -enable-batch-mode -incremental -Xcc -ivfsstatcache -Xcc /Users/admin/builder/spi-builder-workspace/.derivedData/SDKStatCaches.noindex/appletvos27.0-24J360-e829b21a6f8c9b70876ba0858053c044b32bfd8d43560033f8d89884cdb90028.sdkstatcache -output-file-map /Users/admin/builder/spi-builder-workspace/.derivedData/Build/Intermediates.noindex/MicroExpress.build/Debug-appletvos/MicroExpress-t.build/Objects-normal/arm64/MicroExpress-OutputFileMap.json -save-temps -no-color-diagnostics -emit-dependencies -emit-module -emit-module-path /Users/admin/builder/spi-builder-workspace/.derivedData/Build/Intermediates.noindex/MicroExpress.build/Debug-appletvos/MicroExpress-t.build/Objects-normal/arm64/MicroExpress.swiftmodule -serialize-diagnostics -validate-clang-modules-once -clang-build-session-file /Users/admin/builder/spi-builder-workspace/.derivedData/ModuleCache.noindex/Session.modulevalidation -Xcc -fmodules-prune-interval\=86400 -Xcc -fmodules-prune-after\=345600 -emit-const-values -const-gather-protocols-list /Users/admin/builder/spi-builder-workspace/.derivedData/Build/Intermediates.noindex/MicroExpress.build/Debug-appletvos/MicroExpress-t.build/Objects-normal/arm64/MicroExpress_const_extract_protocols.json -Xcc -I/Users/admin/builder/spi-builder-workspace/.dependencies/checkouts/http/Sources/CHTTPParser/include -Xcc -I/Users/admin/builder/spi-builder-workspace/.derivedData/Build/Products/Debug-appletvos/include -Xcc -I/Users/admin/builder/spi-builder-workspace/.derivedData/Build/Intermediates.noindex/MicroExpress.build/Debug-appletvos/MicroExpress-t.build/DerivedSources-normal/arm64 -Xcc -I/Users/admin/builder/spi-builder-workspace/.derivedData/Build/Intermediates.noindex/MicroExpress.build/Debug-appletvos/MicroExpress-t.build/DerivedSources/arm64 -Xcc -I/Users/admin/builder/spi-builder-workspace/.derivedData/Build/Intermediates.noindex/MicroExpress.build/Debug-appletvos/MicroExpress-t.build/DerivedSources -Xcc -DSWIFT_PACKAGE -Xcc -DDEBUG\=1 -emit-objc-header -emit-objc-header-path /Users/admin/builder/spi-builder-workspace/.derivedData/Build/Intermediates.noindex/MicroExpress.build/Debug-appletvos/MicroExpress-t.build/Objects-normal/arm64/MicroExpress-Swift.h -working-directory /Users/admin/builder/spi-builder-workspace/.swiftpm/xcode -experimental-emit-module-separately -disable-cmo
SwiftDriver HTTP normal arm64 com.apple.xcode.tools.swift.compiler (in target 'HTTP' from project 'SwiftServerHttp')
cd /Users/admin/builder/spi-builder-workspace/.swiftpm/xcode
builtin-SwiftDriver -- /Applications/Xcode-27.0.0-Release.Candidate.app/Contents/Developer/Toolchains/XcodeDefault.xctoolchain/usr/bin/swiftc -parse-as-library -module-name HTTP -Onone @/Users/admin/builder/spi-builder-workspace/.derivedData/Build/Intermediates.noindex/SwiftServerHttp.build/Debug-appletvos/HTTP-t.build/Objects-normal/arm64/HTTP.SwiftFileList -DSWIFT_PACKAGE -DDEBUG -DSWIFT_MODULE_RESOURCE_BUNDLE_UNAVAILABLE -Xcc -fmodule-map-file\=/Users/admin/builder/spi-builder-workspace/.derivedData/Build/Intermediates.noindex/GeneratedModuleMaps-appletvos/CHTTPParser.modulemap -DXcode -plugin-path /Applications/Xcode-27.0.0-Release.Candidate.app/Contents/Developer/Toolchains/XcodeDefault.xctoolchain/usr/lib/swift/host/plugins/testing -enable-experimental-feature DebugDescriptionMacro -sdk /Applications/Xcode-27.0.0-Release.Candidate.app/Contents/Developer/Platforms/AppleTVOS.platform/Developer/SDKs/AppleTVOS27.0.sdk -target arm64-apple-tvos15.0 -g -module-cache-path /Users/admin/builder/spi-builder-workspace/.derivedData/ModuleCache.noindex -Xfrontend -serialize-debugging-options -enable-testing -suppress-warnings -index-store-path /Users/admin/builder/spi-builder-workspace/.derivedData/Index.noindex/DataStore -Xcc -D_LIBCPP_HARDENING_MODE\=_LIBCPP_HARDENING_MODE_DEBUG -swift-version 4 -I /Users/admin/builder/spi-builder-workspace/.derivedData/Build/Products/Debug-appletvos -Isystem /Applications/Xcode-27.0.0-Release.Candidate.app/Contents/Developer/Platforms/AppleTVOS.platform/Developer/usr/lib -F /Users/admin/builder/spi-builder-workspace/.derivedData/Build/Products/Debug-appletvos/PackageFrameworks -F /Users/admin/builder/spi-builder-workspace/.derivedData/Build/Products/Debug-appletvos -F /Applications/Xcode-27.0.0-Release.Candidate.app/Contents/Developer/Platforms/AppleTVOS.platform/Developer/Library/Frameworks -F /Applications/Xcode-27.0.0-Release.Candidate.app/Contents/Developer/Platforms/AppleTVOS.platform/Developer/SDKs/AppleTVOS27.0.sdk/Developer/Library/Frameworks -c -j10 -enable-batch-mode -incremental -Xcc -ivfsstatcache -Xcc /Users/admin/builder/spi-builder-workspace/.derivedData/SDKStatCaches.noindex/appletvos27.0-24J360-e829b21a6f8c9b70876ba0858053c044b32bfd8d43560033f8d89884cdb90028.sdkstatcache -output-file-map /Users/admin/builder/spi-builder-workspace/.derivedData/Build/Intermediates.noindex/SwiftServerHttp.build/Debug-appletvos/HTTP-t.build/Objects-normal/arm64/HTTP-OutputFileMap.json -save-temps -no-color-diagnostics -emit-dependencies -emit-module -emit-module-path /Users/admin/builder/spi-builder-workspace/.derivedData/Build/Intermediates.noindex/SwiftServerHttp.build/Debug-appletvos/HTTP-t.build/Objects-normal/arm64/HTTP.swiftmodule -serialize-diagnostics -validate-clang-modules-once -clang-build-session-file /Users/admin/builder/spi-builder-workspace/.derivedData/ModuleCache.noindex/Session.modulevalidation -Xcc -fmodules-prune-interval\=86400 -Xcc -fmodules-prune-after\=345600 -emit-const-values -const-gather-protocols-list /Users/admin/builder/spi-builder-workspace/.derivedData/Build/Intermediates.noindex/SwiftServerHttp.build/Debug-appletvos/HTTP-t.build/Objects-normal/arm64/HTTP_const_extract_protocols.json -Xcc -I/Users/admin/builder/spi-builder-workspace/.dependencies/checkouts/http/Sources/CHTTPParser/include -Xcc -I/Users/admin/builder/spi-builder-workspace/.derivedData/Build/Products/Debug-appletvos/include -Xcc -I/Users/admin/builder/spi-builder-workspace/.derivedData/Build/Intermediates.noindex/SwiftServerHttp.build/Debug-appletvos/HTTP-t.build/DerivedSources-normal/arm64 -Xcc -I/Users/admin/builder/spi-builder-workspace/.derivedData/Build/Intermediates.noindex/SwiftServerHttp.build/Debug-appletvos/HTTP-t.build/DerivedSources/arm64 -Xcc -I/Users/admin/builder/spi-builder-workspace/.derivedData/Build/Intermediates.noindex/SwiftServerHttp.build/Debug-appletvos/HTTP-t.build/DerivedSources -Xcc -DSWIFT_PACKAGE -Xcc -DDEBUG\=1 -emit-objc-header -emit-objc-header-path /Users/admin/builder/spi-builder-workspace/.derivedData/Build/Intermediates.noindex/SwiftServerHttp.build/Debug-appletvos/HTTP-t.build/Objects-normal/arm64/HTTP-Swift.h -working-directory /Users/admin/builder/spi-builder-workspace/.swiftpm/xcode -experimental-emit-module-separately -disable-cmo
SwiftDriver MicroHelloServer normal arm64 com.apple.xcode.tools.swift.compiler (in target 'MicroHelloServer-product' from project 'MicroExpress')
cd /Users/admin/builder/spi-builder-workspace/.swiftpm/xcode
builtin-SwiftDriver -- /Applications/Xcode-27.0.0-Release.Candidate.app/Contents/Developer/Toolchains/XcodeDefault.xctoolchain/usr/bin/swiftc -module-name MicroHelloServer -Onone @/Users/admin/builder/spi-builder-workspace/.derivedData/Build/Intermediates.noindex/MicroExpress.build/Debug-appletvos/MicroHelloServer-p.build/Objects-normal/arm64/MicroHelloServer.SwiftFileList -DSWIFT_PACKAGE -DDEBUG -Xcc -fmodule-map-file\=/Users/admin/builder/spi-builder-workspace/.derivedData/Build/Intermediates.noindex/GeneratedModuleMaps-appletvos/CHTTPParser.modulemap -DXcode -plugin-path /Applications/Xcode-27.0.0-Release.Candidate.app/Contents/Developer/Toolchains/XcodeDefault.xctoolchain/usr/lib/swift/host/plugins/testing -enable-experimental-feature DebugDescriptionMacro -sdk /Applications/Xcode-27.0.0-Release.Candidate.app/Contents/Developer/Platforms/AppleTVOS.platform/Developer/SDKs/AppleTVOS27.0.sdk -target arm64-apple-tvos15.0 -g -module-cache-path /Users/admin/builder/spi-builder-workspace/.derivedData/ModuleCache.noindex -Xfrontend -serialize-debugging-options -enable-testing -index-store-path /Users/admin/builder/spi-builder-workspace/.derivedData/Index.noindex/DataStore -Xcc -D_LIBCPP_HARDENING_MODE\=_LIBCPP_HARDENING_MODE_DEBUG -swift-version 4 -I /Users/admin/builder/spi-builder-workspace/.derivedData/Build/Products/Debug-appletvos -Isystem /Applications/Xcode-27.0.0-Release.Candidate.app/Contents/Developer/Platforms/AppleTVOS.platform/Developer/usr/lib -F /Users/admin/builder/spi-builder-workspace/.derivedData/Build/Products/Debug-appletvos/PackageFrameworks -F /Users/admin/builder/spi-builder-workspace/.derivedData/Build/Products/Debug-appletvos -F /Applications/Xcode-27.0.0-Release.Candidate.app/Contents/Developer/Platforms/AppleTVOS.platform/Developer/Library/Frameworks -F /Applications/Xcode-27.0.0-Release.Candidate.app/Contents/Developer/Platforms/AppleTVOS.platform/Developer/SDKs/AppleTVOS27.0.sdk/Developer/Library/Frameworks -c -j10 -enable-batch-mode -incremental -Xcc -ivfsstatcache -Xcc /Users/admin/builder/spi-builder-workspace/.derivedData/SDKStatCaches.noindex/appletvos27.0-24J360-e829b21a6f8c9b70876ba0858053c044b32bfd8d43560033f8d89884cdb90028.sdkstatcache -output-file-map /Users/admin/builder/spi-builder-workspace/.derivedData/Build/Intermediates.noindex/MicroExpress.build/Debug-appletvos/MicroHelloServer-p.build/Objects-normal/arm64/MicroHelloServer-OutputFileMap.json -save-temps -no-color-diagnostics -emit-dependencies -emit-module -emit-module-path /Users/admin/builder/spi-builder-workspace/.derivedData/Build/Intermediates.noindex/MicroExpress.build/Debug-appletvos/MicroHelloServer-p.build/Objects-normal/arm64/MicroHelloServer.swiftmodule -serialize-diagnostics -validate-clang-modules-once -clang-build-session-file /Users/admin/builder/spi-builder-workspace/.derivedData/ModuleCache.noindex/Session.modulevalidation -Xcc -fmodules-prune-interval\=86400 -Xcc -fmodules-prune-after\=345600 -emit-const-values -const-gather-protocols-list /Users/admin/builder/spi-builder-workspace/.derivedData/Build/Intermediates.noindex/MicroExpress.build/Debug-appletvos/MicroHelloServer-p.build/Objects-normal/arm64/MicroHelloServer_const_extract_protocols.json -Xcc -I/Users/admin/builder/spi-builder-workspace/.dependencies/checkouts/http/Sources/CHTTPParser/include -Xcc -I/Users/admin/builder/spi-builder-workspace/.derivedData/Build/Products/Debug-appletvos/include -Xcc -I/Users/admin/builder/spi-builder-workspace/.derivedData/Build/Intermediates.noindex/MicroExpress.build/Debug-appletvos/MicroHelloServer-p.build/DerivedSources-normal/arm64 -Xcc -I/Users/admin/builder/spi-builder-workspace/.derivedData/Build/Intermediates.noindex/MicroExpress.build/Debug-appletvos/MicroHelloServer-p.build/DerivedSources/arm64 -Xcc -I/Users/admin/builder/spi-builder-workspace/.derivedData/Build/Intermediates.noindex/MicroExpress.build/Debug-appletvos/MicroHelloServer-p.build/DerivedSources -Xcc -DSWIFT_PACKAGE -Xcc -DDEBUG\=1 -working-directory /Users/admin/builder/spi-builder-workspace/.swiftpm/xcode -experimental-emit-module-separately -disable-cmo
SwiftCompile normal arm64 Compiling\ main.swift /Users/admin/builder/spi-builder-workspace/Sources/MicroHelloServer/main.swift (in target 'MicroHelloServer-product' from project 'MicroExpress')
SwiftCompile normal arm64 /Users/admin/builder/spi-builder-workspace/Sources/MicroHelloServer/main.swift (in target 'MicroHelloServer-product' from project 'MicroExpress')
cd /Users/admin/builder/spi-builder-workspace/.swiftpm/xcode
builtin-SwiftPerFileCompile main.swift
SwiftEmitModule normal arm64 Emitting\ module\ for\ MicroHelloServer (in target 'MicroHelloServer-product' from project 'MicroExpress')
SwiftCompile normal arm64 (in target 'MicroHelloServer-product' from project 'MicroExpress')
cd /Users/admin/builder/spi-builder-workspace/.swiftpm/xcode
SwiftCompile normal arm64 Compiling\ TodoModel.swift /Users/admin/builder/spi-builder-workspace/Sources/MicroHelloServer/TodoModel.swift (in target 'MicroHelloServer-product' from project 'MicroExpress')
SwiftCompile normal arm64 /Users/admin/builder/spi-builder-workspace/Sources/MicroHelloServer/TodoModel.swift (in target 'MicroHelloServer-product' from project 'MicroExpress')
cd /Users/admin/builder/spi-builder-workspace/.swiftpm/xcode
builtin-SwiftPerFileCompile TodoModel.swift
SwiftEmitModule normal arm64 Emitting\ module\ for\ MicroExpress (in target 'MicroExpress' from project 'MicroExpress')
SwiftCompile normal arm64 (in target 'MicroExpress' from project 'MicroExpress')
cd /Users/admin/builder/spi-builder-workspace/.swiftpm/xcode
SwiftCompile normal arm64 Compiling\ ServerResponse.swift /Users/admin/builder/spi-builder-workspace/Sources/MicroExpress/ServerResponse.swift (in target 'MicroExpress' from project 'MicroExpress')
SwiftCompile normal arm64 /Users/admin/builder/spi-builder-workspace/Sources/MicroExpress/ServerResponse.swift (in target 'MicroExpress' from project 'MicroExpress')
cd /Users/admin/builder/spi-builder-workspace/.swiftpm/xcode
builtin-SwiftPerFileCompile ServerResponse.swift
SwiftCompile normal arm64 Compiling\ Express.swift /Users/admin/builder/spi-builder-workspace/Sources/MicroExpress/Express.swift (in target 'MicroExpress' from project 'MicroExpress')
SwiftCompile normal arm64 /Users/admin/builder/spi-builder-workspace/Sources/MicroExpress/Express.swift (in target 'MicroExpress' from project 'MicroExpress')
cd /Users/admin/builder/spi-builder-workspace/.swiftpm/xcode
builtin-SwiftPerFileCompile Express.swift
SwiftCompile normal arm64 Compiling\ QueryString.swift /Users/admin/builder/spi-builder-workspace/Sources/MicroExpress/QueryString.swift (in target 'MicroExpress' from project 'MicroExpress')
SwiftCompile normal arm64 /Users/admin/builder/spi-builder-workspace/Sources/MicroExpress/QueryString.swift (in target 'MicroExpress' from project 'MicroExpress')
cd /Users/admin/builder/spi-builder-workspace/.swiftpm/xcode
builtin-SwiftPerFileCompile QueryString.swift
/Users/admin/builder/spi-builder-workspace/Sources/MicroExpress/QueryString.swift:16:25: warning: 'flatMap' is deprecated: Please use compactMap(_:) for the case where closure returns an optional value [#DeprecatedDeclaration]
14 | req.userInfo[paramDictKey] =
15 | Dictionary(grouping: queryItems, by: { $0.name })
16 | .mapValues { $0.flatMap({ $0.value })
| |- warning: 'flatMap' is deprecated: Please use compactMap(_:) for the case where closure returns an optional value [#DeprecatedDeclaration]
| `- note: use 'compactMap(_:)' instead
17 | .joined(separator: ",") }
18 | }
[#DeprecatedDeclaration]: <https://docs.swift.org/compiler/documentation/diagnostics/deprecated-declaration>
SwiftCompile normal arm64 Compiling\ Middleware.swift /Users/admin/builder/spi-builder-workspace/Sources/MicroExpress/Middleware.swift (in target 'MicroExpress' from project 'MicroExpress')
SwiftCompile normal arm64 /Users/admin/builder/spi-builder-workspace/Sources/MicroExpress/Middleware.swift (in target 'MicroExpress' from project 'MicroExpress')
cd /Users/admin/builder/spi-builder-workspace/.swiftpm/xcode
builtin-SwiftPerFileCompile Middleware.swift
SwiftCompile normal arm64 Compiling\ HTTPRequest.swift /Users/admin/builder/spi-builder-workspace/.dependencies/checkouts/http/Sources/HTTP/HTTPRequest.swift (in target 'HTTP' from project 'SwiftServerHttp')
SwiftCompile normal arm64 /Users/admin/builder/spi-builder-workspace/.dependencies/checkouts/http/Sources/HTTP/HTTPRequest.swift (in target 'HTTP' from project 'SwiftServerHttp')
cd /Users/admin/builder/spi-builder-workspace/.swiftpm/xcode
builtin-SwiftPerFileCompile HTTPRequest.swift
SwiftEmitModule normal arm64 Emitting\ module\ for\ HTTP (in target 'HTTP' from project 'SwiftServerHttp')
SwiftCompile normal arm64 (in target 'HTTP' from project 'SwiftServerHttp')
cd /Users/admin/builder/spi-builder-workspace/.swiftpm/xcode
SwiftCompile normal arm64 Compiling\ HTTPResponse.swift /Users/admin/builder/spi-builder-workspace/.dependencies/checkouts/http/Sources/HTTP/HTTPResponse.swift (in target 'HTTP' from project 'SwiftServerHttp')
SwiftCompile normal arm64 /Users/admin/builder/spi-builder-workspace/.dependencies/checkouts/http/Sources/HTTP/HTTPResponse.swift (in target 'HTTP' from project 'SwiftServerHttp')
cd /Users/admin/builder/spi-builder-workspace/.swiftpm/xcode
builtin-SwiftPerFileCompile HTTPResponse.swift
SwiftDriverJobDiscovery normal arm64 Compiling Middleware.swift (in target 'MicroExpress' from project 'MicroExpress')
SwiftCompile normal arm64 Compiling\ Router.swift /Users/admin/builder/spi-builder-workspace/Sources/MicroExpress/Router.swift (in target 'MicroExpress' from project 'MicroExpress')
SwiftCompile normal arm64 /Users/admin/builder/spi-builder-workspace/Sources/MicroExpress/Router.swift (in target 'MicroExpress' from project 'MicroExpress')
cd /Users/admin/builder/spi-builder-workspace/.swiftpm/xcode
builtin-SwiftPerFileCompile Router.swift
SwiftDriverJobDiscovery normal arm64 Emitting module for MicroHelloServer (in target 'MicroHelloServer-product' from project 'MicroExpress')
SwiftDriver\ Compilation\ Requirements MicroHelloServer normal arm64 com.apple.xcode.tools.swift.compiler (in target 'MicroHelloServer-product' from project 'MicroExpress')
cd /Users/admin/builder/spi-builder-workspace/.swiftpm/xcode
builtin-Swift-Compilation-Requirements -- /Applications/Xcode-27.0.0-Release.Candidate.app/Contents/Developer/Toolchains/XcodeDefault.xctoolchain/usr/bin/swiftc -module-name MicroHelloServer -Onone @/Users/admin/builder/spi-builder-workspace/.derivedData/Build/Intermediates.noindex/MicroExpress.build/Debug-appletvos/MicroHelloServer-p.build/Objects-normal/arm64/MicroHelloServer.SwiftFileList -DSWIFT_PACKAGE -DDEBUG -Xcc -fmodule-map-file\=/Users/admin/builder/spi-builder-workspace/.derivedData/Build/Intermediates.noindex/GeneratedModuleMaps-appletvos/CHTTPParser.modulemap -DXcode -plugin-path /Applications/Xcode-27.0.0-Release.Candidate.app/Contents/Developer/Toolchains/XcodeDefault.xctoolchain/usr/lib/swift/host/plugins/testing -enable-experimental-feature DebugDescriptionMacro -sdk /Applications/Xcode-27.0.0-Release.Candidate.app/Contents/Developer/Platforms/AppleTVOS.platform/Developer/SDKs/AppleTVOS27.0.sdk -target arm64-apple-tvos15.0 -g -module-cache-path /Users/admin/builder/spi-builder-workspace/.derivedData/ModuleCache.noindex -Xfrontend -serialize-debugging-options -enable-testing -index-store-path /Users/admin/builder/spi-builder-workspace/.derivedData/Index.noindex/DataStore -Xcc -D_LIBCPP_HARDENING_MODE\=_LIBCPP_HARDENING_MODE_DEBUG -swift-version 4 -I /Users/admin/builder/spi-builder-workspace/.derivedData/Build/Products/Debug-appletvos -Isystem /Applications/Xcode-27.0.0-Release.Candidate.app/Contents/Developer/Platforms/AppleTVOS.platform/Developer/usr/lib -F /Users/admin/builder/spi-builder-workspace/.derivedData/Build/Products/Debug-appletvos/PackageFrameworks -F /Users/admin/builder/spi-builder-workspace/.derivedData/Build/Products/Debug-appletvos -F /Applications/Xcode-27.0.0-Release.Candidate.app/Contents/Developer/Platforms/AppleTVOS.platform/Developer/Library/Frameworks -F /Applications/Xcode-27.0.0-Release.Candidate.app/Contents/Developer/Platforms/AppleTVOS.platform/Developer/SDKs/AppleTVOS27.0.sdk/Developer/Library/Frameworks -c -j10 -enable-batch-mode -incremental -Xcc -ivfsstatcache -Xcc /Users/admin/builder/spi-builder-workspace/.derivedData/SDKStatCaches.noindex/appletvos27.0-24J360-e829b21a6f8c9b70876ba0858053c044b32bfd8d43560033f8d89884cdb90028.sdkstatcache -output-file-map /Users/admin/builder/spi-builder-workspace/.derivedData/Build/Intermediates.noindex/MicroExpress.build/Debug-appletvos/MicroHelloServer-p.build/Objects-normal/arm64/MicroHelloServer-OutputFileMap.json -save-temps -no-color-diagnostics -emit-dependencies -emit-module -emit-module-path /Users/admin/builder/spi-builder-workspace/.derivedData/Build/Intermediates.noindex/MicroExpress.build/Debug-appletvos/MicroHelloServer-p.build/Objects-normal/arm64/MicroHelloServer.swiftmodule -serialize-diagnostics -validate-clang-modules-once -clang-build-session-file /Users/admin/builder/spi-builder-workspace/.derivedData/ModuleCache.noindex/Session.modulevalidation -Xcc -fmodules-prune-interval\=86400 -Xcc -fmodules-prune-after\=345600 -emit-const-values -const-gather-protocols-list /Users/admin/builder/spi-builder-workspace/.derivedData/Build/Intermediates.noindex/MicroExpress.build/Debug-appletvos/MicroHelloServer-p.build/Objects-normal/arm64/MicroHelloServer_const_extract_protocols.json -Xcc -I/Users/admin/builder/spi-builder-workspace/.dependencies/checkouts/http/Sources/CHTTPParser/include -Xcc -I/Users/admin/builder/spi-builder-workspace/.derivedData/Build/Products/Debug-appletvos/include -Xcc -I/Users/admin/builder/spi-builder-workspace/.derivedData/Build/Intermediates.noindex/MicroExpress.build/Debug-appletvos/MicroHelloServer-p.build/DerivedSources-normal/arm64 -Xcc -I/Users/admin/builder/spi-builder-workspace/.derivedData/Build/Intermediates.noindex/MicroExpress.build/Debug-appletvos/MicroHelloServer-p.build/DerivedSources/arm64 -Xcc -I/Users/admin/builder/spi-builder-workspace/.derivedData/Build/Intermediates.noindex/MicroExpress.build/Debug-appletvos/MicroHelloServer-p.build/DerivedSources -Xcc -DSWIFT_PACKAGE -Xcc -DDEBUG\=1 -working-directory /Users/admin/builder/spi-builder-workspace/.swiftpm/xcode -experimental-emit-module-separately -disable-cmo
SwiftCompile normal arm64 Compiling\ CORS.swift /Users/admin/builder/spi-builder-workspace/Sources/MicroExpress/CORS.swift (in target 'MicroExpress' from project 'MicroExpress')
SwiftCompile normal arm64 /Users/admin/builder/spi-builder-workspace/Sources/MicroExpress/CORS.swift (in target 'MicroExpress' from project 'MicroExpress')
cd /Users/admin/builder/spi-builder-workspace/.swiftpm/xcode
builtin-SwiftPerFileCompile CORS.swift
SwiftDriverJobDiscovery normal arm64 Compiling HTTPRequest.swift (in target 'HTTP' from project 'SwiftServerHttp')
SwiftCompile normal arm64 Compiling\ PoCSocketSimpleServer.swift /Users/admin/builder/spi-builder-workspace/.dependencies/checkouts/http/Sources/HTTP/PoCSocket/PoCSocketSimpleServer.swift (in target 'HTTP' from project 'SwiftServerHttp')
SwiftCompile normal arm64 /Users/admin/builder/spi-builder-workspace/.dependencies/checkouts/http/Sources/HTTP/PoCSocket/PoCSocketSimpleServer.swift (in target 'HTTP' from project 'SwiftServerHttp')
cd /Users/admin/builder/spi-builder-workspace/.swiftpm/xcode
builtin-SwiftPerFileCompile PoCSocketSimpleServer.swift
SwiftCompile normal arm64 Compiling\ PoCSocketConnectionListener.swift /Users/admin/builder/spi-builder-workspace/.dependencies/checkouts/http/Sources/HTTP/PoCSocket/PoCSocketConnectionListener.swift (in target 'HTTP' from project 'SwiftServerHttp')
SwiftCompile normal arm64 /Users/admin/builder/spi-builder-workspace/.dependencies/checkouts/http/Sources/HTTP/PoCSocket/PoCSocketConnectionListener.swift (in target 'HTTP' from project 'SwiftServerHttp')
cd /Users/admin/builder/spi-builder-workspace/.swiftpm/xcode
builtin-SwiftPerFileCompile PoCSocketConnectionListener.swift
SwiftDriverJobDiscovery normal arm64 Compiling Express.swift (in target 'MicroExpress' from project 'MicroExpress')
SwiftCompile normal arm64 Compiling\ PoCSocket.swift /Users/admin/builder/spi-builder-workspace/.dependencies/checkouts/http/Sources/HTTP/PoCSocket/PoCSocket.swift (in target 'HTTP' from project 'SwiftServerHttp')
/Users/admin/builder/spi-builder-workspace/.dependencies/checkouts/http/Sources/HTTP/PoCSocket/PoCSocket.swift:230:51: error: overlapping accesses to 'addr_in', but modification requires exclusive access; consider copying to a local variable [#ExclusivityViolation]
228 | var addr_in = sockaddr_in()
229 |
230 | listeningPort = try withUnsafePointer(to: &addr_in) { pointer in
| `- error: overlapping accesses to 'addr_in', but modification requires exclusive access; consider copying to a local variable [#ExclusivityViolation]
231 | var len = socklen_t(MemoryLayout<sockaddr_in>.size)
232 | if getsockname(socketfd, UnsafeMutablePointer(OpaquePointer(pointer)), &len) != 0 {
:
236 | return Int32(ntohs(addr_in.sin_port))
237 | #else
238 | return Int32(Int(OSHostByteOrder()) != OSLittleEndian ? addr_in.sin_port.littleEndian : addr_in.sin_port.bigEndian)
| `- note: conflicting access is here
239 | #endif
240 | }
[#ExclusivityViolation]: <https://docs.swift.org/compiler/documentation/diagnostics/exclusivity-violation>
Failed frontend command:
/Applications/Xcode-27.0.0-Release.Candidate.app/Contents/Developer/Toolchains/XcodeDefault.xctoolchain/usr/bin/swift-frontend -frontend -c /Users/admin/builder/spi-builder-workspace/.dependencies/checkouts/http/Sources/HTTP/HTTPCommon.swift /Users/admin/builder/spi-builder-workspace/.dependencies/checkouts/http/Sources/HTTP/HTTPHeaders.swift /Users/admin/builder/spi-builder-workspace/.dependencies/checkouts/http/Sources/HTTP/HTTPMethod.swift /Users/admin/builder/spi-builder-workspace/.dependencies/checkouts/http/Sources/HTTP/HTTPRequest.swift /Users/admin/builder/spi-builder-workspace/.dependencies/checkouts/http/Sources/HTTP/HTTPResponse.swift /Users/admin/builder/spi-builder-workspace/.dependencies/checkouts/http/Sources/HTTP/HTTPServer.swift /Users/admin/builder/spi-builder-workspace/.dependencies/checkouts/http/Sources/HTTP/HTTPStreamingParser.swift /Users/admin/builder/spi-builder-workspace/.dependencies/checkouts/http/Sources/HTTP/HTTPVersion.swift -primary-file /Users/admin/builder/spi-builder-workspace/.dependencies/checkouts/http/Sources/HTTP/PoCSocket/PoCSocket.swift /Users/admin/builder/spi-builder-workspace/.dependencies/checkouts/http/Sources/HTTP/PoCSocket/PoCSocketConnectionListener.swift /Users/admin/builder/spi-builder-workspace/.dependencies/checkouts/http/Sources/HTTP/PoCSocket/PoCSocketSimpleServer.swift -emit-dependencies-path /Users/admin/builder/spi-builder-workspace/.derivedData/Build/Intermediates.noindex/SwiftServerHttp.build/Debug-appletvos/HTTP-t.build/Objects-normal/arm64/PoCSocket.d -emit-const-values-path /Users/admin/builder/spi-builder-workspace/.derivedData/Build/Intermediates.noindex/SwiftServerHttp.build/Debug-appletvos/HTTP-t.build/Objects-normal/arm64/PoCSocket.swiftconstvalues -emit-reference-dependencies-path /Users/admin/builder/spi-builder-workspace/.derivedData/Build/Intermediates.noindex/SwiftServerHttp.build/Debug-appletvos/HTTP-t.build/Objects-normal/arm64/PoCSocket.swiftdeps -serialize-diagnostics-path /Users/admin/builder/spi-builder-workspace/.derivedData/Build/Intermediates.noindex/SwiftServerHttp.build/Debug-appletvos/HTTP-t.build/Objects-normal/arm64/PoCSocket.dia -target arm64-apple-tvos15.0 -Xllvm -aarch64-use-tbi -enable-objc-interop -stack-check -sdk /Applications/Xcode-27.0.0-Release.Candidate.app/Contents/Developer/Platforms/AppleTVOS.platform/Developer/SDKs/AppleTVOS27.0.sdk -I /Users/admin/builder/spi-builder-workspace/.derivedData/Build/Products/Debug-appletvos -Isystem /Applications/Xcode-27.0.0-Release.Candidate.app/Contents/Developer/Platforms/AppleTVOS.platform/Developer/usr/lib -F /Users/admin/builder/spi-builder-workspace/.derivedData/Build/Products/Debug-appletvos/PackageFrameworks -F /Users/admin/builder/spi-builder-workspace/.derivedData/Build/Products/Debug-appletvos -F /Applications/Xcode-27.0.0-Release.Candidate.app/Contents/Developer/Platforms/AppleTVOS.platform/Developer/Library/Frameworks -F /Applications/Xcode-27.0.0-Release.Candidate.app/Contents/Developer/Platforms/AppleTVOS.platform/Developer/SDKs/AppleTVOS27.0.sdk/Developer/Library/Frameworks -module-cache-path /Users/admin/builder/spi-builder-workspace/.derivedData/ModuleCache.noindex -no-color-diagnostics -Xcc -fno-color-diagnostics -enable-testing -g -debug-info-format\=dwarf -dwarf-version\=4 -suppress-warnings -swift-version 4 -Onone -D SWIFT_PACKAGE -D DEBUG -D SWIFT_MODULE_RESOURCE_BUNDLE_UNAVAILABLE -D Xcode -serialize-debugging-options -enable-experimental-feature DebugDescriptionMacro -empty-abi-descriptor -plugin-path /Applications/Xcode-27.0.0-Release.Candidate.app/Contents/Developer/Toolchains/XcodeDefault.xctoolchain/usr/lib/swift/host/plugins/testing -validate-clang-modules-once -clang-build-session-file /Users/admin/builder/spi-builder-workspace/.derivedData/ModuleCache.noindex/Session.modulevalidation -Xcc -working-directory -Xcc /Users/admin/builder/spi-builder-workspace/.swiftpm/xcode -enable-anonymous-context-mangled-names -file-compilation-dir /Users/admin/builder/spi-builder-workspace/.swiftpm/xcode -Xcc -fmodule-map-file\=/Users/admin/builder/spi-builder-workspace/.derivedData/Build/Intermediates.noindex/GeneratedModuleMaps-appletvos/CHTTPParser.modulemap -Xcc -D_LIBCPP_HARDENING_MODE\=_LIBCPP_HARDENING_MODE_DEBUG -Xcc -ivfsstatcache -Xcc /Users/admin/builder/spi-builder-workspace/.derivedData/SDKStatCaches.noindex/appletvos27.0-24J360-e829b21a6f8c9b70876ba0858053c044b32bfd8d43560033f8d89884cdb90028.sdkstatcache -Xcc -fmodules-prune-interval\=86400 -Xcc -fmodules-prune-after\=345600 -Xcc -I/Users/admin/builder/spi-builder-workspace/.dependencies/checkouts/http/Sources/CHTTPParser/include -Xcc -I/Users/admin/builder/spi-builder-workspace/.derivedData/Build/Products/Debug-appletvos/include -Xcc -I/Users/admin/builder/spi-builder-workspace/.derivedData/Build/Intermediates.noindex/SwiftServerHttp.build/Debug-appletvos/HTTP-t.build/DerivedSources-normal/arm64 -Xcc -I/Users/admin/builder/spi-builder-workspace/.derivedData/Build/Intermediates.noindex/SwiftServerHttp.build/Debug-appletvos/HTTP-t.build/DerivedSources/arm64 -Xcc -I/Users/admin/builder/spi-builder-workspace/.derivedData/Build/Intermediates.noindex/SwiftServerHttp.build/Debug-appletvos/HTTP-t.build/DerivedSources -Xcc -DSWIFT_PACKAGE -Xcc -DDEBUG\=1 -no-auto-bridging-header-chaining -module-name HTTP -const-gather-protocols-file /Users/admin/builder/spi-builder-workspace/.derivedData/Build/Intermediates.noindex/SwiftServerHttp.build/Debug-appletvos/HTTP-t.build/Objects-normal/arm64/HTTP_const_extract_protocols.json -disable-clang-spi -target-sdk-version 27.0 -target-sdk-name appletvos27.0 -external-plugin-path /Applications/Xcode-27.0.0-Release.Candidate.app/Contents/Developer/Platforms/AppleTVOS.platform/Developer/usr/lib/swift/host/plugins\#/Applications/Xcode-27.0.0-Release.Candidate.app/Contents/Developer/Platforms/AppleTVOS.platform/Developer/usr/bin/swift-plugin-server -external-plugin-path /Applications/Xcode-27.0.0-Release.Candidate.app/Contents/Developer/Platforms/AppleTVOS.platform/Developer/usr/local/lib/swift/host/plugins\#/Applications/Xcode-27.0.0-Release.Candidate.app/Contents/Developer/Platforms/AppleTVOS.platform/Developer/usr/bin/swift-plugin-server -in-process-plugin-server-path /Applications/Xcode-27.0.0-Release.Candidate.app/Contents/Developer/Toolchains/XcodeDefault.xctoolchain/usr/lib/swift/host/libSwiftInProcPluginServer.dylib -plugin-path /Applications/Xcode-27.0.0-Release.Candidate.app/Contents/Developer/Toolchains/XcodeDefault.xctoolchain/usr/lib/swift/host/plugins -plugin-path /Applications/Xcode-27.0.0-Release.Candidate.app/Contents/Developer/Toolchains/XcodeDefault.xctoolchain/usr/local/lib/swift/host/plugins -parse-as-library -o /Users/admin/builder/spi-builder-workspace/.derivedData/Build/Intermediates.noindex/SwiftServerHttp.build/Debug-appletvos/HTTP-t.build/Objects-normal/arm64/PoCSocket.o -index-unit-output-path /SwiftServerHttp.build/Debug-appletvos/HTTP-t.build/Objects-normal/arm64/PoCSocket.o -index-store-path /Users/admin/builder/spi-builder-workspace/.derivedData/Index.noindex/DataStore -index-system-modules
SwiftCompile normal arm64 /Users/admin/builder/spi-builder-workspace/.dependencies/checkouts/http/Sources/HTTP/PoCSocket/PoCSocket.swift (in target 'HTTP' from project 'SwiftServerHttp')
cd /Users/admin/builder/spi-builder-workspace/.swiftpm/xcode
builtin-SwiftPerFileCompile PoCSocket.swift
SwiftDriverJobDiscovery normal arm64 Compiling main.swift (in target 'MicroHelloServer-product' from project 'MicroExpress')
SwiftCompile normal arm64 Compiling\ HTTPHeaders.swift /Users/admin/builder/spi-builder-workspace/.dependencies/checkouts/http/Sources/HTTP/HTTPHeaders.swift (in target 'HTTP' from project 'SwiftServerHttp')
SwiftCompile normal arm64 /Users/admin/builder/spi-builder-workspace/.dependencies/checkouts/http/Sources/HTTP/HTTPHeaders.swift (in target 'HTTP' from project 'SwiftServerHttp')
cd /Users/admin/builder/spi-builder-workspace/.swiftpm/xcode
builtin-SwiftPerFileCompile HTTPHeaders.swift
SwiftDriverJobDiscovery normal arm64 Compiling TodoModel.swift (in target 'MicroHelloServer-product' from project 'MicroExpress')
SwiftDriver\ Compilation MicroHelloServer normal arm64 com.apple.xcode.tools.swift.compiler (in target 'MicroHelloServer-product' from project 'MicroExpress')
cd /Users/admin/builder/spi-builder-workspace/.swiftpm/xcode
builtin-Swift-Compilation -- /Applications/Xcode-27.0.0-Release.Candidate.app/Contents/Developer/Toolchains/XcodeDefault.xctoolchain/usr/bin/swiftc -module-name MicroHelloServer -Onone @/Users/admin/builder/spi-builder-workspace/.derivedData/Build/Intermediates.noindex/MicroExpress.build/Debug-appletvos/MicroHelloServer-p.build/Objects-normal/arm64/MicroHelloServer.SwiftFileList -DSWIFT_PACKAGE -DDEBUG -Xcc -fmodule-map-file\=/Users/admin/builder/spi-builder-workspace/.derivedData/Build/Intermediates.noindex/GeneratedModuleMaps-appletvos/CHTTPParser.modulemap -DXcode -plugin-path /Applications/Xcode-27.0.0-Release.Candidate.app/Contents/Developer/Toolchains/XcodeDefault.xctoolchain/usr/lib/swift/host/plugins/testing -enable-experimental-feature DebugDescriptionMacro -sdk /Applications/Xcode-27.0.0-Release.Candidate.app/Contents/Developer/Platforms/AppleTVOS.platform/Developer/SDKs/AppleTVOS27.0.sdk -target arm64-apple-tvos15.0 -g -module-cache-path /Users/admin/builder/spi-builder-workspace/.derivedData/ModuleCache.noindex -Xfrontend -serialize-debugging-options -enable-testing -index-store-path /Users/admin/builder/spi-builder-workspace/.derivedData/Index.noindex/DataStore -Xcc -D_LIBCPP_HARDENING_MODE\=_LIBCPP_HARDENING_MODE_DEBUG -swift-version 4 -I /Users/admin/builder/spi-builder-workspace/.derivedData/Build/Products/Debug-appletvos -Isystem /Applications/Xcode-27.0.0-Release.Candidate.app/Contents/Developer/Platforms/AppleTVOS.platform/Developer/usr/lib -F /Users/admin/builder/spi-builder-workspace/.derivedData/Build/Products/Debug-appletvos/PackageFrameworks -F /Users/admin/builder/spi-builder-workspace/.derivedData/Build/Products/Debug-appletvos -F /Applications/Xcode-27.0.0-Release.Candidate.app/Contents/Developer/Platforms/AppleTVOS.platform/Developer/Library/Frameworks -F /Applications/Xcode-27.0.0-Release.Candidate.app/Contents/Developer/Platforms/AppleTVOS.platform/Developer/SDKs/AppleTVOS27.0.sdk/Developer/Library/Frameworks -c -j10 -enable-batch-mode -incremental -Xcc -ivfsstatcache -Xcc /Users/admin/builder/spi-builder-workspace/.derivedData/SDKStatCaches.noindex/appletvos27.0-24J360-e829b21a6f8c9b70876ba0858053c044b32bfd8d43560033f8d89884cdb90028.sdkstatcache -output-file-map /Users/admin/builder/spi-builder-workspace/.derivedData/Build/Intermediates.noindex/MicroExpress.build/Debug-appletvos/MicroHelloServer-p.build/Objects-normal/arm64/MicroHelloServer-OutputFileMap.json -save-temps -no-color-diagnostics -emit-dependencies -emit-module -emit-module-path /Users/admin/builder/spi-builder-workspace/.derivedData/Build/Intermediates.noindex/MicroExpress.build/Debug-appletvos/MicroHelloServer-p.build/Objects-normal/arm64/MicroHelloServer.swiftmodule -serialize-diagnostics -validate-clang-modules-once -clang-build-session-file /Users/admin/builder/spi-builder-workspace/.derivedData/ModuleCache.noindex/Session.modulevalidation -Xcc -fmodules-prune-interval\=86400 -Xcc -fmodules-prune-after\=345600 -emit-const-values -const-gather-protocols-list /Users/admin/builder/spi-builder-workspace/.derivedData/Build/Intermediates.noindex/MicroExpress.build/Debug-appletvos/MicroHelloServer-p.build/Objects-normal/arm64/MicroHelloServer_const_extract_protocols.json -Xcc -I/Users/admin/builder/spi-builder-workspace/.dependencies/checkouts/http/Sources/CHTTPParser/include -Xcc -I/Users/admin/builder/spi-builder-workspace/.derivedData/Build/Products/Debug-appletvos/include -Xcc -I/Users/admin/builder/spi-builder-workspace/.derivedData/Build/Intermediates.noindex/MicroExpress.build/Debug-appletvos/MicroHelloServer-p.build/DerivedSources-normal/arm64 -Xcc -I/Users/admin/builder/spi-builder-workspace/.derivedData/Build/Intermediates.noindex/MicroExpress.build/Debug-appletvos/MicroHelloServer-p.build/DerivedSources/arm64 -Xcc -I/Users/admin/builder/spi-builder-workspace/.derivedData/Build/Intermediates.noindex/MicroExpress.build/Debug-appletvos/MicroHelloServer-p.build/DerivedSources -Xcc -DSWIFT_PACKAGE -Xcc -DDEBUG\=1 -working-directory /Users/admin/builder/spi-builder-workspace/.swiftpm/xcode -experimental-emit-module-separately -disable-cmo
SwiftDriverJobDiscovery normal arm64 Compiling ServerResponse.swift (in target 'MicroExpress' from project 'MicroExpress')
SwiftCompile normal arm64 Compiling\ HTTPServer.swift /Users/admin/builder/spi-builder-workspace/.dependencies/checkouts/http/Sources/HTTP/HTTPServer.swift (in target 'HTTP' from project 'SwiftServerHttp')
SwiftCompile normal arm64 /Users/admin/builder/spi-builder-workspace/.dependencies/checkouts/http/Sources/HTTP/HTTPServer.swift (in target 'HTTP' from project 'SwiftServerHttp')
cd /Users/admin/builder/spi-builder-workspace/.swiftpm/xcode
builtin-SwiftPerFileCompile HTTPServer.swift
SwiftDriverJobDiscovery normal arm64 Compiling QueryString.swift (in target 'MicroExpress' from project 'MicroExpress')
SwiftCompile normal arm64 Compiling\ HTTPStreamingParser.swift /Users/admin/builder/spi-builder-workspace/.dependencies/checkouts/http/Sources/HTTP/HTTPStreamingParser.swift (in target 'HTTP' from project 'SwiftServerHttp')
SwiftCompile normal arm64 /Users/admin/builder/spi-builder-workspace/.dependencies/checkouts/http/Sources/HTTP/HTTPStreamingParser.swift (in target 'HTTP' from project 'SwiftServerHttp')
cd /Users/admin/builder/spi-builder-workspace/.swiftpm/xcode
builtin-SwiftPerFileCompile HTTPStreamingParser.swift
SwiftCompile normal arm64 Compiling\ IncomingMessage.swift /Users/admin/builder/spi-builder-workspace/Sources/MicroExpress/IncomingMessage.swift (in target 'MicroExpress' from project 'MicroExpress')
SwiftCompile normal arm64 /Users/admin/builder/spi-builder-workspace/Sources/MicroExpress/IncomingMessage.swift (in target 'MicroExpress' from project 'MicroExpress')
cd /Users/admin/builder/spi-builder-workspace/.swiftpm/xcode
builtin-SwiftPerFileCompile IncomingMessage.swift
SwiftDriverJobDiscovery normal arm64 Compiling CORS.swift (in target 'MicroExpress' from project 'MicroExpress')
SwiftCompile normal arm64 Compiling\ HTTPCommon.swift /Users/admin/builder/spi-builder-workspace/.dependencies/checkouts/http/Sources/HTTP/HTTPCommon.swift (in target 'HTTP' from project 'SwiftServerHttp')
SwiftCompile normal arm64 /Users/admin/builder/spi-builder-workspace/.dependencies/checkouts/http/Sources/HTTP/HTTPCommon.swift (in target 'HTTP' from project 'SwiftServerHttp')
cd /Users/admin/builder/spi-builder-workspace/.swiftpm/xcode
builtin-SwiftPerFileCompile HTTPCommon.swift
SwiftDriverJobDiscovery normal arm64 Compiling Router.swift (in target 'MicroExpress' from project 'MicroExpress')
SwiftDriverJobDiscovery normal arm64 Compiling HTTPServer.swift (in target 'HTTP' from project 'SwiftServerHttp')
SwiftDriverJobDiscovery normal arm64 Compiling HTTPCommon.swift (in target 'HTTP' from project 'SwiftServerHttp')
SwiftDriverJobDiscovery normal arm64 Compiling IncomingMessage.swift (in target 'MicroExpress' from project 'MicroExpress')
SwiftDriver\ Compilation MicroExpress normal arm64 com.apple.xcode.tools.swift.compiler (in target 'MicroExpress' from project 'MicroExpress')
cd /Users/admin/builder/spi-builder-workspace/.swiftpm/xcode
builtin-Swift-Compilation -- /Applications/Xcode-27.0.0-Release.Candidate.app/Contents/Developer/Toolchains/XcodeDefault.xctoolchain/usr/bin/swiftc -parse-as-library -module-name MicroExpress -Onone @/Users/admin/builder/spi-builder-workspace/.derivedData/Build/Intermediates.noindex/MicroExpress.build/Debug-appletvos/MicroExpress-t.build/Objects-normal/arm64/MicroExpress.SwiftFileList -DSWIFT_PACKAGE -DDEBUG -DSWIFT_MODULE_RESOURCE_BUNDLE_UNAVAILABLE -Xcc -fmodule-map-file\=/Users/admin/builder/spi-builder-workspace/.derivedData/Build/Intermediates.noindex/GeneratedModuleMaps-appletvos/CHTTPParser.modulemap -DXcode -plugin-path /Applications/Xcode-27.0.0-Release.Candidate.app/Contents/Developer/Toolchains/XcodeDefault.xctoolchain/usr/lib/swift/host/plugins/testing -enable-experimental-feature DebugDescriptionMacro -sdk /Applications/Xcode-27.0.0-Release.Candidate.app/Contents/Developer/Platforms/AppleTVOS.platform/Developer/SDKs/AppleTVOS27.0.sdk -target arm64-apple-tvos15.0 -g -module-cache-path /Users/admin/builder/spi-builder-workspace/.derivedData/ModuleCache.noindex -Xfrontend -serialize-debugging-options -enable-testing -index-store-path /Users/admin/builder/spi-builder-workspace/.derivedData/Index.noindex/DataStore -Xcc -D_LIBCPP_HARDENING_MODE\=_LIBCPP_HARDENING_MODE_DEBUG -swift-version 4 -I /Users/admin/builder/spi-builder-workspace/.derivedData/Build/Products/Debug-appletvos -Isystem /Applications/Xcode-27.0.0-Release.Candidate.app/Contents/Developer/Platforms/AppleTVOS.platform/Developer/usr/lib -F /Users/admin/builder/spi-builder-workspace/.derivedData/Build/Products/Debug-appletvos/PackageFrameworks -F /Users/admin/builder/spi-builder-workspace/.derivedData/Build/Products/Debug-appletvos -F /Applications/Xcode-27.0.0-Release.Candidate.app/Contents/Developer/Platforms/AppleTVOS.platform/Developer/Library/Frameworks -F /Applications/Xcode-27.0.0-Release.Candidate.app/Contents/Developer/Platforms/AppleTVOS.platform/Developer/SDKs/AppleTVOS27.0.sdk/Developer/Library/Frameworks -c -j10 -enable-batch-mode -incremental -Xcc -ivfsstatcache -Xcc /Users/admin/builder/spi-builder-workspace/.derivedData/SDKStatCaches.noindex/appletvos27.0-24J360-e829b21a6f8c9b70876ba0858053c044b32bfd8d43560033f8d89884cdb90028.sdkstatcache -output-file-map /Users/admin/builder/spi-builder-workspace/.derivedData/Build/Intermediates.noindex/MicroExpress.build/Debug-appletvos/MicroExpress-t.build/Objects-normal/arm64/MicroExpress-OutputFileMap.json -save-temps -no-color-diagnostics -emit-dependencies -emit-module -emit-module-path /Users/admin/builder/spi-builder-workspace/.derivedData/Build/Intermediates.noindex/MicroExpress.build/Debug-appletvos/MicroExpress-t.build/Objects-normal/arm64/MicroExpress.swiftmodule -serialize-diagnostics -validate-clang-modules-once -clang-build-session-file /Users/admin/builder/spi-builder-workspace/.derivedData/ModuleCache.noindex/Session.modulevalidation -Xcc -fmodules-prune-interval\=86400 -Xcc -fmodules-prune-after\=345600 -emit-const-values -const-gather-protocols-list /Users/admin/builder/spi-builder-workspace/.derivedData/Build/Intermediates.noindex/MicroExpress.build/Debug-appletvos/MicroExpress-t.build/Objects-normal/arm64/MicroExpress_const_extract_protocols.json -Xcc -I/Users/admin/builder/spi-builder-workspace/.dependencies/checkouts/http/Sources/CHTTPParser/include -Xcc -I/Users/admin/builder/spi-builder-workspace/.derivedData/Build/Products/Debug-appletvos/include -Xcc -I/Users/admin/builder/spi-builder-workspace/.derivedData/Build/Intermediates.noindex/MicroExpress.build/Debug-appletvos/MicroExpress-t.build/DerivedSources-normal/arm64 -Xcc -I/Users/admin/builder/spi-builder-workspace/.derivedData/Build/Intermediates.noindex/MicroExpress.build/Debug-appletvos/MicroExpress-t.build/DerivedSources/arm64 -Xcc -I/Users/admin/builder/spi-builder-workspace/.derivedData/Build/Intermediates.noindex/MicroExpress.build/Debug-appletvos/MicroExpress-t.build/DerivedSources -Xcc -DSWIFT_PACKAGE -Xcc -DDEBUG\=1 -emit-objc-header -emit-objc-header-path /Users/admin/builder/spi-builder-workspace/.derivedData/Build/Intermediates.noindex/MicroExpress.build/Debug-appletvos/MicroExpress-t.build/Objects-normal/arm64/MicroExpress-Swift.h -working-directory /Users/admin/builder/spi-builder-workspace/.swiftpm/xcode -experimental-emit-module-separately -disable-cmo
SwiftDriverJobDiscovery normal arm64 Compiling HTTPResponse.swift (in target 'HTTP' from project 'SwiftServerHttp')
SwiftCompile normal arm64 Compiling\ HTTPVersion.swift /Users/admin/builder/spi-builder-workspace/.dependencies/checkouts/http/Sources/HTTP/HTTPVersion.swift (in target 'HTTP' from project 'SwiftServerHttp')
SwiftCompile normal arm64 /Users/admin/builder/spi-builder-workspace/.dependencies/checkouts/http/Sources/HTTP/HTTPVersion.swift (in target 'HTTP' from project 'SwiftServerHttp')
cd /Users/admin/builder/spi-builder-workspace/.swiftpm/xcode
builtin-SwiftPerFileCompile HTTPVersion.swift
SwiftCompile normal arm64 Compiling\ HTTPMethod.swift /Users/admin/builder/spi-builder-workspace/.dependencies/checkouts/http/Sources/HTTP/HTTPMethod.swift (in target 'HTTP' from project 'SwiftServerHttp')
SwiftCompile normal arm64 /Users/admin/builder/spi-builder-workspace/.dependencies/checkouts/http/Sources/HTTP/HTTPMethod.swift (in target 'HTTP' from project 'SwiftServerHttp')
cd /Users/admin/builder/spi-builder-workspace/.swiftpm/xcode
builtin-SwiftPerFileCompile HTTPMethod.swift
SwiftDriverJobDiscovery normal arm64 Compiling HTTPHeaders.swift (in target 'HTTP' from project 'SwiftServerHttp')
SwiftDriverJobDiscovery normal arm64 Compiling PoCSocketSimpleServer.swift (in target 'HTTP' from project 'SwiftServerHttp')
PruneExplicitPrecompiledModules /Users/admin/builder/spi-builder-workspace/.derivedData/Build/Intermediates.noindex/SwiftExplicitPrecompiledModules
PruneExplicitPrecompiledModules /Users/admin/builder/spi-builder-workspace/.derivedData/Build/Intermediates.noindex/ExplicitPrecompiledModules
PruneExplicitPrecompiledModules /Users/admin/builder/spi-builder-workspace/.derivedData/SDKExplicitPrecompiledModules
2026-09-18 06:38:20.536 xcodebuild[750:4748] [MT] IDERunDestination: Supported platforms for the buildables in the current scheme is empty.
** BUILD FAILED **
The following build commands failed:
SwiftCompile normal arm64 Compiling\ PoCSocket.swift /Users/admin/builder/spi-builder-workspace/.dependencies/checkouts/http/Sources/HTTP/PoCSocket/PoCSocket.swift (in target 'HTTP' from project 'SwiftServerHttp')
SwiftCompile normal arm64 /Users/admin/builder/spi-builder-workspace/.dependencies/checkouts/http/Sources/HTTP/PoCSocket/PoCSocket.swift (in target 'HTTP' from project 'SwiftServerHttp')
Building workspace MicroExpress with scheme MicroExpress-Package
(3 failures)
BUILD FAILURE 6.4 tvOS