Build Information
Failed to build Reeeed, reference main (7989f0), with Swift 6.4 for watchOS using Xcode 27.0 on 18 Sep 2026 17:05:29 UTC.
Build Command
env DEVELOPER_DIR=/Applications/Xcode-27.0.0-Release.Candidate.app xcrun xcodebuild -IDEClonedSourcePackagesDirPathOverride=$PWD/.dependencies -skipMacroValidation -skipPackagePluginValidation -derivedDataPath $PWD/.derivedData build -scheme Reeeed -destination generic/platform=watchOSBuild Log
SwiftExplicitDependencyGeneratePcm arm64_32 /Users/admin/builder/spi-builder-workspace/.derivedData/SDKExplicitPrecompiledModules/_SwiftConcurrencyShims-6RTBPQ03V7BM9SPRK8SUE055H.pcm
SwiftExplicitDependencyGeneratePcm arm64_32 /Users/admin/builder/spi-builder-workspace/.derivedData/SDKExplicitPrecompiledModules/_Builtin_stddef-H44EFHQX6XSS5MZ7QP6YJZ76.pcm
SwiftExplicitDependencyGeneratePcm arm64_32 /Users/admin/builder/spi-builder-workspace/.derivedData/SDKExplicitPrecompiledModules/ptrauth-BFXF358ME5AK535N5A9Z766WU.pcm
SwiftExplicitDependencyGeneratePcm arm64_32 /Users/admin/builder/spi-builder-workspace/.derivedData/SDKExplicitPrecompiledModules/_Builtin_stdbool-A967K8W8YUYEC9SN52KJ7OO88.pcm
SwiftExplicitDependencyGeneratePcm arm64_32 /Users/admin/builder/spi-builder-workspace/.derivedData/SDKExplicitPrecompiledModules/ptrcheck-7ELIH9BTIGVKX3UBITM9N72WD.pcm
SwiftExplicitDependencyGeneratePcm arm64_32 /Users/admin/builder/spi-builder-workspace/.derivedData/SDKExplicitPrecompiledModules/_Builtin_stdarg-D305JG44A2WPI6CJY37X3QJE8.pcm
SwiftExplicitDependencyGeneratePcm arm64_32 /Users/admin/builder/spi-builder-workspace/.derivedData/SDKExplicitPrecompiledModules/_Builtin_float-6KO8O3PEWRCA4WC6PPLOYO6WJ.pcm
SwiftExplicitDependencyGeneratePcm arm64_32 /Users/admin/builder/spi-builder-workspace/.derivedData/SDKExplicitPrecompiledModules/SwiftShims-9CQQGWTSNTN9EB5NSHDWUJICH.pcm
SwiftExplicitDependencyGeneratePcm arm64_32 /Users/admin/builder/spi-builder-workspace/.derivedData/SDKExplicitPrecompiledModules/_AvailabilityInternal-244WAN3Z1QBT7PIA64EZEFY1R.pcm
SwiftExplicitDependencyGeneratePcm arm64 /Users/admin/builder/spi-builder-workspace/.derivedData/SDKExplicitPrecompiledModules/_Builtin_stddef-1FU30Y8SWFB7OUUHMJQH5J6FM.pcm
SwiftExplicitDependencyGeneratePcm arm64 /Users/admin/builder/spi-builder-workspace/.derivedData/SDKExplicitPrecompiledModules/_AvailabilityInternal-42EVAC8Q6P1ZT6G3A168N97G4.pcm
SwiftExplicitDependencyGeneratePcm arm64_32 /Users/admin/builder/spi-builder-workspace/.derivedData/SDKExplicitPrecompiledModules/_AvailabilityInternal-22ZP1ILSQW16KHXZS5GBZHOCS.pcm
SwiftExplicitDependencyGeneratePcm arm64_32 /Users/admin/builder/spi-builder-workspace/.derivedData/SDKExplicitPrecompiledModules/SwiftShims-D9VBB138U50XYYGW2C2V21N3L.pcm
SwiftExplicitDependencyGeneratePcm arm64 /Users/admin/builder/spi-builder-workspace/.derivedData/SDKExplicitPrecompiledModules/_Builtin_stdarg-A7UU8LE6MP85SM26YO7PBZNUQ.pcm
SwiftExplicitDependencyGeneratePcm arm64 /Users/admin/builder/spi-builder-workspace/.derivedData/SDKExplicitPrecompiledModules/ptrcheck-AIF0NDOYZ8ORBNHQAQR5NNB8M.pcm
SwiftExplicitDependencyGeneratePcm arm64_32 /Users/admin/builder/spi-builder-workspace/.derivedData/SDKExplicitPrecompiledModules/_Builtin_stdbool-84ZA1VDW90AGWZ2LF5KOCM8DZ.pcm
SwiftExplicitDependencyGeneratePcm arm64 /Users/admin/builder/spi-builder-workspace/.derivedData/SDKExplicitPrecompiledModules/_SwiftConcurrencyShims-CTPSFSTDCBVSSQFHL6I305U72.pcm
SwiftExplicitDependencyGeneratePcm arm64_32 /Users/admin/builder/spi-builder-workspace/.derivedData/SDKExplicitPrecompiledModules/_Builtin_stdarg-EYJP6DFYQL9GJLH1TJ84A8MHV.pcm
SwiftExplicitDependencyGeneratePcm arm64 /Users/admin/builder/spi-builder-workspace/.derivedData/SDKExplicitPrecompiledModules/_Builtin_stdarg-3X4KLXUYEI0UGBILP4X7D0CYW.pcm
SwiftExplicitDependencyGeneratePcm arm64_32 /Users/admin/builder/spi-builder-workspace/.derivedData/SDKExplicitPrecompiledModules/_DarwinFoundation1-2GWF9RFMPLQW4PDHS3NARVI3G.pcm
SwiftExplicitDependencyGeneratePcm arm64_32 /Users/admin/builder/spi-builder-workspace/.derivedData/SDKExplicitPrecompiledModules/ptrcheck-EAZ3I917ZFA9H6ZCL6PGLG4TR.pcm
SwiftExplicitDependencyGeneratePcm arm64 /Users/admin/builder/spi-builder-workspace/.derivedData/SDKExplicitPrecompiledModules/SwiftShims-4MXFZPV6FEB0XBYXCGPWAMQGL.pcm
SwiftExplicitDependencyGeneratePcm arm64 /Users/admin/builder/spi-builder-workspace/.derivedData/SDKExplicitPrecompiledModules/_AvailabilityInternal-BUNV3UXM65NT37THI4W1AM0SF.pcm
SwiftExplicitDependencyGeneratePcm arm64 /Users/admin/builder/spi-builder-workspace/.derivedData/SDKExplicitPrecompiledModules/_Builtin_float-C0CW5Q4HGBQYKE77TC42IAFB5.pcm
SwiftExplicitDependencyGeneratePcm arm64_32 /Users/admin/builder/spi-builder-workspace/.derivedData/SDKExplicitPrecompiledModules/ptrauth-EW7YZZ7LEZE1QZF2T8148IPSA.pcm
SwiftExplicitDependencyGeneratePcm arm64 /Users/admin/builder/spi-builder-workspace/.derivedData/SDKExplicitPrecompiledModules/_SwiftConcurrencyShims-659N52XSKR5F0QSB880BH2FJR.pcm
SwiftExplicitDependencyGeneratePcm arm64_32 /Users/admin/builder/spi-builder-workspace/.derivedData/SDKExplicitPrecompiledModules/_Builtin_float-372PLGDQ1U3B6Z5EA5DJMDORJ.pcm
SwiftExplicitDependencyGeneratePcm arm64 /Users/admin/builder/spi-builder-workspace/.derivedData/SDKExplicitPrecompiledModules/_Builtin_float-E4M4A8689VXF1T7P7BV56IKBT.pcm
SwiftExplicitDependencyGeneratePcm arm64 /Users/admin/builder/spi-builder-workspace/.derivedData/SDKExplicitPrecompiledModules/SwiftShims-AJ4AZYHQNC33R5RLN7AGEIOMP.pcm
SwiftExplicitDependencyGeneratePcm arm64 /Users/admin/builder/spi-builder-workspace/.derivedData/SDKExplicitPrecompiledModules/ptrcheck-8K07997SIHO7YGY7UQ3LOQ3TJ.pcm
SwiftExplicitDependencyGeneratePcm arm64_32 /Users/admin/builder/spi-builder-workspace/.derivedData/SDKExplicitPrecompiledModules/_Builtin_limits-3VKBU2AFTD65PAJZ5CJ3LHFM2.pcm
SwiftExplicitDependencyGeneratePcm arm64_32 /Users/admin/builder/spi-builder-workspace/.derivedData/SDKExplicitPrecompiledModules/_DarwinFoundation2-9MY8GOSYRO0M9MKNXF6D3MBNK.pcm
SwiftExplicitDependencyGeneratePcm arm64 /Users/admin/builder/spi-builder-workspace/.derivedData/SDKExplicitPrecompiledModules/_Builtin_stdbool-B692L2PMR118794VVYBG37897.pcm
SwiftExplicitDependencyGeneratePcm arm64 /Users/admin/builder/spi-builder-workspace/.derivedData/SDKExplicitPrecompiledModules/_Builtin_stdbool-83J96QSOFE9VX04AAS6310UAE.pcm
SwiftExplicitDependencyGeneratePcm arm64_32 /Users/admin/builder/spi-builder-workspace/.derivedData/SDKExplicitPrecompiledModules/_SwiftConcurrencyShims-58G4ISYSYDV3AT1DDGEE0QCUF.pcm
SwiftExplicitDependencyGeneratePcm arm64_32 /Users/admin/builder/spi-builder-workspace/.derivedData/SDKExplicitPrecompiledModules/_DarwinFoundation1-5SNIO0SFHX9KJZTLQGIPAPXUZ.pcm
SwiftExplicitDependencyGeneratePcm arm64 /Users/admin/builder/spi-builder-workspace/.derivedData/SDKExplicitPrecompiledModules/ptrauth-C7VQASAJ967Q4Q6SRD4I3CFWZ.pcm
SwiftExplicitDependencyGeneratePcm arm64 /Users/admin/builder/spi-builder-workspace/.derivedData/SDKExplicitPrecompiledModules/_DarwinFoundation1-7SPX3MD0HMP55E4OLNCPNDQ53.pcm
SwiftExplicitDependencyGeneratePcm arm64_32 /Users/admin/builder/spi-builder-workspace/.derivedData/SDKExplicitPrecompiledModules/_Builtin_stddef-2F9BFIPBQ5EWNSK5G7G7V4EKL.pcm
SwiftExplicitDependencyGeneratePcm arm64 /Users/admin/builder/spi-builder-workspace/.derivedData/SDKExplicitPrecompiledModules/ptrauth-3TZ9WJCGLYD25HQPWH4968ONX.pcm
SwiftExplicitDependencyGeneratePcm arm64 /Users/admin/builder/spi-builder-workspace/.derivedData/SDKExplicitPrecompiledModules/_DarwinFoundation1-7YQ9TVI7XTOGQU9OADRXP33D1.pcm
SwiftExplicitDependencyGeneratePcm arm64 /Users/admin/builder/spi-builder-workspace/.derivedData/SDKExplicitPrecompiledModules/_Builtin_stddef-5OH846KKUPSJJT7GCX9XU1TKG.pcm
SwiftExplicitDependencyGeneratePcm arm64_32 /Users/admin/builder/spi-builder-workspace/.derivedData/SDKExplicitPrecompiledModules/_Builtin_limits-AQMEC9CLG0FZQN6TLGDQ6WF78.pcm
SwiftExplicitDependencyGeneratePcm arm64_32 /Users/admin/builder/spi-builder-workspace/.derivedData/SDKExplicitPrecompiledModules/_DarwinFoundation2-FP2Q8F1Q2HR151SBYKTU6Q8B.pcm
SwiftExplicitDependencyGeneratePcm arm64 /Users/admin/builder/spi-builder-workspace/.derivedData/SDKExplicitPrecompiledModules/_Builtin_limits-9GWPA2B0H20DYUNYHYCWKABJG.pcm
SwiftExplicitDependencyGeneratePcm arm64 /Users/admin/builder/spi-builder-workspace/.derivedData/SDKExplicitPrecompiledModules/_DarwinFoundation2-D0XAPJU49S5E9XMKYOFGSTB1Q.pcm
SwiftExplicitDependencyGeneratePcm arm64_32 /Users/admin/builder/spi-builder-workspace/.derivedData/SDKExplicitPrecompiledModules/_Builtin_stdint-1HMXWI3V0V4TXHRWZOMZGZ80Y.pcm
SwiftExplicitDependencyGeneratePcm arm64_32 /Users/admin/builder/spi-builder-workspace/.derivedData/SDKExplicitPrecompiledModules/string_h-BFVLUQUSBZWYMLCU9QI7VZALW.pcm
SwiftExplicitDependencyGeneratePcm arm64_32 /Users/admin/builder/spi-builder-workspace/.derivedData/SDKExplicitPrecompiledModules/sys_types-8TLLMW08ZJWDGIIPKOYFGHHZW.pcm
SwiftExplicitDependencyGeneratePcm arm64 /Users/admin/builder/spi-builder-workspace/.derivedData/SDKExplicitPrecompiledModules/_DarwinFoundation2-CUPL4FH2SA95GMALQP4M6O8UA.pcm
SwiftExplicitDependencyGeneratePcm arm64 /Users/admin/builder/spi-builder-workspace/.derivedData/SDKExplicitPrecompiledModules/_Builtin_limits-75TRA1C7IHYOFCG3KJXQVTHJ4.pcm
SwiftExplicitDependencyGeneratePcm arm64_32 /Users/admin/builder/spi-builder-workspace/.derivedData/SDKExplicitPrecompiledModules/_DarwinFoundation3-3DUTYQDQSD9HUAAVY947NMWOI.pcm
SwiftExplicitDependencyGeneratePcm arm64 /Users/admin/builder/spi-builder-workspace/.derivedData/SDKExplicitPrecompiledModules/string_h-E6PRXK75PHIPCZFWOFCQ3QBMK.pcm
SwiftExplicitDependencyGeneratePcm arm64 /Users/admin/builder/spi-builder-workspace/.derivedData/SDKExplicitPrecompiledModules/_Builtin_stdint-8XMILLJZEGRN2XG7XZUXZ5RLX.pcm
SwiftExplicitDependencyGeneratePcm arm64 /Users/admin/builder/spi-builder-workspace/.derivedData/SDKExplicitPrecompiledModules/sys_types-2KXQLI78OUCDP779AE68GZJ2.pcm
SwiftExplicitDependencyGeneratePcm arm64_32 /Users/admin/builder/spi-builder-workspace/.derivedData/SDKExplicitPrecompiledModules/string_h-8QY7P4ZQXQAF14WVDITTM4R70.pcm
SwiftExplicitDependencyGeneratePcm arm64_32 /Users/admin/builder/spi-builder-workspace/.derivedData/SDKExplicitPrecompiledModules/sys_types-65NN51P1G7GN2GUAUPC53JJ7N.pcm
SwiftExplicitDependencyGeneratePcm arm64_32 /Users/admin/builder/spi-builder-workspace/.derivedData/SDKExplicitPrecompiledModules/_Builtin_stdint-6IWJLTRH2WB6RCG4THPA65RDS.pcm
SwiftExplicitDependencyGeneratePcm arm64 /Users/admin/builder/spi-builder-workspace/.derivedData/SDKExplicitPrecompiledModules/_Builtin_stdint-6TUACK4YPMARFT56PLIO388SJ.pcm
SwiftExplicitDependencyGeneratePcm arm64 /Users/admin/builder/spi-builder-workspace/.derivedData/SDKExplicitPrecompiledModules/sys_types-9KPVYINL86WUSHF45TU8PWZZ1.pcm
SwiftExplicitDependencyGeneratePcm arm64 /Users/admin/builder/spi-builder-workspace/.derivedData/SDKExplicitPrecompiledModules/string_h-4N9Z22C0HUO8GV7GFPCLZRZA2.pcm
SwiftExplicitDependencyGeneratePcm arm64_32 /Users/admin/builder/spi-builder-workspace/.derivedData/SDKExplicitPrecompiledModules/libxml2-A69S686R8EHB1XCKGPJ9Z1445.pcm
SwiftExplicitDependencyGeneratePcm arm64_32 /Users/admin/builder/spi-builder-workspace/.derivedData/SDKExplicitPrecompiledModules/_Builtin_inttypes-D2KPCR4PEX9AQA33NGLUT5SBR.pcm
SwiftExplicitDependencyGeneratePcm arm64 /Users/admin/builder/spi-builder-workspace/.derivedData/SDKExplicitPrecompiledModules/_DarwinFoundation3-B97LRG0E9GON2NUE65TVG81HU.pcm
SwiftExplicitDependencyGeneratePcm arm64_32 /Users/admin/builder/spi-builder-workspace/.derivedData/SDKExplicitPrecompiledModules/_DarwinFoundation3-3YOBOPIW2MF1LRNQH7JBUBY4G.pcm
SwiftExplicitDependencyGeneratePcm arm64 /Users/admin/builder/spi-builder-workspace/.derivedData/SDKExplicitPrecompiledModules/_DarwinFoundation3-EJXZKD8LN9EYM9OWP9VLJ49PK.pcm
SwiftExplicitDependencyGeneratePcm arm64_32 /Users/admin/builder/spi-builder-workspace/.derivedData/SDKExplicitPrecompiledModules/Darwin-3FVT1SKLN2ZQ5RVOABMTQBB34.pcm
SwiftExplicitDependencyGeneratePcm arm64_32 /Users/admin/builder/spi-builder-workspace/.derivedData/SDKExplicitPrecompiledModules/_Builtin_inttypes-BPZJ68HW1IMYWSHROAZ0IMUJP.pcm
SwiftExplicitDependencyGeneratePcm arm64 /Users/admin/builder/spi-builder-workspace/.derivedData/SDKExplicitPrecompiledModules/_Builtin_inttypes-3UQSCM7WNM9EK4HZML8TY5J3D.pcm
SwiftExplicitDependencyGeneratePcm arm64 /Users/admin/builder/spi-builder-workspace/.derivedData/SDKExplicitPrecompiledModules/libxml2-DMYE2BBJD64JTSONV9OXZXI1A.pcm
SwiftExplicitDependencyGeneratePcm arm64 /Users/admin/builder/spi-builder-workspace/.derivedData/SDKExplicitPrecompiledModules/_Builtin_inttypes-86YTNV5YADPJXFMJ82N3R4GWQ.pcm
SwiftExplicitDependencyGeneratePcm arm64_32 /Users/admin/builder/spi-builder-workspace/.derivedData/SDKExplicitPrecompiledModules/Darwin-10D35ZJWCWG7LJAF579U7I5V7.pcm
SwiftExplicitDependencyGeneratePcm arm64 /Users/admin/builder/spi-builder-workspace/.derivedData/SDKExplicitPrecompiledModules/Darwin-3984OXKFNSPE77NT743WK8SEX.pcm
SwiftExplicitDependencyGeneratePcm arm64 /Users/admin/builder/spi-builder-workspace/.derivedData/SDKExplicitPrecompiledModules/Darwin-CSB8C43KELVSFIQVR0803IZPN.pcm
SwiftExplicitDependencyGeneratePcm arm64_32 /Users/admin/builder/spi-builder-workspace/.derivedData/SDKExplicitPrecompiledModules/ObjectiveC-6IJNELR2E80E7LUKESVCP2KET.pcm
SwiftExplicitDependencyGeneratePcm arm64_32 /Users/admin/builder/spi-builder-workspace/.derivedData/SDKExplicitPrecompiledModules/os_object-5YWTC6L4756IWSTPGXS5NM0D0.pcm
SwiftExplicitDependencyGeneratePcm arm64_32 /Users/admin/builder/spi-builder-workspace/.derivedData/SDKExplicitPrecompiledModules/ObjectiveC-71AGZNHLBMR2QK817EJNUN54E.pcm
SwiftExplicitDependencyGeneratePcm arm64 /Users/admin/builder/spi-builder-workspace/.derivedData/SDKExplicitPrecompiledModules/ObjectiveC-72IVD3VS2RS8Q28D9PIMY0KQP.pcm
SwiftExplicitDependencyGeneratePcm arm64 /Users/admin/builder/spi-builder-workspace/.derivedData/SDKExplicitPrecompiledModules/ObjectiveC-22CZPC4WYQC9G8T393WT2KKLW.pcm
SwiftExplicitDependencyGeneratePcm arm64_32 /Users/admin/builder/spi-builder-workspace/.derivedData/SDKExplicitPrecompiledModules/os_workgroup-5JHTPDMNBUNHLJI8LPHKQK1JK.pcm
SwiftExplicitDependencyGeneratePcm arm64_32 /Users/admin/builder/spi-builder-workspace/.derivedData/SDKExplicitPrecompiledModules/os_object-CTXVQBCWDOH6JHUXIFDUOWFRL.pcm
SwiftExplicitDependencyGeneratePcm arm64 /Users/admin/builder/spi-builder-workspace/.derivedData/SDKExplicitPrecompiledModules/os_object-3SDKD7F87FTZ26OON37DRYT6O.pcm
SwiftExplicitDependencyGeneratePcm arm64 /Users/admin/builder/spi-builder-workspace/.derivedData/SDKExplicitPrecompiledModules/os_object-6KYGGZ4DPVZ3BBAZ6QICZN8LI.pcm
SwiftExplicitDependencyGeneratePcm arm64_32 /Users/admin/builder/spi-builder-workspace/.derivedData/SDKExplicitPrecompiledModules/Dispatch-2P62F1T4XV63S4P99TUDTOK2Q.pcm
SwiftExplicitDependencyGeneratePcm arm64_32 /Users/admin/builder/spi-builder-workspace/.derivedData/SDKExplicitPrecompiledModules/os_workgroup-9L9R05BT5LTFRZ2NM68BZTVV2.pcm
SwiftExplicitDependencyGeneratePcm arm64 /Users/admin/builder/spi-builder-workspace/.derivedData/SDKExplicitPrecompiledModules/os_workgroup-89GG5G7YC2D0ZTK6AZXXQ20DH.pcm
SwiftExplicitDependencyGeneratePcm arm64 /Users/admin/builder/spi-builder-workspace/.derivedData/SDKExplicitPrecompiledModules/os_workgroup-AHE7ULDQBKER38CYPIKDTZF4M.pcm
SwiftExplicitDependencyGeneratePcm arm64_32 /Users/admin/builder/spi-builder-workspace/.derivedData/SDKExplicitPrecompiledModules/XPC-81Y45QFY96XYYFCW2GT6FY8S4.pcm
SwiftExplicitDependencyGeneratePcm arm64_32 /Users/admin/builder/spi-builder-workspace/.derivedData/SDKExplicitPrecompiledModules/CoreFoundation-8E6Y4BA3EXYKUGJ24GT9LGV3N.pcm
SwiftExplicitDependencyGeneratePcm arm64_32 /Users/admin/builder/spi-builder-workspace/.derivedData/SDKExplicitPrecompiledModules/Dispatch-CGIMI9KQKHNRQHR2IECIPRG14.pcm
SwiftExplicitDependencyGeneratePcm arm64 /Users/admin/builder/spi-builder-workspace/.derivedData/SDKExplicitPrecompiledModules/Dispatch-1NLJOVAK60XP0DUB05XA59EIM.pcm
SwiftExplicitDependencyGeneratePcm arm64 /Users/admin/builder/spi-builder-workspace/.derivedData/SDKExplicitPrecompiledModules/Dispatch-39VR0G01IUJ09PQKMFGOHXZ4L.pcm
SwiftExplicitDependencyGeneratePcm arm64_32 /Users/admin/builder/spi-builder-workspace/.derivedData/SDKExplicitPrecompiledModules/XPC-7SLKI45KYLKXH9QET2WYS3UZ4.pcm
SwiftExplicitDependencyGeneratePcm arm64_32 /Users/admin/builder/spi-builder-workspace/.derivedData/SDKExplicitPrecompiledModules/CoreFoundation-76B9WJP9MDYT33HZQVSNNZQZD.pcm
SwiftExplicitDependencyGeneratePcm arm64 /Users/admin/builder/spi-builder-workspace/.derivedData/SDKExplicitPrecompiledModules/XPC-40DR0X1DHKGCV4J1IOLFS8MOU.pcm
SwiftExplicitDependencyGeneratePcm arm64 /Users/admin/builder/spi-builder-workspace/.derivedData/SDKExplicitPrecompiledModules/CoreFoundation-8T2L24YC5NU7WO6WQJWRY7W08.pcm
SwiftExplicitDependencyGeneratePcm arm64 /Users/admin/builder/spi-builder-workspace/.derivedData/SDKExplicitPrecompiledModules/XPC-650JAZBTM6I0OMHYO6CKM0CWJ.pcm
SwiftExplicitDependencyGeneratePcm arm64 /Users/admin/builder/spi-builder-workspace/.derivedData/SDKExplicitPrecompiledModules/CoreFoundation-59XKO8YNRGGYNC5U5LK8B4EM.pcm
SwiftExplicitDependencyGeneratePcm arm64_32 /Users/admin/builder/spi-builder-workspace/.derivedData/SDKExplicitPrecompiledModules/Security-D7TOWF88VWF67TB9HAFP5UWB1.pcm
SwiftExplicitDependencyGeneratePcm arm64_32 /Users/admin/builder/spi-builder-workspace/.derivedData/SDKExplicitPrecompiledModules/Security-1W411BS4UH2UNMNII2341429S.pcm
SwiftExplicitDependencyGeneratePcm arm64_32 /Users/admin/builder/spi-builder-workspace/.derivedData/SDKExplicitPrecompiledModules/Foundation-BJ2VQGI3OGR34500MEQ1VKHPH.pcm
SwiftExplicitDependencyGeneratePcm arm64 /Users/admin/builder/spi-builder-workspace/.derivedData/SDKExplicitPrecompiledModules/Security-6RZ6YBRU8WCUHRFFRVUK5WKMM.pcm
SwiftExplicitDependencyGeneratePcm arm64 /Users/admin/builder/spi-builder-workspace/.derivedData/SDKExplicitPrecompiledModules/Security-69WNGEAVQP55EDBQHP3BLE8QU.pcm
SwiftExplicitDependencyGeneratePcm arm64_32 /Users/admin/builder/spi-builder-workspace/.derivedData/SDKExplicitPrecompiledModules/Foundation-AIQ30TCDC2B0LBUU6FPQZ0HWI.pcm
SwiftExplicitDependencyGeneratePcm arm64 /Users/admin/builder/spi-builder-workspace/.derivedData/SDKExplicitPrecompiledModules/Foundation-DLBKUSGXN8QHAT8W0OARR9S8A.pcm
SwiftExplicitDependencyGeneratePcm arm64 /Users/admin/builder/spi-builder-workspace/.derivedData/SDKExplicitPrecompiledModules/Foundation-B3IXODHI7VO4VRX2RWRXLVJZT.pcm
SwiftEmitModule normal arm64_32 Emitting\ module\ for\ Fuzi (in target 'Fuzi' from project 'Fuzi')
SwiftCompile normal arm64_32 (in target 'Fuzi' from project 'Fuzi')
cd /Users/admin/builder/spi-builder-workspace/.swiftpm/xcode
SwiftCompile normal arm64_32 Compiling\ Node.swift /Users/admin/builder/spi-builder-workspace/.dependencies/checkouts/Fuzi/Sources/Node.swift (in target 'Fuzi' from project 'Fuzi')
SwiftCompile normal arm64_32 /Users/admin/builder/spi-builder-workspace/.dependencies/checkouts/Fuzi/Sources/Node.swift (in target 'Fuzi' from project 'Fuzi')
cd /Users/admin/builder/spi-builder-workspace/.swiftpm/xcode
builtin-SwiftPerFileCompile Node.swift
SwiftCompile normal arm64_32 Compiling\ Queryable.swift /Users/admin/builder/spi-builder-workspace/.dependencies/checkouts/Fuzi/Sources/Queryable.swift (in target 'Fuzi' from project 'Fuzi')
SwiftCompile normal arm64_32 /Users/admin/builder/spi-builder-workspace/.dependencies/checkouts/Fuzi/Sources/Queryable.swift (in target 'Fuzi' from project 'Fuzi')
cd /Users/admin/builder/spi-builder-workspace/.swiftpm/xcode
builtin-SwiftPerFileCompile Queryable.swift
SwiftCompile normal arm64_32 Compiling\ Error.swift /Users/admin/builder/spi-builder-workspace/.dependencies/checkouts/Fuzi/Sources/Error.swift (in target 'Fuzi' from project 'Fuzi')
SwiftCompile normal arm64_32 /Users/admin/builder/spi-builder-workspace/.dependencies/checkouts/Fuzi/Sources/Error.swift (in target 'Fuzi' from project 'Fuzi')
cd /Users/admin/builder/spi-builder-workspace/.swiftpm/xcode
builtin-SwiftPerFileCompile Error.swift
SwiftCompile normal arm64_32 Compiling\ NodeSet.swift /Users/admin/builder/spi-builder-workspace/.dependencies/checkouts/Fuzi/Sources/NodeSet.swift (in target 'Fuzi' from project 'Fuzi')
SwiftCompile normal arm64_32 /Users/admin/builder/spi-builder-workspace/.dependencies/checkouts/Fuzi/Sources/NodeSet.swift (in target 'Fuzi' from project 'Fuzi')
cd /Users/admin/builder/spi-builder-workspace/.swiftpm/xcode
builtin-SwiftPerFileCompile NodeSet.swift
SwiftCompile normal arm64_32 Compiling\ Document.swift /Users/admin/builder/spi-builder-workspace/.dependencies/checkouts/Fuzi/Sources/Document.swift (in target 'Fuzi' from project 'Fuzi')
SwiftCompile normal arm64_32 /Users/admin/builder/spi-builder-workspace/.dependencies/checkouts/Fuzi/Sources/Document.swift (in target 'Fuzi' from project 'Fuzi')
cd /Users/admin/builder/spi-builder-workspace/.swiftpm/xcode
builtin-SwiftPerFileCompile Document.swift
SwiftCompile normal arm64_32 Compiling\ Helpers.swift /Users/admin/builder/spi-builder-workspace/.dependencies/checkouts/Fuzi/Sources/Helpers.swift (in target 'Fuzi' from project 'Fuzi')
SwiftCompile normal arm64_32 /Users/admin/builder/spi-builder-workspace/.dependencies/checkouts/Fuzi/Sources/Helpers.swift (in target 'Fuzi' from project 'Fuzi')
cd /Users/admin/builder/spi-builder-workspace/.swiftpm/xcode
builtin-SwiftPerFileCompile Helpers.swift
SwiftCompile normal arm64_32 Compiling\ Element.swift /Users/admin/builder/spi-builder-workspace/.dependencies/checkouts/Fuzi/Sources/Element.swift (in target 'Fuzi' from project 'Fuzi')
SwiftCompile normal arm64_32 /Users/admin/builder/spi-builder-workspace/.dependencies/checkouts/Fuzi/Sources/Element.swift (in target 'Fuzi' from project 'Fuzi')
cd /Users/admin/builder/spi-builder-workspace/.swiftpm/xcode
builtin-SwiftPerFileCompile Element.swift
SwiftEmitModule normal arm64 Emitting\ module\ for\ Fuzi (in target 'Fuzi' from project 'Fuzi')
SwiftCompile normal arm64 (in target 'Fuzi' from project 'Fuzi')
cd /Users/admin/builder/spi-builder-workspace/.swiftpm/xcode
SwiftEmitModule normal arm64_32 Emitting\ module\ for\ SwiftSoup (in target 'SwiftSoup' from project 'SwiftSoup')
SwiftCompile normal arm64_32 (in target 'SwiftSoup' from project 'SwiftSoup')
cd /Users/admin/builder/spi-builder-workspace/.swiftpm/xcode
SwiftEmitModule normal arm64 Emitting\ module\ for\ SwiftSoup (in target 'SwiftSoup' from project 'SwiftSoup')
SwiftCompile normal arm64 (in target 'SwiftSoup' from project 'SwiftSoup')
cd /Users/admin/builder/spi-builder-workspace/.swiftpm/xcode
SwiftDriverJobDiscovery normal arm64_32 Emitting module for Fuzi (in target 'Fuzi' from project 'Fuzi')
SwiftDriver\ Compilation\ Requirements Fuzi normal arm64_32 com.apple.xcode.tools.swift.compiler (in target 'Fuzi' from project 'Fuzi')
cd /Users/admin/builder/spi-builder-workspace/.swiftpm/xcode
builtin-Swift-Compilation-Requirements -- /Applications/Xcode-27.0.0-Release.Candidate.app/Contents/Developer/Toolchains/XcodeDefault.xctoolchain/usr/bin/swiftc -parse-as-library -module-name Fuzi -Onone @/Users/admin/builder/spi-builder-workspace/.derivedData/Build/Intermediates.noindex/Fuzi.build/Debug-watchos/Fuzi-t.build/Objects-normal/arm64_32/Fuzi.SwiftFileList -DSWIFT_PACKAGE -DDEBUG -DSWIFT_MODULE_RESOURCE_BUNDLE_UNAVAILABLE -DXcode -plugin-path /Applications/Xcode-27.0.0-Release.Candidate.app/Contents/Developer/Toolchains/XcodeDefault.xctoolchain/usr/lib/swift/host/plugins/testing -enable-experimental-feature DebugDescriptionMacro -sdk /Applications/Xcode-27.0.0-Release.Candidate.app/Contents/Developer/Platforms/WatchOS.platform/Developer/SDKs/WatchOS27.0.sdk -target arm64_32-apple-watchos9.0 -g -module-cache-path /Users/admin/builder/spi-builder-workspace/.derivedData/ModuleCache.noindex -Xfrontend -serialize-debugging-options -profile-coverage-mapping -profile-generate -enable-testing -suppress-warnings -index-store-path /Users/admin/builder/spi-builder-workspace/.derivedData/Index.noindex/DataStore -Xcc -D_LIBCPP_HARDENING_MODE\=_LIBCPP_HARDENING_MODE_DEBUG -swift-version 5 -I /Users/admin/builder/spi-builder-workspace/.derivedData/Build/Products/Debug-watchos -Isystem /Applications/Xcode-27.0.0-Release.Candidate.app/Contents/Developer/Platforms/WatchOS.platform/Developer/usr/lib -F /Users/admin/builder/spi-builder-workspace/.derivedData/Build/Products/Debug-watchos -F /Applications/Xcode-27.0.0-Release.Candidate.app/Contents/Developer/Platforms/WatchOS.platform/Developer/Library/Frameworks -F /Applications/Xcode-27.0.0-Release.Candidate.app/Contents/Developer/Platforms/WatchOS.platform/Developer/SDKs/WatchOS27.0.sdk/Developer/Library/Frameworks -c -j10 -enable-batch-mode -incremental -Xcc -ivfsstatcache -Xcc /Users/admin/builder/spi-builder-workspace/.derivedData/SDKStatCaches.noindex/watchos27.0-24R360-e829b21a6f8c9b70876ba0858053c04477534ef55a1706bf4c1112bbb242f0a2.sdkstatcache -output-file-map /Users/admin/builder/spi-builder-workspace/.derivedData/Build/Intermediates.noindex/Fuzi.build/Debug-watchos/Fuzi-t.build/Objects-normal/arm64_32/Fuzi-OutputFileMap.json -save-temps -no-color-diagnostics -explicit-module-build -module-cache-path /Users/admin/builder/spi-builder-workspace/.derivedData/Build/Intermediates.noindex/SwiftExplicitPrecompiledModules -clang-scanner-module-cache-path /Users/admin/builder/spi-builder-workspace/.derivedData/ModuleCache.noindex -sdk-module-cache-path /Users/admin/builder/spi-builder-workspace/.derivedData/SDKExplicitPrecompiledModules -emit-dependencies -emit-module -emit-module-path /Users/admin/builder/spi-builder-workspace/.derivedData/Build/Intermediates.noindex/Fuzi.build/Debug-watchos/Fuzi-t.build/Objects-normal/arm64_32/Fuzi.swiftmodule -serialize-diagnostics -dependency-scan-serialize-diagnostics-path /Users/admin/builder/spi-builder-workspace/.derivedData/Build/Intermediates.noindex/Fuzi.build/Debug-watchos/Fuzi-t.build/Objects-normal/arm64_32/Fuzi-dependency-scan.dia -validate-clang-modules-once -clang-build-session-file /Users/admin/builder/spi-builder-workspace/.derivedData/ModuleCache.noindex/Session.modulevalidation -Xcc -fmodules-prune-interval\=86400 -Xcc -fmodules-prune-after\=345600 -emit-const-values -const-gather-protocols-list /Users/admin/builder/spi-builder-workspace/.derivedData/Build/Intermediates.noindex/Fuzi.build/Debug-watchos/Fuzi-t.build/Objects-normal/arm64_32/Fuzi_const_extract_protocols.json -Xcc -I/Users/admin/builder/spi-builder-workspace/.derivedData/Build/Products/Debug-watchos/include -Xcc -I/Users/admin/builder/spi-builder-workspace/.derivedData/Build/Intermediates.noindex/Fuzi.build/Debug-watchos/Fuzi-t.build/DerivedSources-normal/arm64_32 -Xcc -I/Users/admin/builder/spi-builder-workspace/.derivedData/Build/Intermediates.noindex/Fuzi.build/Debug-watchos/Fuzi-t.build/DerivedSources/arm64_32 -Xcc -I/Users/admin/builder/spi-builder-workspace/.derivedData/Build/Intermediates.noindex/Fuzi.build/Debug-watchos/Fuzi-t.build/DerivedSources -Xcc -DSWIFT_PACKAGE -Xcc -DDEBUG\=1 -emit-objc-header -emit-objc-header-path /Users/admin/builder/spi-builder-workspace/.derivedData/Build/Intermediates.noindex/Fuzi.build/Debug-watchos/Fuzi-t.build/Objects-normal/arm64_32/Fuzi-Swift.h -working-directory /Users/admin/builder/spi-builder-workspace/.swiftpm/xcode -experimental-emit-module-separately -disable-cmo
SwiftDriverJobDiscovery normal arm64 Emitting module for Fuzi (in target 'Fuzi' from project 'Fuzi')
SwiftCompile normal arm64_32 Compiling\ HtmlTreeBuilderState.swift,\ LRUCache.swift,\ Mutex.swift,\ Node.swift,\ NodeTraversor.swift,\ NodeVisitor.swift /Users/admin/builder/spi-builder-workspace/.dependencies/checkouts/SwiftSoup/Sources/HtmlTreeBuilderState.swift /Users/admin/builder/spi-builder-workspace/.dependencies/checkouts/SwiftSoup/Sources/LRUCache.swift /Users/admin/builder/spi-builder-workspace/.dependencies/checkouts/SwiftSoup/Sources/Mutex.swift /Users/admin/builder/spi-builder-workspace/.dependencies/checkouts/SwiftSoup/Sources/Node.swift /Users/admin/builder/spi-builder-workspace/.dependencies/checkouts/SwiftSoup/Sources/NodeTraversor.swift /Users/admin/builder/spi-builder-workspace/.dependencies/checkouts/SwiftSoup/Sources/NodeVisitor.swift (in target 'SwiftSoup' from project 'SwiftSoup')
SwiftCompile normal arm64_32 /Users/admin/builder/spi-builder-workspace/.dependencies/checkouts/SwiftSoup/Sources/HtmlTreeBuilderState.swift (in target 'SwiftSoup' from project 'SwiftSoup')
cd /Users/admin/builder/spi-builder-workspace/.swiftpm/xcode
builtin-SwiftPerFileCompile HtmlTreeBuilderState.swift
SwiftCompile normal arm64_32 /Users/admin/builder/spi-builder-workspace/.dependencies/checkouts/SwiftSoup/Sources/LRUCache.swift (in target 'SwiftSoup' from project 'SwiftSoup')
cd /Users/admin/builder/spi-builder-workspace/.swiftpm/xcode
builtin-SwiftPerFileCompile LRUCache.swift
SwiftCompile normal arm64_32 /Users/admin/builder/spi-builder-workspace/.dependencies/checkouts/SwiftSoup/Sources/Mutex.swift (in target 'SwiftSoup' from project 'SwiftSoup')
cd /Users/admin/builder/spi-builder-workspace/.swiftpm/xcode
builtin-SwiftPerFileCompile Mutex.swift
SwiftCompile normal arm64_32 /Users/admin/builder/spi-builder-workspace/.dependencies/checkouts/SwiftSoup/Sources/Node.swift (in target 'SwiftSoup' from project 'SwiftSoup')
cd /Users/admin/builder/spi-builder-workspace/.swiftpm/xcode
builtin-SwiftPerFileCompile Node.swift
SwiftCompile normal arm64_32 /Users/admin/builder/spi-builder-workspace/.dependencies/checkouts/SwiftSoup/Sources/NodeTraversor.swift (in target 'SwiftSoup' from project 'SwiftSoup')
cd /Users/admin/builder/spi-builder-workspace/.swiftpm/xcode
builtin-SwiftPerFileCompile NodeTraversor.swift
SwiftCompile normal arm64_32 /Users/admin/builder/spi-builder-workspace/.dependencies/checkouts/SwiftSoup/Sources/NodeVisitor.swift (in target 'SwiftSoup' from project 'SwiftSoup')
cd /Users/admin/builder/spi-builder-workspace/.swiftpm/xcode
builtin-SwiftPerFileCompile NodeVisitor.swift
SwiftDriver\ Compilation\ Requirements Fuzi normal arm64 com.apple.xcode.tools.swift.compiler (in target 'Fuzi' from project 'Fuzi')
cd /Users/admin/builder/spi-builder-workspace/.swiftpm/xcode
builtin-Swift-Compilation-Requirements -- /Applications/Xcode-27.0.0-Release.Candidate.app/Contents/Developer/Toolchains/XcodeDefault.xctoolchain/usr/bin/swiftc -parse-as-library -module-name Fuzi -Onone @/Users/admin/builder/spi-builder-workspace/.derivedData/Build/Intermediates.noindex/Fuzi.build/Debug-watchos/Fuzi-t.build/Objects-normal/arm64/Fuzi.SwiftFileList -DSWIFT_PACKAGE -DDEBUG -DSWIFT_MODULE_RESOURCE_BUNDLE_UNAVAILABLE -DXcode -plugin-path /Applications/Xcode-27.0.0-Release.Candidate.app/Contents/Developer/Toolchains/XcodeDefault.xctoolchain/usr/lib/swift/host/plugins/testing -enable-experimental-feature DebugDescriptionMacro -sdk /Applications/Xcode-27.0.0-Release.Candidate.app/Contents/Developer/Platforms/WatchOS.platform/Developer/SDKs/WatchOS27.0.sdk -target arm64-apple-watchos9.0 -g -module-cache-path /Users/admin/builder/spi-builder-workspace/.derivedData/ModuleCache.noindex -Xfrontend -serialize-debugging-options -profile-coverage-mapping -profile-generate -enable-testing -suppress-warnings -index-store-path /Users/admin/builder/spi-builder-workspace/.derivedData/Index.noindex/DataStore -Xcc -D_LIBCPP_HARDENING_MODE\=_LIBCPP_HARDENING_MODE_DEBUG -swift-version 5 -I /Users/admin/builder/spi-builder-workspace/.derivedData/Build/Products/Debug-watchos -Isystem /Applications/Xcode-27.0.0-Release.Candidate.app/Contents/Developer/Platforms/WatchOS.platform/Developer/usr/lib -F /Users/admin/builder/spi-builder-workspace/.derivedData/Build/Products/Debug-watchos -F /Applications/Xcode-27.0.0-Release.Candidate.app/Contents/Developer/Platforms/WatchOS.platform/Developer/Library/Frameworks -F /Applications/Xcode-27.0.0-Release.Candidate.app/Contents/Developer/Platforms/WatchOS.platform/Developer/SDKs/WatchOS27.0.sdk/Developer/Library/Frameworks -c -j10 -enable-batch-mode -incremental -Xcc -ivfsstatcache -Xcc /Users/admin/builder/spi-builder-workspace/.derivedData/SDKStatCaches.noindex/watchos27.0-24R360-e829b21a6f8c9b70876ba0858053c04477534ef55a1706bf4c1112bbb242f0a2.sdkstatcache -output-file-map /Users/admin/builder/spi-builder-workspace/.derivedData/Build/Intermediates.noindex/Fuzi.build/Debug-watchos/Fuzi-t.build/Objects-normal/arm64/Fuzi-OutputFileMap.json -save-temps -no-color-diagnostics -explicit-module-build -module-cache-path /Users/admin/builder/spi-builder-workspace/.derivedData/Build/Intermediates.noindex/SwiftExplicitPrecompiledModules -clang-scanner-module-cache-path /Users/admin/builder/spi-builder-workspace/.derivedData/ModuleCache.noindex -sdk-module-cache-path /Users/admin/builder/spi-builder-workspace/.derivedData/SDKExplicitPrecompiledModules -emit-dependencies -emit-module -emit-module-path /Users/admin/builder/spi-builder-workspace/.derivedData/Build/Intermediates.noindex/Fuzi.build/Debug-watchos/Fuzi-t.build/Objects-normal/arm64/Fuzi.swiftmodule -serialize-diagnostics -dependency-scan-serialize-diagnostics-path /Users/admin/builder/spi-builder-workspace/.derivedData/Build/Intermediates.noindex/Fuzi.build/Debug-watchos/Fuzi-t.build/Objects-normal/arm64/Fuzi-dependency-scan.dia -validate-clang-modules-once -clang-build-session-file /Users/admin/builder/spi-builder-workspace/.derivedData/ModuleCache.noindex/Session.modulevalidation -Xcc -fmodules-prune-interval\=86400 -Xcc -fmodules-prune-after\=345600 -emit-const-values -const-gather-protocols-list /Users/admin/builder/spi-builder-workspace/.derivedData/Build/Intermediates.noindex/Fuzi.build/Debug-watchos/Fuzi-t.build/Objects-normal/arm64/Fuzi_const_extract_protocols.json -Xcc -I/Users/admin/builder/spi-builder-workspace/.derivedData/Build/Products/Debug-watchos/include -Xcc -I/Users/admin/builder/spi-builder-workspace/.derivedData/Build/Intermediates.noindex/Fuzi.build/Debug-watchos/Fuzi-t.build/DerivedSources-normal/arm64 -Xcc -I/Users/admin/builder/spi-builder-workspace/.derivedData/Build/Intermediates.noindex/Fuzi.build/Debug-watchos/Fuzi-t.build/DerivedSources/arm64 -Xcc -I/Users/admin/builder/spi-builder-workspace/.derivedData/Build/Intermediates.noindex/Fuzi.build/Debug-watchos/Fuzi-t.build/DerivedSources -Xcc -DSWIFT_PACKAGE -Xcc -DDEBUG\=1 -emit-objc-header -emit-objc-header-path /Users/admin/builder/spi-builder-workspace/.derivedData/Build/Intermediates.noindex/Fuzi.build/Debug-watchos/Fuzi-t.build/Objects-normal/arm64/Fuzi-Swift.h -working-directory /Users/admin/builder/spi-builder-workspace/.swiftpm/xcode -experimental-emit-module-separately -disable-cmo
SwiftDriverJobDiscovery normal arm64_32 Compiling Error.swift (in target 'Fuzi' from project 'Fuzi')
Copy /Users/admin/builder/spi-builder-workspace/.derivedData/Build/Products/Debug-watchos/Fuzi.swiftmodule/arm64_32-apple-watchos.swiftmodule /Users/admin/builder/spi-builder-workspace/.derivedData/Build/Intermediates.noindex/Fuzi.build/Debug-watchos/Fuzi-t.build/Objects-normal/arm64_32/Fuzi.swiftmodule (in target 'Fuzi' from project 'Fuzi')
cd /Users/admin/builder/spi-builder-workspace/.dependencies/checkouts/Fuzi
builtin-copy -exclude .DS_Store -exclude CVS -exclude .svn -exclude .git -exclude .hg -resolve-src-symlinks -rename /Users/admin/builder/spi-builder-workspace/.derivedData/Build/Intermediates.noindex/Fuzi.build/Debug-watchos/Fuzi-t.build/Objects-normal/arm64_32/Fuzi.swiftmodule /Users/admin/builder/spi-builder-workspace/.derivedData/Build/Products/Debug-watchos/Fuzi.swiftmodule/arm64_32-apple-watchos.swiftmodule
SwiftMergeGeneratedHeaders /Users/admin/builder/spi-builder-workspace/.derivedData/Build/Intermediates.noindex/GeneratedModuleMaps-watchos/Fuzi-Swift.h /Users/admin/builder/spi-builder-workspace/.derivedData/Build/Intermediates.noindex/Fuzi.build/Debug-watchos/Fuzi-t.build/Objects-normal/arm64/Fuzi-Swift.h /Users/admin/builder/spi-builder-workspace/.derivedData/Build/Intermediates.noindex/Fuzi.build/Debug-watchos/Fuzi-t.build/Objects-normal/arm64_32/Fuzi-Swift.h (in target 'Fuzi' from project 'Fuzi')
cd /Users/admin/builder/spi-builder-workspace/.dependencies/checkouts/Fuzi
builtin-swiftHeaderTool -arch arm64 /Users/admin/builder/spi-builder-workspace/.derivedData/Build/Intermediates.noindex/Fuzi.build/Debug-watchos/Fuzi-t.build/Objects-normal/arm64/Fuzi-Swift.h -arch arm64_32 /Users/admin/builder/spi-builder-workspace/.derivedData/Build/Intermediates.noindex/Fuzi.build/Debug-watchos/Fuzi-t.build/Objects-normal/arm64_32/Fuzi-Swift.h -o /Users/admin/builder/spi-builder-workspace/.derivedData/Build/Intermediates.noindex/GeneratedModuleMaps-watchos/Fuzi-Swift.h
Copy /Users/admin/builder/spi-builder-workspace/.derivedData/Build/Products/Debug-watchos/Fuzi.swiftmodule/arm64_32-apple-watchos.swiftdoc /Users/admin/builder/spi-builder-workspace/.derivedData/Build/Intermediates.noindex/Fuzi.build/Debug-watchos/Fuzi-t.build/Objects-normal/arm64_32/Fuzi.swiftdoc (in target 'Fuzi' from project 'Fuzi')
cd /Users/admin/builder/spi-builder-workspace/.dependencies/checkouts/Fuzi
builtin-copy -exclude .DS_Store -exclude CVS -exclude .svn -exclude .git -exclude .hg -resolve-src-symlinks -rename /Users/admin/builder/spi-builder-workspace/.derivedData/Build/Intermediates.noindex/Fuzi.build/Debug-watchos/Fuzi-t.build/Objects-normal/arm64_32/Fuzi.swiftdoc /Users/admin/builder/spi-builder-workspace/.derivedData/Build/Products/Debug-watchos/Fuzi.swiftmodule/arm64_32-apple-watchos.swiftdoc
Copy /Users/admin/builder/spi-builder-workspace/.derivedData/Build/Products/Debug-watchos/Fuzi.swiftmodule/arm64_32-apple-watchos.abi.json /Users/admin/builder/spi-builder-workspace/.derivedData/Build/Intermediates.noindex/Fuzi.build/Debug-watchos/Fuzi-t.build/Objects-normal/arm64_32/Fuzi.abi.json (in target 'Fuzi' from project 'Fuzi')
cd /Users/admin/builder/spi-builder-workspace/.dependencies/checkouts/Fuzi
builtin-copy -exclude .DS_Store -exclude CVS -exclude .svn -exclude .git -exclude .hg -resolve-src-symlinks -rename /Users/admin/builder/spi-builder-workspace/.derivedData/Build/Intermediates.noindex/Fuzi.build/Debug-watchos/Fuzi-t.build/Objects-normal/arm64_32/Fuzi.abi.json /Users/admin/builder/spi-builder-workspace/.derivedData/Build/Products/Debug-watchos/Fuzi.swiftmodule/arm64_32-apple-watchos.abi.json
Copy /Users/admin/builder/spi-builder-workspace/.derivedData/Build/Products/Debug-watchos/Fuzi.swiftmodule/arm64-apple-watchos.swiftmodule /Users/admin/builder/spi-builder-workspace/.derivedData/Build/Intermediates.noindex/Fuzi.build/Debug-watchos/Fuzi-t.build/Objects-normal/arm64/Fuzi.swiftmodule (in target 'Fuzi' from project 'Fuzi')
cd /Users/admin/builder/spi-builder-workspace/.dependencies/checkouts/Fuzi
builtin-copy -exclude .DS_Store -exclude CVS -exclude .svn -exclude .git -exclude .hg -resolve-src-symlinks -rename /Users/admin/builder/spi-builder-workspace/.derivedData/Build/Intermediates.noindex/Fuzi.build/Debug-watchos/Fuzi-t.build/Objects-normal/arm64/Fuzi.swiftmodule /Users/admin/builder/spi-builder-workspace/.derivedData/Build/Products/Debug-watchos/Fuzi.swiftmodule/arm64-apple-watchos.swiftmodule
Copy /Users/admin/builder/spi-builder-workspace/.derivedData/Build/Products/Debug-watchos/Fuzi.swiftmodule/arm64-apple-watchos.swiftdoc /Users/admin/builder/spi-builder-workspace/.derivedData/Build/Intermediates.noindex/Fuzi.build/Debug-watchos/Fuzi-t.build/Objects-normal/arm64/Fuzi.swiftdoc (in target 'Fuzi' from project 'Fuzi')
cd /Users/admin/builder/spi-builder-workspace/.dependencies/checkouts/Fuzi
builtin-copy -exclude .DS_Store -exclude CVS -exclude .svn -exclude .git -exclude .hg -resolve-src-symlinks -rename /Users/admin/builder/spi-builder-workspace/.derivedData/Build/Intermediates.noindex/Fuzi.build/Debug-watchos/Fuzi-t.build/Objects-normal/arm64/Fuzi.swiftdoc /Users/admin/builder/spi-builder-workspace/.derivedData/Build/Products/Debug-watchos/Fuzi.swiftmodule/arm64-apple-watchos.swiftdoc
Copy /Users/admin/builder/spi-builder-workspace/.derivedData/Build/Products/Debug-watchos/Fuzi.swiftmodule/arm64-apple-watchos.abi.json /Users/admin/builder/spi-builder-workspace/.derivedData/Build/Intermediates.noindex/Fuzi.build/Debug-watchos/Fuzi-t.build/Objects-normal/arm64/Fuzi.abi.json (in target 'Fuzi' from project 'Fuzi')
cd /Users/admin/builder/spi-builder-workspace/.dependencies/checkouts/Fuzi
builtin-copy -exclude .DS_Store -exclude CVS -exclude .svn -exclude .git -exclude .hg -resolve-src-symlinks -rename /Users/admin/builder/spi-builder-workspace/.derivedData/Build/Intermediates.noindex/Fuzi.build/Debug-watchos/Fuzi-t.build/Objects-normal/arm64/Fuzi.abi.json /Users/admin/builder/spi-builder-workspace/.derivedData/Build/Products/Debug-watchos/Fuzi.swiftmodule/arm64-apple-watchos.abi.json
Copy /Users/admin/builder/spi-builder-workspace/.derivedData/Build/Products/Debug-watchos/Fuzi.swiftmodule/Project/arm64_32-apple-watchos.swiftsourceinfo /Users/admin/builder/spi-builder-workspace/.derivedData/Build/Intermediates.noindex/Fuzi.build/Debug-watchos/Fuzi-t.build/Objects-normal/arm64_32/Fuzi.swiftsourceinfo (in target 'Fuzi' from project 'Fuzi')
cd /Users/admin/builder/spi-builder-workspace/.dependencies/checkouts/Fuzi
builtin-copy -exclude .DS_Store -exclude CVS -exclude .svn -exclude .git -exclude .hg -resolve-src-symlinks -rename /Users/admin/builder/spi-builder-workspace/.derivedData/Build/Intermediates.noindex/Fuzi.build/Debug-watchos/Fuzi-t.build/Objects-normal/arm64_32/Fuzi.swiftsourceinfo /Users/admin/builder/spi-builder-workspace/.derivedData/Build/Products/Debug-watchos/Fuzi.swiftmodule/Project/arm64_32-apple-watchos.swiftsourceinfo
Copy /Users/admin/builder/spi-builder-workspace/.derivedData/Build/Products/Debug-watchos/Fuzi.swiftmodule/Project/arm64-apple-watchos.swiftsourceinfo /Users/admin/builder/spi-builder-workspace/.derivedData/Build/Intermediates.noindex/Fuzi.build/Debug-watchos/Fuzi-t.build/Objects-normal/arm64/Fuzi.swiftsourceinfo (in target 'Fuzi' from project 'Fuzi')
cd /Users/admin/builder/spi-builder-workspace/.dependencies/checkouts/Fuzi
builtin-copy -exclude .DS_Store -exclude CVS -exclude .svn -exclude .git -exclude .hg -resolve-src-symlinks -rename /Users/admin/builder/spi-builder-workspace/.derivedData/Build/Intermediates.noindex/Fuzi.build/Debug-watchos/Fuzi-t.build/Objects-normal/arm64/Fuzi.swiftsourceinfo /Users/admin/builder/spi-builder-workspace/.derivedData/Build/Products/Debug-watchos/Fuzi.swiftmodule/Project/arm64-apple-watchos.swiftsourceinfo
SwiftCompile normal arm64 Compiling\ UTF8Arrays.swift,\ UnicodeScalar.swift,\ Validate.swift,\ Whitelist.swift,\ XmlDeclaration.swift,\ XmlTreeBuilder.swift /Users/admin/builder/spi-builder-workspace/.dependencies/checkouts/SwiftSoup/Sources/UTF8Arrays.swift /Users/admin/builder/spi-builder-workspace/.dependencies/checkouts/SwiftSoup/Sources/UnicodeScalar.swift /Users/admin/builder/spi-builder-workspace/.dependencies/checkouts/SwiftSoup/Sources/Validate.swift /Users/admin/builder/spi-builder-workspace/.dependencies/checkouts/SwiftSoup/Sources/Whitelist.swift /Users/admin/builder/spi-builder-workspace/.dependencies/checkouts/SwiftSoup/Sources/XmlDeclaration.swift /Users/admin/builder/spi-builder-workspace/.dependencies/checkouts/SwiftSoup/Sources/XmlTreeBuilder.swift (in target 'SwiftSoup' from project 'SwiftSoup')
SwiftCompile normal arm64 /Users/admin/builder/spi-builder-workspace/.dependencies/checkouts/SwiftSoup/Sources/UTF8Arrays.swift (in target 'SwiftSoup' from project 'SwiftSoup')
cd /Users/admin/builder/spi-builder-workspace/.swiftpm/xcode
builtin-SwiftPerFileCompile UTF8Arrays.swift
SwiftCompile normal arm64 /Users/admin/builder/spi-builder-workspace/.dependencies/checkouts/SwiftSoup/Sources/UnicodeScalar.swift (in target 'SwiftSoup' from project 'SwiftSoup')
cd /Users/admin/builder/spi-builder-workspace/.swiftpm/xcode
builtin-SwiftPerFileCompile UnicodeScalar.swift
SwiftCompile normal arm64 /Users/admin/builder/spi-builder-workspace/.dependencies/checkouts/SwiftSoup/Sources/Validate.swift (in target 'SwiftSoup' from project 'SwiftSoup')
cd /Users/admin/builder/spi-builder-workspace/.swiftpm/xcode
builtin-SwiftPerFileCompile Validate.swift
SwiftCompile normal arm64 /Users/admin/builder/spi-builder-workspace/.dependencies/checkouts/SwiftSoup/Sources/Whitelist.swift (in target 'SwiftSoup' from project 'SwiftSoup')
cd /Users/admin/builder/spi-builder-workspace/.swiftpm/xcode
builtin-SwiftPerFileCompile Whitelist.swift
SwiftCompile normal arm64 /Users/admin/builder/spi-builder-workspace/.dependencies/checkouts/SwiftSoup/Sources/XmlDeclaration.swift (in target 'SwiftSoup' from project 'SwiftSoup')
cd /Users/admin/builder/spi-builder-workspace/.swiftpm/xcode
builtin-SwiftPerFileCompile XmlDeclaration.swift
SwiftCompile normal arm64 /Users/admin/builder/spi-builder-workspace/.dependencies/checkouts/SwiftSoup/Sources/XmlTreeBuilder.swift (in target 'SwiftSoup' from project 'SwiftSoup')
cd /Users/admin/builder/spi-builder-workspace/.swiftpm/xcode
builtin-SwiftPerFileCompile XmlTreeBuilder.swift
SwiftCompile normal arm64 Compiling\ TextNode.swift,\ Token.swift,\ TokenQueue.swift,\ Tokeniser.swift,\ TokeniserState.swift,\ TreeBuilder.swift /Users/admin/builder/spi-builder-workspace/.dependencies/checkouts/SwiftSoup/Sources/TextNode.swift /Users/admin/builder/spi-builder-workspace/.dependencies/checkouts/SwiftSoup/Sources/Token.swift /Users/admin/builder/spi-builder-workspace/.dependencies/checkouts/SwiftSoup/Sources/TokenQueue.swift /Users/admin/builder/spi-builder-workspace/.dependencies/checkouts/SwiftSoup/Sources/Tokeniser.swift /Users/admin/builder/spi-builder-workspace/.dependencies/checkouts/SwiftSoup/Sources/TokeniserState.swift /Users/admin/builder/spi-builder-workspace/.dependencies/checkouts/SwiftSoup/Sources/TreeBuilder.swift (in target 'SwiftSoup' from project 'SwiftSoup')
SwiftCompile normal arm64 /Users/admin/builder/spi-builder-workspace/.dependencies/checkouts/SwiftSoup/Sources/TextNode.swift (in target 'SwiftSoup' from project 'SwiftSoup')
cd /Users/admin/builder/spi-builder-workspace/.swiftpm/xcode
builtin-SwiftPerFileCompile TextNode.swift
SwiftCompile normal arm64 /Users/admin/builder/spi-builder-workspace/.dependencies/checkouts/SwiftSoup/Sources/Token.swift (in target 'SwiftSoup' from project 'SwiftSoup')
cd /Users/admin/builder/spi-builder-workspace/.swiftpm/xcode
builtin-SwiftPerFileCompile Token.swift
SwiftCompile normal arm64 /Users/admin/builder/spi-builder-workspace/.dependencies/checkouts/SwiftSoup/Sources/TokenQueue.swift (in target 'SwiftSoup' from project 'SwiftSoup')
cd /Users/admin/builder/spi-builder-workspace/.swiftpm/xcode
builtin-SwiftPerFileCompile TokenQueue.swift
SwiftCompile normal arm64 /Users/admin/builder/spi-builder-workspace/.dependencies/checkouts/SwiftSoup/Sources/Tokeniser.swift (in target 'SwiftSoup' from project 'SwiftSoup')
cd /Users/admin/builder/spi-builder-workspace/.swiftpm/xcode
builtin-SwiftPerFileCompile Tokeniser.swift
SwiftCompile normal arm64 /Users/admin/builder/spi-builder-workspace/.dependencies/checkouts/SwiftSoup/Sources/TokeniserState.swift (in target 'SwiftSoup' from project 'SwiftSoup')
cd /Users/admin/builder/spi-builder-workspace/.swiftpm/xcode
builtin-SwiftPerFileCompile TokeniserState.swift
SwiftCompile normal arm64 /Users/admin/builder/spi-builder-workspace/.dependencies/checkouts/SwiftSoup/Sources/TreeBuilder.swift (in target 'SwiftSoup' from project 'SwiftSoup')
cd /Users/admin/builder/spi-builder-workspace/.swiftpm/xcode
builtin-SwiftPerFileCompile TreeBuilder.swift
SwiftDriverJobDiscovery normal arm64_32 Compiling Node.swift (in target 'Fuzi' from project 'Fuzi')
SwiftCompile normal arm64 Compiling\ CharacterReader.swift,\ Cleaner.swift,\ Collector.swift,\ CombiningEvaluator.swift,\ Comment.swift,\ CssSelector.swift /Users/admin/builder/spi-builder-workspace/.dependencies/checkouts/SwiftSoup/Sources/CharacterReader.swift /Users/admin/builder/spi-builder-workspace/.dependencies/checkouts/SwiftSoup/Sources/Cleaner.swift /Users/admin/builder/spi-builder-workspace/.dependencies/checkouts/SwiftSoup/Sources/Collector.swift /Users/admin/builder/spi-builder-workspace/.dependencies/checkouts/SwiftSoup/Sources/CombiningEvaluator.swift /Users/admin/builder/spi-builder-workspace/.dependencies/checkouts/SwiftSoup/Sources/Comment.swift /Users/admin/builder/spi-builder-workspace/.dependencies/checkouts/SwiftSoup/Sources/CssSelector.swift (in target 'SwiftSoup' from project 'SwiftSoup')
SwiftCompile normal arm64 /Users/admin/builder/spi-builder-workspace/.dependencies/checkouts/SwiftSoup/Sources/CharacterReader.swift (in target 'SwiftSoup' from project 'SwiftSoup')
cd /Users/admin/builder/spi-builder-workspace/.swiftpm/xcode
builtin-SwiftPerFileCompile CharacterReader.swift
SwiftCompile normal arm64 /Users/admin/builder/spi-builder-workspace/.dependencies/checkouts/SwiftSoup/Sources/Cleaner.swift (in target 'SwiftSoup' from project 'SwiftSoup')
cd /Users/admin/builder/spi-builder-workspace/.swiftpm/xcode
builtin-SwiftPerFileCompile Cleaner.swift
SwiftCompile normal arm64 /Users/admin/builder/spi-builder-workspace/.dependencies/checkouts/SwiftSoup/Sources/Collector.swift (in target 'SwiftSoup' from project 'SwiftSoup')
cd /Users/admin/builder/spi-builder-workspace/.swiftpm/xcode
builtin-SwiftPerFileCompile Collector.swift
SwiftCompile normal arm64 /Users/admin/builder/spi-builder-workspace/.dependencies/checkouts/SwiftSoup/Sources/CombiningEvaluator.swift (in target 'SwiftSoup' from project 'SwiftSoup')
cd /Users/admin/builder/spi-builder-workspace/.swiftpm/xcode
builtin-SwiftPerFileCompile CombiningEvaluator.swift
SwiftCompile normal arm64 /Users/admin/builder/spi-builder-workspace/.dependencies/checkouts/SwiftSoup/Sources/Comment.swift (in target 'SwiftSoup' from project 'SwiftSoup')
cd /Users/admin/builder/spi-builder-workspace/.swiftpm/xcode
builtin-SwiftPerFileCompile Comment.swift
SwiftCompile normal arm64 /Users/admin/builder/spi-builder-workspace/.dependencies/checkouts/SwiftSoup/Sources/CssSelector.swift (in target 'SwiftSoup' from project 'SwiftSoup')
cd /Users/admin/builder/spi-builder-workspace/.swiftpm/xcode
builtin-SwiftPerFileCompile CssSelector.swift
SwiftDriverJobDiscovery normal arm64_32 Compiling Element.swift (in target 'Fuzi' from project 'Fuzi')
SwiftCompile normal arm64_32 Compiling\ Elements.swift,\ Entities.swift,\ Evaluator.swift,\ Exception.swift,\ FormElement.swift,\ HtmlTreeBuilder.swift /Users/admin/builder/spi-builder-workspace/.dependencies/checkouts/SwiftSoup/Sources/Elements.swift /Users/admin/builder/spi-builder-workspace/.dependencies/checkouts/SwiftSoup/Sources/Entities.swift /Users/admin/builder/spi-builder-workspace/.dependencies/checkouts/SwiftSoup/Sources/Evaluator.swift /Users/admin/builder/spi-builder-workspace/.dependencies/checkouts/SwiftSoup/Sources/Exception.swift /Users/admin/builder/spi-builder-workspace/.dependencies/checkouts/SwiftSoup/Sources/FormElement.swift /Users/admin/builder/spi-builder-workspace/.dependencies/checkouts/SwiftSoup/Sources/HtmlTreeBuilder.swift (in target 'SwiftSoup' from project 'SwiftSoup')
SwiftCompile normal arm64_32 /Users/admin/builder/spi-builder-workspace/.dependencies/checkouts/SwiftSoup/Sources/Elements.swift (in target 'SwiftSoup' from project 'SwiftSoup')
cd /Users/admin/builder/spi-builder-workspace/.swiftpm/xcode
builtin-SwiftPerFileCompile Elements.swift
SwiftCompile normal arm64_32 /Users/admin/builder/spi-builder-workspace/.dependencies/checkouts/SwiftSoup/Sources/Entities.swift (in target 'SwiftSoup' from project 'SwiftSoup')
cd /Users/admin/builder/spi-builder-workspace/.swiftpm/xcode
builtin-SwiftPerFileCompile Entities.swift
SwiftCompile normal arm64_32 /Users/admin/builder/spi-builder-workspace/.dependencies/checkouts/SwiftSoup/Sources/Evaluator.swift (in target 'SwiftSoup' from project 'SwiftSoup')
cd /Users/admin/builder/spi-builder-workspace/.swiftpm/xcode
builtin-SwiftPerFileCompile Evaluator.swift
SwiftCompile normal arm64_32 /Users/admin/builder/spi-builder-workspace/.dependencies/checkouts/SwiftSoup/Sources/Exception.swift (in target 'SwiftSoup' from project 'SwiftSoup')
cd /Users/admin/builder/spi-builder-workspace/.swiftpm/xcode
builtin-SwiftPerFileCompile Exception.swift
SwiftCompile normal arm64_32 /Users/admin/builder/spi-builder-workspace/.dependencies/checkouts/SwiftSoup/Sources/FormElement.swift (in target 'SwiftSoup' from project 'SwiftSoup')
cd /Users/admin/builder/spi-builder-workspace/.swiftpm/xcode
builtin-SwiftPerFileCompile FormElement.swift
SwiftCompile normal arm64_32 /Users/admin/builder/spi-builder-workspace/.dependencies/checkouts/SwiftSoup/Sources/HtmlTreeBuilder.swift (in target 'SwiftSoup' from project 'SwiftSoup')
cd /Users/admin/builder/spi-builder-workspace/.swiftpm/xcode
builtin-SwiftPerFileCompile HtmlTreeBuilder.swift
SwiftDriverJobDiscovery normal arm64_32 Compiling NodeSet.swift (in target 'Fuzi' from project 'Fuzi')
SwiftCompile normal arm64_32 Compiling\ CharacterReader.swift,\ Cleaner.swift,\ Collector.swift,\ CombiningEvaluator.swift,\ Comment.swift,\ CssSelector.swift /Users/admin/builder/spi-builder-workspace/.dependencies/checkouts/SwiftSoup/Sources/CharacterReader.swift /Users/admin/builder/spi-builder-workspace/.dependencies/checkouts/SwiftSoup/Sources/Cleaner.swift /Users/admin/builder/spi-builder-workspace/.dependencies/checkouts/SwiftSoup/Sources/Collector.swift /Users/admin/builder/spi-builder-workspace/.dependencies/checkouts/SwiftSoup/Sources/CombiningEvaluator.swift /Users/admin/builder/spi-builder-workspace/.dependencies/checkouts/SwiftSoup/Sources/Comment.swift /Users/admin/builder/spi-builder-workspace/.dependencies/checkouts/SwiftSoup/Sources/CssSelector.swift (in target 'SwiftSoup' from project 'SwiftSoup')
SwiftCompile normal arm64_32 /Users/admin/builder/spi-builder-workspace/.dependencies/checkouts/SwiftSoup/Sources/CharacterReader.swift (in target 'SwiftSoup' from project 'SwiftSoup')
cd /Users/admin/builder/spi-builder-workspace/.swiftpm/xcode
builtin-SwiftPerFileCompile CharacterReader.swift
SwiftCompile normal arm64_32 /Users/admin/builder/spi-builder-workspace/.dependencies/checkouts/SwiftSoup/Sources/Cleaner.swift (in target 'SwiftSoup' from project 'SwiftSoup')
cd /Users/admin/builder/spi-builder-workspace/.swiftpm/xcode
builtin-SwiftPerFileCompile Cleaner.swift
SwiftCompile normal arm64_32 /Users/admin/builder/spi-builder-workspace/.dependencies/checkouts/SwiftSoup/Sources/Collector.swift (in target 'SwiftSoup' from project 'SwiftSoup')
cd /Users/admin/builder/spi-builder-workspace/.swiftpm/xcode
builtin-SwiftPerFileCompile Collector.swift
SwiftCompile normal arm64_32 /Users/admin/builder/spi-builder-workspace/.dependencies/checkouts/SwiftSoup/Sources/CombiningEvaluator.swift (in target 'SwiftSoup' from project 'SwiftSoup')
cd /Users/admin/builder/spi-builder-workspace/.swiftpm/xcode
builtin-SwiftPerFileCompile CombiningEvaluator.swift
SwiftCompile normal arm64_32 /Users/admin/builder/spi-builder-workspace/.dependencies/checkouts/SwiftSoup/Sources/Comment.swift (in target 'SwiftSoup' from project 'SwiftSoup')
cd /Users/admin/builder/spi-builder-workspace/.swiftpm/xcode
builtin-SwiftPerFileCompile Comment.swift
SwiftCompile normal arm64_32 /Users/admin/builder/spi-builder-workspace/.dependencies/checkouts/SwiftSoup/Sources/CssSelector.swift (in target 'SwiftSoup' from project 'SwiftSoup')
cd /Users/admin/builder/spi-builder-workspace/.swiftpm/xcode
builtin-SwiftPerFileCompile CssSelector.swift
SwiftDriverJobDiscovery normal arm64_32 Compiling Helpers.swift (in target 'Fuzi' from project 'Fuzi')
SwiftCompile normal arm64 Compiling\ OrderedSet.swift,\ ParseError.swift,\ ParseErrorList.swift,\ ParseSettings.swift,\ Parser.swift,\ ParsingStrings.swift /Users/admin/builder/spi-builder-workspace/.dependencies/checkouts/SwiftSoup/Sources/OrderedSet.swift /Users/admin/builder/spi-builder-workspace/.dependencies/checkouts/SwiftSoup/Sources/ParseError.swift /Users/admin/builder/spi-builder-workspace/.dependencies/checkouts/SwiftSoup/Sources/ParseErrorList.swift /Users/admin/builder/spi-builder-workspace/.dependencies/checkouts/SwiftSoup/Sources/ParseSettings.swift /Users/admin/builder/spi-builder-workspace/.dependencies/checkouts/SwiftSoup/Sources/Parser.swift /Users/admin/builder/spi-builder-workspace/.dependencies/checkouts/SwiftSoup/Sources/ParsingStrings.swift (in target 'SwiftSoup' from project 'SwiftSoup')
SwiftCompile normal arm64 /Users/admin/builder/spi-builder-workspace/.dependencies/checkouts/SwiftSoup/Sources/OrderedSet.swift (in target 'SwiftSoup' from project 'SwiftSoup')
cd /Users/admin/builder/spi-builder-workspace/.swiftpm/xcode
builtin-SwiftPerFileCompile OrderedSet.swift
SwiftCompile normal arm64 /Users/admin/builder/spi-builder-workspace/.dependencies/checkouts/SwiftSoup/Sources/ParseError.swift (in target 'SwiftSoup' from project 'SwiftSoup')
cd /Users/admin/builder/spi-builder-workspace/.swiftpm/xcode
builtin-SwiftPerFileCompile ParseError.swift
SwiftCompile normal arm64 /Users/admin/builder/spi-builder-workspace/.dependencies/checkouts/SwiftSoup/Sources/ParseErrorList.swift (in target 'SwiftSoup' from project 'SwiftSoup')
cd /Users/admin/builder/spi-builder-workspace/.swiftpm/xcode
builtin-SwiftPerFileCompile ParseErrorList.swift
SwiftCompile normal arm64 /Users/admin/builder/spi-builder-workspace/.dependencies/checkouts/SwiftSoup/Sources/ParseSettings.swift (in target 'SwiftSoup' from project 'SwiftSoup')
cd /Users/admin/builder/spi-builder-workspace/.swiftpm/xcode
builtin-SwiftPerFileCompile ParseSettings.swift
SwiftCompile normal arm64 /Users/admin/builder/spi-builder-workspace/.dependencies/checkouts/SwiftSoup/Sources/Parser.swift (in target 'SwiftSoup' from project 'SwiftSoup')
cd /Users/admin/builder/spi-builder-workspace/.swiftpm/xcode
builtin-SwiftPerFileCompile Parser.swift
SwiftCompile normal arm64 /Users/admin/builder/spi-builder-workspace/.dependencies/checkouts/SwiftSoup/Sources/ParsingStrings.swift (in target 'SwiftSoup' from project 'SwiftSoup')
cd /Users/admin/builder/spi-builder-workspace/.swiftpm/xcode
builtin-SwiftPerFileCompile ParsingStrings.swift
SwiftDriverJobDiscovery normal arm64_32 Compiling Document.swift (in target 'Fuzi' from project 'Fuzi')
SwiftCompile normal arm64 Compiling\ DataNode.swift,\ DebugTrace.swift,\ Document.swift,\ DocumentType.swift,\ Element.swift,\ ElementQuery.swift /Users/admin/builder/spi-builder-workspace/.dependencies/checkouts/SwiftSoup/Sources/DataNode.swift /Users/admin/builder/spi-builder-workspace/.dependencies/checkouts/SwiftSoup/Sources/DebugTrace.swift /Users/admin/builder/spi-builder-workspace/.dependencies/checkouts/SwiftSoup/Sources/Document.swift /Users/admin/builder/spi-builder-workspace/.dependencies/checkouts/SwiftSoup/Sources/DocumentType.swift /Users/admin/builder/spi-builder-workspace/.dependencies/checkouts/SwiftSoup/Sources/Element.swift /Users/admin/builder/spi-builder-workspace/.dependencies/checkouts/SwiftSoup/Sources/ElementQuery.swift (in target 'SwiftSoup' from project 'SwiftSoup')
SwiftCompile normal arm64 /Users/admin/builder/spi-builder-workspace/.dependencies/checkouts/SwiftSoup/Sources/DataNode.swift (in target 'SwiftSoup' from project 'SwiftSoup')
cd /Users/admin/builder/spi-builder-workspace/.swiftpm/xcode
builtin-SwiftPerFileCompile DataNode.swift
SwiftCompile normal arm64 /Users/admin/builder/spi-builder-workspace/.dependencies/checkouts/SwiftSoup/Sources/DebugTrace.swift (in target 'SwiftSoup' from project 'SwiftSoup')
cd /Users/admin/builder/spi-builder-workspace/.swiftpm/xcode
builtin-SwiftPerFileCompile DebugTrace.swift
SwiftCompile normal arm64 /Users/admin/builder/spi-builder-workspace/.dependencies/checkouts/SwiftSoup/Sources/Document.swift (in target 'SwiftSoup' from project 'SwiftSoup')
cd /Users/admin/builder/spi-builder-workspace/.swiftpm/xcode
builtin-SwiftPerFileCompile Document.swift
SwiftCompile normal arm64 /Users/admin/builder/spi-builder-workspace/.dependencies/checkouts/SwiftSoup/Sources/DocumentType.swift (in target 'SwiftSoup' from project 'SwiftSoup')
cd /Users/admin/builder/spi-builder-workspace/.swiftpm/xcode
builtin-SwiftPerFileCompile DocumentType.swift
SwiftCompile normal arm64 /Users/admin/builder/spi-builder-workspace/.dependencies/checkouts/SwiftSoup/Sources/Element.swift (in target 'SwiftSoup' from project 'SwiftSoup')
cd /Users/admin/builder/spi-builder-workspace/.swiftpm/xcode
builtin-SwiftPerFileCompile Element.swift
SwiftCompile normal arm64 /Users/admin/builder/spi-builder-workspace/.dependencies/checkouts/SwiftSoup/Sources/ElementQuery.swift (in target 'SwiftSoup' from project 'SwiftSoup')
cd /Users/admin/builder/spi-builder-workspace/.swiftpm/xcode
builtin-SwiftPerFileCompile ElementQuery.swift
SwiftDriverJobDiscovery normal arm64_32 Compiling Queryable.swift (in target 'Fuzi' from project 'Fuzi')
SwiftCompile normal arm64 Compiling\ Pattern.swift,\ Profiler.swift,\ QueryParser.swift,\ QueryParserCache.swift,\ SourceRange.swift,\ StreamReader.swift /Users/admin/builder/spi-builder-workspace/.dependencies/checkouts/SwiftSoup/Sources/Pattern.swift /Users/admin/builder/spi-builder-workspace/.dependencies/checkouts/SwiftSoup/Sources/Profiler.swift /Users/admin/builder/spi-builder-workspace/.dependencies/checkouts/SwiftSoup/Sources/QueryParser.swift /Users/admin/builder/spi-builder-workspace/.dependencies/checkouts/SwiftSoup/Sources/QueryParserCache.swift /Users/admin/builder/spi-builder-workspace/.dependencies/checkouts/SwiftSoup/Sources/SourceRange.swift /Users/admin/builder/spi-builder-workspace/.dependencies/checkouts/SwiftSoup/Sources/StreamReader.swift (in target 'SwiftSoup' from project 'SwiftSoup')
SwiftCompile normal arm64 /Users/admin/builder/spi-builder-workspace/.dependencies/checkouts/SwiftSoup/Sources/Pattern.swift (in target 'SwiftSoup' from project 'SwiftSoup')
cd /Users/admin/builder/spi-builder-workspace/.swiftpm/xcode
builtin-SwiftPerFileCompile Pattern.swift
SwiftCompile normal arm64 /Users/admin/builder/spi-builder-workspace/.dependencies/checkouts/SwiftSoup/Sources/Profiler.swift (in target 'SwiftSoup' from project 'SwiftSoup')
cd /Users/admin/builder/spi-builder-workspace/.swiftpm/xcode
builtin-SwiftPerFileCompile Profiler.swift
SwiftCompile normal arm64 /Users/admin/builder/spi-builder-workspace/.dependencies/checkouts/SwiftSoup/Sources/QueryParser.swift (in target 'SwiftSoup' from project 'SwiftSoup')
cd /Users/admin/builder/spi-builder-workspace/.swiftpm/xcode
builtin-SwiftPerFileCompile QueryParser.swift
SwiftCompile normal arm64 /Users/admin/builder/spi-builder-workspace/.dependencies/checkouts/SwiftSoup/Sources/QueryParserCache.swift (in target 'SwiftSoup' from project 'SwiftSoup')
cd /Users/admin/builder/spi-builder-workspace/.swiftpm/xcode
builtin-SwiftPerFileCompile QueryParserCache.swift
SwiftCompile normal arm64 /Users/admin/builder/spi-builder-workspace/.dependencies/checkouts/SwiftSoup/Sources/SourceRange.swift (in target 'SwiftSoup' from project 'SwiftSoup')
cd /Users/admin/builder/spi-builder-workspace/.swiftpm/xcode
builtin-SwiftPerFileCompile SourceRange.swift
SwiftCompile normal arm64 /Users/admin/builder/spi-builder-workspace/.dependencies/checkouts/SwiftSoup/Sources/StreamReader.swift (in target 'SwiftSoup' from project 'SwiftSoup')
cd /Users/admin/builder/spi-builder-workspace/.swiftpm/xcode
builtin-SwiftPerFileCompile StreamReader.swift
SwiftDriverJobDiscovery normal arm64_32 Compiling HtmlTreeBuilderState.swift, LRUCache.swift, Mutex.swift, Node.swift, NodeTraversor.swift, NodeVisitor.swift (in target 'SwiftSoup' from project 'SwiftSoup')
SwiftCompile normal arm64 Compiling\ Elements.swift,\ Entities.swift,\ Evaluator.swift,\ Exception.swift,\ FormElement.swift,\ HtmlTreeBuilder.swift /Users/admin/builder/spi-builder-workspace/.dependencies/checkouts/SwiftSoup/Sources/Elements.swift /Users/admin/builder/spi-builder-workspace/.dependencies/checkouts/SwiftSoup/Sources/Entities.swift /Users/admin/builder/spi-builder-workspace/.dependencies/checkouts/SwiftSoup/Sources/Evaluator.swift /Users/admin/builder/spi-builder-workspace/.dependencies/checkouts/SwiftSoup/Sources/Exception.swift /Users/admin/builder/spi-builder-workspace/.dependencies/checkouts/SwiftSoup/Sources/FormElement.swift /Users/admin/builder/spi-builder-workspace/.dependencies/checkouts/SwiftSoup/Sources/HtmlTreeBuilder.swift (in target 'SwiftSoup' from project 'SwiftSoup')
SwiftCompile normal arm64 /Users/admin/builder/spi-builder-workspace/.dependencies/checkouts/SwiftSoup/Sources/Elements.swift (in target 'SwiftSoup' from project 'SwiftSoup')
cd /Users/admin/builder/spi-builder-workspace/.swiftpm/xcode
builtin-SwiftPerFileCompile Elements.swift
SwiftCompile normal arm64 /Users/admin/builder/spi-builder-workspace/.dependencies/checkouts/SwiftSoup/Sources/Entities.swift (in target 'SwiftSoup' from project 'SwiftSoup')
cd /Users/admin/builder/spi-builder-workspace/.swiftpm/xcode
builtin-SwiftPerFileCompile Entities.swift
SwiftCompile normal arm64 /Users/admin/builder/spi-builder-workspace/.dependencies/checkouts/SwiftSoup/Sources/Evaluator.swift (in target 'SwiftSoup' from project 'SwiftSoup')
cd /Users/admin/builder/spi-builder-workspace/.swiftpm/xcode
builtin-SwiftPerFileCompile Evaluator.swift
SwiftCompile normal arm64 /Users/admin/builder/spi-builder-workspace/.dependencies/checkouts/SwiftSoup/Sources/Exception.swift (in target 'SwiftSoup' from project 'SwiftSoup')
cd /Users/admin/builder/spi-builder-workspace/.swiftpm/xcode
builtin-SwiftPerFileCompile Exception.swift
SwiftCompile normal arm64 /Users/admin/builder/spi-builder-workspace/.dependencies/checkouts/SwiftSoup/Sources/FormElement.swift (in target 'SwiftSoup' from project 'SwiftSoup')
cd /Users/admin/builder/spi-builder-workspace/.swiftpm/xcode
builtin-SwiftPerFileCompile FormElement.swift
SwiftCompile normal arm64 /Users/admin/builder/spi-builder-workspace/.dependencies/checkouts/SwiftSoup/Sources/HtmlTreeBuilder.swift (in target 'SwiftSoup' from project 'SwiftSoup')
cd /Users/admin/builder/spi-builder-workspace/.swiftpm/xcode
builtin-SwiftPerFileCompile HtmlTreeBuilder.swift
SwiftDriverJobDiscovery normal arm64_32 Emitting module for SwiftSoup (in target 'SwiftSoup' from project 'SwiftSoup')
SwiftDriver\ Compilation\ Requirements SwiftSoup normal arm64_32 com.apple.xcode.tools.swift.compiler (in target 'SwiftSoup' from project 'SwiftSoup')
cd /Users/admin/builder/spi-builder-workspace/.swiftpm/xcode
builtin-Swift-Compilation-Requirements -- /Applications/Xcode-27.0.0-Release.Candidate.app/Contents/Developer/Toolchains/XcodeDefault.xctoolchain/usr/bin/swiftc -parse-as-library -module-name SwiftSoup -Onone @/Users/admin/builder/spi-builder-workspace/.derivedData/Build/Intermediates.noindex/SwiftSoup.build/Debug-watchos/SwiftSoup-t.build/Objects-normal/arm64_32/SwiftSoup.SwiftFileList -DSWIFT_PACKAGE -DDEBUG -DSWIFT_MODULE_RESOURCE_BUNDLE_UNAVAILABLE -DXcode -plugin-path /Applications/Xcode-27.0.0-Release.Candidate.app/Contents/Developer/Toolchains/XcodeDefault.xctoolchain/usr/lib/swift/host/plugins/testing -enable-experimental-feature DebugDescriptionMacro -sdk /Applications/Xcode-27.0.0-Release.Candidate.app/Contents/Developer/Platforms/WatchOS.platform/Developer/SDKs/WatchOS27.0.sdk -target arm64_32-apple-watchos9.0 -g -module-cache-path /Users/admin/builder/spi-builder-workspace/.derivedData/ModuleCache.noindex -Xfrontend -serialize-debugging-options -profile-coverage-mapping -profile-generate -enable-testing -suppress-warnings -index-store-path /Users/admin/builder/spi-builder-workspace/.derivedData/Index.noindex/DataStore -Xcc -D_LIBCPP_HARDENING_MODE\=_LIBCPP_HARDENING_MODE_DEBUG -swift-version 6 -I /Users/admin/builder/spi-builder-workspace/.derivedData/Build/Products/Debug-watchos -Isystem /Applications/Xcode-27.0.0-Release.Candidate.app/Contents/Developer/Platforms/WatchOS.platform/Developer/usr/lib -F /Users/admin/builder/spi-builder-workspace/.derivedData/Build/Products/Debug-watchos -F /Applications/Xcode-27.0.0-Release.Candidate.app/Contents/Developer/Platforms/WatchOS.platform/Developer/Library/Frameworks -F /Applications/Xcode-27.0.0-Release.Candidate.app/Contents/Developer/Platforms/WatchOS.platform/Developer/SDKs/WatchOS27.0.sdk/Developer/Library/Frameworks -c -j10 -enable-batch-mode -incremental -Xcc -ivfsstatcache -Xcc /Users/admin/builder/spi-builder-workspace/.derivedData/SDKStatCaches.noindex/watchos27.0-24R360-e829b21a6f8c9b70876ba0858053c04477534ef55a1706bf4c1112bbb242f0a2.sdkstatcache -output-file-map /Users/admin/builder/spi-builder-workspace/.derivedData/Build/Intermediates.noindex/SwiftSoup.build/Debug-watchos/SwiftSoup-t.build/Objects-normal/arm64_32/SwiftSoup-OutputFileMap.json -save-temps -no-color-diagnostics -explicit-module-build -module-cache-path /Users/admin/builder/spi-builder-workspace/.derivedData/Build/Intermediates.noindex/SwiftExplicitPrecompiledModules -clang-scanner-module-cache-path /Users/admin/builder/spi-builder-workspace/.derivedData/ModuleCache.noindex -sdk-module-cache-path /Users/admin/builder/spi-builder-workspace/.derivedData/SDKExplicitPrecompiledModules -emit-dependencies -emit-module -emit-module-path /Users/admin/builder/spi-builder-workspace/.derivedData/Build/Intermediates.noindex/SwiftSoup.build/Debug-watchos/SwiftSoup-t.build/Objects-normal/arm64_32/SwiftSoup.swiftmodule -serialize-diagnostics -dependency-scan-serialize-diagnostics-path /Users/admin/builder/spi-builder-workspace/.derivedData/Build/Intermediates.noindex/SwiftSoup.build/Debug-watchos/SwiftSoup-t.build/Objects-normal/arm64_32/SwiftSoup-dependency-scan.dia -user-module-version 2.13.9 -validate-clang-modules-once -clang-build-session-file /Users/admin/builder/spi-builder-workspace/.derivedData/ModuleCache.noindex/Session.modulevalidation -Xcc -fmodules-prune-interval\=86400 -Xcc -fmodules-prune-after\=345600 -package-name swiftsoup -emit-const-values -const-gather-protocols-list /Users/admin/builder/spi-builder-workspace/.derivedData/Build/Intermediates.noindex/SwiftSoup.build/Debug-watchos/SwiftSoup-t.build/Objects-normal/arm64_32/SwiftSoup_const_extract_protocols.json -Xcc -I/Users/admin/builder/spi-builder-workspace/.derivedData/Build/Products/Debug-watchos/include -Xcc -I/Users/admin/builder/spi-builder-workspace/.derivedData/Build/Intermediates.noindex/SwiftSoup.build/Debug-watchos/SwiftSoup-t.build/DerivedSources-normal/arm64_32 -Xcc -I/Users/admin/builder/spi-builder-workspace/.derivedData/Build/Intermediates.noindex/SwiftSoup.build/Debug-watchos/SwiftSoup-t.build/DerivedSources/arm64_32 -Xcc -I/Users/admin/builder/spi-builder-workspace/.derivedData/Build/Intermediates.noindex/SwiftSoup.build/Debug-watchos/SwiftSoup-t.build/DerivedSources -Xcc -DSWIFT_PACKAGE -Xcc -DDEBUG\=1 -emit-objc-header -emit-objc-header-path /Users/admin/builder/spi-builder-workspace/.derivedData/Build/Intermediates.noindex/SwiftSoup.build/Debug-watchos/SwiftSoup-t.build/Objects-normal/arm64_32/SwiftSoup-Swift.h -working-directory /Users/admin/builder/spi-builder-workspace/.swiftpm/xcode -experimental-emit-module-separately -disable-cmo
SwiftDriverJobDiscovery normal arm64 Emitting module for SwiftSoup (in target 'SwiftSoup' from project 'SwiftSoup')
SwiftCompile normal arm64_32 Compiling\ TextNode.swift,\ Token.swift,\ TokenQueue.swift,\ Tokeniser.swift,\ TokeniserState.swift,\ TreeBuilder.swift /Users/admin/builder/spi-builder-workspace/.dependencies/checkouts/SwiftSoup/Sources/TextNode.swift /Users/admin/builder/spi-builder-workspace/.dependencies/checkouts/SwiftSoup/Sources/Token.swift /Users/admin/builder/spi-builder-workspace/.dependencies/checkouts/SwiftSoup/Sources/TokenQueue.swift /Users/admin/builder/spi-builder-workspace/.dependencies/checkouts/SwiftSoup/Sources/Tokeniser.swift /Users/admin/builder/spi-builder-workspace/.dependencies/checkouts/SwiftSoup/Sources/TokeniserState.swift /Users/admin/builder/spi-builder-workspace/.dependencies/checkouts/SwiftSoup/Sources/TreeBuilder.swift (in target 'SwiftSoup' from project 'SwiftSoup')
SwiftCompile normal arm64_32 /Users/admin/builder/spi-builder-workspace/.dependencies/checkouts/SwiftSoup/Sources/TextNode.swift (in target 'SwiftSoup' from project 'SwiftSoup')
cd /Users/admin/builder/spi-builder-workspace/.swiftpm/xcode
builtin-SwiftPerFileCompile TextNode.swift
SwiftCompile normal arm64_32 /Users/admin/builder/spi-builder-workspace/.dependencies/checkouts/SwiftSoup/Sources/Token.swift (in target 'SwiftSoup' from project 'SwiftSoup')
cd /Users/admin/builder/spi-builder-workspace/.swiftpm/xcode
builtin-SwiftPerFileCompile Token.swift
SwiftCompile normal arm64_32 /Users/admin/builder/spi-builder-workspace/.dependencies/checkouts/SwiftSoup/Sources/TokenQueue.swift (in target 'SwiftSoup' from project 'SwiftSoup')
cd /Users/admin/builder/spi-builder-workspace/.swiftpm/xcode
builtin-SwiftPerFileCompile TokenQueue.swift
SwiftCompile normal arm64_32 /Users/admin/builder/spi-builder-workspace/.dependencies/checkouts/SwiftSoup/Sources/Tokeniser.swift (in target 'SwiftSoup' from project 'SwiftSoup')
cd /Users/admin/builder/spi-builder-workspace/.swiftpm/xcode
builtin-SwiftPerFileCompile Tokeniser.swift
SwiftCompile normal arm64_32 /Users/admin/builder/spi-builder-workspace/.dependencies/checkouts/SwiftSoup/Sources/TokeniserState.swift (in target 'SwiftSoup' from project 'SwiftSoup')
cd /Users/admin/builder/spi-builder-workspace/.swiftpm/xcode
builtin-SwiftPerFileCompile TokeniserState.swift
SwiftCompile normal arm64_32 /Users/admin/builder/spi-builder-workspace/.dependencies/checkouts/SwiftSoup/Sources/TreeBuilder.swift (in target 'SwiftSoup' from project 'SwiftSoup')
cd /Users/admin/builder/spi-builder-workspace/.swiftpm/xcode
builtin-SwiftPerFileCompile TreeBuilder.swift
SwiftDriver\ Compilation\ Requirements SwiftSoup normal arm64 com.apple.xcode.tools.swift.compiler (in target 'SwiftSoup' from project 'SwiftSoup')
cd /Users/admin/builder/spi-builder-workspace/.swiftpm/xcode
builtin-Swift-Compilation-Requirements -- /Applications/Xcode-27.0.0-Release.Candidate.app/Contents/Developer/Toolchains/XcodeDefault.xctoolchain/usr/bin/swiftc -parse-as-library -module-name SwiftSoup -Onone @/Users/admin/builder/spi-builder-workspace/.derivedData/Build/Intermediates.noindex/SwiftSoup.build/Debug-watchos/SwiftSoup-t.build/Objects-normal/arm64/SwiftSoup.SwiftFileList -DSWIFT_PACKAGE -DDEBUG -DSWIFT_MODULE_RESOURCE_BUNDLE_UNAVAILABLE -DXcode -plugin-path /Applications/Xcode-27.0.0-Release.Candidate.app/Contents/Developer/Toolchains/XcodeDefault.xctoolchain/usr/lib/swift/host/plugins/testing -enable-experimental-feature DebugDescriptionMacro -sdk /Applications/Xcode-27.0.0-Release.Candidate.app/Contents/Developer/Platforms/WatchOS.platform/Developer/SDKs/WatchOS27.0.sdk -target arm64-apple-watchos9.0 -g -module-cache-path /Users/admin/builder/spi-builder-workspace/.derivedData/ModuleCache.noindex -Xfrontend -serialize-debugging-options -profile-coverage-mapping -profile-generate -enable-testing -suppress-warnings -index-store-path /Users/admin/builder/spi-builder-workspace/.derivedData/Index.noindex/DataStore -Xcc -D_LIBCPP_HARDENING_MODE\=_LIBCPP_HARDENING_MODE_DEBUG -swift-version 6 -I /Users/admin/builder/spi-builder-workspace/.derivedData/Build/Products/Debug-watchos -Isystem /Applications/Xcode-27.0.0-Release.Candidate.app/Contents/Developer/Platforms/WatchOS.platform/Developer/usr/lib -F /Users/admin/builder/spi-builder-workspace/.derivedData/Build/Products/Debug-watchos -F /Applications/Xcode-27.0.0-Release.Candidate.app/Contents/Developer/Platforms/WatchOS.platform/Developer/Library/Frameworks -F /Applications/Xcode-27.0.0-Release.Candidate.app/Contents/Developer/Platforms/WatchOS.platform/Developer/SDKs/WatchOS27.0.sdk/Developer/Library/Frameworks -c -j10 -enable-batch-mode -incremental -Xcc -ivfsstatcache -Xcc /Users/admin/builder/spi-builder-workspace/.derivedData/SDKStatCaches.noindex/watchos27.0-24R360-e829b21a6f8c9b70876ba0858053c04477534ef55a1706bf4c1112bbb242f0a2.sdkstatcache -output-file-map /Users/admin/builder/spi-builder-workspace/.derivedData/Build/Intermediates.noindex/SwiftSoup.build/Debug-watchos/SwiftSoup-t.build/Objects-normal/arm64/SwiftSoup-OutputFileMap.json -save-temps -no-color-diagnostics -explicit-module-build -module-cache-path /Users/admin/builder/spi-builder-workspace/.derivedData/Build/Intermediates.noindex/SwiftExplicitPrecompiledModules -clang-scanner-module-cache-path /Users/admin/builder/spi-builder-workspace/.derivedData/ModuleCache.noindex -sdk-module-cache-path /Users/admin/builder/spi-builder-workspace/.derivedData/SDKExplicitPrecompiledModules -emit-dependencies -emit-module -emit-module-path /Users/admin/builder/spi-builder-workspace/.derivedData/Build/Intermediates.noindex/SwiftSoup.build/Debug-watchos/SwiftSoup-t.build/Objects-normal/arm64/SwiftSoup.swiftmodule -serialize-diagnostics -dependency-scan-serialize-diagnostics-path /Users/admin/builder/spi-builder-workspace/.derivedData/Build/Intermediates.noindex/SwiftSoup.build/Debug-watchos/SwiftSoup-t.build/Objects-normal/arm64/SwiftSoup-dependency-scan.dia -user-module-version 2.13.9 -validate-clang-modules-once -clang-build-session-file /Users/admin/builder/spi-builder-workspace/.derivedData/ModuleCache.noindex/Session.modulevalidation -Xcc -fmodules-prune-interval\=86400 -Xcc -fmodules-prune-after\=345600 -package-name swiftsoup -emit-const-values -const-gather-protocols-list /Users/admin/builder/spi-builder-workspace/.derivedData/Build/Intermediates.noindex/SwiftSoup.build/Debug-watchos/SwiftSoup-t.build/Objects-normal/arm64/SwiftSoup_const_extract_protocols.json -Xcc -I/Users/admin/builder/spi-builder-workspace/.derivedData/Build/Products/Debug-watchos/include -Xcc -I/Users/admin/builder/spi-builder-workspace/.derivedData/Build/Intermediates.noindex/SwiftSoup.build/Debug-watchos/SwiftSoup-t.build/DerivedSources-normal/arm64 -Xcc -I/Users/admin/builder/spi-builder-workspace/.derivedData/Build/Intermediates.noindex/SwiftSoup.build/Debug-watchos/SwiftSoup-t.build/DerivedSources/arm64 -Xcc -I/Users/admin/builder/spi-builder-workspace/.derivedData/Build/Intermediates.noindex/SwiftSoup.build/Debug-watchos/SwiftSoup-t.build/DerivedSources -Xcc -DSWIFT_PACKAGE -Xcc -DDEBUG\=1 -emit-objc-header -emit-objc-header-path /Users/admin/builder/spi-builder-workspace/.derivedData/Build/Intermediates.noindex/SwiftSoup.build/Debug-watchos/SwiftSoup-t.build/Objects-normal/arm64/SwiftSoup-Swift.h -working-directory /Users/admin/builder/spi-builder-workspace/.swiftpm/xcode -experimental-emit-module-separately -disable-cmo
SwiftDriverJobDiscovery normal arm64 Compiling Pattern.swift, Profiler.swift, QueryParser.swift, QueryParserCache.swift, SourceRange.swift, StreamReader.swift (in target 'SwiftSoup' from project 'SwiftSoup')
Copy /Users/admin/builder/spi-builder-workspace/.derivedData/Build/Products/Debug-watchos/SwiftSoup.swiftmodule/arm64_32-apple-watchos.swiftmodule /Users/admin/builder/spi-builder-workspace/.derivedData/Build/Intermediates.noindex/SwiftSoup.build/Debug-watchos/SwiftSoup-t.build/Objects-normal/arm64_32/SwiftSoup.swiftmodule (in target 'SwiftSoup' from project 'SwiftSoup')
cd /Users/admin/builder/spi-builder-workspace/.dependencies/checkouts/SwiftSoup
builtin-copy -exclude .DS_Store -exclude CVS -exclude .svn -exclude .git -exclude .hg -resolve-src-symlinks -rename /Users/admin/builder/spi-builder-workspace/.derivedData/Build/Intermediates.noindex/SwiftSoup.build/Debug-watchos/SwiftSoup-t.build/Objects-normal/arm64_32/SwiftSoup.swiftmodule /Users/admin/builder/spi-builder-workspace/.derivedData/Build/Products/Debug-watchos/SwiftSoup.swiftmodule/arm64_32-apple-watchos.swiftmodule
SwiftMergeGeneratedHeaders /Users/admin/builder/spi-builder-workspace/.derivedData/Build/Intermediates.noindex/GeneratedModuleMaps-watchos/SwiftSoup-Swift.h /Users/admin/builder/spi-builder-workspace/.derivedData/Build/Intermediates.noindex/SwiftSoup.build/Debug-watchos/SwiftSoup-t.build/Objects-normal/arm64/SwiftSoup-Swift.h /Users/admin/builder/spi-builder-workspace/.derivedData/Build/Intermediates.noindex/SwiftSoup.build/Debug-watchos/SwiftSoup-t.build/Objects-normal/arm64_32/SwiftSoup-Swift.h (in target 'SwiftSoup' from project 'SwiftSoup')
cd /Users/admin/builder/spi-builder-workspace/.dependencies/checkouts/SwiftSoup
builtin-swiftHeaderTool -arch arm64 /Users/admin/builder/spi-builder-workspace/.derivedData/Build/Intermediates.noindex/SwiftSoup.build/Debug-watchos/SwiftSoup-t.build/Objects-normal/arm64/SwiftSoup-Swift.h -arch arm64_32 /Users/admin/builder/spi-builder-workspace/.derivedData/Build/Intermediates.noindex/SwiftSoup.build/Debug-watchos/SwiftSoup-t.build/Objects-normal/arm64_32/SwiftSoup-Swift.h -o /Users/admin/builder/spi-builder-workspace/.derivedData/Build/Intermediates.noindex/GeneratedModuleMaps-watchos/SwiftSoup-Swift.h
Copy /Users/admin/builder/spi-builder-workspace/.derivedData/Build/Products/Debug-watchos/SwiftSoup.swiftmodule/arm64_32-apple-watchos.swiftdoc /Users/admin/builder/spi-builder-workspace/.derivedData/Build/Intermediates.noindex/SwiftSoup.build/Debug-watchos/SwiftSoup-t.build/Objects-normal/arm64_32/SwiftSoup.swiftdoc (in target 'SwiftSoup' from project 'SwiftSoup')
cd /Users/admin/builder/spi-builder-workspace/.dependencies/checkouts/SwiftSoup
builtin-copy -exclude .DS_Store -exclude CVS -exclude .svn -exclude .git -exclude .hg -resolve-src-symlinks -rename /Users/admin/builder/spi-builder-workspace/.derivedData/Build/Intermediates.noindex/SwiftSoup.build/Debug-watchos/SwiftSoup-t.build/Objects-normal/arm64_32/SwiftSoup.swiftdoc /Users/admin/builder/spi-builder-workspace/.derivedData/Build/Products/Debug-watchos/SwiftSoup.swiftmodule/arm64_32-apple-watchos.swiftdoc
Copy /Users/admin/builder/spi-builder-workspace/.derivedData/Build/Products/Debug-watchos/SwiftSoup.swiftmodule/arm64_32-apple-watchos.abi.json /Users/admin/builder/spi-builder-workspace/.derivedData/Build/Intermediates.noindex/SwiftSoup.build/Debug-watchos/SwiftSoup-t.build/Objects-normal/arm64_32/SwiftSoup.abi.json (in target 'SwiftSoup' from project 'SwiftSoup')
cd /Users/admin/builder/spi-builder-workspace/.dependencies/checkouts/SwiftSoup
builtin-copy -exclude .DS_Store -exclude CVS -exclude .svn -exclude .git -exclude .hg -resolve-src-symlinks -rename /Users/admin/builder/spi-builder-workspace/.derivedData/Build/Intermediates.noindex/SwiftSoup.build/Debug-watchos/SwiftSoup-t.build/Objects-normal/arm64_32/SwiftSoup.abi.json /Users/admin/builder/spi-builder-workspace/.derivedData/Build/Products/Debug-watchos/SwiftSoup.swiftmodule/arm64_32-apple-watchos.abi.json
Copy /Users/admin/builder/spi-builder-workspace/.derivedData/Build/Products/Debug-watchos/SwiftSoup.swiftmodule/arm64-apple-watchos.swiftmodule /Users/admin/builder/spi-builder-workspace/.derivedData/Build/Intermediates.noindex/SwiftSoup.build/Debug-watchos/SwiftSoup-t.build/Objects-normal/arm64/SwiftSoup.swiftmodule (in target 'SwiftSoup' from project 'SwiftSoup')
cd /Users/admin/builder/spi-builder-workspace/.dependencies/checkouts/SwiftSoup
builtin-copy -exclude .DS_Store -exclude CVS -exclude .svn -exclude .git -exclude .hg -resolve-src-symlinks -rename /Users/admin/builder/spi-builder-workspace/.derivedData/Build/Intermediates.noindex/SwiftSoup.build/Debug-watchos/SwiftSoup-t.build/Objects-normal/arm64/SwiftSoup.swiftmodule /Users/admin/builder/spi-builder-workspace/.derivedData/Build/Products/Debug-watchos/SwiftSoup.swiftmodule/arm64-apple-watchos.swiftmodule
SwiftDriverJobDiscovery normal arm64 Compiling OrderedSet.swift, ParseError.swift, ParseErrorList.swift, ParseSettings.swift, Parser.swift, ParsingStrings.swift (in target 'SwiftSoup' from project 'SwiftSoup')
Copy /Users/admin/builder/spi-builder-workspace/.derivedData/Build/Products/Debug-watchos/SwiftSoup.swiftmodule/arm64-apple-watchos.swiftdoc /Users/admin/builder/spi-builder-workspace/.derivedData/Build/Intermediates.noindex/SwiftSoup.build/Debug-watchos/SwiftSoup-t.build/Objects-normal/arm64/SwiftSoup.swiftdoc (in target 'SwiftSoup' from project 'SwiftSoup')
cd /Users/admin/builder/spi-builder-workspace/.dependencies/checkouts/SwiftSoup
builtin-copy -exclude .DS_Store -exclude CVS -exclude .svn -exclude .git -exclude .hg -resolve-src-symlinks -rename /Users/admin/builder/spi-builder-workspace/.derivedData/Build/Intermediates.noindex/SwiftSoup.build/Debug-watchos/SwiftSoup-t.build/Objects-normal/arm64/SwiftSoup.swiftdoc /Users/admin/builder/spi-builder-workspace/.derivedData/Build/Products/Debug-watchos/SwiftSoup.swiftmodule/arm64-apple-watchos.swiftdoc
Copy /Users/admin/builder/spi-builder-workspace/.derivedData/Build/Products/Debug-watchos/SwiftSoup.swiftmodule/arm64-apple-watchos.abi.json /Users/admin/builder/spi-builder-workspace/.derivedData/Build/Intermediates.noindex/SwiftSoup.build/Debug-watchos/SwiftSoup-t.build/Objects-normal/arm64/SwiftSoup.abi.json (in target 'SwiftSoup' from project 'SwiftSoup')
cd /Users/admin/builder/spi-builder-workspace/.dependencies/checkouts/SwiftSoup
builtin-copy -exclude .DS_Store -exclude CVS -exclude .svn -exclude .git -exclude .hg -resolve-src-symlinks -rename /Users/admin/builder/spi-builder-workspace/.derivedData/Build/Intermediates.noindex/SwiftSoup.build/Debug-watchos/SwiftSoup-t.build/Objects-normal/arm64/SwiftSoup.abi.json /Users/admin/builder/spi-builder-workspace/.derivedData/Build/Products/Debug-watchos/SwiftSoup.swiftmodule/arm64-apple-watchos.abi.json
Copy /Users/admin/builder/spi-builder-workspace/.derivedData/Build/Products/Debug-watchos/SwiftSoup.swiftmodule/Project/arm64_32-apple-watchos.swiftsourceinfo /Users/admin/builder/spi-builder-workspace/.derivedData/Build/Intermediates.noindex/SwiftSoup.build/Debug-watchos/SwiftSoup-t.build/Objects-normal/arm64_32/SwiftSoup.swiftsourceinfo (in target 'SwiftSoup' from project 'SwiftSoup')
cd /Users/admin/builder/spi-builder-workspace/.dependencies/checkouts/SwiftSoup
builtin-copy -exclude .DS_Store -exclude CVS -exclude .svn -exclude .git -exclude .hg -resolve-src-symlinks -rename /Users/admin/builder/spi-builder-workspace/.derivedData/Build/Intermediates.noindex/SwiftSoup.build/Debug-watchos/SwiftSoup-t.build/Objects-normal/arm64_32/SwiftSoup.swiftsourceinfo /Users/admin/builder/spi-builder-workspace/.derivedData/Build/Products/Debug-watchos/SwiftSoup.swiftmodule/Project/arm64_32-apple-watchos.swiftsourceinfo
Copy /Users/admin/builder/spi-builder-workspace/.derivedData/Build/Products/Debug-watchos/SwiftSoup.swiftmodule/Project/arm64-apple-watchos.swiftsourceinfo /Users/admin/builder/spi-builder-workspace/.derivedData/Build/Intermediates.noindex/SwiftSoup.build/Debug-watchos/SwiftSoup-t.build/Objects-normal/arm64/SwiftSoup.swiftsourceinfo (in target 'SwiftSoup' from project 'SwiftSoup')
cd /Users/admin/builder/spi-builder-workspace/.dependencies/checkouts/SwiftSoup
builtin-copy -exclude .DS_Store -exclude CVS -exclude .svn -exclude .git -exclude .hg -resolve-src-symlinks -rename /Users/admin/builder/spi-builder-workspace/.derivedData/Build/Intermediates.noindex/SwiftSoup.build/Debug-watchos/SwiftSoup-t.build/Objects-normal/arm64/SwiftSoup.swiftsourceinfo /Users/admin/builder/spi-builder-workspace/.derivedData/Build/Products/Debug-watchos/SwiftSoup.swiftmodule/Project/arm64-apple-watchos.swiftsourceinfo
SwiftDriverJobDiscovery normal arm64 Compiling UTF8Arrays.swift, UnicodeScalar.swift, Validate.swift, Whitelist.swift, XmlDeclaration.swift, XmlTreeBuilder.swift (in target 'SwiftSoup' from project 'SwiftSoup')
SwiftCompile normal arm64_32 Compiling\ OrderedSet.swift,\ ParseError.swift,\ ParseErrorList.swift,\ ParseSettings.swift,\ Parser.swift,\ ParsingStrings.swift /Users/admin/builder/spi-builder-workspace/.dependencies/checkouts/SwiftSoup/Sources/OrderedSet.swift /Users/admin/builder/spi-builder-workspace/.dependencies/checkouts/SwiftSoup/Sources/ParseError.swift /Users/admin/builder/spi-builder-workspace/.dependencies/checkouts/SwiftSoup/Sources/ParseErrorList.swift /Users/admin/builder/spi-builder-workspace/.dependencies/checkouts/SwiftSoup/Sources/ParseSettings.swift /Users/admin/builder/spi-builder-workspace/.dependencies/checkouts/SwiftSoup/Sources/Parser.swift /Users/admin/builder/spi-builder-workspace/.dependencies/checkouts/SwiftSoup/Sources/ParsingStrings.swift (in target 'SwiftSoup' from project 'SwiftSoup')
SwiftCompile normal arm64_32 /Users/admin/builder/spi-builder-workspace/.dependencies/checkouts/SwiftSoup/Sources/OrderedSet.swift (in target 'SwiftSoup' from project 'SwiftSoup')
cd /Users/admin/builder/spi-builder-workspace/.swiftpm/xcode
builtin-SwiftPerFileCompile OrderedSet.swift
SwiftCompile normal arm64_32 /Users/admin/builder/spi-builder-workspace/.dependencies/checkouts/SwiftSoup/Sources/ParseError.swift (in target 'SwiftSoup' from project 'SwiftSoup')
cd /Users/admin/builder/spi-builder-workspace/.swiftpm/xcode
builtin-SwiftPerFileCompile ParseError.swift
SwiftCompile normal arm64_32 /Users/admin/builder/spi-builder-workspace/.dependencies/checkouts/SwiftSoup/Sources/ParseErrorList.swift (in target 'SwiftSoup' from project 'SwiftSoup')
cd /Users/admin/builder/spi-builder-workspace/.swiftpm/xcode
builtin-SwiftPerFileCompile ParseErrorList.swift
SwiftCompile normal arm64_32 /Users/admin/builder/spi-builder-workspace/.dependencies/checkouts/SwiftSoup/Sources/ParseSettings.swift (in target 'SwiftSoup' from project 'SwiftSoup')
cd /Users/admin/builder/spi-builder-workspace/.swiftpm/xcode
builtin-SwiftPerFileCompile ParseSettings.swift
SwiftCompile normal arm64_32 /Users/admin/builder/spi-builder-workspace/.dependencies/checkouts/SwiftSoup/Sources/Parser.swift (in target 'SwiftSoup' from project 'SwiftSoup')
cd /Users/admin/builder/spi-builder-workspace/.swiftpm/xcode
builtin-SwiftPerFileCompile Parser.swift
SwiftCompile normal arm64_32 /Users/admin/builder/spi-builder-workspace/.dependencies/checkouts/SwiftSoup/Sources/ParsingStrings.swift (in target 'SwiftSoup' from project 'SwiftSoup')
cd /Users/admin/builder/spi-builder-workspace/.swiftpm/xcode
builtin-SwiftPerFileCompile ParsingStrings.swift
SwiftCompile normal arm64 Compiling\ HtmlTreeBuilderState.swift,\ LRUCache.swift,\ Mutex.swift,\ Node.swift,\ NodeTraversor.swift,\ NodeVisitor.swift /Users/admin/builder/spi-builder-workspace/.dependencies/checkouts/SwiftSoup/Sources/HtmlTreeBuilderState.swift /Users/admin/builder/spi-builder-workspace/.dependencies/checkouts/SwiftSoup/Sources/LRUCache.swift /Users/admin/builder/spi-builder-workspace/.dependencies/checkouts/SwiftSoup/Sources/Mutex.swift /Users/admin/builder/spi-builder-workspace/.dependencies/checkouts/SwiftSoup/Sources/Node.swift /Users/admin/builder/spi-builder-workspace/.dependencies/checkouts/SwiftSoup/Sources/NodeTraversor.swift /Users/admin/builder/spi-builder-workspace/.dependencies/checkouts/SwiftSoup/Sources/NodeVisitor.swift (in target 'SwiftSoup' from project 'SwiftSoup')
SwiftCompile normal arm64 /Users/admin/builder/spi-builder-workspace/.dependencies/checkouts/SwiftSoup/Sources/HtmlTreeBuilderState.swift (in target 'SwiftSoup' from project 'SwiftSoup')
cd /Users/admin/builder/spi-builder-workspace/.swiftpm/xcode
builtin-SwiftPerFileCompile HtmlTreeBuilderState.swift
SwiftCompile normal arm64 /Users/admin/builder/spi-builder-workspace/.dependencies/checkouts/SwiftSoup/Sources/LRUCache.swift (in target 'SwiftSoup' from project 'SwiftSoup')
cd /Users/admin/builder/spi-builder-workspace/.swiftpm/xcode
builtin-SwiftPerFileCompile LRUCache.swift
SwiftCompile normal arm64 /Users/admin/builder/spi-builder-workspace/.dependencies/checkouts/SwiftSoup/Sources/Mutex.swift (in target 'SwiftSoup' from project 'SwiftSoup')
cd /Users/admin/builder/spi-builder-workspace/.swiftpm/xcode
builtin-SwiftPerFileCompile Mutex.swift
SwiftCompile normal arm64 /Users/admin/builder/spi-builder-workspace/.dependencies/checkouts/SwiftSoup/Sources/Node.swift (in target 'SwiftSoup' from project 'SwiftSoup')
cd /Users/admin/builder/spi-builder-workspace/.swiftpm/xcode
builtin-SwiftPerFileCompile Node.swift
SwiftCompile normal arm64 /Users/admin/builder/spi-builder-workspace/.dependencies/checkouts/SwiftSoup/Sources/NodeTraversor.swift (in target 'SwiftSoup' from project 'SwiftSoup')
cd /Users/admin/builder/spi-builder-workspace/.swiftpm/xcode
builtin-SwiftPerFileCompile NodeTraversor.swift
SwiftCompile normal arm64 /Users/admin/builder/spi-builder-workspace/.dependencies/checkouts/SwiftSoup/Sources/NodeVisitor.swift (in target 'SwiftSoup' from project 'SwiftSoup')
cd /Users/admin/builder/spi-builder-workspace/.swiftpm/xcode
builtin-SwiftPerFileCompile NodeVisitor.swift
SwiftCompile normal arm64_32 Compiling\ Pattern.swift,\ Profiler.swift,\ QueryParser.swift,\ QueryParserCache.swift,\ SourceRange.swift,\ StreamReader.swift /Users/admin/builder/spi-builder-workspace/.dependencies/checkouts/SwiftSoup/Sources/Pattern.swift /Users/admin/builder/spi-builder-workspace/.dependencies/checkouts/SwiftSoup/Sources/Profiler.swift /Users/admin/builder/spi-builder-workspace/.dependencies/checkouts/SwiftSoup/Sources/QueryParser.swift /Users/admin/builder/spi-builder-workspace/.dependencies/checkouts/SwiftSoup/Sources/QueryParserCache.swift /Users/admin/builder/spi-builder-workspace/.dependencies/checkouts/SwiftSoup/Sources/SourceRange.swift /Users/admin/builder/spi-builder-workspace/.dependencies/checkouts/SwiftSoup/Sources/StreamReader.swift (in target 'SwiftSoup' from project 'SwiftSoup')
SwiftCompile normal arm64_32 /Users/admin/builder/spi-builder-workspace/.dependencies/checkouts/SwiftSoup/Sources/Pattern.swift (in target 'SwiftSoup' from project 'SwiftSoup')
cd /Users/admin/builder/spi-builder-workspace/.swiftpm/xcode
builtin-SwiftPerFileCompile Pattern.swift
SwiftCompile normal arm64_32 /Users/admin/builder/spi-builder-workspace/.dependencies/checkouts/SwiftSoup/Sources/Profiler.swift (in target 'SwiftSoup' from project 'SwiftSoup')
cd /Users/admin/builder/spi-builder-workspace/.swiftpm/xcode
builtin-SwiftPerFileCompile Profiler.swift
SwiftCompile normal arm64_32 /Users/admin/builder/spi-builder-workspace/.dependencies/checkouts/SwiftSoup/Sources/QueryParser.swift (in target 'SwiftSoup' from project 'SwiftSoup')
cd /Users/admin/builder/spi-builder-workspace/.swiftpm/xcode
builtin-SwiftPerFileCompile QueryParser.swift
SwiftCompile normal arm64_32 /Users/admin/builder/spi-builder-workspace/.dependencies/checkouts/SwiftSoup/Sources/QueryParserCache.swift (in target 'SwiftSoup' from project 'SwiftSoup')
cd /Users/admin/builder/spi-builder-workspace/.swiftpm/xcode
builtin-SwiftPerFileCompile QueryParserCache.swift
SwiftCompile normal arm64_32 /Users/admin/builder/spi-builder-workspace/.dependencies/checkouts/SwiftSoup/Sources/SourceRange.swift (in target 'SwiftSoup' from project 'SwiftSoup')
cd /Users/admin/builder/spi-builder-workspace/.swiftpm/xcode
builtin-SwiftPerFileCompile SourceRange.swift
SwiftCompile normal arm64_32 /Users/admin/builder/spi-builder-workspace/.dependencies/checkouts/SwiftSoup/Sources/StreamReader.swift (in target 'SwiftSoup' from project 'SwiftSoup')
cd /Users/admin/builder/spi-builder-workspace/.swiftpm/xcode
builtin-SwiftPerFileCompile StreamReader.swift
SwiftDriverJobDiscovery normal arm64 Compiling DataNode.swift, DebugTrace.swift, Document.swift, DocumentType.swift, Element.swift, ElementQuery.swift (in target 'SwiftSoup' from project 'SwiftSoup')
SwiftCompile normal arm64_32 Compiling\ DataNode.swift,\ DebugTrace.swift,\ Document.swift,\ DocumentType.swift,\ Element.swift,\ ElementQuery.swift /Users/admin/builder/spi-builder-workspace/.dependencies/checkouts/SwiftSoup/Sources/DataNode.swift /Users/admin/builder/spi-builder-workspace/.dependencies/checkouts/SwiftSoup/Sources/DebugTrace.swift /Users/admin/builder/spi-builder-workspace/.dependencies/checkouts/SwiftSoup/Sources/Document.swift /Users/admin/builder/spi-builder-workspace/.dependencies/checkouts/SwiftSoup/Sources/DocumentType.swift /Users/admin/builder/spi-builder-workspace/.dependencies/checkouts/SwiftSoup/Sources/Element.swift /Users/admin/builder/spi-builder-workspace/.dependencies/checkouts/SwiftSoup/Sources/ElementQuery.swift (in target 'SwiftSoup' from project 'SwiftSoup')
SwiftCompile normal arm64_32 /Users/admin/builder/spi-builder-workspace/.dependencies/checkouts/SwiftSoup/Sources/DataNode.swift (in target 'SwiftSoup' from project 'SwiftSoup')
cd /Users/admin/builder/spi-builder-workspace/.swiftpm/xcode
builtin-SwiftPerFileCompile DataNode.swift
SwiftCompile normal arm64_32 /Users/admin/builder/spi-builder-workspace/.dependencies/checkouts/SwiftSoup/Sources/DebugTrace.swift (in target 'SwiftSoup' from project 'SwiftSoup')
cd /Users/admin/builder/spi-builder-workspace/.swiftpm/xcode
builtin-SwiftPerFileCompile DebugTrace.swift
SwiftCompile normal arm64_32 /Users/admin/builder/spi-builder-workspace/.dependencies/checkouts/SwiftSoup/Sources/Document.swift (in target 'SwiftSoup' from project 'SwiftSoup')
cd /Users/admin/builder/spi-builder-workspace/.swiftpm/xcode
builtin-SwiftPerFileCompile Document.swift
SwiftCompile normal arm64_32 /Users/admin/builder/spi-builder-workspace/.dependencies/checkouts/SwiftSoup/Sources/DocumentType.swift (in target 'SwiftSoup' from project 'SwiftSoup')
cd /Users/admin/builder/spi-builder-workspace/.swiftpm/xcode
builtin-SwiftPerFileCompile DocumentType.swift
SwiftCompile normal arm64_32 /Users/admin/builder/spi-builder-workspace/.dependencies/checkouts/SwiftSoup/Sources/Element.swift (in target 'SwiftSoup' from project 'SwiftSoup')
cd /Users/admin/builder/spi-builder-workspace/.swiftpm/xcode
builtin-SwiftPerFileCompile Element.swift
SwiftCompile normal arm64_32 /Users/admin/builder/spi-builder-workspace/.dependencies/checkouts/SwiftSoup/Sources/ElementQuery.swift (in target 'SwiftSoup' from project 'SwiftSoup')
cd /Users/admin/builder/spi-builder-workspace/.swiftpm/xcode
builtin-SwiftPerFileCompile ElementQuery.swift
SwiftDriverJobDiscovery normal arm64 Compiling CharacterReader.swift, Cleaner.swift, Collector.swift, CombiningEvaluator.swift, Comment.swift, CssSelector.swift (in target 'SwiftSoup' from project 'SwiftSoup')
SwiftCompile normal arm64 Compiling\ Attribute.swift,\ Attributes.swift,\ BinarySearch.swift,\ BooleanAttribute.swift,\ ByteSlice.swift,\ CharacterExt.swift /Users/admin/builder/spi-builder-workspace/.dependencies/checkouts/SwiftSoup/Sources/Attribute.swift /Users/admin/builder/spi-builder-workspace/.dependencies/checkouts/SwiftSoup/Sources/Attributes.swift /Users/admin/builder/spi-builder-workspace/.dependencies/checkouts/SwiftSoup/Sources/BinarySearch.swift /Users/admin/builder/spi-builder-workspace/.dependencies/checkouts/SwiftSoup/Sources/BooleanAttribute.swift /Users/admin/builder/spi-builder-workspace/.dependencies/checkouts/SwiftSoup/Sources/ByteSlice.swift /Users/admin/builder/spi-builder-workspace/.dependencies/checkouts/SwiftSoup/Sources/CharacterExt.swift (in target 'SwiftSoup' from project 'SwiftSoup')
SwiftCompile normal arm64 /Users/admin/builder/spi-builder-workspace/.dependencies/checkouts/SwiftSoup/Sources/Attribute.swift (in target 'SwiftSoup' from project 'SwiftSoup')
cd /Users/admin/builder/spi-builder-workspace/.swiftpm/xcode
builtin-SwiftPerFileCompile Attribute.swift
SwiftCompile normal arm64 /Users/admin/builder/spi-builder-workspace/.dependencies/checkouts/SwiftSoup/Sources/Attributes.swift (in target 'SwiftSoup' from project 'SwiftSoup')
cd /Users/admin/builder/spi-builder-workspace/.swiftpm/xcode
builtin-SwiftPerFileCompile Attributes.swift
SwiftCompile normal arm64 /Users/admin/builder/spi-builder-workspace/.dependencies/checkouts/SwiftSoup/Sources/BinarySearch.swift (in target 'SwiftSoup' from project 'SwiftSoup')
cd /Users/admin/builder/spi-builder-workspace/.swiftpm/xcode
builtin-SwiftPerFileCompile BinarySearch.swift
SwiftCompile normal arm64 /Users/admin/builder/spi-builder-workspace/.dependencies/checkouts/SwiftSoup/Sources/BooleanAttribute.swift (in target 'SwiftSoup' from project 'SwiftSoup')
cd /Users/admin/builder/spi-builder-workspace/.swiftpm/xcode
builtin-SwiftPerFileCompile BooleanAttribute.swift
SwiftCompile normal arm64 /Users/admin/builder/spi-builder-workspace/.dependencies/checkouts/SwiftSoup/Sources/ByteSlice.swift (in target 'SwiftSoup' from project 'SwiftSoup')
cd /Users/admin/builder/spi-builder-workspace/.swiftpm/xcode
builtin-SwiftPerFileCompile ByteSlice.swift
SwiftCompile normal arm64 /Users/admin/builder/spi-builder-workspace/.dependencies/checkouts/SwiftSoup/Sources/CharacterExt.swift (in target 'SwiftSoup' from project 'SwiftSoup')
cd /Users/admin/builder/spi-builder-workspace/.swiftpm/xcode
builtin-SwiftPerFileCompile CharacterExt.swift
SwiftDriverJobDiscovery normal arm64_32 Compiling CharacterReader.swift, Cleaner.swift, Collector.swift, CombiningEvaluator.swift, Comment.swift, CssSelector.swift (in target 'SwiftSoup' from project 'SwiftSoup')
SwiftCompile normal arm64_32 Compiling\ Attribute.swift,\ Attributes.swift,\ BinarySearch.swift,\ BooleanAttribute.swift,\ ByteSlice.swift,\ CharacterExt.swift /Users/admin/builder/spi-builder-workspace/.dependencies/checkouts/SwiftSoup/Sources/Attribute.swift /Users/admin/builder/spi-builder-workspace/.dependencies/checkouts/SwiftSoup/Sources/Attributes.swift /Users/admin/builder/spi-builder-workspace/.dependencies/checkouts/SwiftSoup/Sources/BinarySearch.swift /Users/admin/builder/spi-builder-workspace/.dependencies/checkouts/SwiftSoup/Sources/BooleanAttribute.swift /Users/admin/builder/spi-builder-workspace/.dependencies/checkouts/SwiftSoup/Sources/ByteSlice.swift /Users/admin/builder/spi-builder-workspace/.dependencies/checkouts/SwiftSoup/Sources/CharacterExt.swift (in target 'SwiftSoup' from project 'SwiftSoup')
SwiftCompile normal arm64_32 /Users/admin/builder/spi-builder-workspace/.dependencies/checkouts/SwiftSoup/Sources/Attribute.swift (in target 'SwiftSoup' from project 'SwiftSoup')
cd /Users/admin/builder/spi-builder-workspace/.swiftpm/xcode
builtin-SwiftPerFileCompile Attribute.swift
SwiftCompile normal arm64_32 /Users/admin/builder/spi-builder-workspace/.dependencies/checkouts/SwiftSoup/Sources/Attributes.swift (in target 'SwiftSoup' from project 'SwiftSoup')
cd /Users/admin/builder/spi-builder-workspace/.swiftpm/xcode
builtin-SwiftPerFileCompile Attributes.swift
SwiftCompile normal arm64_32 /Users/admin/builder/spi-builder-workspace/.dependencies/checkouts/SwiftSoup/Sources/BinarySearch.swift (in target 'SwiftSoup' from project 'SwiftSoup')
cd /Users/admin/builder/spi-builder-workspace/.swiftpm/xcode
builtin-SwiftPerFileCompile BinarySearch.swift
SwiftCompile normal arm64_32 /Users/admin/builder/spi-builder-workspace/.dependencies/checkouts/SwiftSoup/Sources/BooleanAttribute.swift (in target 'SwiftSoup' from project 'SwiftSoup')
cd /Users/admin/builder/spi-builder-workspace/.swiftpm/xcode
builtin-SwiftPerFileCompile BooleanAttribute.swift
SwiftCompile normal arm64_32 /Users/admin/builder/spi-builder-workspace/.dependencies/checkouts/SwiftSoup/Sources/ByteSlice.swift (in target 'SwiftSoup' from project 'SwiftSoup')
cd /Users/admin/builder/spi-builder-workspace/.swiftpm/xcode
builtin-SwiftPerFileCompile ByteSlice.swift
SwiftCompile normal arm64_32 /Users/admin/builder/spi-builder-workspace/.dependencies/checkouts/SwiftSoup/Sources/CharacterExt.swift (in target 'SwiftSoup' from project 'SwiftSoup')
cd /Users/admin/builder/spi-builder-workspace/.swiftpm/xcode
builtin-SwiftPerFileCompile CharacterExt.swift
SwiftDriverJobDiscovery normal arm64_32 Compiling Pattern.swift, Profiler.swift, QueryParser.swift, QueryParserCache.swift, SourceRange.swift, StreamReader.swift (in target 'SwiftSoup' from project 'SwiftSoup')
SwiftCompile normal arm64 Compiling\ String.swift,\ StringBuilder.swift,\ StringUtil.swift,\ StructuralEvaluator.swift,\ SwiftSoup.swift,\ Tag.swift /Users/admin/builder/spi-builder-workspace/.dependencies/checkouts/SwiftSoup/Sources/String.swift /Users/admin/builder/spi-builder-workspace/.dependencies/checkouts/SwiftSoup/Sources/StringBuilder.swift /Users/admin/builder/spi-builder-workspace/.dependencies/checkouts/SwiftSoup/Sources/StringUtil.swift /Users/admin/builder/spi-builder-workspace/.dependencies/checkouts/SwiftSoup/Sources/StructuralEvaluator.swift /Users/admin/builder/spi-builder-workspace/.dependencies/checkouts/SwiftSoup/Sources/SwiftSoup.swift /Users/admin/builder/spi-builder-workspace/.dependencies/checkouts/SwiftSoup/Sources/Tag.swift (in target 'SwiftSoup' from project 'SwiftSoup')
SwiftCompile normal arm64 /Users/admin/builder/spi-builder-workspace/.dependencies/checkouts/SwiftSoup/Sources/String.swift (in target 'SwiftSoup' from project 'SwiftSoup')
cd /Users/admin/builder/spi-builder-workspace/.swiftpm/xcode
builtin-SwiftPerFileCompile String.swift
SwiftCompile normal arm64 /Users/admin/builder/spi-builder-workspace/.dependencies/checkouts/SwiftSoup/Sources/StringBuilder.swift (in target 'SwiftSoup' from project 'SwiftSoup')
cd /Users/admin/builder/spi-builder-workspace/.swiftpm/xcode
builtin-SwiftPerFileCompile StringBuilder.swift
SwiftCompile normal arm64 /Users/admin/builder/spi-builder-workspace/.dependencies/checkouts/SwiftSoup/Sources/StringUtil.swift (in target 'SwiftSoup' from project 'SwiftSoup')
cd /Users/admin/builder/spi-builder-workspace/.swiftpm/xcode
builtin-SwiftPerFileCompile StringUtil.swift
SwiftCompile normal arm64 /Users/admin/builder/spi-builder-workspace/.dependencies/checkouts/SwiftSoup/Sources/StructuralEvaluator.swift (in target 'SwiftSoup' from project 'SwiftSoup')
cd /Users/admin/builder/spi-builder-workspace/.swiftpm/xcode
builtin-SwiftPerFileCompile StructuralEvaluator.swift
SwiftCompile normal arm64 /Users/admin/builder/spi-builder-workspace/.dependencies/checkouts/SwiftSoup/Sources/SwiftSoup.swift (in target 'SwiftSoup' from project 'SwiftSoup')
cd /Users/admin/builder/spi-builder-workspace/.swiftpm/xcode
builtin-SwiftPerFileCompile SwiftSoup.swift
SwiftCompile normal arm64 /Users/admin/builder/spi-builder-workspace/.dependencies/checkouts/SwiftSoup/Sources/Tag.swift (in target 'SwiftSoup' from project 'SwiftSoup')
cd /Users/admin/builder/spi-builder-workspace/.swiftpm/xcode
builtin-SwiftPerFileCompile Tag.swift
SwiftCompile normal arm64_32 Compiling\ String.swift,\ StringBuilder.swift,\ StringUtil.swift,\ StructuralEvaluator.swift,\ SwiftSoup.swift,\ Tag.swift /Users/admin/builder/spi-builder-workspace/.dependencies/checkouts/SwiftSoup/Sources/String.swift /Users/admin/builder/spi-builder-workspace/.dependencies/checkouts/SwiftSoup/Sources/StringBuilder.swift /Users/admin/builder/spi-builder-workspace/.dependencies/checkouts/SwiftSoup/Sources/StringUtil.swift /Users/admin/builder/spi-builder-workspace/.dependencies/checkouts/SwiftSoup/Sources/StructuralEvaluator.swift /Users/admin/builder/spi-builder-workspace/.dependencies/checkouts/SwiftSoup/Sources/SwiftSoup.swift /Users/admin/builder/spi-builder-workspace/.dependencies/checkouts/SwiftSoup/Sources/Tag.swift (in target 'SwiftSoup' from project 'SwiftSoup')
SwiftCompile normal arm64_32 /Users/admin/builder/spi-builder-workspace/.dependencies/checkouts/SwiftSoup/Sources/String.swift (in target 'SwiftSoup' from project 'SwiftSoup')
cd /Users/admin/builder/spi-builder-workspace/.swiftpm/xcode
builtin-SwiftPerFileCompile String.swift
SwiftCompile normal arm64_32 /Users/admin/builder/spi-builder-workspace/.dependencies/checkouts/SwiftSoup/Sources/StringBuilder.swift (in target 'SwiftSoup' from project 'SwiftSoup')
cd /Users/admin/builder/spi-builder-workspace/.swiftpm/xcode
builtin-SwiftPerFileCompile StringBuilder.swift
SwiftCompile normal arm64_32 /Users/admin/builder/spi-builder-workspace/.dependencies/checkouts/SwiftSoup/Sources/StringUtil.swift (in target 'SwiftSoup' from project 'SwiftSoup')
cd /Users/admin/builder/spi-builder-workspace/.swiftpm/xcode
builtin-SwiftPerFileCompile StringUtil.swift
SwiftCompile normal arm64_32 /Users/admin/builder/spi-builder-workspace/.dependencies/checkouts/SwiftSoup/Sources/StructuralEvaluator.swift (in target 'SwiftSoup' from project 'SwiftSoup')
cd /Users/admin/builder/spi-builder-workspace/.swiftpm/xcode
builtin-SwiftPerFileCompile StructuralEvaluator.swift
SwiftCompile normal arm64_32 /Users/admin/builder/spi-builder-workspace/.dependencies/checkouts/SwiftSoup/Sources/SwiftSoup.swift (in target 'SwiftSoup' from project 'SwiftSoup')
cd /Users/admin/builder/spi-builder-workspace/.swiftpm/xcode
builtin-SwiftPerFileCompile SwiftSoup.swift
SwiftCompile normal arm64_32 /Users/admin/builder/spi-builder-workspace/.dependencies/checkouts/SwiftSoup/Sources/Tag.swift (in target 'SwiftSoup' from project 'SwiftSoup')
cd /Users/admin/builder/spi-builder-workspace/.swiftpm/xcode
builtin-SwiftPerFileCompile Tag.swift
SwiftDriverJobDiscovery normal arm64_32 Compiling Elements.swift, Entities.swift, Evaluator.swift, Exception.swift, FormElement.swift, HtmlTreeBuilder.swift (in target 'SwiftSoup' from project 'SwiftSoup')
SwiftCompile normal arm64_32 Compiling\ UTF8Arrays.swift,\ UnicodeScalar.swift,\ Validate.swift,\ Whitelist.swift,\ XmlDeclaration.swift,\ XmlTreeBuilder.swift /Users/admin/builder/spi-builder-workspace/.dependencies/checkouts/SwiftSoup/Sources/UTF8Arrays.swift /Users/admin/builder/spi-builder-workspace/.dependencies/checkouts/SwiftSoup/Sources/UnicodeScalar.swift /Users/admin/builder/spi-builder-workspace/.dependencies/checkouts/SwiftSoup/Sources/Validate.swift /Users/admin/builder/spi-builder-workspace/.dependencies/checkouts/SwiftSoup/Sources/Whitelist.swift /Users/admin/builder/spi-builder-workspace/.dependencies/checkouts/SwiftSoup/Sources/XmlDeclaration.swift /Users/admin/builder/spi-builder-workspace/.dependencies/checkouts/SwiftSoup/Sources/XmlTreeBuilder.swift (in target 'SwiftSoup' from project 'SwiftSoup')
SwiftCompile normal arm64_32 /Users/admin/builder/spi-builder-workspace/.dependencies/checkouts/SwiftSoup/Sources/UTF8Arrays.swift (in target 'SwiftSoup' from project 'SwiftSoup')
cd /Users/admin/builder/spi-builder-workspace/.swiftpm/xcode
builtin-SwiftPerFileCompile UTF8Arrays.swift
SwiftCompile normal arm64_32 /Users/admin/builder/spi-builder-workspace/.dependencies/checkouts/SwiftSoup/Sources/UnicodeScalar.swift (in target 'SwiftSoup' from project 'SwiftSoup')
cd /Users/admin/builder/spi-builder-workspace/.swiftpm/xcode
builtin-SwiftPerFileCompile UnicodeScalar.swift
SwiftCompile normal arm64_32 /Users/admin/builder/spi-builder-workspace/.dependencies/checkouts/SwiftSoup/Sources/Validate.swift (in target 'SwiftSoup' from project 'SwiftSoup')
cd /Users/admin/builder/spi-builder-workspace/.swiftpm/xcode
builtin-SwiftPerFileCompile Validate.swift
SwiftCompile normal arm64_32 /Users/admin/builder/spi-builder-workspace/.dependencies/checkouts/SwiftSoup/Sources/Whitelist.swift (in target 'SwiftSoup' from project 'SwiftSoup')
cd /Users/admin/builder/spi-builder-workspace/.swiftpm/xcode
builtin-SwiftPerFileCompile Whitelist.swift
SwiftCompile normal arm64_32 /Users/admin/builder/spi-builder-workspace/.dependencies/checkouts/SwiftSoup/Sources/XmlDeclaration.swift (in target 'SwiftSoup' from project 'SwiftSoup')
cd /Users/admin/builder/spi-builder-workspace/.swiftpm/xcode
builtin-SwiftPerFileCompile XmlDeclaration.swift
SwiftCompile normal arm64_32 /Users/admin/builder/spi-builder-workspace/.dependencies/checkouts/SwiftSoup/Sources/XmlTreeBuilder.swift (in target 'SwiftSoup' from project 'SwiftSoup')
cd /Users/admin/builder/spi-builder-workspace/.swiftpm/xcode
builtin-SwiftPerFileCompile XmlTreeBuilder.swift
SwiftDriverJobDiscovery normal arm64_32 Compiling OrderedSet.swift, ParseError.swift, ParseErrorList.swift, ParseSettings.swift, Parser.swift, ParsingStrings.swift (in target 'SwiftSoup' from project 'SwiftSoup')
SwiftCompile normal arm64 Compiling\ Queryable.swift /Users/admin/builder/spi-builder-workspace/.dependencies/checkouts/Fuzi/Sources/Queryable.swift (in target 'Fuzi' from project 'Fuzi')
SwiftCompile normal arm64 /Users/admin/builder/spi-builder-workspace/.dependencies/checkouts/Fuzi/Sources/Queryable.swift (in target 'Fuzi' from project 'Fuzi')
cd /Users/admin/builder/spi-builder-workspace/.swiftpm/xcode
builtin-SwiftPerFileCompile Queryable.swift
SwiftDriverJobDiscovery normal arm64 Compiling TextNode.swift, Token.swift, TokenQueue.swift, Tokeniser.swift, TokeniserState.swift, TreeBuilder.swift (in target 'SwiftSoup' from project 'SwiftSoup')
SwiftCompile normal arm64 Compiling\ Element.swift /Users/admin/builder/spi-builder-workspace/.dependencies/checkouts/Fuzi/Sources/Element.swift (in target 'Fuzi' from project 'Fuzi')
SwiftCompile normal arm64 /Users/admin/builder/spi-builder-workspace/.dependencies/checkouts/Fuzi/Sources/Element.swift (in target 'Fuzi' from project 'Fuzi')
cd /Users/admin/builder/spi-builder-workspace/.swiftpm/xcode
builtin-SwiftPerFileCompile Element.swift
SwiftDriverJobDiscovery normal arm64 Compiling Elements.swift, Entities.swift, Evaluator.swift, Exception.swift, FormElement.swift, HtmlTreeBuilder.swift (in target 'SwiftSoup' from project 'SwiftSoup')
SwiftCompile normal arm64 Compiling\ Node.swift /Users/admin/builder/spi-builder-workspace/.dependencies/checkouts/Fuzi/Sources/Node.swift (in target 'Fuzi' from project 'Fuzi')
SwiftCompile normal arm64 /Users/admin/builder/spi-builder-workspace/.dependencies/checkouts/Fuzi/Sources/Node.swift (in target 'Fuzi' from project 'Fuzi')
cd /Users/admin/builder/spi-builder-workspace/.swiftpm/xcode
builtin-SwiftPerFileCompile Node.swift
SwiftDriverJobDiscovery normal arm64 Compiling Element.swift (in target 'Fuzi' from project 'Fuzi')
SwiftDriver\ Compilation Fuzi normal arm64_32 com.apple.xcode.tools.swift.compiler (in target 'Fuzi' from project 'Fuzi')
cd /Users/admin/builder/spi-builder-workspace/.swiftpm/xcode
builtin-Swift-Compilation -- /Applications/Xcode-27.0.0-Release.Candidate.app/Contents/Developer/Toolchains/XcodeDefault.xctoolchain/usr/bin/swiftc -parse-as-library -module-name Fuzi -Onone @/Users/admin/builder/spi-builder-workspace/.derivedData/Build/Intermediates.noindex/Fuzi.build/Debug-watchos/Fuzi-t.build/Objects-normal/arm64_32/Fuzi.SwiftFileList -DSWIFT_PACKAGE -DDEBUG -DSWIFT_MODULE_RESOURCE_BUNDLE_UNAVAILABLE -DXcode -plugin-path /Applications/Xcode-27.0.0-Release.Candidate.app/Contents/Developer/Toolchains/XcodeDefault.xctoolchain/usr/lib/swift/host/plugins/testing -enable-experimental-feature DebugDescriptionMacro -sdk /Applications/Xcode-27.0.0-Release.Candidate.app/Contents/Developer/Platforms/WatchOS.platform/Developer/SDKs/WatchOS27.0.sdk -target arm64_32-apple-watchos9.0 -g -module-cache-path /Users/admin/builder/spi-builder-workspace/.derivedData/ModuleCache.noindex -Xfrontend -serialize-debugging-options -profile-coverage-mapping -profile-generate -enable-testing -suppress-warnings -index-store-path /Users/admin/builder/spi-builder-workspace/.derivedData/Index.noindex/DataStore -Xcc -D_LIBCPP_HARDENING_MODE\=_LIBCPP_HARDENING_MODE_DEBUG -swift-version 5 -I /Users/admin/builder/spi-builder-workspace/.derivedData/Build/Products/Debug-watchos -Isystem /Applications/Xcode-27.0.0-Release.Candidate.app/Contents/Developer/Platforms/WatchOS.platform/Developer/usr/lib -F /Users/admin/builder/spi-builder-workspace/.derivedData/Build/Products/Debug-watchos -F /Applications/Xcode-27.0.0-Release.Candidate.app/Contents/Developer/Platforms/WatchOS.platform/Developer/Library/Frameworks -F /Applications/Xcode-27.0.0-Release.Candidate.app/Contents/Developer/Platforms/WatchOS.platform/Developer/SDKs/WatchOS27.0.sdk/Developer/Library/Frameworks -c -j10 -enable-batch-mode -incremental -Xcc -ivfsstatcache -Xcc /Users/admin/builder/spi-builder-workspace/.derivedData/SDKStatCaches.noindex/watchos27.0-24R360-e829b21a6f8c9b70876ba0858053c04477534ef55a1706bf4c1112bbb242f0a2.sdkstatcache -output-file-map /Users/admin/builder/spi-builder-workspace/.derivedData/Build/Intermediates.noindex/Fuzi.build/Debug-watchos/Fuzi-t.build/Objects-normal/arm64_32/Fuzi-OutputFileMap.json -save-temps -no-color-diagnostics -explicit-module-build -module-cache-path /Users/admin/builder/spi-builder-workspace/.derivedData/Build/Intermediates.noindex/SwiftExplicitPrecompiledModules -clang-scanner-module-cache-path /Users/admin/builder/spi-builder-workspace/.derivedData/ModuleCache.noindex -sdk-module-cache-path /Users/admin/builder/spi-builder-workspace/.derivedData/SDKExplicitPrecompiledModules -emit-dependencies -emit-module -emit-module-path /Users/admin/builder/spi-builder-workspace/.derivedData/Build/Intermediates.noindex/Fuzi.build/Debug-watchos/Fuzi-t.build/Objects-normal/arm64_32/Fuzi.swiftmodule -serialize-diagnostics -dependency-scan-serialize-diagnostics-path /Users/admin/builder/spi-builder-workspace/.derivedData/Build/Intermediates.noindex/Fuzi.build/Debug-watchos/Fuzi-t.build/Objects-normal/arm64_32/Fuzi-dependency-scan.dia -validate-clang-modules-once -clang-build-session-file /Users/admin/builder/spi-builder-workspace/.derivedData/ModuleCache.noindex/Session.modulevalidation -Xcc -fmodules-prune-interval\=86400 -Xcc -fmodules-prune-after\=345600 -emit-const-values -const-gather-protocols-list /Users/admin/builder/spi-builder-workspace/.derivedData/Build/Intermediates.noindex/Fuzi.build/Debug-watchos/Fuzi-t.build/Objects-normal/arm64_32/Fuzi_const_extract_protocols.json -Xcc -I/Users/admin/builder/spi-builder-workspace/.derivedData/Build/Products/Debug-watchos/include -Xcc -I/Users/admin/builder/spi-builder-workspace/.derivedData/Build/Intermediates.noindex/Fuzi.build/Debug-watchos/Fuzi-t.build/DerivedSources-normal/arm64_32 -Xcc -I/Users/admin/builder/spi-builder-workspace/.derivedData/Build/Intermediates.noindex/Fuzi.build/Debug-watchos/Fuzi-t.build/DerivedSources/arm64_32 -Xcc -I/Users/admin/builder/spi-builder-workspace/.derivedData/Build/Intermediates.noindex/Fuzi.build/Debug-watchos/Fuzi-t.build/DerivedSources -Xcc -DSWIFT_PACKAGE -Xcc -DDEBUG\=1 -emit-objc-header -emit-objc-header-path /Users/admin/builder/spi-builder-workspace/.derivedData/Build/Intermediates.noindex/Fuzi.build/Debug-watchos/Fuzi-t.build/Objects-normal/arm64_32/Fuzi-Swift.h -working-directory /Users/admin/builder/spi-builder-workspace/.swiftpm/xcode -experimental-emit-module-separately -disable-cmo
SwiftDriverJobDiscovery normal arm64 Compiling Attribute.swift, Attributes.swift, BinarySearch.swift, BooleanAttribute.swift, ByteSlice.swift, CharacterExt.swift (in target 'SwiftSoup' from project 'SwiftSoup')
SwiftCompile normal arm64 Compiling\ Error.swift /Users/admin/builder/spi-builder-workspace/.dependencies/checkouts/Fuzi/Sources/Error.swift (in target 'Fuzi' from project 'Fuzi')
SwiftCompile normal arm64 /Users/admin/builder/spi-builder-workspace/.dependencies/checkouts/Fuzi/Sources/Error.swift (in target 'Fuzi' from project 'Fuzi')
cd /Users/admin/builder/spi-builder-workspace/.swiftpm/xcode
builtin-SwiftPerFileCompile Error.swift
SwiftDriverJobDiscovery normal arm64 Compiling Queryable.swift (in target 'Fuzi' from project 'Fuzi')
SwiftCompile normal arm64 Compiling\ Document.swift /Users/admin/builder/spi-builder-workspace/.dependencies/checkouts/Fuzi/Sources/Document.swift (in target 'Fuzi' from project 'Fuzi')
SwiftCompile normal arm64 /Users/admin/builder/spi-builder-workspace/.dependencies/checkouts/Fuzi/Sources/Document.swift (in target 'Fuzi' from project 'Fuzi')
cd /Users/admin/builder/spi-builder-workspace/.swiftpm/xcode
builtin-SwiftPerFileCompile Document.swift
SwiftDriverJobDiscovery normal arm64_32 Compiling Attribute.swift, Attributes.swift, BinarySearch.swift, BooleanAttribute.swift, ByteSlice.swift, CharacterExt.swift (in target 'SwiftSoup' from project 'SwiftSoup')
SwiftCompile normal arm64 Compiling\ NodeSet.swift /Users/admin/builder/spi-builder-workspace/.dependencies/checkouts/Fuzi/Sources/NodeSet.swift (in target 'Fuzi' from project 'Fuzi')
SwiftCompile normal arm64 /Users/admin/builder/spi-builder-workspace/.dependencies/checkouts/Fuzi/Sources/NodeSet.swift (in target 'Fuzi' from project 'Fuzi')
cd /Users/admin/builder/spi-builder-workspace/.swiftpm/xcode
builtin-SwiftPerFileCompile NodeSet.swift
SwiftDriverJobDiscovery normal arm64 Compiling Error.swift (in target 'Fuzi' from project 'Fuzi')
SwiftCompile normal arm64 Compiling\ Helpers.swift /Users/admin/builder/spi-builder-workspace/.dependencies/checkouts/Fuzi/Sources/Helpers.swift (in target 'Fuzi' from project 'Fuzi')
SwiftCompile normal arm64 /Users/admin/builder/spi-builder-workspace/.dependencies/checkouts/Fuzi/Sources/Helpers.swift (in target 'Fuzi' from project 'Fuzi')
cd /Users/admin/builder/spi-builder-workspace/.swiftpm/xcode
builtin-SwiftPerFileCompile Helpers.swift
SwiftDriverJobDiscovery normal arm64 Compiling Node.swift (in target 'Fuzi' from project 'Fuzi')
Ld /Users/admin/builder/spi-builder-workspace/.derivedData/Build/Intermediates.noindex/Fuzi.build/Debug-watchos/Fuzi-t.build/Objects-normal/arm64_32/Binary/Fuzi.o normal arm64_32 (in target 'Fuzi' from project 'Fuzi')
cd /Users/admin/builder/spi-builder-workspace/.dependencies/checkouts/Fuzi
/Applications/Xcode-27.0.0-Release.Candidate.app/Contents/Developer/Toolchains/XcodeDefault.xctoolchain/usr/bin/clang -Xlinker -reproducible -target arm64_32-apple-watchos9.0 -r -isysroot /Applications/Xcode-27.0.0-Release.Candidate.app/Contents/Developer/Platforms/WatchOS.platform/Developer/SDKs/WatchOS27.0.sdk -O0 -w -Xlinker -no_warn_duplicate_libraries -F/Users/admin/builder/spi-builder-workspace/.derivedData/Build/Intermediates.noindex/EagerLinkingTBDs/Debug-watchos -F/Users/admin/builder/spi-builder-workspace/.derivedData/Build/Products/Debug-watchos -iframework /Applications/Xcode-27.0.0-Release.Candidate.app/Contents/Developer/Platforms/WatchOS.platform/Developer/Library/Frameworks -iframework /Applications/Xcode-27.0.0-Release.Candidate.app/Contents/Developer/Platforms/WatchOS.platform/Developer/SDKs/WatchOS27.0.sdk/Developer/Library/Frameworks -filelist /Users/admin/builder/spi-builder-workspace/.derivedData/Build/Intermediates.noindex/Fuzi.build/Debug-watchos/Fuzi-t.build/Objects-normal/arm64_32/Fuzi.LinkFileList -nostdlib -Xlinker -object_path_lto -Xlinker /Users/admin/builder/spi-builder-workspace/.derivedData/Build/Intermediates.noindex/Fuzi.build/Debug-watchos/Fuzi-t.build/Objects-normal/arm64_32/Fuzi_lto.o -Xlinker -no_deduplicate -Xlinker -debug_variant -Xlinker -dependency_info -Xlinker /Users/admin/builder/spi-builder-workspace/.derivedData/Build/Intermediates.noindex/Fuzi.build/Debug-watchos/Fuzi-t.build/Objects-normal/arm64_32/Fuzi_dependency_info.dat -fobjc-link-runtime -L/Applications/Xcode-27.0.0-Release.Candidate.app/Contents/Developer/Toolchains/XcodeDefault.xctoolchain/usr/lib/swift/watchos -L/usr/lib/swift -Xlinker -add_ast_path -Xlinker /Users/admin/builder/spi-builder-workspace/.derivedData/Build/Intermediates.noindex/Fuzi.build/Debug-watchos/Fuzi-t.build/Objects-normal/arm64_32/Fuzi.swiftmodule -o /Users/admin/builder/spi-builder-workspace/.derivedData/Build/Intermediates.noindex/Fuzi.build/Debug-watchos/Fuzi-t.build/Objects-normal/arm64_32/Binary/Fuzi.o
SwiftDriverJobDiscovery normal arm64_32 Compiling TextNode.swift, Token.swift, TokenQueue.swift, Tokeniser.swift, TokeniserState.swift, TreeBuilder.swift (in target 'SwiftSoup' from project 'SwiftSoup')
SwiftDriver Reeeed normal arm64 com.apple.xcode.tools.swift.compiler (in target 'Reeeed' from project 'Reeeed')
cd /Users/admin/builder/spi-builder-workspace/.swiftpm/xcode
builtin-SwiftDriver -- /Applications/Xcode-27.0.0-Release.Candidate.app/Contents/Developer/Toolchains/XcodeDefault.xctoolchain/usr/bin/swiftc -parse-as-library -module-name Reeeed -Onone @/Users/admin/builder/spi-builder-workspace/.derivedData/Build/Intermediates.noindex/Reeeed.build/Debug-watchos/Reeeed-t.build/Objects-normal/arm64/Reeeed.SwiftFileList -DSWIFT_PACKAGE -DDEBUG -DSWIFT_MODULE_RESOURCE_BUNDLE_AVAILABLE -DXcode -plugin-path /Applications/Xcode-27.0.0-Release.Candidate.app/Contents/Developer/Toolchains/XcodeDefault.xctoolchain/usr/lib/swift/host/plugins/testing -enable-experimental-feature DebugDescriptionMacro -sdk /Applications/Xcode-27.0.0-Release.Candidate.app/Contents/Developer/Platforms/WatchOS.platform/Developer/SDKs/WatchOS27.0.sdk -target arm64-apple-watchos9.0 -g -module-cache-path /Users/admin/builder/spi-builder-workspace/.derivedData/ModuleCache.noindex -Xfrontend -serialize-debugging-options -profile-coverage-mapping -profile-generate -enable-testing -index-store-path /Users/admin/builder/spi-builder-workspace/.derivedData/Index.noindex/DataStore -Xcc -D_LIBCPP_HARDENING_MODE\=_LIBCPP_HARDENING_MODE_DEBUG -swift-version 5 -I /Users/admin/builder/spi-builder-workspace/.derivedData/Build/Products/Debug-watchos -Isystem /Applications/Xcode-27.0.0-Release.Candidate.app/Contents/Developer/Platforms/WatchOS.platform/Developer/usr/lib -F /Users/admin/builder/spi-builder-workspace/.derivedData/Build/Products/Debug-watchos/PackageFrameworks -F /Users/admin/builder/spi-builder-workspace/.derivedData/Build/Products/Debug-watchos -F /Applications/Xcode-27.0.0-Release.Candidate.app/Contents/Developer/Platforms/WatchOS.platform/Developer/Library/Frameworks -F /Applications/Xcode-27.0.0-Release.Candidate.app/Contents/Developer/Platforms/WatchOS.platform/Developer/SDKs/WatchOS27.0.sdk/Developer/Library/Frameworks -c -j10 -enable-batch-mode -incremental -Xcc -ivfsstatcache -Xcc /Users/admin/builder/spi-builder-workspace/.derivedData/SDKStatCaches.noindex/watchos27.0-24R360-e829b21a6f8c9b70876ba0858053c04477534ef55a1706bf4c1112bbb242f0a2.sdkstatcache -output-file-map /Users/admin/builder/spi-builder-workspace/.derivedData/Build/Intermediates.noindex/Reeeed.build/Debug-watchos/Reeeed-t.build/Objects-normal/arm64/Reeeed-OutputFileMap.json -save-temps -no-color-diagnostics -explicit-module-build -module-cache-path /Users/admin/builder/spi-builder-workspace/.derivedData/Build/Intermediates.noindex/SwiftExplicitPrecompiledModules -clang-scanner-module-cache-path /Users/admin/builder/spi-builder-workspace/.derivedData/ModuleCache.noindex -sdk-module-cache-path /Users/admin/builder/spi-builder-workspace/.derivedData/SDKExplicitPrecompiledModules -emit-dependencies -emit-module -emit-module-path /Users/admin/builder/spi-builder-workspace/.derivedData/Build/Intermediates.noindex/Reeeed.build/Debug-watchos/Reeeed-t.build/Objects-normal/arm64/Reeeed.swiftmodule -serialize-diagnostics -dependency-scan-serialize-diagnostics-path /Users/admin/builder/spi-builder-workspace/.derivedData/Build/Intermediates.noindex/Reeeed.build/Debug-watchos/Reeeed-t.build/Objects-normal/arm64/Reeeed-dependency-scan.dia -validate-clang-modules-once -clang-build-session-file /Users/admin/builder/spi-builder-workspace/.derivedData/ModuleCache.noindex/Session.modulevalidation -Xcc -fmodules-prune-interval\=86400 -Xcc -fmodules-prune-after\=345600 -emit-const-values -const-gather-protocols-list /Users/admin/builder/spi-builder-workspace/.derivedData/Build/Intermediates.noindex/Reeeed.build/Debug-watchos/Reeeed-t.build/Objects-normal/arm64/Reeeed_const_extract_protocols.json -Xcc -I/Users/admin/builder/spi-builder-workspace/.derivedData/Build/Products/Debug-watchos/include -Xcc -I/Users/admin/builder/spi-builder-workspace/.derivedData/Build/Intermediates.noindex/Reeeed.build/Debug-watchos/Reeeed-t.build/DerivedSources-normal/arm64 -Xcc -I/Users/admin/builder/spi-builder-workspace/.derivedData/Build/Intermediates.noindex/Reeeed.build/Debug-watchos/Reeeed-t.build/DerivedSources/arm64 -Xcc -I/Users/admin/builder/spi-builder-workspace/.derivedData/Build/Intermediates.noindex/Reeeed.build/Debug-watchos/Reeeed-t.build/DerivedSources -Xcc -DSWIFT_PACKAGE -Xcc -DDEBUG\=1 -emit-objc-header -emit-objc-header-path /Users/admin/builder/spi-builder-workspace/.derivedData/Build/Intermediates.noindex/Reeeed.build/Debug-watchos/Reeeed-t.build/Objects-normal/arm64/Reeeed-Swift.h -working-directory /Users/admin/builder/spi-builder-workspace/.swiftpm/xcode -experimental-emit-module-separately -disable-cmo
error: Clang dependency scanning failure: (in target 'Reeeed' from project 'Reeeed')
/Users/admin/builder/spi-builder-workspace/Sources/Reeeed/Extraction/ArticleContentExtraction.swift:2:8: error: Unable to resolve module dependency: 'WebKit' (in target 'Reeeed' from project 'Reeeed')
note: A dependency of main module 'Reeeed'
/Users/admin/builder/spi-builder-workspace/Sources/Reeeed/Extraction/MercuryExtractor.swift:2:8: note: Also imported here
/Users/admin/builder/spi-builder-workspace/Sources/Reeeed/Extraction/ReadabilityExtractor.swift:2:8: note: Also imported here
/Users/admin/builder/spi-builder-workspace/Sources/Reeeed/Utils/WebView/WebContent.swift:2:8: note: Also imported here
/Users/admin/builder/spi-builder-workspace/Sources/Reeeed/Utils/WebView/WebView.swift:1:8: note: Also imported here
/Users/admin/builder/spi-builder-workspace/Sources/Reeeed/Extraction/ArticleContentExtraction.swift:2:8: note: A dependency of main module 'Reeeed'
import WebKit
^ (in target 'Reeeed' from project 'Reeeed')
/Users/admin/builder/spi-builder-workspace/Sources/Reeeed/Extraction/MercuryExtractor.swift:2:8: note: Also imported here
import WebKit
^ (in target 'Reeeed' from project 'Reeeed')
/Users/admin/builder/spi-builder-workspace/Sources/Reeeed/Extraction/ReadabilityExtractor.swift:2:8: note: Also imported here
import WebKit
^ (in target 'Reeeed' from project 'Reeeed')
/Users/admin/builder/spi-builder-workspace/Sources/Reeeed/Utils/WebView/WebContent.swift:2:8: note: Also imported here
import WebKit
^ (in target 'Reeeed' from project 'Reeeed')
/Users/admin/builder/spi-builder-workspace/Sources/Reeeed/Utils/WebView/WebView.swift:1:8: note: Also imported here
import WebKit
^ (in target 'Reeeed' from project 'Reeeed')
SwiftDriver Reeeed normal arm64_32 com.apple.xcode.tools.swift.compiler (in target 'Reeeed' from project 'Reeeed')
cd /Users/admin/builder/spi-builder-workspace/.swiftpm/xcode
builtin-SwiftDriver -- /Applications/Xcode-27.0.0-Release.Candidate.app/Contents/Developer/Toolchains/XcodeDefault.xctoolchain/usr/bin/swiftc -parse-as-library -module-name Reeeed -Onone @/Users/admin/builder/spi-builder-workspace/.derivedData/Build/Intermediates.noindex/Reeeed.build/Debug-watchos/Reeeed-t.build/Objects-normal/arm64_32/Reeeed.SwiftFileList -DSWIFT_PACKAGE -DDEBUG -DSWIFT_MODULE_RESOURCE_BUNDLE_AVAILABLE -DXcode -plugin-path /Applications/Xcode-27.0.0-Release.Candidate.app/Contents/Developer/Toolchains/XcodeDefault.xctoolchain/usr/lib/swift/host/plugins/testing -enable-experimental-feature DebugDescriptionMacro -sdk /Applications/Xcode-27.0.0-Release.Candidate.app/Contents/Developer/Platforms/WatchOS.platform/Developer/SDKs/WatchOS27.0.sdk -target arm64_32-apple-watchos9.0 -g -module-cache-path /Users/admin/builder/spi-builder-workspace/.derivedData/ModuleCache.noindex -Xfrontend -serialize-debugging-options -profile-coverage-mapping -profile-generate -enable-testing -index-store-path /Users/admin/builder/spi-builder-workspace/.derivedData/Index.noindex/DataStore -Xcc -D_LIBCPP_HARDENING_MODE\=_LIBCPP_HARDENING_MODE_DEBUG -swift-version 5 -I /Users/admin/builder/spi-builder-workspace/.derivedData/Build/Products/Debug-watchos -Isystem /Applications/Xcode-27.0.0-Release.Candidate.app/Contents/Developer/Platforms/WatchOS.platform/Developer/usr/lib -F /Users/admin/builder/spi-builder-workspace/.derivedData/Build/Products/Debug-watchos/PackageFrameworks -F /Users/admin/builder/spi-builder-workspace/.derivedData/Build/Products/Debug-watchos -F /Applications/Xcode-27.0.0-Release.Candidate.app/Contents/Developer/Platforms/WatchOS.platform/Developer/Library/Frameworks -F /Applications/Xcode-27.0.0-Release.Candidate.app/Contents/Developer/Platforms/WatchOS.platform/Developer/SDKs/WatchOS27.0.sdk/Developer/Library/Frameworks -c -j10 -enable-batch-mode -incremental -Xcc -ivfsstatcache -Xcc /Users/admin/builder/spi-builder-workspace/.derivedData/SDKStatCaches.noindex/watchos27.0-24R360-e829b21a6f8c9b70876ba0858053c04477534ef55a1706bf4c1112bbb242f0a2.sdkstatcache -output-file-map /Users/admin/builder/spi-builder-workspace/.derivedData/Build/Intermediates.noindex/Reeeed.build/Debug-watchos/Reeeed-t.build/Objects-normal/arm64_32/Reeeed-OutputFileMap.json -save-temps -no-color-diagnostics -explicit-module-build -module-cache-path /Users/admin/builder/spi-builder-workspace/.derivedData/Build/Intermediates.noindex/SwiftExplicitPrecompiledModules -clang-scanner-module-cache-path /Users/admin/builder/spi-builder-workspace/.derivedData/ModuleCache.noindex -sdk-module-cache-path /Users/admin/builder/spi-builder-workspace/.derivedData/SDKExplicitPrecompiledModules -emit-dependencies -emit-module -emit-module-path /Users/admin/builder/spi-builder-workspace/.derivedData/Build/Intermediates.noindex/Reeeed.build/Debug-watchos/Reeeed-t.build/Objects-normal/arm64_32/Reeeed.swiftmodule -serialize-diagnostics -dependency-scan-serialize-diagnostics-path /Users/admin/builder/spi-builder-workspace/.derivedData/Build/Intermediates.noindex/Reeeed.build/Debug-watchos/Reeeed-t.build/Objects-normal/arm64_32/Reeeed-dependency-scan.dia -validate-clang-modules-once -clang-build-session-file /Users/admin/builder/spi-builder-workspace/.derivedData/ModuleCache.noindex/Session.modulevalidation -Xcc -fmodules-prune-interval\=86400 -Xcc -fmodules-prune-after\=345600 -emit-const-values -const-gather-protocols-list /Users/admin/builder/spi-builder-workspace/.derivedData/Build/Intermediates.noindex/Reeeed.build/Debug-watchos/Reeeed-t.build/Objects-normal/arm64_32/Reeeed_const_extract_protocols.json -Xcc -I/Users/admin/builder/spi-builder-workspace/.derivedData/Build/Products/Debug-watchos/include -Xcc -I/Users/admin/builder/spi-builder-workspace/.derivedData/Build/Intermediates.noindex/Reeeed.build/Debug-watchos/Reeeed-t.build/DerivedSources-normal/arm64_32 -Xcc -I/Users/admin/builder/spi-builder-workspace/.derivedData/Build/Intermediates.noindex/Reeeed.build/Debug-watchos/Reeeed-t.build/DerivedSources/arm64_32 -Xcc -I/Users/admin/builder/spi-builder-workspace/.derivedData/Build/Intermediates.noindex/Reeeed.build/Debug-watchos/Reeeed-t.build/DerivedSources -Xcc -DSWIFT_PACKAGE -Xcc -DDEBUG\=1 -emit-objc-header -emit-objc-header-path /Users/admin/builder/spi-builder-workspace/.derivedData/Build/Intermediates.noindex/Reeeed.build/Debug-watchos/Reeeed-t.build/Objects-normal/arm64_32/Reeeed-Swift.h -working-directory /Users/admin/builder/spi-builder-workspace/.swiftpm/xcode -experimental-emit-module-separately -disable-cmo
/Users/admin/builder/spi-builder-workspace/Sources/Reeeed/Extraction/ArticleContentExtraction.swift:2:8: error: Unable to resolve module dependency: 'WebKit' (in target 'Reeeed' from project 'Reeeed')
note: A dependency of main module 'Reeeed'
/Users/admin/builder/spi-builder-workspace/Sources/Reeeed/Extraction/MercuryExtractor.swift:2:8: note: Also imported here
/Users/admin/builder/spi-builder-workspace/Sources/Reeeed/Extraction/ReadabilityExtractor.swift:2:8: note: Also imported here
/Users/admin/builder/spi-builder-workspace/Sources/Reeeed/Utils/WebView/WebContent.swift:2:8: note: Also imported here
/Users/admin/builder/spi-builder-workspace/Sources/Reeeed/Utils/WebView/WebView.swift:1:8: note: Also imported here
/Users/admin/builder/spi-builder-workspace/Sources/Reeeed/Extraction/ArticleContentExtraction.swift:2:8: note: A dependency of main module 'Reeeed'
import WebKit
^ (in target 'Reeeed' from project 'Reeeed')
/Users/admin/builder/spi-builder-workspace/Sources/Reeeed/Extraction/MercuryExtractor.swift:2:8: note: Also imported here
import WebKit
^ (in target 'Reeeed' from project 'Reeeed')
/Users/admin/builder/spi-builder-workspace/Sources/Reeeed/Extraction/ReadabilityExtractor.swift:2:8: note: Also imported here
import WebKit
^ (in target 'Reeeed' from project 'Reeeed')
/Users/admin/builder/spi-builder-workspace/Sources/Reeeed/Utils/WebView/WebContent.swift:2:8: note: Also imported here
import WebKit
^ (in target 'Reeeed' from project 'Reeeed')
/Users/admin/builder/spi-builder-workspace/Sources/Reeeed/Utils/WebView/WebView.swift:1:8: note: Also imported here
import WebKit
^ (in target 'Reeeed' from project 'Reeeed')
SwiftDriverJobDiscovery normal arm64 Compiling Document.swift (in target 'Fuzi' from project 'Fuzi')
SwiftDriverJobDiscovery normal arm64 Compiling NodeSet.swift (in target 'Fuzi' from project 'Fuzi')
SwiftDriverJobDiscovery normal arm64 Compiling Helpers.swift (in target 'Fuzi' from project 'Fuzi')
SwiftDriver\ Compilation Fuzi normal arm64 com.apple.xcode.tools.swift.compiler (in target 'Fuzi' from project 'Fuzi')
cd /Users/admin/builder/spi-builder-workspace/.swiftpm/xcode
builtin-Swift-Compilation -- /Applications/Xcode-27.0.0-Release.Candidate.app/Contents/Developer/Toolchains/XcodeDefault.xctoolchain/usr/bin/swiftc -parse-as-library -module-name Fuzi -Onone @/Users/admin/builder/spi-builder-workspace/.derivedData/Build/Intermediates.noindex/Fuzi.build/Debug-watchos/Fuzi-t.build/Objects-normal/arm64/Fuzi.SwiftFileList -DSWIFT_PACKAGE -DDEBUG -DSWIFT_MODULE_RESOURCE_BUNDLE_UNAVAILABLE -DXcode -plugin-path /Applications/Xcode-27.0.0-Release.Candidate.app/Contents/Developer/Toolchains/XcodeDefault.xctoolchain/usr/lib/swift/host/plugins/testing -enable-experimental-feature DebugDescriptionMacro -sdk /Applications/Xcode-27.0.0-Release.Candidate.app/Contents/Developer/Platforms/WatchOS.platform/Developer/SDKs/WatchOS27.0.sdk -target arm64-apple-watchos9.0 -g -module-cache-path /Users/admin/builder/spi-builder-workspace/.derivedData/ModuleCache.noindex -Xfrontend -serialize-debugging-options -profile-coverage-mapping -profile-generate -enable-testing -suppress-warnings -index-store-path /Users/admin/builder/spi-builder-workspace/.derivedData/Index.noindex/DataStore -Xcc -D_LIBCPP_HARDENING_MODE\=_LIBCPP_HARDENING_MODE_DEBUG -swift-version 5 -I /Users/admin/builder/spi-builder-workspace/.derivedData/Build/Products/Debug-watchos -Isystem /Applications/Xcode-27.0.0-Release.Candidate.app/Contents/Developer/Platforms/WatchOS.platform/Developer/usr/lib -F /Users/admin/builder/spi-builder-workspace/.derivedData/Build/Products/Debug-watchos -F /Applications/Xcode-27.0.0-Release.Candidate.app/Contents/Developer/Platforms/WatchOS.platform/Developer/Library/Frameworks -F /Applications/Xcode-27.0.0-Release.Candidate.app/Contents/Developer/Platforms/WatchOS.platform/Developer/SDKs/WatchOS27.0.sdk/Developer/Library/Frameworks -c -j10 -enable-batch-mode -incremental -Xcc -ivfsstatcache -Xcc /Users/admin/builder/spi-builder-workspace/.derivedData/SDKStatCaches.noindex/watchos27.0-24R360-e829b21a6f8c9b70876ba0858053c04477534ef55a1706bf4c1112bbb242f0a2.sdkstatcache -output-file-map /Users/admin/builder/spi-builder-workspace/.derivedData/Build/Intermediates.noindex/Fuzi.build/Debug-watchos/Fuzi-t.build/Objects-normal/arm64/Fuzi-OutputFileMap.json -save-temps -no-color-diagnostics -explicit-module-build -module-cache-path /Users/admin/builder/spi-builder-workspace/.derivedData/Build/Intermediates.noindex/SwiftExplicitPrecompiledModules -clang-scanner-module-cache-path /Users/admin/builder/spi-builder-workspace/.derivedData/ModuleCache.noindex -sdk-module-cache-path /Users/admin/builder/spi-builder-workspace/.derivedData/SDKExplicitPrecompiledModules -emit-dependencies -emit-module -emit-module-path /Users/admin/builder/spi-builder-workspace/.derivedData/Build/Intermediates.noindex/Fuzi.build/Debug-watchos/Fuzi-t.build/Objects-normal/arm64/Fuzi.swiftmodule -serialize-diagnostics -dependency-scan-serialize-diagnostics-path /Users/admin/builder/spi-builder-workspace/.derivedData/Build/Intermediates.noindex/Fuzi.build/Debug-watchos/Fuzi-t.build/Objects-normal/arm64/Fuzi-dependency-scan.dia -validate-clang-modules-once -clang-build-session-file /Users/admin/builder/spi-builder-workspace/.derivedData/ModuleCache.noindex/Session.modulevalidation -Xcc -fmodules-prune-interval\=86400 -Xcc -fmodules-prune-after\=345600 -emit-const-values -const-gather-protocols-list /Users/admin/builder/spi-builder-workspace/.derivedData/Build/Intermediates.noindex/Fuzi.build/Debug-watchos/Fuzi-t.build/Objects-normal/arm64/Fuzi_const_extract_protocols.json -Xcc -I/Users/admin/builder/spi-builder-workspace/.derivedData/Build/Products/Debug-watchos/include -Xcc -I/Users/admin/builder/spi-builder-workspace/.derivedData/Build/Intermediates.noindex/Fuzi.build/Debug-watchos/Fuzi-t.build/DerivedSources-normal/arm64 -Xcc -I/Users/admin/builder/spi-builder-workspace/.derivedData/Build/Intermediates.noindex/Fuzi.build/Debug-watchos/Fuzi-t.build/DerivedSources/arm64 -Xcc -I/Users/admin/builder/spi-builder-workspace/.derivedData/Build/Intermediates.noindex/Fuzi.build/Debug-watchos/Fuzi-t.build/DerivedSources -Xcc -DSWIFT_PACKAGE -Xcc -DDEBUG\=1 -emit-objc-header -emit-objc-header-path /Users/admin/builder/spi-builder-workspace/.derivedData/Build/Intermediates.noindex/Fuzi.build/Debug-watchos/Fuzi-t.build/Objects-normal/arm64/Fuzi-Swift.h -working-directory /Users/admin/builder/spi-builder-workspace/.swiftpm/xcode -experimental-emit-module-separately -disable-cmo
Ld /Users/admin/builder/spi-builder-workspace/.derivedData/Build/Intermediates.noindex/Fuzi.build/Debug-watchos/Fuzi-t.build/Objects-normal/arm64/Binary/Fuzi.o normal arm64 (in target 'Fuzi' from project 'Fuzi')
cd /Users/admin/builder/spi-builder-workspace/.dependencies/checkouts/Fuzi
/Applications/Xcode-27.0.0-Release.Candidate.app/Contents/Developer/Toolchains/XcodeDefault.xctoolchain/usr/bin/clang -Xlinker -reproducible -target arm64-apple-watchos9.0 -r -isysroot /Applications/Xcode-27.0.0-Release.Candidate.app/Contents/Developer/Platforms/WatchOS.platform/Developer/SDKs/WatchOS27.0.sdk -O0 -w -Xlinker -no_warn_duplicate_libraries -F/Users/admin/builder/spi-builder-workspace/.derivedData/Build/Intermediates.noindex/EagerLinkingTBDs/Debug-watchos -F/Users/admin/builder/spi-builder-workspace/.derivedData/Build/Products/Debug-watchos -iframework /Applications/Xcode-27.0.0-Release.Candidate.app/Contents/Developer/Platforms/WatchOS.platform/Developer/Library/Frameworks -iframework /Applications/Xcode-27.0.0-Release.Candidate.app/Contents/Developer/Platforms/WatchOS.platform/Developer/SDKs/WatchOS27.0.sdk/Developer/Library/Frameworks -filelist /Users/admin/builder/spi-builder-workspace/.derivedData/Build/Intermediates.noindex/Fuzi.build/Debug-watchos/Fuzi-t.build/Objects-normal/arm64/Fuzi.LinkFileList -nostdlib -Xlinker -object_path_lto -Xlinker /Users/admin/builder/spi-builder-workspace/.derivedData/Build/Intermediates.noindex/Fuzi.build/Debug-watchos/Fuzi-t.build/Objects-normal/arm64/Fuzi_lto.o -Xlinker -no_deduplicate -Xlinker -debug_variant -Xlinker -dependency_info -Xlinker /Users/admin/builder/spi-builder-workspace/.derivedData/Build/Intermediates.noindex/Fuzi.build/Debug-watchos/Fuzi-t.build/Objects-normal/arm64/Fuzi_dependency_info.dat -fobjc-link-runtime -L/Applications/Xcode-27.0.0-Release.Candidate.app/Contents/Developer/Toolchains/XcodeDefault.xctoolchain/usr/lib/swift/watchos -L/usr/lib/swift -Xlinker -add_ast_path -Xlinker /Users/admin/builder/spi-builder-workspace/.derivedData/Build/Intermediates.noindex/Fuzi.build/Debug-watchos/Fuzi-t.build/Objects-normal/arm64/Fuzi.swiftmodule -o /Users/admin/builder/spi-builder-workspace/.derivedData/Build/Intermediates.noindex/Fuzi.build/Debug-watchos/Fuzi-t.build/Objects-normal/arm64/Binary/Fuzi.o
CreateUniversalBinary /Users/admin/builder/spi-builder-workspace/.derivedData/Build/Products/Debug-watchos/Fuzi.o normal arm64\ arm64_32 (in target 'Fuzi' from project 'Fuzi')
cd /Users/admin/builder/spi-builder-workspace/.dependencies/checkouts/Fuzi
/Applications/Xcode-27.0.0-Release.Candidate.app/Contents/Developer/Toolchains/XcodeDefault.xctoolchain/usr/bin/lipo -create /Users/admin/builder/spi-builder-workspace/.derivedData/Build/Intermediates.noindex/Fuzi.build/Debug-watchos/Fuzi-t.build/Objects-normal/arm64/Binary/Fuzi.o /Users/admin/builder/spi-builder-workspace/.derivedData/Build/Intermediates.noindex/Fuzi.build/Debug-watchos/Fuzi-t.build/Objects-normal/arm64_32/Binary/Fuzi.o -output /Users/admin/builder/spi-builder-workspace/.derivedData/Build/Products/Debug-watchos/Fuzi.o
ExtractAppIntentsMetadata (in target 'Fuzi' from project 'Fuzi')
cd /Users/admin/builder/spi-builder-workspace/.dependencies/checkouts/Fuzi
/Applications/Xcode-27.0.0-Release.Candidate.app/Contents/Developer/Toolchains/XcodeDefault.xctoolchain/usr/bin/appintentsmetadataprocessor --toolchain-dir /var/run/com.apple.security.cryptexd/mnt/com.apple.MobileAsset.MetalToolchain-v27.1.266.1.miclGR/Metal.xctoolchain --module-name Fuzi --sdk-root /Applications/Xcode-27.0.0-Release.Candidate.app/Contents/Developer/Platforms/WatchOS.platform/Developer/SDKs/WatchOS27.0.sdk --xcode-version 27A266a --platform-family watchOS --deployment-target 9.0 --bundle-identifier fuzi.Fuzi --output /Users/admin/builder/spi-builder-workspace/.derivedData/Build/Products/Debug-watchos/Fuzi.appintents --target-triple arm64-apple-watchos9.0 --target-triple arm64_32-apple-watchos9.0 --binary-file /Users/admin/builder/spi-builder-workspace/.derivedData/Build/Products/Debug-watchos/Fuzi.o --dependency-file /Users/admin/builder/spi-builder-workspace/.derivedData/Build/Intermediates.noindex/Fuzi.build/Debug-watchos/Fuzi-t.build/Objects-normal/arm64/Fuzi_dependency_info.dat --dependency-file /Users/admin/builder/spi-builder-workspace/.derivedData/Build/Intermediates.noindex/Fuzi.build/Debug-watchos/Fuzi-t.build/Objects-normal/arm64_32/Fuzi_dependency_info.dat --stringsdata-file /Users/admin/builder/spi-builder-workspace/.derivedData/Build/Intermediates.noindex/Fuzi.build/Debug-watchos/Fuzi-t.build/Objects-normal/arm64/ExtractedAppShortcutsMetadata.stringsdata --stringsdata-file /Users/admin/builder/spi-builder-workspace/.derivedData/Build/Intermediates.noindex/Fuzi.build/Debug-watchos/Fuzi-t.build/Objects-normal/arm64_32/ExtractedAppShortcutsMetadata.stringsdata --source-file-list /Users/admin/builder/spi-builder-workspace/.derivedData/Build/Intermediates.noindex/Fuzi.build/Debug-watchos/Fuzi-t.build/Objects-normal/arm64/Fuzi.SwiftFileList --source-file-list /Users/admin/builder/spi-builder-workspace/.derivedData/Build/Intermediates.noindex/Fuzi.build/Debug-watchos/Fuzi-t.build/Objects-normal/arm64_32/Fuzi.SwiftFileList --metadata-file-list /Users/admin/builder/spi-builder-workspace/.derivedData/Build/Intermediates.noindex/Fuzi.build/Debug-watchos/Fuzi-t.build/Fuzi.DependencyMetadataFileList --static-metadata-file-list /Users/admin/builder/spi-builder-workspace/.derivedData/Build/Intermediates.noindex/Fuzi.build/Debug-watchos/Fuzi-t.build/Fuzi.DependencyStaticMetadataFileList --swift-const-vals-list /Users/admin/builder/spi-builder-workspace/.derivedData/Build/Intermediates.noindex/Fuzi.build/Debug-watchos/Fuzi-t.build/Objects-normal/arm64/Fuzi.SwiftConstValuesFileList --swift-const-vals-list /Users/admin/builder/spi-builder-workspace/.derivedData/Build/Intermediates.noindex/Fuzi.build/Debug-watchos/Fuzi-t.build/Objects-normal/arm64_32/Fuzi.SwiftConstValuesFileList --force --compile-time-extraction --deployment-aware-processing --no-app-shortcuts-localization
2026-09-18 13:05:24.827 appintentsmetadataprocessor[904:5424] Starting appintentsmetadataprocessor export
2026-09-18 13:05:24.938 appintentsmetadataprocessor[904:5424] Extracted no relevant App Intents symbols, skipping writing output
SwiftDriverJobDiscovery normal arm64 Compiling HtmlTreeBuilderState.swift, LRUCache.swift, Mutex.swift, Node.swift, NodeTraversor.swift, NodeVisitor.swift (in target 'SwiftSoup' from project 'SwiftSoup')
SwiftDriverJobDiscovery normal arm64_32 Compiling UTF8Arrays.swift, UnicodeScalar.swift, Validate.swift, Whitelist.swift, XmlDeclaration.swift, XmlTreeBuilder.swift (in target 'SwiftSoup' from project 'SwiftSoup')
SwiftDriverJobDiscovery normal arm64_32 Compiling DataNode.swift, DebugTrace.swift, Document.swift, DocumentType.swift, Element.swift, ElementQuery.swift (in target 'SwiftSoup' from project 'SwiftSoup')
PruneExplicitPrecompiledModules /Users/admin/builder/spi-builder-workspace/.derivedData/Build/Intermediates.noindex/SwiftExplicitPrecompiledModules
PruneExplicitPrecompiledModules /Users/admin/builder/spi-builder-workspace/.derivedData/Build/Intermediates.noindex/ExplicitPrecompiledModules
PruneExplicitPrecompiledModules /Users/admin/builder/spi-builder-workspace/.derivedData/SDKExplicitPrecompiledModules
2026-09-18 13:05:15.245 xcodebuild[723:4538] [MT] IDERunDestination: Supported platforms for the buildables in the current scheme is empty.
** BUILD FAILED **
The following build commands failed:
SwiftDriver Reeeed normal arm64 com.apple.xcode.tools.swift.compiler (in target 'Reeeed' from project 'Reeeed')
SwiftDriver Reeeed normal arm64_32 com.apple.xcode.tools.swift.compiler (in target 'Reeeed' from project 'Reeeed')
Building workspace Reeeed with scheme Reeeed
(3 failures)
Command line invocation:
/Applications/Xcode-27.0.0-Release.Candidate.app/Contents/Developer/usr/bin/xcodebuild -IDEClonedSourcePackagesDirPathOverride=/Users/admin/builder/spi-builder-workspace/.dependencies -resolvePackageDependencies
Resolve Package Graph
Resolved source packages:
Fuzi: https://github.com/cezheng/Fuzi @ 3.1.3
Reeeed: /Users/admin/builder/spi-builder-workspace
SwiftSoup: https://github.com/scinfu/SwiftSoup.git @ 2.13.9
resolved source packages: Fuzi, Reeeed, SwiftSoup
2026-09-18 13:05:26.313 xcodebuild[905:5523] [MT] IDERunDestination: Supported platforms for the buildables in the current scheme is empty.
{
"dependencies" : [
{
"identity" : "fuzi",
"requirement" : {
"range" : [
{
"lower_bound" : "3.1.3",
"upper_bound" : "4.0.0"
}
]
},
"type" : "sourceControl",
"url" : "https://github.com/cezheng/Fuzi"
},
{
"identity" : "swiftsoup",
"requirement" : {
"range" : [
{
"lower_bound" : "2.4.3",
"upper_bound" : "3.0.0"
}
]
},
"type" : "sourceControl",
"url" : "https://github.com/scinfu/SwiftSoup.git"
}
],
"manifest_display_name" : "Reeeed",
"name" : "Reeeed",
"path" : "/Users/admin/builder/spi-builder-workspace",
"platforms" : [
{
"name" : "ios",
"version" : "15.0"
},
{
"name" : "macos",
"version" : "12.0"
}
],
"products" : [
{
"name" : "Reeeed",
"targets" : [
"Reeeed"
],
"type" : {
"library" : [
"automatic"
]
}
}
],
"targets" : [
{
"c99name" : "ReeeedTests",
"module_type" : "SwiftTarget",
"name" : "ReeeedTests",
"path" : "Tests/ReeeedTests",
"sources" : [
"ReeeedTests.swift"
],
"target_dependencies" : [
"Reeeed"
],
"type" : "test"
},
{
"c99name" : "Reeeed",
"module_type" : "SwiftTarget",
"name" : "Reeeed",
"path" : "Sources/Reeeed",
"product_dependencies" : [
"Fuzi",
"SwiftSoup"
],
"product_memberships" : [
"Reeeed"
],
"resources" : [
{
"path" : "/Users/admin/builder/spi-builder-workspace/Sources/Reeeed/JS/DO NOT OPEN THESE FILES IN XCODE.txt",
"rule" : {
"process" : {
}
}
},
{
"path" : "/Users/admin/builder/spi-builder-workspace/Sources/Reeeed/JS/mercury.web.js",
"rule" : {
"process" : {
}
}
},
{
"path" : "/Users/admin/builder/spi-builder-workspace/Sources/Reeeed/JS/readability.bundle.min.js",
"rule" : {
"process" : {
}
}
}
],
"sources" : [
"Extraction/ArticleContentExtraction.swift",
"Extraction/MercuryExtractor.swift",
"Extraction/ReadabilityExtractor.swift",
"Extraction/SiteMetadataExtraction.swift",
"ReadableDoc.swift",
"Reeeed.swift",
"UI/ReadableDoc+HTML.swift",
"UI/ReaderPlaceholder.swift",
"UI/ReaderTheme.swift",
"UI/ReeeederView.swift",
"Utils/ColorExtraction.swift",
"Utils/Utils.swift",
"Utils/WebView/WebContent.swift",
"Utils/WebView/WebView.swift"
],
"type" : "library"
}
],
"tools_version" : "5.6"
}
{
"workspace" : {
"name" : "Reeeed",
"schemes" : [
"Reeeed"
]
}
}
2026-09-18 13:05:27.588 xcodebuild[913:5598] [MT] IDERunDestination: Supported platforms for the buildables in the current scheme is empty.
Running build ...
env DEVELOPER_DIR=/Applications/Xcode-27.0.0-Release.Candidate.app xcrun xcodebuild -IDEClonedSourcePackagesDirPathOverride=$PWD/.dependencies -skipMacroValidation -skipPackagePluginValidation -derivedDataPath $PWD/.derivedData build -scheme Reeeed -destination generic/platform=watchOS
Command line invocation:
/Applications/Xcode-27.0.0-Release.Candidate.app/Contents/Developer/usr/bin/xcodebuild -IDEClonedSourcePackagesDirPathOverride=/Users/admin/builder/spi-builder-workspace/.dependencies -skipMacroValidation -skipPackagePluginValidation -derivedDataPath /Users/admin/builder/spi-builder-workspace/.derivedData build -scheme Reeeed -destination generic/platform=watchOS
Resolve Package Graph
Resolved source packages:
SwiftSoup: https://github.com/scinfu/SwiftSoup.git @ 2.13.9
Fuzi: https://github.com/cezheng/Fuzi @ 3.1.3
Reeeed: /Users/admin/builder/spi-builder-workspace
ComputePackagePrebuildTargetDependencyGraph
Prepare packages
CreateBuildRequest
SendProjectDescription
CreateBuildOperation
ComputeTargetDependencyGraph
note: Building targets in dependency order
note: Target dependency graph (7 targets)
Target 'Reeeed-product' in project 'Reeeed'
➜ Explicit dependency on target 'Reeeed' in project 'Reeeed'
➜ Explicit dependency on target 'Reeeed_Reeeed' in project 'Reeeed'
➜ Explicit dependency on target 'Fuzi-product' in project 'Fuzi'
➜ Explicit dependency on target 'SwiftSoup-product' in project 'SwiftSoup'
Target 'Reeeed' in project 'Reeeed'
➜ Explicit dependency on target 'Reeeed_Reeeed' in project 'Reeeed'
➜ Explicit dependency on target 'Fuzi-product' in project 'Fuzi'
➜ Explicit dependency on target 'SwiftSoup-product' in project 'SwiftSoup'
Target 'SwiftSoup-product' in project 'SwiftSoup'
➜ Explicit dependency on target 'SwiftSoup' in project 'SwiftSoup'
Target 'SwiftSoup' in project 'SwiftSoup' (no dependencies)
Target 'Fuzi-product' in project 'Fuzi'
➜ Explicit dependency on target 'Fuzi' in project 'Fuzi'
Target 'Fuzi' in project 'Fuzi' (no dependencies)
Target 'Reeeed_Reeeed' in project 'Reeeed' (no dependencies)
GatherProvisioningInputs
CreateBuildDescription
ClangStatCache /Applications/Xcode-27.0.0-Release.Candidate.app/Contents/Developer/Toolchains/XcodeDefault.xctoolchain/usr/bin/clang-stat-cache /Applications/Xcode-27.0.0-Release.Candidate.app/Contents/Developer/Platforms/WatchOS.platform/Developer/SDKs/WatchOS27.0.sdk /Users/admin/builder/spi-builder-workspace/.derivedData/SDKStatCaches.noindex/watchos27.0-24R360-e829b21a6f8c9b70876ba0858053c04477534ef55a1706bf4c1112bbb242f0a2.sdkstatcache
cd /Users/admin/builder/spi-builder-workspace/.swiftpm/xcode
/Applications/Xcode-27.0.0-Release.Candidate.app/Contents/Developer/Toolchains/XcodeDefault.xctoolchain/usr/bin/clang-stat-cache /Applications/Xcode-27.0.0-Release.Candidate.app/Contents/Developer/Platforms/WatchOS.platform/Developer/SDKs/WatchOS27.0.sdk -o /Users/admin/builder/spi-builder-workspace/.derivedData/SDKStatCaches.noindex/watchos27.0-24R360-e829b21a6f8c9b70876ba0858053c04477534ef55a1706bf4c1112bbb242f0a2.sdkstatcache
SwiftDriver SwiftSoup normal arm64_32 com.apple.xcode.tools.swift.compiler (in target 'SwiftSoup' from project 'SwiftSoup')
cd /Users/admin/builder/spi-builder-workspace/.swiftpm/xcode
builtin-SwiftDriver -- /Applications/Xcode-27.0.0-Release.Candidate.app/Contents/Developer/Toolchains/XcodeDefault.xctoolchain/usr/bin/swiftc -parse-as-library -module-name SwiftSoup -Onone @/Users/admin/builder/spi-builder-workspace/.derivedData/Build/Intermediates.noindex/SwiftSoup.build/Debug-watchos/SwiftSoup-t.build/Objects-normal/arm64_32/SwiftSoup.SwiftFileList -DSWIFT_PACKAGE -DDEBUG -DSWIFT_MODULE_RESOURCE_BUNDLE_UNAVAILABLE -DXcode -plugin-path /Applications/Xcode-27.0.0-Release.Candidate.app/Contents/Developer/Toolchains/XcodeDefault.xctoolchain/usr/lib/swift/host/plugins/testing -enable-experimental-feature DebugDescriptionMacro -sdk /Applications/Xcode-27.0.0-Release.Candidate.app/Contents/Developer/Platforms/WatchOS.platform/Developer/SDKs/WatchOS27.0.sdk -target arm64_32-apple-watchos9.0 -g -module-cache-path /Users/admin/builder/spi-builder-workspace/.derivedData/ModuleCache.noindex -Xfrontend -serialize-debugging-options -profile-coverage-mapping -profile-generate -enable-testing -suppress-warnings -index-store-path /Users/admin/builder/spi-builder-workspace/.derivedData/Index.noindex/DataStore -Xcc -D_LIBCPP_HARDENING_MODE\=_LIBCPP_HARDENING_MODE_DEBUG -swift-version 6 -I /Users/admin/builder/spi-builder-workspace/.derivedData/Build/Products/Debug-watchos -Isystem /Applications/Xcode-27.0.0-Release.Candidate.app/Contents/Developer/Platforms/WatchOS.platform/Developer/usr/lib -F /Users/admin/builder/spi-builder-workspace/.derivedData/Build/Products/Debug-watchos -F /Applications/Xcode-27.0.0-Release.Candidate.app/Contents/Developer/Platforms/WatchOS.platform/Developer/Library/Frameworks -F /Applications/Xcode-27.0.0-Release.Candidate.app/Contents/Developer/Platforms/WatchOS.platform/Developer/SDKs/WatchOS27.0.sdk/Developer/Library/Frameworks -c -j10 -enable-batch-mode -incremental -Xcc -ivfsstatcache -Xcc /Users/admin/builder/spi-builder-workspace/.derivedData/SDKStatCaches.noindex/watchos27.0-24R360-e829b21a6f8c9b70876ba0858053c04477534ef55a1706bf4c1112bbb242f0a2.sdkstatcache -output-file-map /Users/admin/builder/spi-builder-workspace/.derivedData/Build/Intermediates.noindex/SwiftSoup.build/Debug-watchos/SwiftSoup-t.build/Objects-normal/arm64_32/SwiftSoup-OutputFileMap.json -save-temps -no-color-diagnostics -explicit-module-build -module-cache-path /Users/admin/builder/spi-builder-workspace/.derivedData/Build/Intermediates.noindex/SwiftExplicitPrecompiledModules -clang-scanner-module-cache-path /Users/admin/builder/spi-builder-workspace/.derivedData/ModuleCache.noindex -sdk-module-cache-path /Users/admin/builder/spi-builder-workspace/.derivedData/SDKExplicitPrecompiledModules -emit-dependencies -emit-module -emit-module-path /Users/admin/builder/spi-builder-workspace/.derivedData/Build/Intermediates.noindex/SwiftSoup.build/Debug-watchos/SwiftSoup-t.build/Objects-normal/arm64_32/SwiftSoup.swiftmodule -serialize-diagnostics -dependency-scan-serialize-diagnostics-path /Users/admin/builder/spi-builder-workspace/.derivedData/Build/Intermediates.noindex/SwiftSoup.build/Debug-watchos/SwiftSoup-t.build/Objects-normal/arm64_32/SwiftSoup-dependency-scan.dia -user-module-version 2.13.9 -validate-clang-modules-once -clang-build-session-file /Users/admin/builder/spi-builder-workspace/.derivedData/ModuleCache.noindex/Session.modulevalidation -Xcc -fmodules-prune-interval\=86400 -Xcc -fmodules-prune-after\=345600 -package-name swiftsoup -emit-const-values -const-gather-protocols-list /Users/admin/builder/spi-builder-workspace/.derivedData/Build/Intermediates.noindex/SwiftSoup.build/Debug-watchos/SwiftSoup-t.build/Objects-normal/arm64_32/SwiftSoup_const_extract_protocols.json -Xcc -I/Users/admin/builder/spi-builder-workspace/.derivedData/Build/Products/Debug-watchos/include -Xcc -I/Users/admin/builder/spi-builder-workspace/.derivedData/Build/Intermediates.noindex/SwiftSoup.build/Debug-watchos/SwiftSoup-t.build/DerivedSources-normal/arm64_32 -Xcc -I/Users/admin/builder/spi-builder-workspace/.derivedData/Build/Intermediates.noindex/SwiftSoup.build/Debug-watchos/SwiftSoup-t.build/DerivedSources/arm64_32 -Xcc -I/Users/admin/builder/spi-builder-workspace/.derivedData/Build/Intermediates.noindex/SwiftSoup.build/Debug-watchos/SwiftSoup-t.build/DerivedSources -Xcc -DSWIFT_PACKAGE -Xcc -DDEBUG\=1 -emit-objc-header -emit-objc-header-path /Users/admin/builder/spi-builder-workspace/.derivedData/Build/Intermediates.noindex/SwiftSoup.build/Debug-watchos/SwiftSoup-t.build/Objects-normal/arm64_32/SwiftSoup-Swift.h -working-directory /Users/admin/builder/spi-builder-workspace/.swiftpm/xcode -experimental-emit-module-separately -disable-cmo
SwiftDriver SwiftSoup normal arm64 com.apple.xcode.tools.swift.compiler (in target 'SwiftSoup' from project 'SwiftSoup')
cd /Users/admin/builder/spi-builder-workspace/.swiftpm/xcode
builtin-SwiftDriver -- /Applications/Xcode-27.0.0-Release.Candidate.app/Contents/Developer/Toolchains/XcodeDefault.xctoolchain/usr/bin/swiftc -parse-as-library -module-name SwiftSoup -Onone @/Users/admin/builder/spi-builder-workspace/.derivedData/Build/Intermediates.noindex/SwiftSoup.build/Debug-watchos/SwiftSoup-t.build/Objects-normal/arm64/SwiftSoup.SwiftFileList -DSWIFT_PACKAGE -DDEBUG -DSWIFT_MODULE_RESOURCE_BUNDLE_UNAVAILABLE -DXcode -plugin-path /Applications/Xcode-27.0.0-Release.Candidate.app/Contents/Developer/Toolchains/XcodeDefault.xctoolchain/usr/lib/swift/host/plugins/testing -enable-experimental-feature DebugDescriptionMacro -sdk /Applications/Xcode-27.0.0-Release.Candidate.app/Contents/Developer/Platforms/WatchOS.platform/Developer/SDKs/WatchOS27.0.sdk -target arm64-apple-watchos9.0 -g -module-cache-path /Users/admin/builder/spi-builder-workspace/.derivedData/ModuleCache.noindex -Xfrontend -serialize-debugging-options -profile-coverage-mapping -profile-generate -enable-testing -suppress-warnings -index-store-path /Users/admin/builder/spi-builder-workspace/.derivedData/Index.noindex/DataStore -Xcc -D_LIBCPP_HARDENING_MODE\=_LIBCPP_HARDENING_MODE_DEBUG -swift-version 6 -I /Users/admin/builder/spi-builder-workspace/.derivedData/Build/Products/Debug-watchos -Isystem /Applications/Xcode-27.0.0-Release.Candidate.app/Contents/Developer/Platforms/WatchOS.platform/Developer/usr/lib -F /Users/admin/builder/spi-builder-workspace/.derivedData/Build/Products/Debug-watchos -F /Applications/Xcode-27.0.0-Release.Candidate.app/Contents/Developer/Platforms/WatchOS.platform/Developer/Library/Frameworks -F /Applications/Xcode-27.0.0-Release.Candidate.app/Contents/Developer/Platforms/WatchOS.platform/Developer/SDKs/WatchOS27.0.sdk/Developer/Library/Frameworks -c -j10 -enable-batch-mode -incremental -Xcc -ivfsstatcache -Xcc /Users/admin/builder/spi-builder-workspace/.derivedData/SDKStatCaches.noindex/watchos27.0-24R360-e829b21a6f8c9b70876ba0858053c04477534ef55a1706bf4c1112bbb242f0a2.sdkstatcache -output-file-map /Users/admin/builder/spi-builder-workspace/.derivedData/Build/Intermediates.noindex/SwiftSoup.build/Debug-watchos/SwiftSoup-t.build/Objects-normal/arm64/SwiftSoup-OutputFileMap.json -save-temps -no-color-diagnostics -explicit-module-build -module-cache-path /Users/admin/builder/spi-builder-workspace/.derivedData/Build/Intermediates.noindex/SwiftExplicitPrecompiledModules -clang-scanner-module-cache-path /Users/admin/builder/spi-builder-workspace/.derivedData/ModuleCache.noindex -sdk-module-cache-path /Users/admin/builder/spi-builder-workspace/.derivedData/SDKExplicitPrecompiledModules -emit-dependencies -emit-module -emit-module-path /Users/admin/builder/spi-builder-workspace/.derivedData/Build/Intermediates.noindex/SwiftSoup.build/Debug-watchos/SwiftSoup-t.build/Objects-normal/arm64/SwiftSoup.swiftmodule -serialize-diagnostics -dependency-scan-serialize-diagnostics-path /Users/admin/builder/spi-builder-workspace/.derivedData/Build/Intermediates.noindex/SwiftSoup.build/Debug-watchos/SwiftSoup-t.build/Objects-normal/arm64/SwiftSoup-dependency-scan.dia -user-module-version 2.13.9 -validate-clang-modules-once -clang-build-session-file /Users/admin/builder/spi-builder-workspace/.derivedData/ModuleCache.noindex/Session.modulevalidation -Xcc -fmodules-prune-interval\=86400 -Xcc -fmodules-prune-after\=345600 -package-name swiftsoup -emit-const-values -const-gather-protocols-list /Users/admin/builder/spi-builder-workspace/.derivedData/Build/Intermediates.noindex/SwiftSoup.build/Debug-watchos/SwiftSoup-t.build/Objects-normal/arm64/SwiftSoup_const_extract_protocols.json -Xcc -I/Users/admin/builder/spi-builder-workspace/.derivedData/Build/Products/Debug-watchos/include -Xcc -I/Users/admin/builder/spi-builder-workspace/.derivedData/Build/Intermediates.noindex/SwiftSoup.build/Debug-watchos/SwiftSoup-t.build/DerivedSources-normal/arm64 -Xcc -I/Users/admin/builder/spi-builder-workspace/.derivedData/Build/Intermediates.noindex/SwiftSoup.build/Debug-watchos/SwiftSoup-t.build/DerivedSources/arm64 -Xcc -I/Users/admin/builder/spi-builder-workspace/.derivedData/Build/Intermediates.noindex/SwiftSoup.build/Debug-watchos/SwiftSoup-t.build/DerivedSources -Xcc -DSWIFT_PACKAGE -Xcc -DDEBUG\=1 -emit-objc-header -emit-objc-header-path /Users/admin/builder/spi-builder-workspace/.derivedData/Build/Intermediates.noindex/SwiftSoup.build/Debug-watchos/SwiftSoup-t.build/Objects-normal/arm64/SwiftSoup-Swift.h -working-directory /Users/admin/builder/spi-builder-workspace/.swiftpm/xcode -experimental-emit-module-separately -disable-cmo
SwiftDriver Reeeed normal arm64 com.apple.xcode.tools.swift.compiler (in target 'Reeeed' from project 'Reeeed')
cd /Users/admin/builder/spi-builder-workspace/.swiftpm/xcode
builtin-SwiftDriver -- /Applications/Xcode-27.0.0-Release.Candidate.app/Contents/Developer/Toolchains/XcodeDefault.xctoolchain/usr/bin/swiftc -parse-as-library -module-name Reeeed -Onone @/Users/admin/builder/spi-builder-workspace/.derivedData/Build/Intermediates.noindex/Reeeed.build/Debug-watchos/Reeeed-t.build/Objects-normal/arm64/Reeeed.SwiftFileList -DSWIFT_PACKAGE -DDEBUG -DSWIFT_MODULE_RESOURCE_BUNDLE_AVAILABLE -DXcode -plugin-path /Applications/Xcode-27.0.0-Release.Candidate.app/Contents/Developer/Toolchains/XcodeDefault.xctoolchain/usr/lib/swift/host/plugins/testing -enable-experimental-feature DebugDescriptionMacro -sdk /Applications/Xcode-27.0.0-Release.Candidate.app/Contents/Developer/Platforms/WatchOS.platform/Developer/SDKs/WatchOS27.0.sdk -target arm64-apple-watchos9.0 -g -module-cache-path /Users/admin/builder/spi-builder-workspace/.derivedData/ModuleCache.noindex -Xfrontend -serialize-debugging-options -profile-coverage-mapping -profile-generate -enable-testing -index-store-path /Users/admin/builder/spi-builder-workspace/.derivedData/Index.noindex/DataStore -Xcc -D_LIBCPP_HARDENING_MODE\=_LIBCPP_HARDENING_MODE_DEBUG -swift-version 5 -I /Users/admin/builder/spi-builder-workspace/.derivedData/Build/Products/Debug-watchos -Isystem /Applications/Xcode-27.0.0-Release.Candidate.app/Contents/Developer/Platforms/WatchOS.platform/Developer/usr/lib -F /Users/admin/builder/spi-builder-workspace/.derivedData/Build/Products/Debug-watchos/PackageFrameworks -F /Users/admin/builder/spi-builder-workspace/.derivedData/Build/Products/Debug-watchos -F /Applications/Xcode-27.0.0-Release.Candidate.app/Contents/Developer/Platforms/WatchOS.platform/Developer/Library/Frameworks -F /Applications/Xcode-27.0.0-Release.Candidate.app/Contents/Developer/Platforms/WatchOS.platform/Developer/SDKs/WatchOS27.0.sdk/Developer/Library/Frameworks -c -j10 -enable-batch-mode -incremental -Xcc -ivfsstatcache -Xcc /Users/admin/builder/spi-builder-workspace/.derivedData/SDKStatCaches.noindex/watchos27.0-24R360-e829b21a6f8c9b70876ba0858053c04477534ef55a1706bf4c1112bbb242f0a2.sdkstatcache -output-file-map /Users/admin/builder/spi-builder-workspace/.derivedData/Build/Intermediates.noindex/Reeeed.build/Debug-watchos/Reeeed-t.build/Objects-normal/arm64/Reeeed-OutputFileMap.json -save-temps -no-color-diagnostics -explicit-module-build -module-cache-path /Users/admin/builder/spi-builder-workspace/.derivedData/Build/Intermediates.noindex/SwiftExplicitPrecompiledModules -clang-scanner-module-cache-path /Users/admin/builder/spi-builder-workspace/.derivedData/ModuleCache.noindex -sdk-module-cache-path /Users/admin/builder/spi-builder-workspace/.derivedData/SDKExplicitPrecompiledModules -emit-dependencies -emit-module -emit-module-path /Users/admin/builder/spi-builder-workspace/.derivedData/Build/Intermediates.noindex/Reeeed.build/Debug-watchos/Reeeed-t.build/Objects-normal/arm64/Reeeed.swiftmodule -serialize-diagnostics -dependency-scan-serialize-diagnostics-path /Users/admin/builder/spi-builder-workspace/.derivedData/Build/Intermediates.noindex/Reeeed.build/Debug-watchos/Reeeed-t.build/Objects-normal/arm64/Reeeed-dependency-scan.dia -validate-clang-modules-once -clang-build-session-file /Users/admin/builder/spi-builder-workspace/.derivedData/ModuleCache.noindex/Session.modulevalidation -Xcc -fmodules-prune-interval\=86400 -Xcc -fmodules-prune-after\=345600 -emit-const-values -const-gather-protocols-list /Users/admin/builder/spi-builder-workspace/.derivedData/Build/Intermediates.noindex/Reeeed.build/Debug-watchos/Reeeed-t.build/Objects-normal/arm64/Reeeed_const_extract_protocols.json -Xcc -I/Users/admin/builder/spi-builder-workspace/.derivedData/Build/Products/Debug-watchos/include -Xcc -I/Users/admin/builder/spi-builder-workspace/.derivedData/Build/Intermediates.noindex/Reeeed.build/Debug-watchos/Reeeed-t.build/DerivedSources-normal/arm64 -Xcc -I/Users/admin/builder/spi-builder-workspace/.derivedData/Build/Intermediates.noindex/Reeeed.build/Debug-watchos/Reeeed-t.build/DerivedSources/arm64 -Xcc -I/Users/admin/builder/spi-builder-workspace/.derivedData/Build/Intermediates.noindex/Reeeed.build/Debug-watchos/Reeeed-t.build/DerivedSources -Xcc -DSWIFT_PACKAGE -Xcc -DDEBUG\=1 -emit-objc-header -emit-objc-header-path /Users/admin/builder/spi-builder-workspace/.derivedData/Build/Intermediates.noindex/Reeeed.build/Debug-watchos/Reeeed-t.build/Objects-normal/arm64/Reeeed-Swift.h -working-directory /Users/admin/builder/spi-builder-workspace/.swiftpm/xcode -experimental-emit-module-separately -disable-cmo
error: Clang dependency scanning failure: (in target 'Reeeed' from project 'Reeeed')
/Users/admin/builder/spi-builder-workspace/Sources/Reeeed/Extraction/ArticleContentExtraction.swift:2:8: error: Unable to resolve module dependency: 'WebKit' (in target 'Reeeed' from project 'Reeeed')
note: A dependency of main module 'Reeeed'
/Users/admin/builder/spi-builder-workspace/Sources/Reeeed/Extraction/MercuryExtractor.swift:2:8: note: Also imported here
/Users/admin/builder/spi-builder-workspace/Sources/Reeeed/Extraction/ReadabilityExtractor.swift:2:8: note: Also imported here
/Users/admin/builder/spi-builder-workspace/Sources/Reeeed/Utils/WebView/WebContent.swift:2:8: note: Also imported here
/Users/admin/builder/spi-builder-workspace/Sources/Reeeed/Utils/WebView/WebView.swift:1:8: note: Also imported here
/Users/admin/builder/spi-builder-workspace/Sources/Reeeed/Extraction/ArticleContentExtraction.swift:2:8: note: A dependency of main module 'Reeeed'
import WebKit
^ (in target 'Reeeed' from project 'Reeeed')
/Users/admin/builder/spi-builder-workspace/Sources/Reeeed/Extraction/MercuryExtractor.swift:2:8: note: Also imported here
import WebKit
^ (in target 'Reeeed' from project 'Reeeed')
/Users/admin/builder/spi-builder-workspace/Sources/Reeeed/Extraction/ReadabilityExtractor.swift:2:8: note: Also imported here
import WebKit
^ (in target 'Reeeed' from project 'Reeeed')
/Users/admin/builder/spi-builder-workspace/Sources/Reeeed/Utils/WebView/WebContent.swift:2:8: note: Also imported here
import WebKit
^ (in target 'Reeeed' from project 'Reeeed')
/Users/admin/builder/spi-builder-workspace/Sources/Reeeed/Utils/WebView/WebView.swift:1:8: note: Also imported here
import WebKit
^ (in target 'Reeeed' from project 'Reeeed')
SwiftDriver Reeeed normal arm64_32 com.apple.xcode.tools.swift.compiler (in target 'Reeeed' from project 'Reeeed')
cd /Users/admin/builder/spi-builder-workspace/.swiftpm/xcode
builtin-SwiftDriver -- /Applications/Xcode-27.0.0-Release.Candidate.app/Contents/Developer/Toolchains/XcodeDefault.xctoolchain/usr/bin/swiftc -parse-as-library -module-name Reeeed -Onone @/Users/admin/builder/spi-builder-workspace/.derivedData/Build/Intermediates.noindex/Reeeed.build/Debug-watchos/Reeeed-t.build/Objects-normal/arm64_32/Reeeed.SwiftFileList -DSWIFT_PACKAGE -DDEBUG -DSWIFT_MODULE_RESOURCE_BUNDLE_AVAILABLE -DXcode -plugin-path /Applications/Xcode-27.0.0-Release.Candidate.app/Contents/Developer/Toolchains/XcodeDefault.xctoolchain/usr/lib/swift/host/plugins/testing -enable-experimental-feature DebugDescriptionMacro -sdk /Applications/Xcode-27.0.0-Release.Candidate.app/Contents/Developer/Platforms/WatchOS.platform/Developer/SDKs/WatchOS27.0.sdk -target arm64_32-apple-watchos9.0 -g -module-cache-path /Users/admin/builder/spi-builder-workspace/.derivedData/ModuleCache.noindex -Xfrontend -serialize-debugging-options -profile-coverage-mapping -profile-generate -enable-testing -index-store-path /Users/admin/builder/spi-builder-workspace/.derivedData/Index.noindex/DataStore -Xcc -D_LIBCPP_HARDENING_MODE\=_LIBCPP_HARDENING_MODE_DEBUG -swift-version 5 -I /Users/admin/builder/spi-builder-workspace/.derivedData/Build/Products/Debug-watchos -Isystem /Applications/Xcode-27.0.0-Release.Candidate.app/Contents/Developer/Platforms/WatchOS.platform/Developer/usr/lib -F /Users/admin/builder/spi-builder-workspace/.derivedData/Build/Products/Debug-watchos/PackageFrameworks -F /Users/admin/builder/spi-builder-workspace/.derivedData/Build/Products/Debug-watchos -F /Applications/Xcode-27.0.0-Release.Candidate.app/Contents/Developer/Platforms/WatchOS.platform/Developer/Library/Frameworks -F /Applications/Xcode-27.0.0-Release.Candidate.app/Contents/Developer/Platforms/WatchOS.platform/Developer/SDKs/WatchOS27.0.sdk/Developer/Library/Frameworks -c -j10 -enable-batch-mode -incremental -Xcc -ivfsstatcache -Xcc /Users/admin/builder/spi-builder-workspace/.derivedData/SDKStatCaches.noindex/watchos27.0-24R360-e829b21a6f8c9b70876ba0858053c04477534ef55a1706bf4c1112bbb242f0a2.sdkstatcache -output-file-map /Users/admin/builder/spi-builder-workspace/.derivedData/Build/Intermediates.noindex/Reeeed.build/Debug-watchos/Reeeed-t.build/Objects-normal/arm64_32/Reeeed-OutputFileMap.json -save-temps -no-color-diagnostics -explicit-module-build -module-cache-path /Users/admin/builder/spi-builder-workspace/.derivedData/Build/Intermediates.noindex/SwiftExplicitPrecompiledModules -clang-scanner-module-cache-path /Users/admin/builder/spi-builder-workspace/.derivedData/ModuleCache.noindex -sdk-module-cache-path /Users/admin/builder/spi-builder-workspace/.derivedData/SDKExplicitPrecompiledModules -emit-dependencies -emit-module -emit-module-path /Users/admin/builder/spi-builder-workspace/.derivedData/Build/Intermediates.noindex/Reeeed.build/Debug-watchos/Reeeed-t.build/Objects-normal/arm64_32/Reeeed.swiftmodule -serialize-diagnostics -dependency-scan-serialize-diagnostics-path /Users/admin/builder/spi-builder-workspace/.derivedData/Build/Intermediates.noindex/Reeeed.build/Debug-watchos/Reeeed-t.build/Objects-normal/arm64_32/Reeeed-dependency-scan.dia -validate-clang-modules-once -clang-build-session-file /Users/admin/builder/spi-builder-workspace/.derivedData/ModuleCache.noindex/Session.modulevalidation -Xcc -fmodules-prune-interval\=86400 -Xcc -fmodules-prune-after\=345600 -emit-const-values -const-gather-protocols-list /Users/admin/builder/spi-builder-workspace/.derivedData/Build/Intermediates.noindex/Reeeed.build/Debug-watchos/Reeeed-t.build/Objects-normal/arm64_32/Reeeed_const_extract_protocols.json -Xcc -I/Users/admin/builder/spi-builder-workspace/.derivedData/Build/Products/Debug-watchos/include -Xcc -I/Users/admin/builder/spi-builder-workspace/.derivedData/Build/Intermediates.noindex/Reeeed.build/Debug-watchos/Reeeed-t.build/DerivedSources-normal/arm64_32 -Xcc -I/Users/admin/builder/spi-builder-workspace/.derivedData/Build/Intermediates.noindex/Reeeed.build/Debug-watchos/Reeeed-t.build/DerivedSources/arm64_32 -Xcc -I/Users/admin/builder/spi-builder-workspace/.derivedData/Build/Intermediates.noindex/Reeeed.build/Debug-watchos/Reeeed-t.build/DerivedSources -Xcc -DSWIFT_PACKAGE -Xcc -DDEBUG\=1 -emit-objc-header -emit-objc-header-path /Users/admin/builder/spi-builder-workspace/.derivedData/Build/Intermediates.noindex/Reeeed.build/Debug-watchos/Reeeed-t.build/Objects-normal/arm64_32/Reeeed-Swift.h -working-directory /Users/admin/builder/spi-builder-workspace/.swiftpm/xcode -experimental-emit-module-separately -disable-cmo
/Users/admin/builder/spi-builder-workspace/Sources/Reeeed/Extraction/ArticleContentExtraction.swift:2:8: error: Unable to resolve module dependency: 'WebKit' (in target 'Reeeed' from project 'Reeeed')
note: A dependency of main module 'Reeeed'
/Users/admin/builder/spi-builder-workspace/Sources/Reeeed/Extraction/MercuryExtractor.swift:2:8: note: Also imported here
/Users/admin/builder/spi-builder-workspace/Sources/Reeeed/Extraction/ReadabilityExtractor.swift:2:8: note: Also imported here
/Users/admin/builder/spi-builder-workspace/Sources/Reeeed/Utils/WebView/WebContent.swift:2:8: note: Also imported here
/Users/admin/builder/spi-builder-workspace/Sources/Reeeed/Utils/WebView/WebView.swift:1:8: note: Also imported here
/Users/admin/builder/spi-builder-workspace/Sources/Reeeed/Extraction/ArticleContentExtraction.swift:2:8: note: A dependency of main module 'Reeeed'
import WebKit
^ (in target 'Reeeed' from project 'Reeeed')
/Users/admin/builder/spi-builder-workspace/Sources/Reeeed/Extraction/MercuryExtractor.swift:2:8: note: Also imported here
import WebKit
^ (in target 'Reeeed' from project 'Reeeed')
/Users/admin/builder/spi-builder-workspace/Sources/Reeeed/Extraction/ReadabilityExtractor.swift:2:8: note: Also imported here
import WebKit
^ (in target 'Reeeed' from project 'Reeeed')
/Users/admin/builder/spi-builder-workspace/Sources/Reeeed/Utils/WebView/WebContent.swift:2:8: note: Also imported here
import WebKit
^ (in target 'Reeeed' from project 'Reeeed')
/Users/admin/builder/spi-builder-workspace/Sources/Reeeed/Utils/WebView/WebView.swift:1:8: note: Also imported here
import WebKit
^ (in target 'Reeeed' from project 'Reeeed')
SwiftCompile normal arm64_32 Compiling\ Attribute.swift,\ Attributes.swift,\ BinarySearch.swift,\ BooleanAttribute.swift,\ ByteSlice.swift,\ CharacterExt.swift /Users/admin/builder/spi-builder-workspace/.dependencies/checkouts/SwiftSoup/Sources/Attribute.swift /Users/admin/builder/spi-builder-workspace/.dependencies/checkouts/SwiftSoup/Sources/Attributes.swift /Users/admin/builder/spi-builder-workspace/.dependencies/checkouts/SwiftSoup/Sources/BinarySearch.swift /Users/admin/builder/spi-builder-workspace/.dependencies/checkouts/SwiftSoup/Sources/BooleanAttribute.swift /Users/admin/builder/spi-builder-workspace/.dependencies/checkouts/SwiftSoup/Sources/ByteSlice.swift /Users/admin/builder/spi-builder-workspace/.dependencies/checkouts/SwiftSoup/Sources/CharacterExt.swift (in target 'SwiftSoup' from project 'SwiftSoup')
SwiftCompile normal arm64_32 /Users/admin/builder/spi-builder-workspace/.dependencies/checkouts/SwiftSoup/Sources/Attribute.swift (in target 'SwiftSoup' from project 'SwiftSoup')
cd /Users/admin/builder/spi-builder-workspace/.swiftpm/xcode
builtin-SwiftPerFileCompile Attribute.swift
SwiftCompile normal arm64_32 /Users/admin/builder/spi-builder-workspace/.dependencies/checkouts/SwiftSoup/Sources/Attributes.swift (in target 'SwiftSoup' from project 'SwiftSoup')
cd /Users/admin/builder/spi-builder-workspace/.swiftpm/xcode
builtin-SwiftPerFileCompile Attributes.swift
SwiftCompile normal arm64_32 /Users/admin/builder/spi-builder-workspace/.dependencies/checkouts/SwiftSoup/Sources/BinarySearch.swift (in target 'SwiftSoup' from project 'SwiftSoup')
cd /Users/admin/builder/spi-builder-workspace/.swiftpm/xcode
builtin-SwiftPerFileCompile BinarySearch.swift
SwiftCompile normal arm64_32 /Users/admin/builder/spi-builder-workspace/.dependencies/checkouts/SwiftSoup/Sources/BooleanAttribute.swift (in target 'SwiftSoup' from project 'SwiftSoup')
cd /Users/admin/builder/spi-builder-workspace/.swiftpm/xcode
builtin-SwiftPerFileCompile BooleanAttribute.swift
SwiftCompile normal arm64_32 /Users/admin/builder/spi-builder-workspace/.dependencies/checkouts/SwiftSoup/Sources/ByteSlice.swift (in target 'SwiftSoup' from project 'SwiftSoup')
cd /Users/admin/builder/spi-builder-workspace/.swiftpm/xcode
builtin-SwiftPerFileCompile ByteSlice.swift
SwiftCompile normal arm64_32 /Users/admin/builder/spi-builder-workspace/.dependencies/checkouts/SwiftSoup/Sources/CharacterExt.swift (in target 'SwiftSoup' from project 'SwiftSoup')
cd /Users/admin/builder/spi-builder-workspace/.swiftpm/xcode
builtin-SwiftPerFileCompile CharacterExt.swift
SwiftCompile normal arm64_32 Compiling\ CharacterReader.swift,\ Cleaner.swift,\ Collector.swift,\ CombiningEvaluator.swift,\ Comment.swift,\ CssSelector.swift /Users/admin/builder/spi-builder-workspace/.dependencies/checkouts/SwiftSoup/Sources/CharacterReader.swift /Users/admin/builder/spi-builder-workspace/.dependencies/checkouts/SwiftSoup/Sources/Cleaner.swift /Users/admin/builder/spi-builder-workspace/.dependencies/checkouts/SwiftSoup/Sources/Collector.swift /Users/admin/builder/spi-builder-workspace/.dependencies/checkouts/SwiftSoup/Sources/CombiningEvaluator.swift /Users/admin/builder/spi-builder-workspace/.dependencies/checkouts/SwiftSoup/Sources/Comment.swift /Users/admin/builder/spi-builder-workspace/.dependencies/checkouts/SwiftSoup/Sources/CssSelector.swift (in target 'SwiftSoup' from project 'SwiftSoup')
SwiftCompile normal arm64_32 /Users/admin/builder/spi-builder-workspace/.dependencies/checkouts/SwiftSoup/Sources/CharacterReader.swift (in target 'SwiftSoup' from project 'SwiftSoup')
cd /Users/admin/builder/spi-builder-workspace/.swiftpm/xcode
builtin-SwiftPerFileCompile CharacterReader.swift
SwiftCompile normal arm64_32 /Users/admin/builder/spi-builder-workspace/.dependencies/checkouts/SwiftSoup/Sources/Cleaner.swift (in target 'SwiftSoup' from project 'SwiftSoup')
cd /Users/admin/builder/spi-builder-workspace/.swiftpm/xcode
builtin-SwiftPerFileCompile Cleaner.swift
SwiftCompile normal arm64_32 /Users/admin/builder/spi-builder-workspace/.dependencies/checkouts/SwiftSoup/Sources/Collector.swift (in target 'SwiftSoup' from project 'SwiftSoup')
cd /Users/admin/builder/spi-builder-workspace/.swiftpm/xcode
builtin-SwiftPerFileCompile Collector.swift
SwiftCompile normal arm64_32 /Users/admin/builder/spi-builder-workspace/.dependencies/checkouts/SwiftSoup/Sources/CombiningEvaluator.swift (in target 'SwiftSoup' from project 'SwiftSoup')
cd /Users/admin/builder/spi-builder-workspace/.swiftpm/xcode
builtin-SwiftPerFileCompile CombiningEvaluator.swift
SwiftCompile normal arm64_32 /Users/admin/builder/spi-builder-workspace/.dependencies/checkouts/SwiftSoup/Sources/Comment.swift (in target 'SwiftSoup' from project 'SwiftSoup')
cd /Users/admin/builder/spi-builder-workspace/.swiftpm/xcode
builtin-SwiftPerFileCompile Comment.swift
SwiftCompile normal arm64_32 /Users/admin/builder/spi-builder-workspace/.dependencies/checkouts/SwiftSoup/Sources/CssSelector.swift (in target 'SwiftSoup' from project 'SwiftSoup')
cd /Users/admin/builder/spi-builder-workspace/.swiftpm/xcode
builtin-SwiftPerFileCompile CssSelector.swift
SwiftCompile normal arm64_32 Compiling\ OrderedSet.swift,\ ParseError.swift,\ ParseErrorList.swift,\ ParseSettings.swift,\ Parser.swift,\ ParsingStrings.swift /Users/admin/builder/spi-builder-workspace/.dependencies/checkouts/SwiftSoup/Sources/OrderedSet.swift /Users/admin/builder/spi-builder-workspace/.dependencies/checkouts/SwiftSoup/Sources/ParseError.swift /Users/admin/builder/spi-builder-workspace/.dependencies/checkouts/SwiftSoup/Sources/ParseErrorList.swift /Users/admin/builder/spi-builder-workspace/.dependencies/checkouts/SwiftSoup/Sources/ParseSettings.swift /Users/admin/builder/spi-builder-workspace/.dependencies/checkouts/SwiftSoup/Sources/Parser.swift /Users/admin/builder/spi-builder-workspace/.dependencies/checkouts/SwiftSoup/Sources/ParsingStrings.swift (in target 'SwiftSoup' from project 'SwiftSoup')
SwiftCompile normal arm64_32 /Users/admin/builder/spi-builder-workspace/.dependencies/checkouts/SwiftSoup/Sources/OrderedSet.swift (in target 'SwiftSoup' from project 'SwiftSoup')
cd /Users/admin/builder/spi-builder-workspace/.swiftpm/xcode
builtin-SwiftPerFileCompile OrderedSet.swift
SwiftCompile normal arm64_32 /Users/admin/builder/spi-builder-workspace/.dependencies/checkouts/SwiftSoup/Sources/ParseError.swift (in target 'SwiftSoup' from project 'SwiftSoup')
cd /Users/admin/builder/spi-builder-workspace/.swiftpm/xcode
builtin-SwiftPerFileCompile ParseError.swift
SwiftCompile normal arm64_32 /Users/admin/builder/spi-builder-workspace/.dependencies/checkouts/SwiftSoup/Sources/ParseErrorList.swift (in target 'SwiftSoup' from project 'SwiftSoup')
cd /Users/admin/builder/spi-builder-workspace/.swiftpm/xcode
builtin-SwiftPerFileCompile ParseErrorList.swift
SwiftCompile normal arm64_32 /Users/admin/builder/spi-builder-workspace/.dependencies/checkouts/SwiftSoup/Sources/ParseSettings.swift (in target 'SwiftSoup' from project 'SwiftSoup')
cd /Users/admin/builder/spi-builder-workspace/.swiftpm/xcode
builtin-SwiftPerFileCompile ParseSettings.swift
SwiftCompile normal arm64_32 /Users/admin/builder/spi-builder-workspace/.dependencies/checkouts/SwiftSoup/Sources/Parser.swift (in target 'SwiftSoup' from project 'SwiftSoup')
cd /Users/admin/builder/spi-builder-workspace/.swiftpm/xcode
builtin-SwiftPerFileCompile Parser.swift
SwiftCompile normal arm64_32 /Users/admin/builder/spi-builder-workspace/.dependencies/checkouts/SwiftSoup/Sources/ParsingStrings.swift (in target 'SwiftSoup' from project 'SwiftSoup')
cd /Users/admin/builder/spi-builder-workspace/.swiftpm/xcode
builtin-SwiftPerFileCompile ParsingStrings.swift
SwiftCompile normal arm64_32 Compiling\ Elements.swift,\ Entities.swift,\ Evaluator.swift,\ Exception.swift,\ FormElement.swift,\ HtmlTreeBuilder.swift /Users/admin/builder/spi-builder-workspace/.dependencies/checkouts/SwiftSoup/Sources/Elements.swift /Users/admin/builder/spi-builder-workspace/.dependencies/checkouts/SwiftSoup/Sources/Entities.swift /Users/admin/builder/spi-builder-workspace/.dependencies/checkouts/SwiftSoup/Sources/Evaluator.swift /Users/admin/builder/spi-builder-workspace/.dependencies/checkouts/SwiftSoup/Sources/Exception.swift /Users/admin/builder/spi-builder-workspace/.dependencies/checkouts/SwiftSoup/Sources/FormElement.swift /Users/admin/builder/spi-builder-workspace/.dependencies/checkouts/SwiftSoup/Sources/HtmlTreeBuilder.swift (in target 'SwiftSoup' from project 'SwiftSoup')
SwiftCompile normal arm64_32 /Users/admin/builder/spi-builder-workspace/.dependencies/checkouts/SwiftSoup/Sources/Elements.swift (in target 'SwiftSoup' from project 'SwiftSoup')
cd /Users/admin/builder/spi-builder-workspace/.swiftpm/xcode
builtin-SwiftPerFileCompile Elements.swift
SwiftCompile normal arm64_32 /Users/admin/builder/spi-builder-workspace/.dependencies/checkouts/SwiftSoup/Sources/Entities.swift (in target 'SwiftSoup' from project 'SwiftSoup')
cd /Users/admin/builder/spi-builder-workspace/.swiftpm/xcode
builtin-SwiftPerFileCompile Entities.swift
SwiftCompile normal arm64_32 /Users/admin/builder/spi-builder-workspace/.dependencies/checkouts/SwiftSoup/Sources/Evaluator.swift (in target 'SwiftSoup' from project 'SwiftSoup')
cd /Users/admin/builder/spi-builder-workspace/.swiftpm/xcode
builtin-SwiftPerFileCompile Evaluator.swift
SwiftCompile normal arm64_32 /Users/admin/builder/spi-builder-workspace/.dependencies/checkouts/SwiftSoup/Sources/Exception.swift (in target 'SwiftSoup' from project 'SwiftSoup')
cd /Users/admin/builder/spi-builder-workspace/.swiftpm/xcode
builtin-SwiftPerFileCompile Exception.swift
SwiftCompile normal arm64_32 /Users/admin/builder/spi-builder-workspace/.dependencies/checkouts/SwiftSoup/Sources/FormElement.swift (in target 'SwiftSoup' from project 'SwiftSoup')
cd /Users/admin/builder/spi-builder-workspace/.swiftpm/xcode
builtin-SwiftPerFileCompile FormElement.swift
SwiftCompile normal arm64_32 /Users/admin/builder/spi-builder-workspace/.dependencies/checkouts/SwiftSoup/Sources/HtmlTreeBuilder.swift (in target 'SwiftSoup' from project 'SwiftSoup')
cd /Users/admin/builder/spi-builder-workspace/.swiftpm/xcode
builtin-SwiftPerFileCompile HtmlTreeBuilder.swift
SwiftCompile normal arm64_32 Compiling\ TextNode.swift,\ Token.swift,\ TokenQueue.swift,\ Tokeniser.swift,\ TokeniserState.swift,\ TreeBuilder.swift /Users/admin/builder/spi-builder-workspace/.dependencies/checkouts/SwiftSoup/Sources/TextNode.swift /Users/admin/builder/spi-builder-workspace/.dependencies/checkouts/SwiftSoup/Sources/Token.swift /Users/admin/builder/spi-builder-workspace/.dependencies/checkouts/SwiftSoup/Sources/TokenQueue.swift /Users/admin/builder/spi-builder-workspace/.dependencies/checkouts/SwiftSoup/Sources/Tokeniser.swift /Users/admin/builder/spi-builder-workspace/.dependencies/checkouts/SwiftSoup/Sources/TokeniserState.swift /Users/admin/builder/spi-builder-workspace/.dependencies/checkouts/SwiftSoup/Sources/TreeBuilder.swift (in target 'SwiftSoup' from project 'SwiftSoup')
SwiftCompile normal arm64_32 /Users/admin/builder/spi-builder-workspace/.dependencies/checkouts/SwiftSoup/Sources/TextNode.swift (in target 'SwiftSoup' from project 'SwiftSoup')
cd /Users/admin/builder/spi-builder-workspace/.swiftpm/xcode
builtin-SwiftPerFileCompile TextNode.swift
SwiftCompile normal arm64_32 /Users/admin/builder/spi-builder-workspace/.dependencies/checkouts/SwiftSoup/Sources/Token.swift (in target 'SwiftSoup' from project 'SwiftSoup')
cd /Users/admin/builder/spi-builder-workspace/.swiftpm/xcode
builtin-SwiftPerFileCompile Token.swift
SwiftCompile normal arm64_32 /Users/admin/builder/spi-builder-workspace/.dependencies/checkouts/SwiftSoup/Sources/TokenQueue.swift (in target 'SwiftSoup' from project 'SwiftSoup')
cd /Users/admin/builder/spi-builder-workspace/.swiftpm/xcode
builtin-SwiftPerFileCompile TokenQueue.swift
SwiftCompile normal arm64_32 /Users/admin/builder/spi-builder-workspace/.dependencies/checkouts/SwiftSoup/Sources/Tokeniser.swift (in target 'SwiftSoup' from project 'SwiftSoup')
cd /Users/admin/builder/spi-builder-workspace/.swiftpm/xcode
builtin-SwiftPerFileCompile Tokeniser.swift
SwiftCompile normal arm64_32 /Users/admin/builder/spi-builder-workspace/.dependencies/checkouts/SwiftSoup/Sources/TokeniserState.swift (in target 'SwiftSoup' from project 'SwiftSoup')
cd /Users/admin/builder/spi-builder-workspace/.swiftpm/xcode
builtin-SwiftPerFileCompile TokeniserState.swift
SwiftCompile normal arm64_32 /Users/admin/builder/spi-builder-workspace/.dependencies/checkouts/SwiftSoup/Sources/TreeBuilder.swift (in target 'SwiftSoup' from project 'SwiftSoup')
cd /Users/admin/builder/spi-builder-workspace/.swiftpm/xcode
builtin-SwiftPerFileCompile TreeBuilder.swift
SwiftEmitModule normal arm64_32 Emitting\ module\ for\ SwiftSoup (in target 'SwiftSoup' from project 'SwiftSoup')
SwiftCompile normal arm64_32 (in target 'SwiftSoup' from project 'SwiftSoup')
cd /Users/admin/builder/spi-builder-workspace/.swiftpm/xcode
SwiftCompile normal arm64_32 Compiling\ HtmlTreeBuilderState.swift,\ LRUCache.swift,\ Mutex.swift,\ Node.swift,\ NodeTraversor.swift,\ NodeVisitor.swift /Users/admin/builder/spi-builder-workspace/.dependencies/checkouts/SwiftSoup/Sources/HtmlTreeBuilderState.swift /Users/admin/builder/spi-builder-workspace/.dependencies/checkouts/SwiftSoup/Sources/LRUCache.swift /Users/admin/builder/spi-builder-workspace/.dependencies/checkouts/SwiftSoup/Sources/Mutex.swift /Users/admin/builder/spi-builder-workspace/.dependencies/checkouts/SwiftSoup/Sources/Node.swift /Users/admin/builder/spi-builder-workspace/.dependencies/checkouts/SwiftSoup/Sources/NodeTraversor.swift /Users/admin/builder/spi-builder-workspace/.dependencies/checkouts/SwiftSoup/Sources/NodeVisitor.swift (in target 'SwiftSoup' from project 'SwiftSoup')
SwiftCompile normal arm64_32 /Users/admin/builder/spi-builder-workspace/.dependencies/checkouts/SwiftSoup/Sources/HtmlTreeBuilderState.swift (in target 'SwiftSoup' from project 'SwiftSoup')
cd /Users/admin/builder/spi-builder-workspace/.swiftpm/xcode
builtin-SwiftPerFileCompile HtmlTreeBuilderState.swift
SwiftCompile normal arm64_32 /Users/admin/builder/spi-builder-workspace/.dependencies/checkouts/SwiftSoup/Sources/LRUCache.swift (in target 'SwiftSoup' from project 'SwiftSoup')
cd /Users/admin/builder/spi-builder-workspace/.swiftpm/xcode
builtin-SwiftPerFileCompile LRUCache.swift
SwiftCompile normal arm64_32 /Users/admin/builder/spi-builder-workspace/.dependencies/checkouts/SwiftSoup/Sources/Mutex.swift (in target 'SwiftSoup' from project 'SwiftSoup')
cd /Users/admin/builder/spi-builder-workspace/.swiftpm/xcode
builtin-SwiftPerFileCompile Mutex.swift
SwiftCompile normal arm64_32 /Users/admin/builder/spi-builder-workspace/.dependencies/checkouts/SwiftSoup/Sources/Node.swift (in target 'SwiftSoup' from project 'SwiftSoup')
cd /Users/admin/builder/spi-builder-workspace/.swiftpm/xcode
builtin-SwiftPerFileCompile Node.swift
SwiftCompile normal arm64_32 /Users/admin/builder/spi-builder-workspace/.dependencies/checkouts/SwiftSoup/Sources/NodeTraversor.swift (in target 'SwiftSoup' from project 'SwiftSoup')
cd /Users/admin/builder/spi-builder-workspace/.swiftpm/xcode
builtin-SwiftPerFileCompile NodeTraversor.swift
SwiftCompile normal arm64_32 /Users/admin/builder/spi-builder-workspace/.dependencies/checkouts/SwiftSoup/Sources/NodeVisitor.swift (in target 'SwiftSoup' from project 'SwiftSoup')
cd /Users/admin/builder/spi-builder-workspace/.swiftpm/xcode
builtin-SwiftPerFileCompile NodeVisitor.swift
SwiftCompile normal arm64_32 Compiling\ UTF8Arrays.swift,\ UnicodeScalar.swift,\ Validate.swift,\ Whitelist.swift,\ XmlDeclaration.swift,\ XmlTreeBuilder.swift /Users/admin/builder/spi-builder-workspace/.dependencies/checkouts/SwiftSoup/Sources/UTF8Arrays.swift /Users/admin/builder/spi-builder-workspace/.dependencies/checkouts/SwiftSoup/Sources/UnicodeScalar.swift /Users/admin/builder/spi-builder-workspace/.dependencies/checkouts/SwiftSoup/Sources/Validate.swift /Users/admin/builder/spi-builder-workspace/.dependencies/checkouts/SwiftSoup/Sources/Whitelist.swift /Users/admin/builder/spi-builder-workspace/.dependencies/checkouts/SwiftSoup/Sources/XmlDeclaration.swift /Users/admin/builder/spi-builder-workspace/.dependencies/checkouts/SwiftSoup/Sources/XmlTreeBuilder.swift (in target 'SwiftSoup' from project 'SwiftSoup')
SwiftCompile normal arm64_32 /Users/admin/builder/spi-builder-workspace/.dependencies/checkouts/SwiftSoup/Sources/UTF8Arrays.swift (in target 'SwiftSoup' from project 'SwiftSoup')
cd /Users/admin/builder/spi-builder-workspace/.swiftpm/xcode
builtin-SwiftPerFileCompile UTF8Arrays.swift
SwiftCompile normal arm64_32 /Users/admin/builder/spi-builder-workspace/.dependencies/checkouts/SwiftSoup/Sources/UnicodeScalar.swift (in target 'SwiftSoup' from project 'SwiftSoup')
cd /Users/admin/builder/spi-builder-workspace/.swiftpm/xcode
builtin-SwiftPerFileCompile UnicodeScalar.swift
SwiftCompile normal arm64_32 /Users/admin/builder/spi-builder-workspace/.dependencies/checkouts/SwiftSoup/Sources/Validate.swift (in target 'SwiftSoup' from project 'SwiftSoup')
cd /Users/admin/builder/spi-builder-workspace/.swiftpm/xcode
builtin-SwiftPerFileCompile Validate.swift
SwiftCompile normal arm64_32 /Users/admin/builder/spi-builder-workspace/.dependencies/checkouts/SwiftSoup/Sources/Whitelist.swift (in target 'SwiftSoup' from project 'SwiftSoup')
cd /Users/admin/builder/spi-builder-workspace/.swiftpm/xcode
builtin-SwiftPerFileCompile Whitelist.swift
SwiftCompile normal arm64_32 /Users/admin/builder/spi-builder-workspace/.dependencies/checkouts/SwiftSoup/Sources/XmlDeclaration.swift (in target 'SwiftSoup' from project 'SwiftSoup')
cd /Users/admin/builder/spi-builder-workspace/.swiftpm/xcode
builtin-SwiftPerFileCompile XmlDeclaration.swift
SwiftCompile normal arm64_32 /Users/admin/builder/spi-builder-workspace/.dependencies/checkouts/SwiftSoup/Sources/XmlTreeBuilder.swift (in target 'SwiftSoup' from project 'SwiftSoup')
cd /Users/admin/builder/spi-builder-workspace/.swiftpm/xcode
builtin-SwiftPerFileCompile XmlTreeBuilder.swift
PruneExplicitPrecompiledModules /Users/admin/builder/spi-builder-workspace/.derivedData/SDKExplicitPrecompiledModules
PruneExplicitPrecompiledModules /Users/admin/builder/spi-builder-workspace/.derivedData/Build/Intermediates.noindex/ExplicitPrecompiledModules
PruneExplicitPrecompiledModules /Users/admin/builder/spi-builder-workspace/.derivedData/Build/Intermediates.noindex/SwiftExplicitPrecompiledModules
2026-09-18 13:05:28.596 xcodebuild[914:5632] [MT] IDERunDestination: Supported platforms for the buildables in the current scheme is empty.
** BUILD FAILED **
The following build commands failed:
SwiftDriver Reeeed normal arm64 com.apple.xcode.tools.swift.compiler (in target 'Reeeed' from project 'Reeeed')
SwiftDriver Reeeed normal arm64_32 com.apple.xcode.tools.swift.compiler (in target 'Reeeed' from project 'Reeeed')
Building workspace Reeeed with scheme Reeeed
(3 failures)
BUILD FAILURE 6.4 watchOS