Build Information
Failed to build SDGCornerstone, reference 10.2.0 (09f6c7), with Swift 6.4 for visionOS using Xcode 27.0 on 21 Sep 2026 04:47:28 UTC.
Build Command
env DEVELOPER_DIR=/Applications/Xcode-27.0.0-Release.Candidate.app xcrun xcodebuild -IDEClonedSourcePackagesDirPathOverride=$PWD/.dependencies -skipMacroValidation -skipPackagePluginValidation -derivedDataPath $PWD/.derivedData build -scheme SDGCornerstone-Package -destination generic/platform=xrOSBuild Log
"Parser/XML.Parser.swift",
"XML.swift"
],
"target_dependencies" : [
"SDGControlFlow",
"SDGLogic",
"SDGMathematics",
"SDGCollections",
"SDGText",
"SDGPersistence",
"SDGLocalization",
"SDGCornerstoneLocalizations"
],
"type" : "library"
},
{
"c99name" : "SDGXCTestUtilities",
"module_type" : "SwiftTarget",
"name" : "SDGXCTestUtilities",
"path" : "Sources/SDGXCTestUtilities",
"product_memberships" : [
"SDGXCTestUtilities"
],
"sources" : [
"TestCase.swift",
"XCTAssert.swift"
],
"target_dependencies" : [
"SDGTesting",
"SDGLogic",
"SDGMathematics",
"SDGText",
"SDGPersistence",
"SDGLocalization",
"SDGCornerstoneLocalizations"
],
"type" : "library"
},
{
"c99name" : "SDGVersioningTests",
"module_type" : "SwiftTarget",
"name" : "SDGVersioningTests",
"path" : "Tests/SDGVersioningTests",
"sources" : [
"APITests.swift",
"RegressionTests.swift"
],
"target_dependencies" : [
"SDGVersioning",
"SDGTesting",
"SDGXCTestUtilities",
"SDGCornerstoneLocalizations",
"SDGLocalizationTestUtilities"
],
"type" : "test"
},
{
"c99name" : "SDGVersioning",
"module_type" : "SwiftTarget",
"name" : "SDGVersioning",
"path" : "Sources/SDGVersioning",
"product_memberships" : [
"SDGVersioning"
],
"sources" : [
"Version.swift"
],
"target_dependencies" : [
"SDGControlFlow",
"SDGLogic",
"SDGMathematics",
"SDGCollections",
"SDGText",
"SDGLocalization",
"SDGCornerstoneLocalizations"
],
"type" : "library"
},
{
"c99name" : "SDGTextTests",
"module_type" : "SwiftTarget",
"name" : "SDGTextTests",
"path" : "Tests/SDGTextTests",
"sources" : [
"APITests.swift",
"InternalTests.swift",
"RegressionTests.swift"
],
"target_dependencies" : [
"SDGText",
"SDGTesting",
"SDGXCTestUtilities",
"SDGLogic",
"SDGMathematics",
"SDGCollections",
"SDGCornerstoneLocalizations",
"SDGMathematicsTestUtilities",
"SDGCollectionsTestUtilities",
"SDGPersistenceTestUtilities",
"SDGLocalizationTestUtilities"
],
"type" : "test"
},
{
"c99name" : "SDGText",
"module_type" : "SwiftTarget",
"name" : "SDGText",
"path" : "Sources/SDGText",
"product_memberships" : [
"SDGLogicTestUtilities",
"SDGMathematicsTestUtilities",
"SDGCollectionsTestUtilities",
"SDGText",
"SDGCollation",
"SDGPersistence",
"SDGPersistenceTestUtilities",
"SDGRandomizationTestUtilities",
"SDGLocalization",
"SDGLocalizationTestUtilities",
"SDGGeometryTestUtilities",
"SDGCalendar",
"SDGPrecisionMathematics",
"SDGExternalProcess",
"SDGVersioning",
"SDGXML",
"SDGTesting",
"SDGXCTestUtilities",
"SDGCopySources",
"SDGEmbedResources",
"sdg_embed_resource",
"sdg_copy_source",
"generate_root_collation"
],
"sources" : [
"CharacterSet.swift",
"CollectionStringFamily.swift",
"CollectionUnicodeScalar.swift",
"Compatibility/StaticString.swift",
"Compatibility/String.swift",
"Compatibility/StringClusterView.swift",
"Compatibility/StringScalarView.swift",
"ExtendedGraphemeCluster.swift",
"Font/Font.Definition.swift",
"Font/Font.swift",
"Font/NSFont.swift",
"Font/SwiftUI.Font.swift",
"Font/UIFont.swift",
"MarkupPlaygroundDisplay.swift",
"Range.swift",
"SemanticMarkup.swift",
"SemanticMarkupStringInterpolation.swift",
"Strict/StrictString.swift",
"Strict/StrictStringClusterView.swift",
"Strict/StrictStringInterpolationProtocol.swift",
"Strict/StrictStringStringInterpolation.swift",
"String Family/ExtendedGraphemeClusterView.swift",
"String Family/Line.swift",
"String Family/LineView.swift",
"String Family/LineViewIndex.swift",
"String Family/Newline.swift",
"String Family/NewlinePattern.swift",
"String Family/StringFamily.swift",
"String Family/StringIndex.swift",
"String Family/UnicodeScalarView.swift",
"UnicodeScalar.swift"
],
"target_dependencies" : [
"SDGControlFlow",
"SDGLogic",
"SDGMathematics",
"SDGCollections"
],
"type" : "library"
},
{
"c99name" : "SDGTesting",
"module_type" : "SwiftTarget",
"name" : "SDGTesting",
"path" : "Sources/SDGTesting",
"product_memberships" : [
"SDGLogicTestUtilities",
"SDGMathematicsTestUtilities",
"SDGCollectionsTestUtilities",
"SDGPersistenceTestUtilities",
"SDGRandomizationTestUtilities",
"SDGLocalizationTestUtilities",
"SDGGeometryTestUtilities",
"SDGTesting",
"SDGXCTestUtilities"
],
"sources" : [
"PerformanceTest.swift",
"Test.swift"
],
"target_dependencies" : [
"SDGControlFlow",
"SDGMathematics",
"SDGText",
"SDGLocalization",
"SDGCornerstoneLocalizations"
],
"type" : "library"
},
{
"c99name" : "SDGRandomizationTests",
"module_type" : "SwiftTarget",
"name" : "SDGRandomizationTests",
"path" : "Tests/SDGRandomizationTests",
"sources" : [
"APITests.swift"
],
"target_dependencies" : [
"SDGRandomization",
"SDGRandomizationTestUtilities",
"SDGTesting",
"SDGXCTestUtilities",
"SDGLogic",
"SDGMathematics"
],
"type" : "test"
},
{
"c99name" : "SDGRandomizationTestUtilities",
"module_type" : "SwiftTarget",
"name" : "SDGRandomizationTestUtilities",
"path" : "Sources/SDGRandomizationTestUtilities",
"product_memberships" : [
"SDGRandomizationTestUtilities"
],
"sources" : [
"Randomizer.swift"
],
"target_dependencies" : [
"SDGRandomization",
"SDGTesting"
],
"type" : "library"
},
{
"c99name" : "SDGRandomization",
"module_type" : "SwiftTarget",
"name" : "SDGRandomization",
"path" : "Sources/SDGRandomization",
"product_memberships" : [
"SDGRandomization",
"SDGRandomizationTestUtilities"
],
"sources" : [
"Bool.swift",
"CyclicalNumberGenerator.swift",
"PseudorandomNumberGenerator.swift"
],
"target_dependencies" : [
"SDGControlFlow",
"SDGLogic",
"SDGMathematics"
],
"type" : "library"
},
{
"c99name" : "SDGPrecisionMathematicsTests",
"module_type" : "SwiftTarget",
"name" : "SDGPrecisionMathematicsTests",
"path" : "Tests/SDGPrecisionMathematicsTests",
"sources" : [
"APITests.swift",
"InternalTests.swift"
],
"target_dependencies" : [
"SDGPrecisionMathematics",
"SDGTesting",
"SDGXCTestUtilities",
"SDGMathematics",
"SDGBinaryData",
"SDGCornerstoneLocalizations",
"SDGMathematicsTestUtilities",
"SDGPersistenceTestUtilities",
"SDGLocalizationTestUtilities"
],
"type" : "test"
},
{
"c99name" : "SDGPrecisionMathematics",
"module_type" : "SwiftTarget",
"name" : "SDGPrecisionMathematics",
"path" : "Sources/SDGPrecisionMathematics",
"product_memberships" : [
"SDGPrecisionMathematics"
],
"sources" : [
"HalvesView.swift",
"Integer.swift",
"RationalNumber.swift",
"UInt.swift",
"WholeNumber.swift",
"WholeNumberBinaryView.swift",
"WholeNumberBinaryViewIndex.swift",
"WholeNumberBinaryViewIndexDistance.swift"
],
"target_dependencies" : [
"SDGLogic",
"SDGMathematics",
"SDGCollections",
"SDGBinaryData",
"SDGText",
"SDGLocalization",
"SDGCornerstoneLocalizations"
],
"type" : "library"
},
{
"c99name" : "SDGPersistenceTests",
"module_type" : "SwiftTarget",
"name" : "SDGPersistenceTests",
"path" : "Tests/SDGPersistenceTests",
"sources" : [
"APITests.swift",
"RegressionTests.swift"
],
"target_dependencies" : [
"SDGPersistence",
"SDGPersistenceTestUtilities",
"SDGTesting",
"SDGXCTestUtilities",
"SDGLogic",
"SDGCollections",
"SDGText",
"SDGLocalization",
"SDGExternalProcess",
"SDGCornerstoneLocalizations",
"SDGLocalizationTestUtilities"
],
"type" : "test"
},
{
"c99name" : "SDGPersistenceTestUtilities",
"module_type" : "SwiftTarget",
"name" : "SDGPersistenceTestUtilities",
"path" : "Sources/SDGPersistenceTestUtilities",
"product_memberships" : [
"SDGMathematicsTestUtilities",
"SDGPersistenceTestUtilities",
"SDGLocalizationTestUtilities",
"SDGGeometryTestUtilities"
],
"sources" : [
"Codable.swift",
"FileConvertible.swift",
"Specification.swift"
],
"target_dependencies" : [
"SDGPersistence",
"SDGTesting",
"SDGControlFlow",
"SDGLogic",
"SDGMathematics",
"SDGCollections",
"SDGText",
"SDGLocalization",
"SDGCalendar",
"SDGCornerstoneLocalizations"
],
"type" : "library"
},
{
"c99name" : "SDGPersistence",
"module_type" : "SwiftTarget",
"name" : "SDGPersistence",
"path" : "Sources/SDGPersistence",
"product_memberships" : [
"SDGLogicTestUtilities",
"SDGMathematicsTestUtilities",
"SDGCollectionsTestUtilities",
"SDGCollation",
"SDGPersistence",
"SDGPersistenceTestUtilities",
"SDGRandomizationTestUtilities",
"SDGLocalization",
"SDGLocalizationTestUtilities",
"SDGGeometryTestUtilities",
"SDGCalendar",
"SDGPrecisionMathematics",
"SDGExternalProcess",
"SDGVersioning",
"SDGXML",
"SDGTesting",
"SDGXCTestUtilities",
"SDGCopySources",
"SDGEmbedResources",
"sdg_embed_resource",
"sdg_copy_source",
"generate_root_collation"
],
"sources" : [
"Data.swift",
"FileConvertible.swift",
"FileManager.swift",
"Preference.swift",
"PreferenceSet.swift",
"ProcessInfo.swift",
"StrictString.swift",
"String.swift",
"URL.swift"
],
"target_dependencies" : [
"SDGControlFlow",
"SDGLogic",
"SDGMathematics",
"SDGCollections",
"SDGText"
],
"type" : "library"
},
{
"c99name" : "SDGMathematicsTests",
"module_type" : "SwiftTarget",
"name" : "SDGMathematicsTests",
"path" : "Tests/SDGMathematicsTests",
"sources" : [
"APITests.swift",
"RegressionTests.swift"
],
"target_dependencies" : [
"SDGMathematics",
"SDGMathematicsTestUtilities",
"SDGTesting",
"SDGXCTestUtilities",
"SDGLogic"
],
"type" : "test"
},
{
"c99name" : "SDGMathematicsTestUtilities",
"module_type" : "SwiftTarget",
"name" : "SDGMathematicsTestUtilities",
"path" : "Sources/SDGMathematicsTestUtilities",
"product_memberships" : [
"SDGMathematicsTestUtilities",
"SDGGeometryTestUtilities"
],
"sources" : [
"Addable.swift",
"BitField.swift",
"Comparable.swift",
"FixedScaleOneDimensionalPoint.swift",
"Float.swift",
"GenericAdditiveArithmetic.swift",
"IntegralArithmetic.swift",
"Measurement.swift",
"Negatable.swift",
"NumericAdditiveArithmetic.swift",
"OneDimensionalPoint.swift",
"PointProtocol.swift",
"RationalArithmetic.swift",
"RationalVector.swift",
"RealArithmetic.swift",
"Subtractable.swift",
"VectorProtocol.swift",
"WholeArithmetic.swift"
],
"target_dependencies" : [
"SDGMathematics",
"SDGTesting",
"SDGCollections",
"SDGLocalization",
"SDGLogicTestUtilities",
"SDGCollectionsTestUtilities",
"SDGPersistenceTestUtilities"
],
"type" : "library"
},
{
"c99name" : "SDGMathematics",
"module_type" : "SwiftTarget",
"name" : "SDGMathematics",
"path" : "Sources/SDGMathematics",
"product_dependencies" : [
"RealModule"
],
"product_memberships" : [
"SDGLogicTestUtilities",
"SDGMathematics",
"SDGMathematicsTestUtilities",
"SDGCollections",
"SDGCollectionsTestUtilities",
"SDGBinaryData",
"SDGText",
"SDGCollation",
"SDGPersistence",
"SDGPersistenceTestUtilities",
"SDGRandomization",
"SDGRandomizationTestUtilities",
"SDGLocalization",
"SDGLocalizationTestUtilities",
"SDGGeometry",
"SDGGeometryTestUtilities",
"SDGCalendar",
"SDGPrecisionMathematics",
"SDGExternalProcess",
"SDGVersioning",
"SDGXML",
"SDGTesting",
"SDGXCTestUtilities",
"SDGCopySources",
"SDGEmbedResources",
"sdg_embed_resource",
"sdg_copy_source",
"generate_root_collation"
],
"sources" : [
"Angle.swift",
"BitField.swift",
"ClosedRange.swift",
"Comparable.swift",
"Data.swift",
"Float.swift",
"FunctionAnalysis.swift",
"Int.swift",
"Measurement.swift",
"Numeric Protocols/Addable.swift",
"Numeric Protocols/FixedScaleOneDimensionalPoint.swift",
"Numeric Protocols/GenericAdditiveArithmetic.swift",
"Numeric Protocols/IntegerProtocol.swift",
"Numeric Protocols/IntegralArithmetic.swift",
"Numeric Protocols/Negatable.swift",
"Numeric Protocols/NumericAdditiveArithmetic.swift",
"Numeric Protocols/OneDimensionalPoint.swift",
"Numeric Protocols/OneDimensionalVector.swift",
"Numeric Protocols/PointProtocol.swift",
"Numeric Protocols/RationalArithmetic.swift",
"Numeric Protocols/RationalNumberProtocol.swift",
"Numeric Protocols/RationalVector.swift",
"Numeric Protocols/RealArithmetic.swift",
"Numeric Protocols/RealNumberProtocol.swift",
"Numeric Protocols/Subtractable.swift",
"Numeric Protocols/VectorProtocol.swift",
"Numeric Protocols/WholeArithmetic.swift",
"Numeric Protocols/WholeNumberProtocol.swift",
"Operators.swift",
"OrderedEnumeration.swift",
"Sequence.swift",
"Tuple.swift",
"UInt.swift"
],
"target_dependencies" : [
"SDGControlFlow",
"SDGLogic"
],
"type" : "library"
},
{
"c99name" : "SDGLogicTests",
"module_type" : "SwiftTarget",
"name" : "SDGLogicTests",
"path" : "Tests/SDGLogicTests",
"sources" : [
"APITests.swift"
],
"target_dependencies" : [
"SDGLogic",
"SDGLogicTestUtilities",
"SDGTesting",
"SDGXCTestUtilities",
"SDGMathematicsTestUtilities"
],
"type" : "test"
},
{
"c99name" : "SDGLogicTestUtilities",
"module_type" : "SwiftTarget",
"name" : "SDGLogicTestUtilities",
"path" : "Sources/SDGLogicTestUtilities",
"product_memberships" : [
"SDGLogicTestUtilities",
"SDGMathematicsTestUtilities",
"SDGCollectionsTestUtilities",
"SDGGeometryTestUtilities"
],
"sources" : [
"Equatable.swift"
],
"target_dependencies" : [
"SDGLogic",
"SDGTesting"
],
"type" : "library"
},
{
"c99name" : "SDGLogic",
"module_type" : "SwiftTarget",
"name" : "SDGLogic",
"path" : "Sources/SDGLogic",
"product_memberships" : [
"SDGLogic",
"SDGLogicTestUtilities",
"SDGMathematics",
"SDGMathematicsTestUtilities",
"SDGCollections",
"SDGCollectionsTestUtilities",
"SDGBinaryData",
"SDGText",
"SDGCollation",
"SDGPersistence",
"SDGPersistenceTestUtilities",
"SDGRandomization",
"SDGRandomizationTestUtilities",
"SDGLocalization",
"SDGLocalizationTestUtilities",
"SDGGeometry",
"SDGGeometryTestUtilities",
"SDGCalendar",
"SDGPrecisionMathematics",
"SDGConcurrency",
"SDGExternalProcess",
"SDGVersioning",
"SDGXML",
"SDGTesting",
"SDGXCTestUtilities",
"SDGCopySources",
"SDGEmbedResources",
"sdg_embed_resource",
"sdg_copy_source",
"generate_root_collation"
],
"sources" : [
"Any.swift",
"Bool.swift",
"Equatable.swift",
"NilLiteral.swift",
"Operators.swift",
"Tuple.swift"
],
"type" : "library"
},
{
"c99name" : "SDGLocalizationTests",
"module_type" : "SwiftTarget",
"name" : "SDGLocalizationTests",
"path" : "Tests/SDGLocalizationTests",
"sources" : [
"APITests.swift",
"InternalTests.swift"
],
"target_dependencies" : [
"SDGLocalization",
"SDGLocalizationTestUtilities",
"SDGTesting",
"SDGXCTestUtilities",
"SDGLogic",
"SDGMathematics",
"SDGCollections",
"SDGText",
"SDGPersistence",
"SDGPrecisionMathematics",
"SDGCornerstoneLocalizations",
"SDGPersistenceTestUtilities"
],
"type" : "test"
},
{
"c99name" : "SDGLocalizationTestUtilities",
"module_type" : "SwiftTarget",
"name" : "SDGLocalizationTestUtilities",
"path" : "Sources/SDGLocalizationTestUtilities",
"product_memberships" : [
"SDGLocalizationTestUtilities"
],
"sources" : [
"CustomStringConvertible.swift"
],
"target_dependencies" : [
"SDGLocalization",
"SDGTesting",
"SDGText",
"SDGPersistence",
"SDGPersistenceTestUtilities"
],
"type" : "library"
},
{
"c99name" : "SDGLocalization",
"module_type" : "SwiftTarget",
"name" : "SDGLocalization",
"path" : "Sources/SDGLocalization",
"product_memberships" : [
"SDGLogicTestUtilities",
"SDGMathematicsTestUtilities",
"SDGCollectionsTestUtilities",
"SDGPersistenceTestUtilities",
"SDGRandomizationTestUtilities",
"SDGLocalization",
"SDGLocalizationTestUtilities",
"SDGGeometryTestUtilities",
"SDGCalendar",
"SDGPrecisionMathematics",
"SDGExternalProcess",
"SDGVersioning",
"SDGXML",
"SDGTesting",
"SDGXCTestUtilities",
"generate_root_collation"
],
"sources" : [
"CachedLocalization.swift",
"Extensions/Bool.swift",
"Extensions/CodableViaEnumeration.swift",
"Extensions/Decodable.swift",
"Extensions/LosslessStringConvertible.swift",
"Extensions/Numbers/Angle.swift",
"Extensions/Numbers/Float.swift",
"Extensions/Numbers/Int.swift",
"Extensions/Numbers/IntegerProtcool.swift",
"Extensions/Numbers/IntegralArithmetic.swift",
"Extensions/Numbers/RationalArithmetic.swift",
"Extensions/Numbers/RationalNumberProtocol.swift",
"Extensions/Numbers/UInt.swift",
"Extensions/Numbers/WholeArithmetic.swift",
"Extensions/Numbers/WholeNumberProtocol.swift",
"Extensions/Precondition.swift",
"Extensions/PresentableError.swift",
"Extensions/Range.swift",
"Extensions/TextConvertibleNumber.swift",
"Extensions/TextConvertibleNumberParseError.swift",
"InputLocalization.swift",
"Interpolation/Casing.swift",
"Interpolation/EnglishCasing.swift",
"Interpolation/GrammaticalGender.swift",
"Interpolation/GrammaticalNumber.swift",
"Interpolation/__________.swift",
"Interpolation/_________________.swift",
"Localization.swift",
"LocalizationSetting.swift",
"LocalizationSettingStabilizationMode.swift",
"Localizations/APILocalization.swift",
"Localizations/AnyLocalization.swift",
"Localizations/ContentLocalization.swift",
"Localizations/FormatLocalization.swift",
"Localizations/InterfaceLocalization.swift",
"Metadata/Language.swift",
"Metadata/LocalizationData.swift",
"Metadata/Script.swift",
"Metadata/State.swift",
"Metadata/StateData.swift",
"Metadata/TextDirection.swift",
"UserFacing.swift",
"UserFacingDynamic.swift"
],
"target_dependencies" : [
"SDGControlFlow",
"SDGLogic",
"SDGMathematics",
"SDGCollections",
"SDGText",
"SDGPersistence"
],
"type" : "library"
},
{
"c99name" : "SDGGeometryTests",
"module_type" : "SwiftTarget",
"name" : "SDGGeometryTests",
"path" : "Tests/SDGGeometryTests",
"sources" : [
"APITests.swift"
],
"target_dependencies" : [
"SDGGeometry",
"SDGGeometryTestUtilities",
"SDGTesting",
"SDGXCTestUtilities",
"SDGMathematics",
"SDGMathematicsTestUtilities"
],
"type" : "test"
},
{
"c99name" : "SDGGeometryTestUtilities",
"module_type" : "SwiftTarget",
"name" : "SDGGeometryTestUtilities",
"path" : "Sources/SDGGeometryTestUtilities",
"product_memberships" : [
"SDGGeometryTestUtilities"
],
"sources" : [
"TwoDimensionalPointProtocol.swift",
"TwoDimensionalVectorProtocol.swift"
],
"target_dependencies" : [
"SDGGeometry",
"SDGTesting",
"SDGMathematicsTestUtilities"
],
"type" : "library"
},
{
"c99name" : "SDGGeometry",
"module_type" : "SwiftTarget",
"name" : "SDGGeometry",
"path" : "Sources/SDGGeometry",
"product_memberships" : [
"SDGGeometry",
"SDGGeometryTestUtilities"
],
"sources" : [
"Angle.swift",
"Be_zierPath.swift",
"CGPoint.swift",
"CGVector.swift",
"TwoDimensionalPoint.swift",
"TwoDimensionalPointProtocol.swift",
"TwoDimensionalVector.swift",
"TwoDimensionalVectorProtocol.swift"
],
"target_dependencies" : [
"SDGControlFlow",
"SDGMathematics"
],
"type" : "library"
},
{
"c99name" : "SDGExternalProcessTests",
"module_type" : "SwiftTarget",
"name" : "SDGExternalProcessTests",
"path" : "Tests/SDGExternalProcessTests",
"sources" : [
"APITests.swift",
"RegressionTests.swift"
],
"target_dependencies" : [
"SDGExternalProcess",
"SDGTesting",
"SDGXCTestUtilities",
"SDGLogic"
],
"type" : "test"
},
{
"c99name" : "SDGExternalProcess",
"module_type" : "SwiftTarget",
"name" : "SDGExternalProcess",
"path" : "Sources/SDGExternalProcess",
"product_memberships" : [
"SDGExternalProcess"
],
"sources" : [
"ExternalProcess.swift",
"ExternalProcessError.swift",
"Shell.swift"
],
"target_dependencies" : [
"SDGControlFlow",
"SDGLogic",
"SDGText",
"SDGPersistence",
"SDGLocalization"
],
"type" : "library"
},
{
"c99name" : "SDGEmbedResourcesTests",
"module_type" : "SwiftTarget",
"name" : "SDGEmbedResourcesTests",
"path" : "Tests/SDGEmbedResourcesTests",
"resources" : [
{
"path" : "/Users/admin/builder/spi-builder-workspace/Tests/SDGEmbedResourcesTests/Data",
"rule" : {
"copy" : {
}
}
},
{
"path" : "/Users/admin/builder/spi-builder-workspace/Tests/SDGEmbedResourcesTests/Text.txt",
"rule" : {
"copy" : {
}
}
}
],
"sources" : [
"APITests.swift"
],
"target_dependencies" : [
"SDGEmbedResources"
],
"type" : "test"
},
{
"c99name" : "SDGEmbedResources",
"module_type" : "PluginTarget",
"name" : "SDGEmbedResources",
"path" : "Plugins/SDGEmbedResources",
"plugin_capability" : {
"type" : "buildTool"
},
"product_memberships" : [
"SDGEmbedResources"
],
"sources" : [
"EmbedResources.swift"
],
"target_dependencies" : [
"sdg_embed_resource"
],
"type" : "plugin"
},
{
"c99name" : "SDGCornerstoneLocalizations",
"module_type" : "SwiftTarget",
"name" : "SDGCornerstoneLocalizations",
"path" : "Sources/SDGCornerstoneLocalizations",
"product_memberships" : [
"SDGLogicTestUtilities",
"SDGMathematicsTestUtilities",
"SDGCollectionsTestUtilities",
"SDGPersistenceTestUtilities",
"SDGRandomizationTestUtilities",
"SDGLocalizationTestUtilities",
"SDGGeometryTestUtilities",
"SDGCalendar",
"SDGPrecisionMathematics",
"SDGVersioning",
"SDGXML",
"SDGTesting",
"SDGXCTestUtilities"
],
"sources" : [
"APILocalization.swift",
"FormatLocalization.swift",
"InterfaceLocalization.swift"
],
"target_dependencies" : [
"SDGControlFlow",
"SDGLocalization"
],
"type" : "library"
},
{
"c99name" : "SDGCornerstoneDocumentationExampleTests",
"module_type" : "SwiftTarget",
"name" : "SDGCornerstoneDocumentationExampleTests",
"path" : "Tests/SDGCornerstoneDocumentationExampleTests",
"sources" : [
"DateExampleTests.swift",
"FunctionAnalysisExampleTests.swift",
"MiscellaneousExampleTests.swift",
"ReadMeExampleTests.swift",
"StrictInterpolationExampleTests.swift",
"XMLExampleTests.swift"
],
"target_dependencies" : [
"SDGControlFlow",
"SDGLogic",
"SDGMathematics",
"SDGCollections",
"SDGText",
"SDGPersistence",
"SDGRandomization",
"SDGLocalization",
"SDGCalendar",
"SDGConcurrency",
"SDGPrecisionMathematics",
"SDGExternalProcess",
"SDGXML",
"SDGPersistenceTestUtilities",
"SDGXCTestUtilities"
],
"type" : "test"
},
{
"c99name" : "SDGCopySourcesTests",
"module_type" : "SwiftTarget",
"name" : "SDGCopySourcesTests",
"path" : "Tests/SDGCopySourcesTests/Sources",
"sources" : [
"APITests.swift"
],
"target_dependencies" : [
"SDGCopySources"
],
"type" : "test"
},
{
"c99name" : "SDGCopySources",
"module_type" : "PluginTarget",
"name" : "SDGCopySources",
"path" : "Plugins/SDGCopySources",
"plugin_capability" : {
"type" : "buildTool"
},
"product_memberships" : [
"SDGCopySources"
],
"sources" : [
"CopySources.swift"
],
"target_dependencies" : [
"sdg_copy_source"
],
"type" : "plugin"
},
{
"c99name" : "SDGControlFlowTests",
"module_type" : "SwiftTarget",
"name" : "SDGControlFlowTests",
"path" : "Tests/SDGControlFlowTests",
"sources" : [
"APITests.swift",
"Examples.swift"
],
"target_dependencies" : [
"SDGControlFlow",
"SDGTesting",
"SDGXCTestUtilities",
"SDGMathematicsTestUtilities",
"SDGCollectionsTestUtilities",
"SDGPersistenceTestUtilities"
],
"type" : "test"
},
{
"c99name" : "SDGControlFlow",
"module_type" : "SwiftTarget",
"name" : "SDGControlFlow",
"path" : "Sources/SDGControlFlow",
"product_memberships" : [
"SDGControlFlow",
"SDGLogicTestUtilities",
"SDGMathematics",
"SDGMathematicsTestUtilities",
"SDGCollections",
"SDGCollectionsTestUtilities",
"SDGBinaryData",
"SDGText",
"SDGCollation",
"SDGPersistence",
"SDGPersistenceTestUtilities",
"SDGRandomization",
"SDGRandomizationTestUtilities",
"SDGLocalization",
"SDGLocalizationTestUtilities",
"SDGGeometry",
"SDGGeometryTestUtilities",
"SDGCalendar",
"SDGPrecisionMathematics",
"SDGConcurrency",
"SDGExternalProcess",
"SDGVersioning",
"SDGXML",
"SDGTesting",
"SDGXCTestUtilities",
"SDGCopySources",
"SDGEmbedResources",
"sdg_embed_resource",
"sdg_copy_source",
"generate_root_collation"
],
"sources" : [
"APILocalization.swift",
"Assert.swift",
"Caching.swift",
"Decodable.swift",
"DefaultAssignmentPropertyWrapper.swift",
"Encodable.swift",
"Memory.swift",
"NonmutatingVariants.swift",
"ProjectingPropertyWrapper.swift",
"PropertyWrapper.swift",
"SendableValueCache.swift",
"Shared.swift",
"SharedProperty.swift",
"SharedValueObserver.swift",
"TextualPlaygroundDisplay.swift",
"TransparentWrapper.swift",
"Tuple.swift",
"Weak.swift"
],
"type" : "library"
},
{
"c99name" : "SDGConcurrencyTests",
"module_type" : "SwiftTarget",
"name" : "SDGConcurrencyTests",
"path" : "Tests/SDGConcurrencyTests",
"sources" : [
"APITests.swift"
],
"target_dependencies" : [
"SDGConcurrency",
"SDGTesting",
"SDGXCTestUtilities"
],
"type" : "test"
},
{
"c99name" : "SDGConcurrency",
"module_type" : "SwiftTarget",
"name" : "SDGConcurrency",
"path" : "Sources/SDGConcurrency",
"product_memberships" : [
"SDGConcurrency"
],
"sources" : [
"RunLoop.swift"
],
"target_dependencies" : [
"SDGControlFlow",
"SDGLogic"
],
"type" : "library"
},
{
"c99name" : "SDGCollectionsTests",
"module_type" : "SwiftTarget",
"name" : "SDGCollectionsTests",
"path" : "Tests/SDGCollectionsTests",
"product_dependencies" : [
"OrderedCollections"
],
"sources" : [
"APITests.swift",
"AnyForwardCollection.swift",
"InternalTests.swift",
"LegacyMode.swift",
"Nothing.swift",
"RegressionTests.swift"
],
"target_dependencies" : [
"SDGCollections",
"SDGCollectionsTestUtilities",
"SDGTesting",
"SDGXCTestUtilities",
"SDGLogic",
"SDGMathematics",
"SDGCornerstoneLocalizations",
"SDGMathematicsTestUtilities",
"SDGPersistenceTestUtilities",
"SDGLocalizationTestUtilities"
],
"type" : "test"
},
{
"c99name" : "SDGCollectionsTestUtilities",
"module_type" : "SwiftTarget",
"name" : "SDGCollectionsTestUtilities",
"path" : "Sources/SDGCollectionsTestUtilities",
"product_memberships" : [
"SDGMathematicsTestUtilities",
"SDGCollectionsTestUtilities",
"SDGGeometryTestUtilities"
],
"sources" : [
"BidirectionalCollection.swift",
"BidirectionalPattern.swift",
"Collection.swift",
"ComparableSet.swift",
"FiniteSet.swift",
"Hashable.swift",
"MutableSet.swift",
"Pattern.swift",
"RandomAccessCollection.swift",
"RangeReplaceableCollection.swift",
"SetDefinition.swift",
"SetInRepresentableUniverse.swift"
],
"target_dependencies" : [
"SDGCollections",
"SDGTesting",
"SDGLogicTestUtilities"
],
"type" : "library"
},
{
"c99name" : "SDGCollections",
"module_type" : "SwiftTarget",
"name" : "SDGCollections",
"path" : "Sources/SDGCollections",
"product_dependencies" : [
"OrderedCollections"
],
"product_memberships" : [
"SDGLogicTestUtilities",
"SDGMathematicsTestUtilities",
"SDGCollections",
"SDGCollectionsTestUtilities",
"SDGBinaryData",
"SDGText",
"SDGCollation",
"SDGPersistence",
"SDGPersistenceTestUtilities",
"SDGRandomizationTestUtilities",
"SDGLocalization",
"SDGLocalizationTestUtilities",
"SDGGeometryTestUtilities",
"SDGCalendar",
"SDGPrecisionMathematics",
"SDGExternalProcess",
"SDGVersioning",
"SDGXML",
"SDGTesting",
"SDGXCTestUtilities",
"SDGCopySources",
"SDGEmbedResources",
"sdg_embed_resource",
"sdg_copy_source",
"generate_root_collation"
],
"sources" : [
"Addable.swift",
"Associative/BijectiveMapping.swift",
"Associative/ContextualMapping.swift",
"Associative/Dictionary.swift",
"Conformances/CharacterSet.swift",
"Conformances/Data.swift",
"Conformances/String.swift",
"Conformances/StringProtocol.swift",
"LegacyMode.swift",
"Operators.swift",
"Ordered/AnyCollection.swift",
"Ordered/Array.swift",
"Ordered/BidirectionalCollection.swift",
"Ordered/Collection.swift",
"Ordered/CollectionDifference.swift",
"Ordered/CollectionDifferenceChange.swift",
"Ordered/FillDirection.swift",
"Ordered/LexicographicalComparison.swift",
"Ordered/OrderedSet.SubSequence.swift",
"Ordered/OrderedSet.swift",
"Ordered/Patterns/Affixes/ExclusivePrefixMatch.swift",
"Ordered/Patterns/Affixes/ExclusiveSuffixMatch.swift",
"Ordered/Patterns/Affixes/InclusivePrefixMatch.swift",
"Ordered/Patterns/Affixes/InclusiveSuffixMatch.swift",
"Ordered/Patterns/Alternatives/AlternativeMatch.swift",
"Ordered/Patterns/Alternatives/AlternativePatterns.swift",
"Ordered/Patterns/Alternatives/NaryAlternativeMatch.swift",
"Ordered/Patterns/Alternatives/NaryAlternativePatterns.swift",
"Ordered/Patterns/Any/AnyBidirectionalPattern.swift",
"Ordered/Patterns/Any/AnyPattern.swift",
"Ordered/Patterns/Any/AnyPatternMatch.swift",
"Ordered/Patterns/AtomicPatternMatch.swift",
"Ordered/Patterns/Concatenated/ConcatenatedMatch.swift",
"Ordered/Patterns/Concatenated/ConcatenatedPatterns.swift",
"Ordered/Patterns/Concatenated/NaryConcatenatedMatch.swift",
"Ordered/Patterns/Concatenated/NaryConcatenatedPatterns.swift",
"Ordered/Patterns/ConditionalPattern.swift",
"Ordered/Patterns/LiteralPattern.swift",
"Ordered/Patterns/NegatedPattern.swift",
"Ordered/Patterns/Nesting/NestingContentsPattern.swift",
"Ordered/Patterns/Nesting/NestingMatch.swift",
"Ordered/Patterns/Nesting/NestingMatchContents.swift",
"Ordered/Patterns/Nesting/NestingMatchSegment.swift",
"Ordered/Patterns/Nesting/NestingPattern.swift",
"Ordered/Patterns/Nesting/NestingSegmentPattern.swift",
"Ordered/Patterns/Protocols/BidirectionalPattern.swift",
"Ordered/Patterns/Protocols/Pattern.swift",
"Ordered/Patterns/Protocols/PatternMatch.swift",
"Ordered/Patterns/Repetition/PatternConsumption.swift",
"Ordered/Patterns/Repetition/RepetitionMatch.swift",
"Ordered/Patterns/Repetition/RepetitionPattern.swift",
"Ordered/Patterns/SeparatedComponentMatch.swift",
"Ordered/Range.swift",
"Ordered/RangeExpression.swift",
"Ordered/RangeReplaceableCollection.swift",
"Ordered/ReversedCollection.swift",
"Ordered/SearchableBidirectionalCollection.swift",
"Ordered/SearchableCollection.swift",
"Ordered/Slice.swift",
"Unordered/AbsoluteComplement.swift",
"Unordered/ComparableSet.swift",
"Unordered/FiniteSet.swift",
"Unordered/IntensionalSet.swift",
"Unordered/Intersection.swift",
"Unordered/MutableSet.swift",
"Unordered/Set.swift",
"Unordered/SetDefinition.swift",
"Unordered/SetInRepresentableUniverse.swift",
"Unordered/Union.swift"
],
"target_dependencies" : [
"SDGControlFlow",
"SDGLogic",
"SDGMathematics"
],
"type" : "library"
},
{
"c99name" : "SDGCollationTests",
"module_type" : "SwiftTarget",
"name" : "SDGCollationTests",
"path" : "Tests/SDGCollationTests",
"sources" : [
"APITests.swift",
"LanguageTests.swift",
"RegressionTests.swift"
],
"target_dependencies" : [
"SDGText",
"SDGCollation",
"SDGXCTestUtilities"
],
"type" : "test"
},
{
"c99name" : "SDGCollation",
"module_type" : "SwiftTarget",
"name" : "SDGCollation",
"path" : "Sources/SDGCollation",
"product_memberships" : [
"SDGCollation",
"generate_root_collation"
],
"resources" : [
{
"path" : "/Users/admin/builder/spi-builder-workspace/Sources/SDGCollation/Root",
"rule" : {
"copy" : {
}
}
}
],
"sources" : [
"CollationCacheEntry.swift",
"CollationElement.swift",
"CollationIndex.swift",
"CollationLevel.swift",
"CollationOrder.swift",
"Resources.swift",
"Resources/Resources 1.swift",
"Tailoring/CollationTailoring.Anchor.swift",
"Tailoring/CollationTailoring.swift",
"Tailoring/CollationTailoringBuilder.swift",
"Tailoring/OperatorFunctions.swift",
"Tailoring/Operators.swift"
],
"target_dependencies" : [
"SDGControlFlow",
"SDGLogic",
"SDGMathematics",
"SDGCollections",
"SDGText",
"SDGPersistence"
],
"type" : "library"
},
{
"c99name" : "SDGCalendarTests",
"module_type" : "SwiftTarget",
"name" : "SDGCalendarTests",
"path" : "Tests/SDGCalendarTests",
"sources" : [
"APITests.swift",
"InternalTests.swift",
"RegressionTests.swift"
],
"target_dependencies" : [
"SDGCalendar",
"SDGTesting",
"SDGXCTestUtilities",
"SDGMathematics",
"SDGLocalization",
"SDGCornerstoneLocalizations",
"SDGMathematicsTestUtilities",
"SDGPersistenceTestUtilities",
"SDGLocalizationTestUtilities"
],
"type" : "test"
},
{
"c99name" : "SDGCalendar",
"module_type" : "SwiftTarget",
"name" : "SDGCalendar",
"path" : "Sources/SDGCalendar",
"product_memberships" : [
"SDGMathematicsTestUtilities",
"SDGPersistenceTestUtilities",
"SDGLocalizationTestUtilities",
"SDGGeometryTestUtilities",
"SDGCalendar"
],
"sources" : [
"Abstract Components/CalendarComponent.swift",
"Abstract Components/CardinalCalendarComponent.swift",
"Abstract Components/ConsistentDurationCalendarComponent.swift",
"Abstract Components/ConsistentlyOrderedCalendarComponent.swift",
"Abstract Components/Day.swift",
"Abstract Components/EnumerationCalendarComponent.swift",
"Abstract Components/ICalendarComponent.swift",
"Abstract Components/ISOCalendarComponent.swift",
"Abstract Components/Month.swift",
"Abstract Components/NumericCalendarComponent.swift",
"Abstract Components/OrdinalCalendarComponent.swift",
"Abstract Components/RawRepresentableCalendarComponent.swift",
"Abstract Components/SmallestCalendarComponent.swift",
"Abstract Components/Weekday.swift",
"Abstract Components/Year.swift",
"AnyDescribableDate.swift",
"CalendarDate.swift",
"CalendarInterval.swift",
"Date.swift",
"DateDefinition.swift",
"DescribableDate.swift",
"FoundationDate.swift",
"Gregorian/GregorianDate.swift",
"Gregorian/GregorianDay.swift",
"Gregorian/GregorianHour.swift",
"Gregorian/GregorianMinute.swift",
"Gregorian/GregorianMonth.swift",
"Gregorian/GregorianSecond.swift",
"Gregorian/GregorianWeekday.swift",
"Gregorian/GregorianWeekdayDate.swift",
"Gregorian/GregorianYear.swift",
"Hebrew/HebrewDate.swift",
"Hebrew/HebrewDay.swift",
"Hebrew/HebrewHour.swift",
"Hebrew/HebrewMonth.swift",
"Hebrew/HebrewMonthAndYear.swift",
"Hebrew/HebrewPart.swift",
"Hebrew/HebrewWeekday.swift",
"Hebrew/HebrewWeekdayDate.swift",
"Hebrew/HebrewYear.swift",
"Hebrew/HebrewYearLength.swift",
"RationalArithmetic.swift",
"RelativeDate.swift",
"UnknownDate.swift"
],
"target_dependencies" : [
"SDGControlFlow",
"SDGLogic",
"SDGMathematics",
"SDGCollections",
"SDGText",
"SDGLocalization",
"SDGCornerstoneLocalizations"
],
"type" : "library"
},
{
"c99name" : "SDGBinaryDataTests",
"module_type" : "SwiftTarget",
"name" : "SDGBinaryDataTests",
"path" : "Tests/SDGBinaryDataTests",
"sources" : [
"APITests.swift"
],
"target_dependencies" : [
"SDGBinaryData",
"SDGTesting",
"SDGXCTestUtilities",
"SDGLogic",
"SDGCornerstoneLocalizations",
"SDGMathematicsTestUtilities",
"SDGLocalizationTestUtilities"
],
"type" : "test"
},
{
"c99name" : "SDGBinaryData",
"module_type" : "SwiftTarget",
"name" : "SDGBinaryData",
"path" : "Sources/SDGBinaryData",
"product_memberships" : [
"SDGBinaryData",
"SDGPrecisionMathematics"
],
"sources" : [
"Data.swift",
"DataBinaryView.swift",
"DataStream.swift",
"UInt.swift",
"UIntBinaryView.swift"
],
"target_dependencies" : [
"SDGControlFlow",
"SDGLogic",
"SDGMathematics",
"SDGCollections"
],
"type" : "library"
}
],
"tools_version" : "5.7"
}
warning: 'spi-builder-workspace': Invalid Exclude '/Users/admin/builder/spi-builder-workspace/Tests/SDGEmbedResourcesTests/Resources.swift': File not found.
{
"workspace" : {
"name" : "SDGCornerstone",
"schemes" : [
"generate_root_collation",
"sdg_copy_source",
"sdg_embed_resource",
"SDGBinaryData",
"SDGCalendar",
"SDGCollation",
"SDGCollections",
"SDGCollectionsTestUtilities",
"SDGConcurrency",
"SDGControlFlow",
"SDGCornerstone-Package",
"SDGExternalProcess",
"SDGGeometry",
"SDGGeometryTestUtilities",
"SDGLocalization",
"SDGLocalizationTestUtilities",
"SDGLogic",
"SDGLogicTestUtilities",
"SDGMathematics",
"SDGMathematicsTestUtilities",
"SDGPersistence",
"SDGPersistenceTestUtilities",
"SDGPrecisionMathematics",
"SDGRandomization",
"SDGRandomizationTestUtilities",
"SDGTesting",
"SDGText",
"SDGVersioning",
"SDGXCTestUtilities",
"SDGXML"
]
}
}
2026-09-21 00:47:19.144 xcodebuild[958:5785] [MT] IDERunDestination: Supported platforms for the buildables in the current scheme is empty.
{
"workspace" : {
"name" : "SDGCornerstone",
"schemes" : [
"generate_root_collation",
"sdg_copy_source",
"sdg_embed_resource",
"SDGBinaryData",
"SDGCalendar",
"SDGCollation",
"SDGCollections",
"SDGCollectionsTestUtilities",
"SDGConcurrency",
"SDGControlFlow",
"SDGCornerstone-Package",
"SDGExternalProcess",
"SDGGeometry",
"SDGGeometryTestUtilities",
"SDGLocalization",
"SDGLocalizationTestUtilities",
"SDGLogic",
"SDGLogicTestUtilities",
"SDGMathematics",
"SDGMathematicsTestUtilities",
"SDGPersistence",
"SDGPersistenceTestUtilities",
"SDGPrecisionMathematics",
"SDGRandomization",
"SDGRandomizationTestUtilities",
"SDGTesting",
"SDGText",
"SDGVersioning",
"SDGXCTestUtilities",
"SDGXML"
]
}
}
2026-09-21 00:47:21.511 xcodebuild[962:5830] [MT] IDERunDestination: Supported platforms for the buildables in the current scheme is empty.
Running build ...
env DEVELOPER_DIR=/Applications/Xcode-27.0.0-Release.Candidate.app xcrun xcodebuild -IDEClonedSourcePackagesDirPathOverride=$PWD/.dependencies -skipMacroValidation -skipPackagePluginValidation -derivedDataPath $PWD/.derivedData build -scheme SDGCornerstone-Package -destination generic/platform=xrOS
Command line invocation:
/Applications/Xcode-27.0.0-Release.Candidate.app/Contents/Developer/usr/bin/xcodebuild -IDEClonedSourcePackagesDirPathOverride=/Users/admin/builder/spi-builder-workspace/.dependencies -skipMacroValidation -skipPackagePluginValidation -derivedDataPath /Users/admin/builder/spi-builder-workspace/.derivedData build -scheme SDGCornerstone-Package -destination generic/platform=xrOS
Resolve Package Graph
Invalid Exclude '/Users/admin/builder/spi-builder-workspace/Tests/SDGEmbedResourcesTests/Resources.swift': File not found.
Resolved source packages:
swift-collections: https://github.com/apple/swift-collections @ 1.6.0
swift-numerics: https://github.com/apple/swift-numerics @ 1.1.1
SDGCornerstone: /Users/admin/builder/spi-builder-workspace
ComputePackagePrebuildTargetDependencyGraph
Prepare packages
Compile plug-in “SDGEmbedResources” in package “spi-builder-workspace”
[debug]: Compiling plugin to executable at /Users/admin/builder/spi-builder-workspace/.derivedData/Build/Products/PluginExecutables/SDGEmbedResources
[debug]: Using compiler /Applications/Xcode-27.0.0-Release.Candidate.app/Contents/Developer/Toolchains/XcodeDefault.xctoolchain/usr/bin/swiftc
[debug]: Plugin compilation output directory '/Users/admin/builder/spi-builder-workspace/.derivedData/Build/Products/PluginExecutables'
[debug]: Computed hash of plugin compilation inputs: 44cbb5cff110726b814e00dc3fa052dc135493d29206d155383840aaa980c348
/Applications/Xcode-27.0.0-Release.Candidate.app/Contents/Developer/Toolchains/XcodeDefault.xctoolchain/usr/bin/swiftc -L /Applications/Xcode-27.0.0-Release.Candidate.app/Contents/SharedFrameworks/SwiftPM.framework/SharedSupport/PluginAPI -lPackagePlugin -Xlinker -rpath -Xlinker /Applications/Xcode-27.0.0-Release.Candidate.app/Contents/SharedFrameworks/SwiftPM.framework/SharedSupport/PluginAPI -target arm64-apple-macos14.0 -plugin-path /Applications/Xcode-27.0.0-Release.Candidate.app/Contents/Developer/Toolchains/XcodeDefault.xctoolchain/usr/lib/swift/host/plugins/testing -sdk /Applications/Xcode-27.0.0-Release.Candidate.app/Contents/Developer/Platforms/MacOSX.platform/Developer/SDKs/MacOSX27.0.sdk -g -swift-version 5 -package-description-version 5.7.0 -I /Applications/Xcode-27.0.0-Release.Candidate.app/Contents/SharedFrameworks/SwiftPM.framework/SharedSupport/PluginAPI -sdk /Applications/Xcode-27.0.0-Release.Candidate.app/Contents/Developer/Platforms/MacOSX.platform/Developer/SDKs/MacOSX27.0.sdk -parse-as-library -j10 -Xfrontend -serialize-diagnostics-path -Xfrontend /Users/admin/builder/spi-builder-workspace/.derivedData/Build/Products/PluginExecutables/SDGCopySources.dia /Users/admin/builder/spi-builder-workspace/Plugins/SDGCopySources/CopySources.swift -o /Users/admin/builder/spi-builder-workspace/.derivedData/Build/Products/PluginExecutables/SDGCopySources
[debug]: Compiling plugin to executable at /Users/admin/builder/spi-builder-workspace/.derivedData/Build/Products/PluginExecutables/SDGCopySources
[debug]: Using compiler /Applications/Xcode-27.0.0-Release.Candidate.app/Contents/Developer/Toolchains/XcodeDefault.xctoolchain/usr/bin/swiftc
[debug]: Plugin compilation output directory '/Users/admin/builder/spi-builder-workspace/.derivedData/Build/Products/PluginExecutables'
[debug]: Computed hash of plugin compilation inputs: 73a26172bc97bf3698ad3b388d0afbb8ab9692418b259d13ec2b4a5189bf826f
Process build tool plug-in results
CreateBuildRequest
SendProjectDescription
CreateBuildOperation
ComputeTargetDependencyGraph
note: Building targets in dependency order
note: Target dependency graph (63 targets)
Target 'generate_root_collation-product' in project 'SDGCornerstone'
➜ Explicit dependency on target 'SDGLogic' in project 'SDGCornerstone'
➜ Explicit dependency on target 'SDGControlFlow' in project 'SDGCornerstone'
➜ Explicit dependency on target 'SDGMathematics' in project 'SDGCornerstone'
➜ Explicit dependency on target 'SDGCollections' in project 'SDGCornerstone'
➜ Explicit dependency on target 'SDGText' in project 'SDGCornerstone'
➜ Explicit dependency on target 'SDGPersistence' in project 'SDGCornerstone'
➜ Explicit dependency on target 'SDGCollation' in project 'SDGCornerstone'
➜ Explicit dependency on target 'SDGLocalization' in project 'SDGCornerstone'
➜ Explicit dependency on target 'RealModule-product' in project 'swift-numerics'
➜ Explicit dependency on target 'OrderedCollections-product' in project 'swift-collections'
Target 'sdg_copy_source-product' in project 'SDGCornerstone'
➜ Explicit dependency on target 'SDGControlFlow' in project 'SDGCornerstone'
➜ Explicit dependency on target 'SDGLogic' in project 'SDGCornerstone'
➜ Explicit dependency on target 'SDGMathematics' in project 'SDGCornerstone'
➜ Explicit dependency on target 'SDGCollections' in project 'SDGCornerstone'
➜ Explicit dependency on target 'SDGText' in project 'SDGCornerstone'
➜ Explicit dependency on target 'SDGPersistence' in project 'SDGCornerstone'
➜ Explicit dependency on target 'RealModule-product' in project 'swift-numerics'
➜ Explicit dependency on target 'OrderedCollections-product' in project 'swift-collections'
Target 'sdg_embed_resource-product' in project 'SDGCornerstone'
➜ Explicit dependency on target 'SDGLogic' in project 'SDGCornerstone'
➜ Explicit dependency on target 'SDGControlFlow' in project 'SDGCornerstone'
➜ Explicit dependency on target 'SDGMathematics' in project 'SDGCornerstone'
➜ Explicit dependency on target 'SDGCollections' in project 'SDGCornerstone'
➜ Explicit dependency on target 'SDGText' in project 'SDGCornerstone'
➜ Explicit dependency on target 'SDGPersistence' in project 'SDGCornerstone'
➜ Explicit dependency on target 'RealModule-product' in project 'swift-numerics'
➜ Explicit dependency on target 'OrderedCollections-product' in project 'swift-collections'
Target 'SDGXCTestUtilities-product' in project 'SDGCornerstone'
➜ Explicit dependency on target 'SDGXCTestUtilities' in project 'SDGCornerstone'
➜ Explicit dependency on target 'SDGControlFlow' in project 'SDGCornerstone'
➜ Explicit dependency on target 'SDGLogic' in project 'SDGCornerstone'
➜ Explicit dependency on target 'SDGMathematics' in project 'SDGCornerstone'
➜ Explicit dependency on target 'SDGCollections' in project 'SDGCornerstone'
➜ Explicit dependency on target 'SDGText' in project 'SDGCornerstone'
➜ Explicit dependency on target 'SDGPersistence' in project 'SDGCornerstone'
➜ Explicit dependency on target 'SDGLocalization' in project 'SDGCornerstone'
➜ Explicit dependency on target 'SDGCornerstoneLocalizations' in project 'SDGCornerstone'
➜ Explicit dependency on target 'SDGTesting' in project 'SDGCornerstone'
➜ Explicit dependency on target 'RealModule-product' in project 'swift-numerics'
➜ Explicit dependency on target 'OrderedCollections-product' in project 'swift-collections'
Target 'SDGXCTestUtilities' in project 'SDGCornerstone'
➜ Explicit dependency on target 'SDGControlFlow' in project 'SDGCornerstone'
➜ Explicit dependency on target 'SDGLogic' in project 'SDGCornerstone'
➜ Explicit dependency on target 'SDGMathematics' in project 'SDGCornerstone'
➜ Explicit dependency on target 'SDGCollections' in project 'SDGCornerstone'
➜ Explicit dependency on target 'SDGText' in project 'SDGCornerstone'
➜ Explicit dependency on target 'SDGPersistence' in project 'SDGCornerstone'
➜ Explicit dependency on target 'SDGLocalization' in project 'SDGCornerstone'
➜ Explicit dependency on target 'SDGCornerstoneLocalizations' in project 'SDGCornerstone'
➜ Explicit dependency on target 'SDGTesting' in project 'SDGCornerstone'
➜ Explicit dependency on target 'RealModule-product' in project 'swift-numerics'
➜ Explicit dependency on target 'OrderedCollections-product' in project 'swift-collections'
Target 'SDGTesting-product' in project 'SDGCornerstone'
➜ Explicit dependency on target 'SDGTesting' in project 'SDGCornerstone'
➜ Explicit dependency on target 'SDGControlFlow' in project 'SDGCornerstone'
➜ Explicit dependency on target 'SDGLogic' in project 'SDGCornerstone'
➜ Explicit dependency on target 'SDGMathematics' in project 'SDGCornerstone'
➜ Explicit dependency on target 'SDGCollections' in project 'SDGCornerstone'
➜ Explicit dependency on target 'SDGText' in project 'SDGCornerstone'
➜ Explicit dependency on target 'SDGPersistence' in project 'SDGCornerstone'
➜ Explicit dependency on target 'SDGLocalization' in project 'SDGCornerstone'
➜ Explicit dependency on target 'SDGCornerstoneLocalizations' in project 'SDGCornerstone'
➜ Explicit dependency on target 'RealModule-product' in project 'swift-numerics'
➜ Explicit dependency on target 'OrderedCollections-product' in project 'swift-collections'
Target 'SDGXML-product' in project 'SDGCornerstone'
➜ Explicit dependency on target 'SDGXML' in project 'SDGCornerstone'
➜ Explicit dependency on target 'SDGControlFlow' in project 'SDGCornerstone'
➜ Explicit dependency on target 'SDGLogic' in project 'SDGCornerstone'
➜ Explicit dependency on target 'SDGMathematics' in project 'SDGCornerstone'
➜ Explicit dependency on target 'SDGCollections' in project 'SDGCornerstone'
➜ Explicit dependency on target 'SDGText' in project 'SDGCornerstone'
➜ Explicit dependency on target 'SDGPersistence' in project 'SDGCornerstone'
➜ Explicit dependency on target 'SDGLocalization' in project 'SDGCornerstone'
➜ Explicit dependency on target 'SDGCornerstoneLocalizations' in project 'SDGCornerstone'
➜ Explicit dependency on target 'RealModule-product' in project 'swift-numerics'
➜ Explicit dependency on target 'OrderedCollections-product' in project 'swift-collections'
Target 'SDGXML' in project 'SDGCornerstone'
➜ Explicit dependency on target 'SDGControlFlow' in project 'SDGCornerstone'
➜ Explicit dependency on target 'SDGLogic' in project 'SDGCornerstone'
➜ Explicit dependency on target 'SDGMathematics' in project 'SDGCornerstone'
➜ Explicit dependency on target 'SDGCollections' in project 'SDGCornerstone'
➜ Explicit dependency on target 'SDGText' in project 'SDGCornerstone'
➜ Explicit dependency on target 'SDGPersistence' in project 'SDGCornerstone'
➜ Explicit dependency on target 'SDGLocalization' in project 'SDGCornerstone'
➜ Explicit dependency on target 'SDGCornerstoneLocalizations' in project 'SDGCornerstone'
➜ Explicit dependency on target 'RealModule-product' in project 'swift-numerics'
➜ Explicit dependency on target 'OrderedCollections-product' in project 'swift-collections'
Target 'SDGVersioning-product' in project 'SDGCornerstone'
➜ Explicit dependency on target 'SDGVersioning' in project 'SDGCornerstone'
➜ Explicit dependency on target 'SDGControlFlow' in project 'SDGCornerstone'
➜ Explicit dependency on target 'SDGLogic' in project 'SDGCornerstone'
➜ Explicit dependency on target 'SDGMathematics' in project 'SDGCornerstone'
➜ Explicit dependency on target 'SDGCollections' in project 'SDGCornerstone'
➜ Explicit dependency on target 'SDGText' in project 'SDGCornerstone'
➜ Explicit dependency on target 'SDGPersistence' in project 'SDGCornerstone'
➜ Explicit dependency on target 'SDGLocalization' in project 'SDGCornerstone'
➜ Explicit dependency on target 'SDGCornerstoneLocalizations' in project 'SDGCornerstone'
➜ Explicit dependency on target 'RealModule-product' in project 'swift-numerics'
➜ Explicit dependency on target 'OrderedCollections-product' in project 'swift-collections'
Target 'SDGVersioning' in project 'SDGCornerstone'
➜ Explicit dependency on target 'SDGControlFlow' in project 'SDGCornerstone'
➜ Explicit dependency on target 'SDGLogic' in project 'SDGCornerstone'
➜ Explicit dependency on target 'SDGMathematics' in project 'SDGCornerstone'
➜ Explicit dependency on target 'SDGCollections' in project 'SDGCornerstone'
➜ Explicit dependency on target 'SDGText' in project 'SDGCornerstone'
➜ Explicit dependency on target 'SDGPersistence' in project 'SDGCornerstone'
➜ Explicit dependency on target 'SDGLocalization' in project 'SDGCornerstone'
➜ Explicit dependency on target 'SDGCornerstoneLocalizations' in project 'SDGCornerstone'
➜ Explicit dependency on target 'RealModule-product' in project 'swift-numerics'
➜ Explicit dependency on target 'OrderedCollections-product' in project 'swift-collections'
Target 'SDGExternalProcess-product' in project 'SDGCornerstone'
➜ Explicit dependency on target 'SDGExternalProcess' in project 'SDGCornerstone'
➜ Explicit dependency on target 'SDGControlFlow' in project 'SDGCornerstone'
➜ Explicit dependency on target 'SDGLogic' in project 'SDGCornerstone'
➜ Explicit dependency on target 'SDGMathematics' in project 'SDGCornerstone'
➜ Explicit dependency on target 'SDGCollections' in project 'SDGCornerstone'
➜ Explicit dependency on target 'SDGText' in project 'SDGCornerstone'
➜ Explicit dependency on target 'SDGPersistence' in project 'SDGCornerstone'
➜ Explicit dependency on target 'SDGLocalization' in project 'SDGCornerstone'
➜ Explicit dependency on target 'RealModule-product' in project 'swift-numerics'
➜ Explicit dependency on target 'OrderedCollections-product' in project 'swift-collections'
Target 'SDGExternalProcess' in project 'SDGCornerstone'
➜ Explicit dependency on target 'SDGControlFlow' in project 'SDGCornerstone'
➜ Explicit dependency on target 'SDGLogic' in project 'SDGCornerstone'
➜ Explicit dependency on target 'SDGMathematics' in project 'SDGCornerstone'
➜ Explicit dependency on target 'SDGCollections' in project 'SDGCornerstone'
➜ Explicit dependency on target 'SDGText' in project 'SDGCornerstone'
➜ Explicit dependency on target 'SDGPersistence' in project 'SDGCornerstone'
➜ Explicit dependency on target 'SDGLocalization' in project 'SDGCornerstone'
➜ Explicit dependency on target 'RealModule-product' in project 'swift-numerics'
➜ Explicit dependency on target 'OrderedCollections-product' in project 'swift-collections'
Target 'SDGConcurrency-product' in project 'SDGCornerstone'
➜ Explicit dependency on target 'SDGConcurrency' in project 'SDGCornerstone'
➜ Explicit dependency on target 'SDGControlFlow' in project 'SDGCornerstone'
➜ Explicit dependency on target 'SDGLogic' in project 'SDGCornerstone'
Target 'SDGConcurrency' in project 'SDGCornerstone'
➜ Explicit dependency on target 'SDGControlFlow' in project 'SDGCornerstone'
➜ Explicit dependency on target 'SDGLogic' in project 'SDGCornerstone'
Target 'SDGPrecisionMathematics-product' in project 'SDGCornerstone'
➜ Explicit dependency on target 'SDGPrecisionMathematics' in project 'SDGCornerstone'
➜ Explicit dependency on target 'SDGLogic' in project 'SDGCornerstone'
➜ Explicit dependency on target 'SDGControlFlow' in project 'SDGCornerstone'
➜ Explicit dependency on target 'SDGMathematics' in project 'SDGCornerstone'
➜ Explicit dependency on target 'SDGCollections' in project 'SDGCornerstone'
➜ Explicit dependency on target 'SDGBinaryData' in project 'SDGCornerstone'
➜ Explicit dependency on target 'SDGText' in project 'SDGCornerstone'
➜ Explicit dependency on target 'SDGPersistence' in project 'SDGCornerstone'
➜ Explicit dependency on target 'SDGLocalization' in project 'SDGCornerstone'
➜ Explicit dependency on target 'SDGCornerstoneLocalizations' in project 'SDGCornerstone'
➜ Explicit dependency on target 'RealModule-product' in project 'swift-numerics'
➜ Explicit dependency on target 'OrderedCollections-product' in project 'swift-collections'
Target 'SDGPrecisionMathematics' in project 'SDGCornerstone'
➜ Explicit dependency on target 'SDGLogic' in project 'SDGCornerstone'
➜ Explicit dependency on target 'SDGControlFlow' in project 'SDGCornerstone'
➜ Explicit dependency on target 'SDGMathematics' in project 'SDGCornerstone'
➜ Explicit dependency on target 'SDGCollections' in project 'SDGCornerstone'
➜ Explicit dependency on target 'SDGBinaryData' in project 'SDGCornerstone'
➜ Explicit dependency on target 'SDGText' in project 'SDGCornerstone'
➜ Explicit dependency on target 'SDGPersistence' in project 'SDGCornerstone'
➜ Explicit dependency on target 'SDGLocalization' in project 'SDGCornerstone'
➜ Explicit dependency on target 'SDGCornerstoneLocalizations' in project 'SDGCornerstone'
➜ Explicit dependency on target 'RealModule-product' in project 'swift-numerics'
➜ Explicit dependency on target 'OrderedCollections-product' in project 'swift-collections'
Target 'SDGCalendar-product' in project 'SDGCornerstone'
➜ Explicit dependency on target 'SDGCalendar' in project 'SDGCornerstone'
➜ Explicit dependency on target 'SDGControlFlow' in project 'SDGCornerstone'
➜ Explicit dependency on target 'SDGLogic' in project 'SDGCornerstone'
➜ Explicit dependency on target 'SDGMathematics' in project 'SDGCornerstone'
➜ Explicit dependency on target 'SDGCollections' in project 'SDGCornerstone'
➜ Explicit dependency on target 'SDGText' in project 'SDGCornerstone'
➜ Explicit dependency on target 'SDGPersistence' in project 'SDGCornerstone'
➜ Explicit dependency on target 'SDGLocalization' in project 'SDGCornerstone'
➜ Explicit dependency on target 'SDGCornerstoneLocalizations' in project 'SDGCornerstone'
➜ Explicit dependency on target 'RealModule-product' in project 'swift-numerics'
➜ Explicit dependency on target 'OrderedCollections-product' in project 'swift-collections'
Target 'SDGGeometryTestUtilities-product' in project 'SDGCornerstone'
➜ Explicit dependency on target 'SDGGeometryTestUtilities' in project 'SDGCornerstone'
➜ Explicit dependency on target 'SDGControlFlow' in project 'SDGCornerstone'
➜ Explicit dependency on target 'SDGLogic' in project 'SDGCornerstone'
➜ Explicit dependency on target 'SDGMathematics' in project 'SDGCornerstone'
➜ Explicit dependency on target 'SDGGeometry' in project 'SDGCornerstone'
➜ Explicit dependency on target 'SDGCollections' in project 'SDGCornerstone'
➜ Explicit dependency on target 'SDGText' in project 'SDGCornerstone'
➜ Explicit dependency on target 'SDGPersistence' in project 'SDGCornerstone'
➜ Explicit dependency on target 'SDGLocalization' in project 'SDGCornerstone'
➜ Explicit dependency on target 'SDGCornerstoneLocalizations' in project 'SDGCornerstone'
➜ Explicit dependency on target 'SDGTesting' in project 'SDGCornerstone'
➜ Explicit dependency on target 'SDGLogicTestUtilities' in project 'SDGCornerstone'
➜ Explicit dependency on target 'SDGCollectionsTestUtilities' in project 'SDGCornerstone'
➜ Explicit dependency on target 'SDGCalendar' in project 'SDGCornerstone'
➜ Explicit dependency on target 'SDGPersistenceTestUtilities' in project 'SDGCornerstone'
➜ Explicit dependency on target 'SDGMathematicsTestUtilities' in project 'SDGCornerstone'
➜ Explicit dependency on target 'RealModule-product' in project 'swift-numerics'
➜ Explicit dependency on target 'OrderedCollections-product' in project 'swift-collections'
Target 'SDGGeometryTestUtilities' in project 'SDGCornerstone'
➜ Explicit dependency on target 'SDGControlFlow' in project 'SDGCornerstone'
➜ Explicit dependency on target 'SDGLogic' in project 'SDGCornerstone'
➜ Explicit dependency on target 'SDGMathematics' in project 'SDGCornerstone'
➜ Explicit dependency on target 'SDGGeometry' in project 'SDGCornerstone'
➜ Explicit dependency on target 'SDGCollections' in project 'SDGCornerstone'
➜ Explicit dependency on target 'SDGText' in project 'SDGCornerstone'
➜ Explicit dependency on target 'SDGPersistence' in project 'SDGCornerstone'
➜ Explicit dependency on target 'SDGLocalization' in project 'SDGCornerstone'
➜ Explicit dependency on target 'SDGCornerstoneLocalizations' in project 'SDGCornerstone'
➜ Explicit dependency on target 'SDGTesting' in project 'SDGCornerstone'
➜ Explicit dependency on target 'SDGLogicTestUtilities' in project 'SDGCornerstone'
➜ Explicit dependency on target 'SDGCollectionsTestUtilities' in project 'SDGCornerstone'
➜ Explicit dependency on target 'SDGCalendar' in project 'SDGCornerstone'
➜ Explicit dependency on target 'SDGPersistenceTestUtilities' in project 'SDGCornerstone'
➜ Explicit dependency on target 'SDGMathematicsTestUtilities' in project 'SDGCornerstone'
➜ Explicit dependency on target 'RealModule-product' in project 'swift-numerics'
➜ Explicit dependency on target 'OrderedCollections-product' in project 'swift-collections'
Target 'SDGGeometry-product' in project 'SDGCornerstone'
➜ Explicit dependency on target 'SDGGeometry' in project 'SDGCornerstone'
➜ Explicit dependency on target 'SDGControlFlow' in project 'SDGCornerstone'
➜ Explicit dependency on target 'SDGLogic' in project 'SDGCornerstone'
➜ Explicit dependency on target 'SDGMathematics' in project 'SDGCornerstone'
➜ Explicit dependency on target 'RealModule-product' in project 'swift-numerics'
Target 'SDGGeometry' in project 'SDGCornerstone'
➜ Explicit dependency on target 'SDGControlFlow' in project 'SDGCornerstone'
➜ Explicit dependency on target 'SDGLogic' in project 'SDGCornerstone'
➜ Explicit dependency on target 'SDGMathematics' in project 'SDGCornerstone'
➜ Explicit dependency on target 'RealModule-product' in project 'swift-numerics'
Target 'SDGLocalizationTestUtilities-product' in project 'SDGCornerstone'
➜ Explicit dependency on target 'SDGLocalizationTestUtilities' in project 'SDGCornerstone'
➜ Explicit dependency on target 'SDGControlFlow' in project 'SDGCornerstone'
➜ Explicit dependency on target 'SDGLogic' in project 'SDGCornerstone'
➜ Explicit dependency on target 'SDGMathematics' in project 'SDGCornerstone'
➜ Explicit dependency on target 'SDGCollections' in project 'SDGCornerstone'
➜ Explicit dependency on target 'SDGText' in project 'SDGCornerstone'
➜ Explicit dependency on target 'SDGPersistence' in project 'SDGCornerstone'
➜ Explicit dependency on target 'SDGLocalization' in project 'SDGCornerstone'
➜ Explicit dependency on target 'SDGCornerstoneLocalizations' in project 'SDGCornerstone'
➜ Explicit dependency on target 'SDGTesting' in project 'SDGCornerstone'
➜ Explicit dependency on target 'SDGCalendar' in project 'SDGCornerstone'
➜ Explicit dependency on target 'SDGPersistenceTestUtilities' in project 'SDGCornerstone'
➜ Explicit dependency on target 'RealModule-product' in project 'swift-numerics'
➜ Explicit dependency on target 'OrderedCollections-product' in project 'swift-collections'
Target 'SDGLocalizationTestUtilities' in project 'SDGCornerstone'
➜ Explicit dependency on target 'SDGControlFlow' in project 'SDGCornerstone'
➜ Explicit dependency on target 'SDGLogic' in project 'SDGCornerstone'
➜ Explicit dependency on target 'SDGMathematics' in project 'SDGCornerstone'
➜ Explicit dependency on target 'SDGCollections' in project 'SDGCornerstone'
➜ Explicit dependency on target 'SDGText' in project 'SDGCornerstone'
➜ Explicit dependency on target 'SDGPersistence' in project 'SDGCornerstone'
➜ Explicit dependency on target 'SDGLocalization' in project 'SDGCornerstone'
➜ Explicit dependency on target 'SDGCornerstoneLocalizations' in project 'SDGCornerstone'
➜ Explicit dependency on target 'SDGTesting' in project 'SDGCornerstone'
➜ Explicit dependency on target 'SDGCalendar' in project 'SDGCornerstone'
➜ Explicit dependency on target 'SDGPersistenceTestUtilities' in project 'SDGCornerstone'
➜ Explicit dependency on target 'RealModule-product' in project 'swift-numerics'
➜ Explicit dependency on target 'OrderedCollections-product' in project 'swift-collections'
Target 'SDGLocalization-product' in project 'SDGCornerstone'
➜ Explicit dependency on target 'SDGLocalization' in project 'SDGCornerstone'
➜ Explicit dependency on target 'SDGControlFlow' in project 'SDGCornerstone'
➜ Explicit dependency on target 'SDGLogic' in project 'SDGCornerstone'
➜ Explicit dependency on target 'SDGMathematics' in project 'SDGCornerstone'
➜ Explicit dependency on target 'SDGCollections' in project 'SDGCornerstone'
➜ Explicit dependency on target 'SDGText' in project 'SDGCornerstone'
➜ Explicit dependency on target 'SDGPersistence' in project 'SDGCornerstone'
➜ Explicit dependency on target 'RealModule-product' in project 'swift-numerics'
➜ Explicit dependency on target 'OrderedCollections-product' in project 'swift-collections'
Target 'SDGRandomizationTestUtilities-product' in project 'SDGCornerstone'
➜ Explicit dependency on target 'SDGRandomizationTestUtilities' in project 'SDGCornerstone'
➜ Explicit dependency on target 'SDGControlFlow' in project 'SDGCornerstone'
➜ Explicit dependency on target 'SDGLogic' in project 'SDGCornerstone'
➜ Explicit dependency on target 'SDGMathematics' in project 'SDGCornerstone'
➜ Explicit dependency on target 'SDGRandomization' in project 'SDGCornerstone'
➜ Explicit dependency on target 'SDGCollections' in project 'SDGCornerstone'
➜ Explicit dependency on target 'SDGText' in project 'SDGCornerstone'
➜ Explicit dependency on target 'SDGPersistence' in project 'SDGCornerstone'
➜ Explicit dependency on target 'SDGLocalization' in project 'SDGCornerstone'
➜ Explicit dependency on target 'SDGCornerstoneLocalizations' in project 'SDGCornerstone'
➜ Explicit dependency on target 'SDGTesting' in project 'SDGCornerstone'
➜ Explicit dependency on target 'RealModule-product' in project 'swift-numerics'
➜ Explicit dependency on target 'OrderedCollections-product' in project 'swift-collections'
Target 'SDGRandomizationTestUtilities' in project 'SDGCornerstone'
➜ Explicit dependency on target 'SDGControlFlow' in project 'SDGCornerstone'
➜ Explicit dependency on target 'SDGLogic' in project 'SDGCornerstone'
➜ Explicit dependency on target 'SDGMathematics' in project 'SDGCornerstone'
➜ Explicit dependency on target 'SDGRandomization' in project 'SDGCornerstone'
➜ Explicit dependency on target 'SDGCollections' in project 'SDGCornerstone'
➜ Explicit dependency on target 'SDGText' in project 'SDGCornerstone'
➜ Explicit dependency on target 'SDGPersistence' in project 'SDGCornerstone'
➜ Explicit dependency on target 'SDGLocalization' in project 'SDGCornerstone'
➜ Explicit dependency on target 'SDGCornerstoneLocalizations' in project 'SDGCornerstone'
➜ Explicit dependency on target 'SDGTesting' in project 'SDGCornerstone'
➜ Explicit dependency on target 'RealModule-product' in project 'swift-numerics'
➜ Explicit dependency on target 'OrderedCollections-product' in project 'swift-collections'
Target 'SDGRandomization-product' in project 'SDGCornerstone'
➜ Explicit dependency on target 'SDGRandomization' in project 'SDGCornerstone'
➜ Explicit dependency on target 'SDGControlFlow' in project 'SDGCornerstone'
➜ Explicit dependency on target 'SDGLogic' in project 'SDGCornerstone'
➜ Explicit dependency on target 'SDGMathematics' in project 'SDGCornerstone'
➜ Explicit dependency on target 'RealModule-product' in project 'swift-numerics'
Target 'SDGRandomization' in project 'SDGCornerstone'
➜ Explicit dependency on target 'SDGControlFlow' in project 'SDGCornerstone'
➜ Explicit dependency on target 'SDGLogic' in project 'SDGCornerstone'
➜ Explicit dependency on target 'SDGMathematics' in project 'SDGCornerstone'
➜ Explicit dependency on target 'RealModule-product' in project 'swift-numerics'
Target 'SDGPersistenceTestUtilities-product' in project 'SDGCornerstone'
➜ Explicit dependency on target 'SDGPersistenceTestUtilities' in project 'SDGCornerstone'
➜ Explicit dependency on target 'SDGControlFlow' in project 'SDGCornerstone'
➜ Explicit dependency on target 'SDGLogic' in project 'SDGCornerstone'
➜ Explicit dependency on target 'SDGMathematics' in project 'SDGCornerstone'
➜ Explicit dependency on target 'SDGCollections' in project 'SDGCornerstone'
➜ Explicit dependency on target 'SDGText' in project 'SDGCornerstone'
➜ Explicit dependency on target 'SDGPersistence' in project 'SDGCornerstone'
➜ Explicit dependency on target 'SDGLocalization' in project 'SDGCornerstone'
➜ Explicit dependency on target 'SDGCornerstoneLocalizations' in project 'SDGCornerstone'
➜ Explicit dependency on target 'SDGTesting' in project 'SDGCornerstone'
➜ Explicit dependency on target 'SDGCalendar' in project 'SDGCornerstone'
➜ Explicit dependency on target 'RealModule-product' in project 'swift-numerics'
➜ Explicit dependency on target 'OrderedCollections-product' in project 'swift-collections'
Target 'SDGPersistence-product' in project 'SDGCornerstone'
➜ Explicit dependency on target 'SDGPersistence' in project 'SDGCornerstone'
➜ Explicit dependency on target 'SDGControlFlow' in project 'SDGCornerstone'
➜ Explicit dependency on target 'SDGLogic' in project 'SDGCornerstone'
➜ Explicit dependency on target 'SDGMathematics' in project 'SDGCornerstone'
➜ Explicit dependency on target 'SDGCollections' in project 'SDGCornerstone'
➜ Explicit dependency on target 'SDGText' in project 'SDGCornerstone'
➜ Explicit dependency on target 'RealModule-product' in project 'swift-numerics'
➜ Explicit dependency on target 'OrderedCollections-product' in project 'swift-collections'
Target 'SDGCollation-product' in project 'SDGCornerstone'
➜ Explicit dependency on target 'SDGCollation' in project 'SDGCornerstone'
➜ Explicit dependency on target 'SDGCornerstone_SDGCollation' in project 'SDGCornerstone'
➜ Explicit dependency on target 'SDGControlFlow' in project 'SDGCornerstone'
➜ Explicit dependency on target 'SDGLogic' in project 'SDGCornerstone'
➜ Explicit dependency on target 'SDGMathematics' in project 'SDGCornerstone'
➜ Explicit dependency on target 'SDGCollections' in project 'SDGCornerstone'
➜ Explicit dependency on target 'SDGText' in project 'SDGCornerstone'
➜ Explicit dependency on target 'SDGPersistence' in project 'SDGCornerstone'
➜ Explicit dependency on target 'RealModule-product' in project 'swift-numerics'
➜ Explicit dependency on target 'OrderedCollections-product' in project 'swift-collections'
Target 'SDGCollation' in project 'SDGCornerstone'
➜ Explicit dependency on target 'SDGCornerstone_SDGCollation' in project 'SDGCornerstone'
➜ Explicit dependency on target 'SDGControlFlow' in project 'SDGCornerstone'
➜ Explicit dependency on target 'SDGLogic' in project 'SDGCornerstone'
➜ Explicit dependency on target 'SDGMathematics' in project 'SDGCornerstone'
➜ Explicit dependency on target 'SDGCollections' in project 'SDGCornerstone'
➜ Explicit dependency on target 'SDGText' in project 'SDGCornerstone'
➜ Explicit dependency on target 'SDGPersistence' in project 'SDGCornerstone'
➜ Explicit dependency on target 'RealModule-product' in project 'swift-numerics'
➜ Explicit dependency on target 'OrderedCollections-product' in project 'swift-collections'
Target 'SDGCornerstone_SDGCollation' in project 'SDGCornerstone' (no dependencies)
Target 'SDGText-product' in project 'SDGCornerstone'
➜ Explicit dependency on target 'SDGText' in project 'SDGCornerstone'
➜ Explicit dependency on target 'SDGControlFlow' in project 'SDGCornerstone'
➜ Explicit dependency on target 'SDGLogic' in project 'SDGCornerstone'
➜ Explicit dependency on target 'SDGMathematics' in project 'SDGCornerstone'
➜ Explicit dependency on target 'SDGCollections' in project 'SDGCornerstone'
➜ Explicit dependency on target 'RealModule-product' in project 'swift-numerics'
➜ Explicit dependency on target 'OrderedCollections-product' in project 'swift-collections'
Target 'SDGBinaryData-product' in project 'SDGCornerstone'
➜ Explicit dependency on target 'SDGBinaryData' in project 'SDGCornerstone'
➜ Explicit dependency on target 'SDGControlFlow' in project 'SDGCornerstone'
➜ Explicit dependency on target 'SDGLogic' in project 'SDGCornerstone'
➜ Explicit dependency on target 'SDGMathematics' in project 'SDGCornerstone'
➜ Explicit dependency on target 'SDGCollections' in project 'SDGCornerstone'
➜ Explicit dependency on target 'RealModule-product' in project 'swift-numerics'
➜ Explicit dependency on target 'OrderedCollections-product' in project 'swift-collections'
Target 'SDGBinaryData' in project 'SDGCornerstone'
➜ Explicit dependency on target 'SDGControlFlow' in project 'SDGCornerstone'
➜ Explicit dependency on target 'SDGLogic' in project 'SDGCornerstone'
➜ Explicit dependency on target 'SDGMathematics' in project 'SDGCornerstone'
➜ Explicit dependency on target 'SDGCollections' in project 'SDGCornerstone'
➜ Explicit dependency on target 'RealModule-product' in project 'swift-numerics'
➜ Explicit dependency on target 'OrderedCollections-product' in project 'swift-collections'
Target 'SDGCollectionsTestUtilities-product' in project 'SDGCornerstone'
➜ Explicit dependency on target 'SDGCollectionsTestUtilities' in project 'SDGCornerstone'
➜ Explicit dependency on target 'SDGControlFlow' in project 'SDGCornerstone'
➜ Explicit dependency on target 'SDGLogic' in project 'SDGCornerstone'
➜ Explicit dependency on target 'SDGMathematics' in project 'SDGCornerstone'
➜ Explicit dependency on target 'SDGCollections' in project 'SDGCornerstone'
➜ Explicit dependency on target 'SDGText' in project 'SDGCornerstone'
➜ Explicit dependency on target 'SDGPersistence' in project 'SDGCornerstone'
➜ Explicit dependency on target 'SDGLocalization' in project 'SDGCornerstone'
➜ Explicit dependency on target 'SDGCornerstoneLocalizations' in project 'SDGCornerstone'
➜ Explicit dependency on target 'SDGTesting' in project 'SDGCornerstone'
➜ Explicit dependency on target 'SDGLogicTestUtilities' in project 'SDGCornerstone'
➜ Explicit dependency on target 'RealModule-product' in project 'swift-numerics'
➜ Explicit dependency on target 'OrderedCollections-product' in project 'swift-collections'
Target 'SDGCollections-product' in project 'SDGCornerstone'
➜ Explicit dependency on target 'SDGCollections' in project 'SDGCornerstone'
➜ Explicit dependency on target 'SDGControlFlow' in project 'SDGCornerstone'
➜ Explicit dependency on target 'SDGLogic' in project 'SDGCornerstone'
➜ Explicit dependency on target 'SDGMathematics' in project 'SDGCornerstone'
➜ Explicit dependency on target 'RealModule-product' in project 'swift-numerics'
➜ Explicit dependency on target 'OrderedCollections-product' in project 'swift-collections'
Target 'SDGMathematicsTestUtilities-product' in project 'SDGCornerstone'
➜ Explicit dependency on target 'SDGMathematicsTestUtilities' in project 'SDGCornerstone'
➜ Explicit dependency on target 'SDGControlFlow' in project 'SDGCornerstone'
➜ Explicit dependency on target 'SDGLogic' in project 'SDGCornerstone'
➜ Explicit dependency on target 'SDGMathematics' in project 'SDGCornerstone'
➜ Explicit dependency on target 'SDGCollections' in project 'SDGCornerstone'
➜ Explicit dependency on target 'SDGText' in project 'SDGCornerstone'
➜ Explicit dependency on target 'SDGPersistence' in project 'SDGCornerstone'
➜ Explicit dependency on target 'SDGLocalization' in project 'SDGCornerstone'
➜ Explicit dependency on target 'SDGCornerstoneLocalizations' in project 'SDGCornerstone'
➜ Explicit dependency on target 'SDGTesting' in project 'SDGCornerstone'
➜ Explicit dependency on target 'SDGLogicTestUtilities' in project 'SDGCornerstone'
➜ Explicit dependency on target 'SDGCollectionsTestUtilities' in project 'SDGCornerstone'
➜ Explicit dependency on target 'SDGCalendar' in project 'SDGCornerstone'
➜ Explicit dependency on target 'SDGPersistenceTestUtilities' in project 'SDGCornerstone'
➜ Explicit dependency on target 'RealModule-product' in project 'swift-numerics'
➜ Explicit dependency on target 'OrderedCollections-product' in project 'swift-collections'
Target 'SDGMathematicsTestUtilities' in project 'SDGCornerstone'
➜ Explicit dependency on target 'SDGControlFlow' in project 'SDGCornerstone'
➜ Explicit dependency on target 'SDGLogic' in project 'SDGCornerstone'
➜ Explicit dependency on target 'SDGMathematics' in project 'SDGCornerstone'
➜ Explicit dependency on target 'SDGCollections' in project 'SDGCornerstone'
➜ Explicit dependency on target 'SDGText' in project 'SDGCornerstone'
➜ Explicit dependency on target 'SDGPersistence' in project 'SDGCornerstone'
➜ Explicit dependency on target 'SDGLocalization' in project 'SDGCornerstone'
➜ Explicit dependency on target 'SDGCornerstoneLocalizations' in project 'SDGCornerstone'
➜ Explicit dependency on target 'SDGTesting' in project 'SDGCornerstone'
➜ Explicit dependency on target 'SDGLogicTestUtilities' in project 'SDGCornerstone'
➜ Explicit dependency on target 'SDGCollectionsTestUtilities' in project 'SDGCornerstone'
➜ Explicit dependency on target 'SDGCalendar' in project 'SDGCornerstone'
➜ Explicit dependency on target 'SDGPersistenceTestUtilities' in project 'SDGCornerstone'
➜ Explicit dependency on target 'RealModule-product' in project 'swift-numerics'
➜ Explicit dependency on target 'OrderedCollections-product' in project 'swift-collections'
Target 'SDGPersistenceTestUtilities' in project 'SDGCornerstone'
➜ Explicit dependency on target 'SDGControlFlow' in project 'SDGCornerstone'
➜ Explicit dependency on target 'SDGLogic' in project 'SDGCornerstone'
➜ Explicit dependency on target 'SDGMathematics' in project 'SDGCornerstone'
➜ Explicit dependency on target 'SDGCollections' in project 'SDGCornerstone'
➜ Explicit dependency on target 'SDGText' in project 'SDGCornerstone'
➜ Explicit dependency on target 'SDGPersistence' in project 'SDGCornerstone'
➜ Explicit dependency on target 'SDGLocalization' in project 'SDGCornerstone'
➜ Explicit dependency on target 'SDGCornerstoneLocalizations' in project 'SDGCornerstone'
➜ Explicit dependency on target 'SDGTesting' in project 'SDGCornerstone'
➜ Explicit dependency on target 'SDGCalendar' in project 'SDGCornerstone'
➜ Explicit dependency on target 'RealModule-product' in project 'swift-numerics'
➜ Explicit dependency on target 'OrderedCollections-product' in project 'swift-collections'
Target 'SDGCalendar' in project 'SDGCornerstone'
➜ Explicit dependency on target 'SDGControlFlow' in project 'SDGCornerstone'
➜ Explicit dependency on target 'SDGLogic' in project 'SDGCornerstone'
➜ Explicit dependency on target 'SDGMathematics' in project 'SDGCornerstone'
➜ Explicit dependency on target 'SDGCollections' in project 'SDGCornerstone'
➜ Explicit dependency on target 'SDGText' in project 'SDGCornerstone'
➜ Explicit dependency on target 'SDGPersistence' in project 'SDGCornerstone'
➜ Explicit dependency on target 'SDGLocalization' in project 'SDGCornerstone'
➜ Explicit dependency on target 'SDGCornerstoneLocalizations' in project 'SDGCornerstone'
➜ Explicit dependency on target 'RealModule-product' in project 'swift-numerics'
➜ Explicit dependency on target 'OrderedCollections-product' in project 'swift-collections'
Target 'SDGCollectionsTestUtilities' in project 'SDGCornerstone'
➜ Explicit dependency on target 'SDGControlFlow' in project 'SDGCornerstone'
➜ Explicit dependency on target 'SDGLogic' in project 'SDGCornerstone'
➜ Explicit dependency on target 'SDGMathematics' in project 'SDGCornerstone'
➜ Explicit dependency on target 'SDGCollections' in project 'SDGCornerstone'
➜ Explicit dependency on target 'SDGText' in project 'SDGCornerstone'
➜ Explicit dependency on target 'SDGPersistence' in project 'SDGCornerstone'
➜ Explicit dependency on target 'SDGLocalization' in project 'SDGCornerstone'
➜ Explicit dependency on target 'SDGCornerstoneLocalizations' in project 'SDGCornerstone'
➜ Explicit dependency on target 'SDGTesting' in project 'SDGCornerstone'
➜ Explicit dependency on target 'SDGLogicTestUtilities' in project 'SDGCornerstone'
➜ Explicit dependency on target 'RealModule-product' in project 'swift-numerics'
➜ Explicit dependency on target 'OrderedCollections-product' in project 'swift-collections'
Target 'SDGMathematics-product' in project 'SDGCornerstone'
➜ Explicit dependency on target 'SDGMathematics' in project 'SDGCornerstone'
➜ Explicit dependency on target 'SDGControlFlow' in project 'SDGCornerstone'
➜ Explicit dependency on target 'SDGLogic' in project 'SDGCornerstone'
➜ Explicit dependency on target 'RealModule-product' in project 'swift-numerics'
Target 'SDGLogicTestUtilities-product' in project 'SDGCornerstone'
➜ Explicit dependency on target 'SDGLogicTestUtilities' in project 'SDGCornerstone'
➜ Explicit dependency on target 'SDGLogic' in project 'SDGCornerstone'
➜ Explicit dependency on target 'SDGControlFlow' in project 'SDGCornerstone'
➜ Explicit dependency on target 'SDGMathematics' in project 'SDGCornerstone'
➜ Explicit dependency on target 'SDGCollections' in project 'SDGCornerstone'
➜ Explicit dependency on target 'SDGText' in project 'SDGCornerstone'
➜ Explicit dependency on target 'SDGPersistence' in project 'SDGCornerstone'
➜ Explicit dependency on target 'SDGLocalization' in project 'SDGCornerstone'
➜ Explicit dependency on target 'SDGCornerstoneLocalizations' in project 'SDGCornerstone'
➜ Explicit dependency on target 'SDGTesting' in project 'SDGCornerstone'
➜ Explicit dependency on target 'RealModule-product' in project 'swift-numerics'
➜ Explicit dependency on target 'OrderedCollections-product' in project 'swift-collections'
Target 'SDGLogicTestUtilities' in project 'SDGCornerstone'
➜ Explicit dependency on target 'SDGLogic' in project 'SDGCornerstone'
➜ Explicit dependency on target 'SDGControlFlow' in project 'SDGCornerstone'
➜ Explicit dependency on target 'SDGMathematics' in project 'SDGCornerstone'
➜ Explicit dependency on target 'SDGCollections' in project 'SDGCornerstone'
➜ Explicit dependency on target 'SDGText' in project 'SDGCornerstone'
➜ Explicit dependency on target 'SDGPersistence' in project 'SDGCornerstone'
➜ Explicit dependency on target 'SDGLocalization' in project 'SDGCornerstone'
➜ Explicit dependency on target 'SDGCornerstoneLocalizations' in project 'SDGCornerstone'
➜ Explicit dependency on target 'SDGTesting' in project 'SDGCornerstone'
➜ Explicit dependency on target 'RealModule-product' in project 'swift-numerics'
➜ Explicit dependency on target 'OrderedCollections-product' in project 'swift-collections'
Target 'SDGTesting' in project 'SDGCornerstone'
➜ Explicit dependency on target 'SDGControlFlow' in project 'SDGCornerstone'
➜ Explicit dependency on target 'SDGLogic' in project 'SDGCornerstone'
➜ Explicit dependency on target 'SDGMathematics' in project 'SDGCornerstone'
➜ Explicit dependency on target 'SDGCollections' in project 'SDGCornerstone'
➜ Explicit dependency on target 'SDGText' in project 'SDGCornerstone'
➜ Explicit dependency on target 'SDGPersistence' in project 'SDGCornerstone'
➜ Explicit dependency on target 'SDGLocalization' in project 'SDGCornerstone'
➜ Explicit dependency on target 'SDGCornerstoneLocalizations' in project 'SDGCornerstone'
➜ Explicit dependency on target 'RealModule-product' in project 'swift-numerics'
➜ Explicit dependency on target 'OrderedCollections-product' in project 'swift-collections'
Target 'SDGCornerstoneLocalizations' in project 'SDGCornerstone'
➜ Explicit dependency on target 'SDGControlFlow' in project 'SDGCornerstone'
➜ Explicit dependency on target 'SDGLogic' in project 'SDGCornerstone'
➜ Explicit dependency on target 'SDGMathematics' in project 'SDGCornerstone'
➜ Explicit dependency on target 'SDGCollections' in project 'SDGCornerstone'
➜ Explicit dependency on target 'SDGText' in project 'SDGCornerstone'
➜ Explicit dependency on target 'SDGPersistence' in project 'SDGCornerstone'
➜ Explicit dependency on target 'SDGLocalization' in project 'SDGCornerstone'
➜ Explicit dependency on target 'RealModule-product' in project 'swift-numerics'
➜ Explicit dependency on target 'OrderedCollections-product' in project 'swift-collections'
Target 'SDGLocalization' in project 'SDGCornerstone'
➜ Explicit dependency on target 'SDGControlFlow' in project 'SDGCornerstone'
➜ Explicit dependency on target 'SDGLogic' in project 'SDGCornerstone'
➜ Explicit dependency on target 'SDGMathematics' in project 'SDGCornerstone'
➜ Explicit dependency on target 'SDGCollections' in project 'SDGCornerstone'
➜ Explicit dependency on target 'SDGText' in project 'SDGCornerstone'
➜ Explicit dependency on target 'SDGPersistence' in project 'SDGCornerstone'
➜ Explicit dependency on target 'RealModule-product' in project 'swift-numerics'
➜ Explicit dependency on target 'OrderedCollections-product' in project 'swift-collections'
Target 'SDGPersistence' in project 'SDGCornerstone'
➜ Explicit dependency on target 'SDGControlFlow' in project 'SDGCornerstone'
➜ Explicit dependency on target 'SDGLogic' in project 'SDGCornerstone'
➜ Explicit dependency on target 'SDGMathematics' in project 'SDGCornerstone'
➜ Explicit dependency on target 'SDGCollections' in project 'SDGCornerstone'
➜ Explicit dependency on target 'SDGText' in project 'SDGCornerstone'
➜ Explicit dependency on target 'RealModule-product' in project 'swift-numerics'
➜ Explicit dependency on target 'OrderedCollections-product' in project 'swift-collections'
Target 'SDGText' in project 'SDGCornerstone'
➜ Explicit dependency on target 'SDGControlFlow' in project 'SDGCornerstone'
➜ Explicit dependency on target 'SDGLogic' in project 'SDGCornerstone'
➜ Explicit dependency on target 'SDGMathematics' in project 'SDGCornerstone'
➜ Explicit dependency on target 'SDGCollections' in project 'SDGCornerstone'
➜ Explicit dependency on target 'RealModule-product' in project 'swift-numerics'
➜ Explicit dependency on target 'OrderedCollections-product' in project 'swift-collections'
Target 'SDGCollections' in project 'SDGCornerstone'
➜ Explicit dependency on target 'SDGControlFlow' in project 'SDGCornerstone'
➜ Explicit dependency on target 'SDGLogic' in project 'SDGCornerstone'
➜ Explicit dependency on target 'SDGMathematics' in project 'SDGCornerstone'
➜ Explicit dependency on target 'RealModule-product' in project 'swift-numerics'
➜ Explicit dependency on target 'OrderedCollections-product' in project 'swift-collections'
Target 'OrderedCollections-product' in project 'swift-collections'
➜ Explicit dependency on target 'OrderedCollections' in project 'swift-collections'
➜ Explicit dependency on target 'InternalCollectionsUtilities' in project 'swift-collections'
Target 'OrderedCollections' in project 'swift-collections'
➜ Explicit dependency on target 'InternalCollectionsUtilities' in project 'swift-collections'
Target 'InternalCollectionsUtilities' in project 'swift-collections' (no dependencies)
Target 'SDGMathematics' in project 'SDGCornerstone'
➜ Explicit dependency on target 'SDGControlFlow' in project 'SDGCornerstone'
➜ Explicit dependency on target 'SDGLogic' in project 'SDGCornerstone'
➜ Explicit dependency on target 'RealModule-product' in project 'swift-numerics'
Target 'RealModule-product' in project 'swift-numerics'
➜ Explicit dependency on target 'RealModule' in project 'swift-numerics'
➜ Explicit dependency on target '_NumericsShims' in project 'swift-numerics'
Target 'RealModule' in project 'swift-numerics'
➜ Explicit dependency on target '_NumericsShims' in project 'swift-numerics'
Target '_NumericsShims' in project 'swift-numerics' (no dependencies)
Target 'SDGLogic-product' in project 'SDGCornerstone'
➜ Explicit dependency on target 'SDGLogic' in project 'SDGCornerstone'
Target 'SDGLogic' in project 'SDGCornerstone' (no dependencies)
Target 'SDGControlFlow-product' in project 'SDGCornerstone'
➜ Explicit dependency on target 'SDGControlFlow' in project 'SDGCornerstone'
Target 'SDGControlFlow' in project 'SDGCornerstone' (no dependencies)
GatherProvisioningInputs
CreateBuildDescription
ClangStatCache /Applications/Xcode-27.0.0-Release.Candidate.app/Contents/Developer/Toolchains/XcodeDefault.xctoolchain/usr/bin/clang-stat-cache /Applications/Xcode-27.0.0-Release.Candidate.app/Contents/Developer/Platforms/XROS.platform/Developer/SDKs/XROS27.0.sdk /Users/admin/builder/spi-builder-workspace/.derivedData/SDKStatCaches.noindex/xros27.0-24M361-e829b21a6f8c9b70876ba0858053c044735bd543db762f57723cac368afd1ce4.sdkstatcache
cd /Users/admin/builder/spi-builder-workspace/.swiftpm/xcode
/Applications/Xcode-27.0.0-Release.Candidate.app/Contents/Developer/Toolchains/XcodeDefault.xctoolchain/usr/bin/clang-stat-cache /Applications/Xcode-27.0.0-Release.Candidate.app/Contents/Developer/Platforms/XROS.platform/Developer/SDKs/XROS27.0.sdk -o /Users/admin/builder/spi-builder-workspace/.derivedData/SDKStatCaches.noindex/xros27.0-24M361-e829b21a6f8c9b70876ba0858053c044735bd543db762f57723cac368afd1ce4.sdkstatcache
SwiftDriver SDGMathematics normal arm64 com.apple.xcode.tools.swift.compiler (in target 'SDGMathematics' from project 'SDGCornerstone')
cd /Users/admin/builder/spi-builder-workspace/.swiftpm/xcode
builtin-SwiftDriver -- /Applications/Xcode-27.0.0-Release.Candidate.app/Contents/Developer/Toolchains/XcodeDefault.xctoolchain/usr/bin/swiftc -parse-as-library -module-name SDGMathematics -Onone @/Users/admin/builder/spi-builder-workspace/.derivedData/Build/Intermediates.noindex/SDGCornerstone.build/Debug-xros/SDGMathematics-t.build/Objects-normal/arm64/SDGMathematics.SwiftFileList -DSWIFT_PACKAGE -DDEBUG -DSWIFT_MODULE_RESOURCE_BUNDLE_UNAVAILABLE -Xcc -fmodule-map-file\=/Users/admin/builder/spi-builder-workspace/.dependencies/checkouts/swift-numerics/Sources/_NumericsShims/include/module.modulemap -DXcode -plugin-path /Applications/Xcode-27.0.0-Release.Candidate.app/Contents/Developer/Toolchains/XcodeDefault.xctoolchain/usr/lib/swift/host/plugins/testing -enable-experimental-feature DebugDescriptionMacro -sdk /Applications/Xcode-27.0.0-Release.Candidate.app/Contents/Developer/Platforms/XROS.platform/Developer/SDKs/XROS27.0.sdk -target arm64-apple-xros1.0 -g -module-cache-path /Users/admin/builder/spi-builder-workspace/.derivedData/ModuleCache.noindex -Xfrontend -serialize-debugging-options -profile-coverage-mapping -profile-generate -enable-testing -index-store-path /Users/admin/builder/spi-builder-workspace/.derivedData/Index.noindex/DataStore -Xcc -D_LIBCPP_HARDENING_MODE\=_LIBCPP_HARDENING_MODE_DEBUG -swift-version 5 -I /Users/admin/builder/spi-builder-workspace/.derivedData/Build/Products/Debug-xros -Isystem /Applications/Xcode-27.0.0-Release.Candidate.app/Contents/Developer/Platforms/XROS.platform/Developer/usr/lib -F /Users/admin/builder/spi-builder-workspace/.derivedData/Build/Products/Debug-xros/PackageFrameworks -F /Users/admin/builder/spi-builder-workspace/.derivedData/Build/Products/Debug-xros -F /Applications/Xcode-27.0.0-Release.Candidate.app/Contents/Developer/Platforms/XROS.platform/Developer/Library/Frameworks -F /Applications/Xcode-27.0.0-Release.Candidate.app/Contents/Developer/Platforms/XROS.platform/Developer/SDKs/XROS27.0.sdk/Developer/Library/Frameworks -c -j10 -enable-batch-mode -incremental -Xcc -ivfsstatcache -Xcc /Users/admin/builder/spi-builder-workspace/.derivedData/SDKStatCaches.noindex/xros27.0-24M361-e829b21a6f8c9b70876ba0858053c044735bd543db762f57723cac368afd1ce4.sdkstatcache -output-file-map /Users/admin/builder/spi-builder-workspace/.derivedData/Build/Intermediates.noindex/SDGCornerstone.build/Debug-xros/SDGMathematics-t.build/Objects-normal/arm64/SDGMathematics-OutputFileMap.json -save-temps -no-color-diagnostics -explicit-module-build -module-cache-path /Users/admin/builder/spi-builder-workspace/.derivedData/Build/Intermediates.noindex/SwiftExplicitPrecompiledModules -clang-scanner-module-cache-path /Users/admin/builder/spi-builder-workspace/.derivedData/ModuleCache.noindex -sdk-module-cache-path /Users/admin/builder/spi-builder-workspace/.derivedData/SDKExplicitPrecompiledModules -emit-dependencies -emit-module -emit-module-path /Users/admin/builder/spi-builder-workspace/.derivedData/Build/Intermediates.noindex/SDGCornerstone.build/Debug-xros/SDGMathematics-t.build/Objects-normal/arm64/SDGMathematics.swiftmodule -serialize-diagnostics -dependency-scan-serialize-diagnostics-path /Users/admin/builder/spi-builder-workspace/.derivedData/Build/Intermediates.noindex/SDGCornerstone.build/Debug-xros/SDGMathematics-t.build/Objects-normal/arm64/SDGMathematics-dependency-scan.dia -validate-clang-modules-once -clang-build-session-file /Users/admin/builder/spi-builder-workspace/.derivedData/ModuleCache.noindex/Session.modulevalidation -Xcc -fmodules-prune-interval\=86400 -Xcc -fmodules-prune-after\=345600 -emit-const-values -const-gather-protocols-list /Users/admin/builder/spi-builder-workspace/.derivedData/Build/Intermediates.noindex/SDGCornerstone.build/Debug-xros/SDGMathematics-t.build/Objects-normal/arm64/SDGMathematics_const_extract_protocols.json -Xcc -I/Users/admin/builder/spi-builder-workspace/.dependencies/checkouts/swift-numerics/Sources/_NumericsShims/include -Xcc -I/Users/admin/builder/spi-builder-workspace/.derivedData/Build/Products/Debug-xros/include -Xcc -I/Users/admin/builder/spi-builder-workspace/.derivedData/Build/Intermediates.noindex/SDGCornerstone.build/Debug-xros/SDGMathematics-t.build/DerivedSources-normal/arm64 -Xcc -I/Users/admin/builder/spi-builder-workspace/.derivedData/Build/Intermediates.noindex/SDGCornerstone.build/Debug-xros/SDGMathematics-t.build/DerivedSources/arm64 -Xcc -I/Users/admin/builder/spi-builder-workspace/.derivedData/Build/Intermediates.noindex/SDGCornerstone.build/Debug-xros/SDGMathematics-t.build/DerivedSources -Xcc -DSWIFT_PACKAGE -Xcc -DDEBUG\=1 -emit-objc-header -emit-objc-header-path /Users/admin/builder/spi-builder-workspace/.derivedData/Build/Intermediates.noindex/SDGCornerstone.build/Debug-xros/SDGMathematics-t.build/Objects-normal/arm64/SDGMathematics-Swift.h -working-directory /Users/admin/builder/spi-builder-workspace/.swiftpm/xcode -experimental-emit-module-separately -disable-cmo
SwiftDriver SDGConcurrency normal arm64 com.apple.xcode.tools.swift.compiler (in target 'SDGConcurrency' from project 'SDGCornerstone')
cd /Users/admin/builder/spi-builder-workspace/.swiftpm/xcode
builtin-SwiftDriver -- /Applications/Xcode-27.0.0-Release.Candidate.app/Contents/Developer/Toolchains/XcodeDefault.xctoolchain/usr/bin/swiftc -parse-as-library -module-name SDGConcurrency -Onone @/Users/admin/builder/spi-builder-workspace/.derivedData/Build/Intermediates.noindex/SDGCornerstone.build/Debug-xros/SDGConcurrency-t.build/Objects-normal/arm64/SDGConcurrency.SwiftFileList -DSWIFT_PACKAGE -DDEBUG -DSWIFT_MODULE_RESOURCE_BUNDLE_UNAVAILABLE -DXcode -plugin-path /Applications/Xcode-27.0.0-Release.Candidate.app/Contents/Developer/Toolchains/XcodeDefault.xctoolchain/usr/lib/swift/host/plugins/testing -enable-experimental-feature DebugDescriptionMacro -sdk /Applications/Xcode-27.0.0-Release.Candidate.app/Contents/Developer/Platforms/XROS.platform/Developer/SDKs/XROS27.0.sdk -target arm64-apple-xros1.0 -g -module-cache-path /Users/admin/builder/spi-builder-workspace/.derivedData/ModuleCache.noindex -Xfrontend -serialize-debugging-options -profile-coverage-mapping -profile-generate -enable-testing -index-store-path /Users/admin/builder/spi-builder-workspace/.derivedData/Index.noindex/DataStore -Xcc -D_LIBCPP_HARDENING_MODE\=_LIBCPP_HARDENING_MODE_DEBUG -swift-version 5 -I /Users/admin/builder/spi-builder-workspace/.derivedData/Build/Products/Debug-xros -Isystem /Applications/Xcode-27.0.0-Release.Candidate.app/Contents/Developer/Platforms/XROS.platform/Developer/usr/lib -F /Users/admin/builder/spi-builder-workspace/.derivedData/Build/Products/Debug-xros/PackageFrameworks -F /Users/admin/builder/spi-builder-workspace/.derivedData/Build/Products/Debug-xros -F /Applications/Xcode-27.0.0-Release.Candidate.app/Contents/Developer/Platforms/XROS.platform/Developer/Library/Frameworks -F /Applications/Xcode-27.0.0-Release.Candidate.app/Contents/Developer/Platforms/XROS.platform/Developer/SDKs/XROS27.0.sdk/Developer/Library/Frameworks -c -j10 -enable-batch-mode -incremental -Xcc -ivfsstatcache -Xcc /Users/admin/builder/spi-builder-workspace/.derivedData/SDKStatCaches.noindex/xros27.0-24M361-e829b21a6f8c9b70876ba0858053c044735bd543db762f57723cac368afd1ce4.sdkstatcache -output-file-map /Users/admin/builder/spi-builder-workspace/.derivedData/Build/Intermediates.noindex/SDGCornerstone.build/Debug-xros/SDGConcurrency-t.build/Objects-normal/arm64/SDGConcurrency-OutputFileMap.json -save-temps -no-color-diagnostics -explicit-module-build -module-cache-path /Users/admin/builder/spi-builder-workspace/.derivedData/Build/Intermediates.noindex/SwiftExplicitPrecompiledModules -clang-scanner-module-cache-path /Users/admin/builder/spi-builder-workspace/.derivedData/ModuleCache.noindex -sdk-module-cache-path /Users/admin/builder/spi-builder-workspace/.derivedData/SDKExplicitPrecompiledModules -emit-dependencies -emit-module -emit-module-path /Users/admin/builder/spi-builder-workspace/.derivedData/Build/Intermediates.noindex/SDGCornerstone.build/Debug-xros/SDGConcurrency-t.build/Objects-normal/arm64/SDGConcurrency.swiftmodule -serialize-diagnostics -dependency-scan-serialize-diagnostics-path /Users/admin/builder/spi-builder-workspace/.derivedData/Build/Intermediates.noindex/SDGCornerstone.build/Debug-xros/SDGConcurrency-t.build/Objects-normal/arm64/SDGConcurrency-dependency-scan.dia -validate-clang-modules-once -clang-build-session-file /Users/admin/builder/spi-builder-workspace/.derivedData/ModuleCache.noindex/Session.modulevalidation -Xcc -fmodules-prune-interval\=86400 -Xcc -fmodules-prune-after\=345600 -emit-const-values -const-gather-protocols-list /Users/admin/builder/spi-builder-workspace/.derivedData/Build/Intermediates.noindex/SDGCornerstone.build/Debug-xros/SDGConcurrency-t.build/Objects-normal/arm64/SDGConcurrency_const_extract_protocols.json -Xcc -I/Users/admin/builder/spi-builder-workspace/.derivedData/Build/Products/Debug-xros/include -Xcc -I/Users/admin/builder/spi-builder-workspace/.derivedData/Build/Intermediates.noindex/SDGCornerstone.build/Debug-xros/SDGConcurrency-t.build/DerivedSources-normal/arm64 -Xcc -I/Users/admin/builder/spi-builder-workspace/.derivedData/Build/Intermediates.noindex/SDGCornerstone.build/Debug-xros/SDGConcurrency-t.build/DerivedSources/arm64 -Xcc -I/Users/admin/builder/spi-builder-workspace/.derivedData/Build/Intermediates.noindex/SDGCornerstone.build/Debug-xros/SDGConcurrency-t.build/DerivedSources -Xcc -DSWIFT_PACKAGE -Xcc -DDEBUG\=1 -emit-objc-header -emit-objc-header-path /Users/admin/builder/spi-builder-workspace/.derivedData/Build/Intermediates.noindex/SDGCornerstone.build/Debug-xros/SDGConcurrency-t.build/Objects-normal/arm64/SDGConcurrency-Swift.h -working-directory /Users/admin/builder/spi-builder-workspace/.swiftpm/xcode -experimental-emit-module-separately -disable-cmo
SwiftCompile normal arm64 Compiling\ RunLoop.swift /Users/admin/builder/spi-builder-workspace/Sources/SDGConcurrency/RunLoop.swift (in target 'SDGConcurrency' from project 'SDGCornerstone')
SwiftCompile normal arm64 /Users/admin/builder/spi-builder-workspace/Sources/SDGConcurrency/RunLoop.swift (in target 'SDGConcurrency' from project 'SDGCornerstone')
cd /Users/admin/builder/spi-builder-workspace/.swiftpm/xcode
builtin-SwiftPerFileCompile RunLoop.swift
/Users/admin/builder/spi-builder-workspace/Sources/SDGConcurrency/RunLoop.swift:52:16: warning: weak variable 'weakDriver' was never mutated; consider changing to 'let' constant [#VariableNeverMutated::WeakMutability]
50 | public func runForDriver(_ holdDriver: (_ driver: Driver) -> Void) {
51 | var driver: Driver? = Driver()
52 | weak var weakDriver = driver
| `- warning: weak variable 'weakDriver' was never mutated; consider changing to 'let' constant [#VariableNeverMutated::WeakMutability]
53 | holdDriver(driver!)
54 | driver = nil
[#VariableNeverMutated]: <https://docs.swift.org/compiler/documentation/diagnostics/variable-never-mutated>
[#WeakMutability]: <https://docs.swift.org/compiler/documentation/diagnostics/weak-mutability>
SwiftEmitModule normal arm64 Emitting\ module\ for\ SDGConcurrency (in target 'SDGConcurrency' from project 'SDGCornerstone')
SwiftCompile normal arm64 (in target 'SDGConcurrency' from project 'SDGCornerstone')
cd /Users/admin/builder/spi-builder-workspace/.swiftpm/xcode
SwiftCompile normal arm64 Compiling\ Float.swift /Users/admin/builder/spi-builder-workspace/Sources/SDGMathematics/Float.swift (in target 'SDGMathematics' from project 'SDGCornerstone')
/Users/admin/builder/spi-builder-workspace/Sources/SDGMathematics/Float.swift:29:31: error: 'Float80' is unavailable: Float80 is not available on target platform.
27 | // @documentation(FloatMax)
28 | /// The member of the `Float` family with the largest bit field.
29 | public typealias FloatMax = Float80
| `- error: 'Float80' is unavailable: Float80 is not available on target platform.
30 | #endif
31 |
Swift.Float80:2:23: note: 'Float80' has been explicitly marked unavailable here
1 | @available(*, unavailable, message: "Float80 is not available on target platform.")
2 | @frozen public struct Float80 {
| `- note: 'Float80' has been explicitly marked unavailable here
3 | public init()
4 | }
/Users/admin/builder/spi-builder-workspace/Sources/SDGMathematics/Float.swift:229:1: warning: extension declares a conformance of imported type 'CGFloat' to imported protocols 'CustomDebugStringConvertible', 'LosslessStringConvertible'; this will not behave correctly if the owners of 'CoreFoundation' introduce this conformance in the future
227 | }
228 |
229 | extension CGFloat: FloatFamily {
| |- warning: extension declares a conformance of imported type 'CGFloat' to imported protocols 'CustomDebugStringConvertible', 'LosslessStringConvertible'; this will not behave correctly if the owners of 'CoreFoundation' introduce this conformance in the future
| `- note: add '@retroactive' to silence this warning
230 |
231 | // MARK: - CustomDebugStringConvertible
/Users/admin/builder/spi-builder-workspace/Sources/SDGMathematics/Float.swift:322:3: warning: extension declares a conformance of imported type 'Float80' to imported protocols 'Decodable', 'Encodable', 'BinaryFloatingPoint', 'CustomDebugStringConvertible', 'LosslessStringConvertible', 'ExpressibleByFloatLiteral', 'FloatingPoint', 'CustomStringConvertible', 'Hashable', 'SignedNumeric', 'Strideable', 'Equatable', 'Numeric', 'Comparable', 'AdditiveArithmetic', 'ExpressibleByIntegerLiteral'; this will not behave correctly if the owners of 'Swift' introduce this conformance in the future
320 |
321 | #if !(PLATFORM_LACKS_SWIFT_FLOAT_80 || ((os(macOS) || os(Linux)) && arch(arm64)))
322 | extension Float80: Decodable, Encodable, FloatFamily {
| |- warning: extension declares a conformance of imported type 'Float80' to imported protocols 'Decodable', 'Encodable', 'BinaryFloatingPoint', 'CustomDebugStringConvertible', 'LosslessStringConvertible', 'ExpressibleByFloatLiteral', 'FloatingPoint', 'CustomStringConvertible', 'Hashable', 'SignedNumeric', 'Strideable', 'Equatable', 'Numeric', 'Comparable', 'AdditiveArithmetic', 'ExpressibleByIntegerLiteral'; this will not behave correctly if the owners of 'Swift' introduce this conformance in the future
| `- note: add '@retroactive' to silence this warning
323 |
324 | // MARK: - Decodable
/Users/admin/builder/spi-builder-workspace/Sources/SDGMathematics/Float.swift:339:22: error: type alias 'Vector' references itself
320 |
321 | #if !(PLATFORM_LACKS_SWIFT_FLOAT_80 || ((os(macOS) || os(Linux)) && arch(arm64)))
322 | extension Float80: Decodable, Encodable, FloatFamily {
| `- note: through reference here
323 |
324 | // MARK: - Decodable
:
337 | // MARK: - PointProtocol
338 |
339 | public typealias Vector = Stride
| | `- note: while resolving type 'Stride'
| `- error: type alias 'Vector' references itself
340 |
341 | // MARK: - RealArithmetic
/Users/admin/builder/spi-builder-workspace/Sources/SDGMathematics/Float.swift:339:22: error: type alias 'Vector' references itself
320 |
321 | #if !(PLATFORM_LACKS_SWIFT_FLOAT_80 || ((os(macOS) || os(Linux)) && arch(arm64)))
322 | extension Float80: Decodable, Encodable, FloatFamily {
| `- note: through reference here
323 |
324 | // MARK: - Decodable
:
337 | // MARK: - PointProtocol
338 |
339 | public typealias Vector = Stride
| | `- note: while resolving type 'Stride'
| `- error: type alias 'Vector' references itself
340 |
341 | // MARK: - RealArithmetic
/Users/admin/builder/spi-builder-workspace/Sources/SDGMathematics/Float.swift:343:26: error: 'Float80' is unavailable: Float80 is not available on target platform.
341 | // MARK: - RealArithmetic
342 |
343 | public static let e: Float80 = 0x1.5BF0A8B145769535p1
| `- error: 'Float80' is unavailable: Float80 is not available on target platform.
344 |
345 | @inlinable public static func log(_ antilogarithm: Self) -> Self {
Swift.Float80:2:23: note: 'Float80' has been explicitly marked unavailable here
1 | @available(*, unavailable, message: "Float80 is not available on target platform.")
2 | @frozen public struct Float80 {
| `- note: 'Float80' has been explicitly marked unavailable here
3 | public init()
4 | }
/Users/admin/builder/spi-builder-workspace/Sources/SDGMathematics/Float.swift:322:3: error: extension outside of file declaring struct 'Float80' prevents automatic synthesis of 'hash(into:)' for protocol 'Hashable'
320 |
321 | #if !(PLATFORM_LACKS_SWIFT_FLOAT_80 || ((os(macOS) || os(Linux)) && arch(arm64)))
322 | extension Float80: Decodable, Encodable, FloatFamily {
| |- error: extension outside of file declaring struct 'Float80' prevents automatic synthesis of 'hash(into:)' for protocol 'Hashable'
| `- note: add stubs for conformance
323 |
324 | // MARK: - Decodable
Swift.Float80:2:23: note: type declared here
1 | @available(*, unavailable, message: "Float80 is not available on target platform.")
2 | @frozen public struct Float80 {
| `- note: type declared here
3 | public init()
4 | }
/Users/admin/builder/spi-builder-workspace/Sources/SDGMathematics/Float.swift:322:3: error: type 'Float80' does not conform to protocol 'BinaryFloatingPoint'
320 |
321 | #if !(PLATFORM_LACKS_SWIFT_FLOAT_80 || ((os(macOS) || os(Linux)) && arch(arm64)))
322 | extension Float80: Decodable, Encodable, FloatFamily {
| `- error: type 'Float80' does not conform to protocol 'BinaryFloatingPoint'
323 |
324 | // MARK: - Decodable
/Users/admin/builder/spi-builder-workspace/Sources/SDGMathematics/Float.swift:322:3: error: type 'Float80' does not conform to protocol 'CustomDebugStringConvertible'
320 |
321 | #if !(PLATFORM_LACKS_SWIFT_FLOAT_80 || ((os(macOS) || os(Linux)) && arch(arm64)))
322 | extension Float80: Decodable, Encodable, FloatFamily {
| `- error: type 'Float80' does not conform to protocol 'CustomDebugStringConvertible'
323 |
324 | // MARK: - Decodable
/Users/admin/builder/spi-builder-workspace/Sources/SDGMathematics/Float.swift:322:3: error: type 'Float80' does not conform to protocol 'LosslessStringConvertible'
320 |
321 | #if !(PLATFORM_LACKS_SWIFT_FLOAT_80 || ((os(macOS) || os(Linux)) && arch(arm64)))
322 | extension Float80: Decodable, Encodable, FloatFamily {
| `- error: type 'Float80' does not conform to protocol 'LosslessStringConvertible'
323 |
324 | // MARK: - Decodable
/Users/admin/builder/spi-builder-workspace/Sources/SDGMathematics/Numeric Protocols/WholeArithmetic.swift:226:21: note: candidate would match if 'String' conformed to 'UIntFamily'
224 | /// - Parameters:
225 | /// - uInt: The unsigned integer.
226 | @inlinable public init<U: UIntFamily>(_ uInt: U) {
| `- note: candidate would match if 'String' conformed to 'UIntFamily'
227 | self.init(UIntMax(uInt))
228 | }
/Users/admin/builder/spi-builder-workspace/Sources/SDGMathematics/Numeric Protocols/IntegralArithmetic.swift:33:21: note: candidate would match if 'String' conformed to 'IntFamily'
31 | /// - Parameters:
32 | /// - int: An instance of a member of the `Int` family.
33 | @inlinable public init<I: IntFamily>(_ int: I) {
| `- note: candidate would match if 'String' conformed to 'IntFamily'
34 | self.init(IntMax(int))
35 | }
Swift.BinaryFloatingPoint.init:2:19: note: candidate would match if 'String' conformed to 'BinaryFloatingPoint'
1 | protocol BinaryFloatingPoint {
2 | @inlinable public init<Source>(_ value: Source) where Source : BinaryFloatingPoint}
| `- note: candidate would match if 'String' conformed to 'BinaryFloatingPoint'
3 |
Swift.BinaryFloatingPoint.init:2:19: note: candidate would match if 'Float80.RawSignificand' conformed to 'FixedWidthInteger'
1 | protocol BinaryFloatingPoint {
2 | @inlinable public init<Source>(_ value: Source) where Source : BinaryInteger}
| `- note: candidate would match if 'Float80.RawSignificand' conformed to 'FixedWidthInteger'
3 |
/Users/admin/builder/spi-builder-workspace/Sources/SDGMathematics/Float.swift:322:3: error: type 'Float80' does not conform to protocol 'ExpressibleByFloatLiteral'
320 |
321 | #if !(PLATFORM_LACKS_SWIFT_FLOAT_80 || ((os(macOS) || os(Linux)) && arch(arm64)))
322 | extension Float80: Decodable, Encodable, FloatFamily {
| `- error: type 'Float80' does not conform to protocol 'ExpressibleByFloatLiteral'
323 |
324 | // MARK: - Decodable
Swift.ExpressibleByFloatLiteral.FloatLiteralType:2:16: note: unable to infer associated type 'FloatLiteralType' for protocol 'ExpressibleByFloatLiteral'
1 | protocol ExpressibleByFloatLiteral {
2 | associatedtype FloatLiteralType : _ExpressibleByBuiltinFloatLiteral}
| `- note: unable to infer associated type 'FloatLiteralType' for protocol 'ExpressibleByFloatLiteral'
3 |
/Users/admin/builder/spi-builder-workspace/Sources/SDGMathematics/Numeric Protocols/RationalArithmetic.swift:125:21: note: candidate would match and infer 'FloatLiteralType' = 'FloatMax' (aka 'Float80') if 'FloatMax' (aka 'Float80') conformed to '_ExpressibleByBuiltinFloatLiteral'
123 | // MARK: - ExpressibleByFloatLiteral
124 |
125 | @inlinable public init(floatLiteral: FloatMax) {
| `- note: candidate would match and infer 'FloatLiteralType' = 'FloatMax' (aka 'Float80') if 'FloatMax' (aka 'Float80') conformed to '_ExpressibleByBuiltinFloatLiteral'
126 | self.init(floatLiteral)
127 | }
/Users/admin/builder/spi-builder-workspace/Sources/SDGMathematics/Float.swift:322:3: error: instance method 'formRemainder(mod:)' has different argument labels from those required by protocol 'FloatingPoint' ('formRemainder(dividingBy:)')
320 |
321 | #if !(PLATFORM_LACKS_SWIFT_FLOAT_80 || ((os(macOS) || os(Linux)) && arch(arm64)))
322 | extension Float80: Decodable, Encodable, FloatFamily {
| `- error: instance method 'formRemainder(mod:)' has different argument labels from those required by protocol 'FloatingPoint' ('formRemainder(dividingBy:)')
323 |
324 | // MARK: - Decodable
/Users/admin/builder/spi-builder-workspace/Sources/SDGMathematics/Numeric Protocols/WholeArithmetic.swift:242:35: note: 'formRemainder(mod:)' declared here
240 | }
241 |
242 | @inlinable public mutating func formRemainder(mod divisor: Self) {
| `- note: 'formRemainder(mod:)' declared here
243 | self −= dividedAccordingToEuclid(by: divisor) × divisor
244 | }
Swift.FloatingPoint.formRemainder:2:15: note: requirement 'formRemainder(dividingBy:)' declared here
1 | protocol FloatingPoint {
2 | mutating func formRemainder(dividingBy other: Self)}
| `- note: requirement 'formRemainder(dividingBy:)' declared here
3 |
/Users/admin/builder/spi-builder-workspace/Sources/SDGMathematics/Float.swift:322:3: error: type 'Float80' does not conform to protocol 'FloatingPoint'
320 |
321 | #if !(PLATFORM_LACKS_SWIFT_FLOAT_80 || ((os(macOS) || os(Linux)) && arch(arm64)))
322 | extension Float80: Decodable, Encodable, FloatFamily {
| `- error: type 'Float80' does not conform to protocol 'FloatingPoint'
323 |
324 | // MARK: - Decodable
/Users/admin/builder/spi-builder-workspace/Sources/SDGMathematics/Float.swift:322:3: error: type 'Float80' does not conform to protocol 'CustomStringConvertible'
320 |
321 | #if !(PLATFORM_LACKS_SWIFT_FLOAT_80 || ((os(macOS) || os(Linux)) && arch(arm64)))
322 | extension Float80: Decodable, Encodable, FloatFamily {
| `- error: type 'Float80' does not conform to protocol 'CustomStringConvertible'
323 |
324 | // MARK: - Decodable
/Users/admin/builder/spi-builder-workspace/Sources/SDGMathematics/Float.swift:322:3: error: type 'Float80' does not conform to protocol 'RealArithmetic'
167 | }
168 |
169 | @inlinable public static func sin(_ angle: Angle<Self>) -> Self {
| `- note: candidate would match if 'Float80' conformed to 'ElementaryFunctions'
170 | return Self.sin(angle.inRadians)
171 | }
:
183 | }
184 |
185 | @inlinable public static func arctan(_ tangent: Self) -> Angle<Self> {
| `- note: candidate would match if 'Float80' conformed to 'ElementaryFunctions'
186 | return Self.atan(tangent).radians
187 | }
:
320 |
321 | #if !(PLATFORM_LACKS_SWIFT_FLOAT_80 || ((os(macOS) || os(Linux)) && arch(arm64)))
322 | extension Float80: Decodable, Encodable, FloatFamily {
| `- error: type 'Float80' does not conform to protocol 'RealArithmetic'
323 |
324 | // MARK: - Decodable
/Users/admin/builder/spi-builder-workspace/Sources/SDGMathematics/Float.swift:322:3: error: type 'Float80' does not conform to protocol 'Strideable'
320 |
321 | #if !(PLATFORM_LACKS_SWIFT_FLOAT_80 || ((os(macOS) || os(Linux)) && arch(arm64)))
322 | extension Float80: Decodable, Encodable, FloatFamily {
| `- error: type 'Float80' does not conform to protocol 'Strideable'
323 |
324 | // MARK: - Decodable
Swift.Strideable.Stride:2:16: note: ambiguous inference of associated type 'Stride': 'Self' vs. 'Self.Vector'
1 | protocol Strideable {
2 | associatedtype Stride : Comparable, SignedNumeric}
| `- note: ambiguous inference of associated type 'Stride': 'Self' vs. 'Self.Vector'
3 |
Swift.Strideable._step:2:31: note: matching requirement '_step(after:from:by:)' to this declaration inferred associated type to 'Self'
1 | protocol Strideable {
2 | @inlinable public static func _step(after current: (index: Int?, value: Self), from start: Self, by distance: Self.Stride) -> (index: Int?, value: Self)}
| `- note: matching requirement '_step(after:from:by:)' to this declaration inferred associated type to 'Self'
3 |
/Users/admin/builder/spi-builder-workspace/Sources/SDGMathematics/Numeric Protocols/OneDimensionalPoint.swift:59:26: note: matching requirement 'distance(to:)' to this declaration inferred associated type to 'Self.Vector'
57 | /// - Parameters:
58 | /// - other: The value to which the distance should be measured.
59 | @inlinable public func distance(to other: Self) -> Vector {
| `- note: matching requirement 'distance(to:)' to this declaration inferred associated type to 'Self.Vector'
60 | return other − self
61 | }
/Users/admin/builder/spi-builder-workspace/Sources/SDGMathematics/Float.swift:322:3: warning: unavailable struct 'Float80' was used to satisfy a requirement of protocol 'Numeric': Float80 is not available on target platform.; this will be an error in a future Swift language mode
320 |
321 | #if !(PLATFORM_LACKS_SWIFT_FLOAT_80 || ((os(macOS) || os(Linux)) && arch(arm64)))
322 | extension Float80: Decodable, Encodable, FloatFamily {
| `- warning: unavailable struct 'Float80' was used to satisfy a requirement of protocol 'Numeric': Float80 is not available on target platform.; this will be an error in a future Swift language mode
323 |
324 | // MARK: - Decodable
Swift.Float80:2:23: note: 'Float80' declared here
1 | @available(*, unavailable, message: "Float80 is not available on target platform.")
2 | @frozen public struct Float80 {
| `- note: 'Float80' declared here
3 | public init()
4 | }
Swift.Numeric.Magnitude:2:16: note: requirement 'Magnitude' declared here
1 | protocol Numeric {
2 | associatedtype Magnitude : Comparable, Numeric}
| `- note: requirement 'Magnitude' declared here
3 |
/Users/admin/builder/spi-builder-workspace/Sources/SDGMathematics/Float.swift:322:3: error: type 'Float80' does not conform to protocol 'Numeric'
320 |
321 | #if !(PLATFORM_LACKS_SWIFT_FLOAT_80 || ((os(macOS) || os(Linux)) && arch(arm64)))
322 | extension Float80: Decodable, Encodable, FloatFamily {
| `- error: type 'Float80' does not conform to protocol 'Numeric'
323 |
324 | // MARK: - Decodable
Swift.BinaryFloatingPoint.init:2:19: note: candidate has non-matching type '(exactly: Source)' [with Magnitude = Float80]
1 | protocol BinaryFloatingPoint {
2 | @inlinable public init?<Source>(exactly value: Source) where Source : BinaryFloatingPoint}
| `- note: candidate has non-matching type '(exactly: Source)' [with Magnitude = Float80]
3 |
Swift.BinaryFloatingPoint.init:2:19: note: candidate would match if 'Float80.RawSignificand' conformed to 'FixedWidthInteger'
1 | protocol BinaryFloatingPoint {
2 | @inlinable public init?<Source>(exactly value: Source) where Source : BinaryInteger}
| `- note: candidate would match if 'Float80.RawSignificand' conformed to 'FixedWidthInteger'
3 |
/Users/admin/builder/spi-builder-workspace/Sources/SDGMathematics/Float.swift:322:3: error: type 'Float80' does not conform to protocol 'WholeArithmetic'
320 |
321 | #if !(PLATFORM_LACKS_SWIFT_FLOAT_80 || ((os(macOS) || os(Linux)) && arch(arm64)))
322 | extension Float80: Decodable, Encodable, FloatFamily {
| `- error: type 'Float80' does not conform to protocol 'WholeArithmetic'
323 |
324 | // MARK: - Decodable
/Users/admin/builder/spi-builder-workspace/Sources/SDGMathematics/Numeric Protocols/RationalArithmetic.swift:101:33: note: candidate has non-matching type '<Self, R> (in: Range<Self>, using: inout R) -> Self'
99 | /// - range: The allowed range for the random value.
100 | /// - generator: The randomizer to use to generate the random value.
101 | @inlinable public static func random<R>(in range: Range<Self>, using generator: inout R) -> Self
| `- note: candidate has non-matching type '<Self, R> (in: Range<Self>, using: inout R) -> Self'
102 | where R: RandomNumberGenerator {
103 |
:
159 | /// - range: The allowed range for the random value.
160 | /// - generator: The randomizer to use to generate the random value.
161 | @inlinable public static func random<R>(in range: Range<Self>, using generator: inout R) -> Self
| `- note: candidate has non-matching type '<Self, R> (in: Range<Self>, using: inout R) -> Self'
162 | where R: RandomNumberGenerator {
163 | return _random(in: range, using: &generator)
Swift.BinaryFloatingPoint.random:2:31: note: candidate has non-matching type '<Self, T> (in: Range<Self>, using: inout T) -> Self'
1 | protocol BinaryFloatingPoint {
2 | @inlinable public static func random<T>(in range: Range<Self>, using generator: inout T) -> Self where T : RandomNumberGenerator}
| `- note: candidate has non-matching type '<Self, T> (in: Range<Self>, using: inout T) -> Self'
3 |
Swift.BinaryFloatingPoint.random:2:31: note: candidate would match if 'Float80.RawSignificand' conformed to 'FixedWidthInteger'
1 | protocol BinaryFloatingPoint {
2 | @inlinable public static func random<T>(in range: ClosedRange<Self>, using generator: inout T) -> Self where T : RandomNumberGenerator}
| `- note: candidate would match if 'Float80.RawSignificand' conformed to 'FixedWidthInteger'
3 |
/Users/admin/builder/spi-builder-workspace/Sources/SDGMathematics/Float.swift:322:3: error: type 'Float80' does not conform to protocol 'PointProtocol'
320 |
321 | #if !(PLATFORM_LACKS_SWIFT_FLOAT_80 || ((os(macOS) || os(Linux)) && arch(arm64)))
322 | extension Float80: Decodable, Encodable, FloatFamily {
| |- error: type 'Float80' does not conform to protocol 'PointProtocol'
| `- note: add stubs for conformance
323 |
324 | // MARK: - Decodable
Swift.BinaryFloatingPoint.RawSignificand:2:16: note: protocol requires nested type 'RawSignificand'
1 | protocol BinaryFloatingPoint {
2 | associatedtype RawSignificand : UnsignedInteger}
| `- note: protocol requires nested type 'RawSignificand'
3 |
Swift.BinaryFloatingPoint.RawExponent:2:16: note: protocol requires nested type 'RawExponent'
1 | protocol BinaryFloatingPoint {
2 | associatedtype RawExponent : UnsignedInteger}
| `- note: protocol requires nested type 'RawExponent'
3 |
Swift.BinaryFloatingPoint.exponentBitCount:2:12: note: protocol requires property 'exponentBitCount' with type 'Int'
1 | protocol BinaryFloatingPoint {
2 | static var exponentBitCount: Int { get }}
| `- note: protocol requires property 'exponentBitCount' with type 'Int'
3 |
Swift.BinaryFloatingPoint.significandBitCount:2:12: note: protocol requires property 'significandBitCount' with type 'Int'
1 | protocol BinaryFloatingPoint {
2 | static var significandBitCount: Int { get }}
| `- note: protocol requires property 'significandBitCount' with type 'Int'
3 |
Swift.BinaryFloatingPoint.binade:2:5: note: protocol requires property 'binade' with type 'Float80'
1 | protocol BinaryFloatingPoint {
2 | var binade: Self { get }}
| `- note: protocol requires property 'binade' with type 'Float80'
3 |
Swift.BinaryFloatingPoint.significandWidth:2:5: note: protocol requires property 'significandWidth' with type 'Int'
1 | protocol BinaryFloatingPoint {
2 | var significandWidth: Int { get }}
| `- note: protocol requires property 'significandWidth' with type 'Int'
3 |
Swift.CustomDebugStringConvertible.debugDescription:2:5: note: protocol requires property 'debugDescription' with type 'String'
1 | protocol CustomDebugStringConvertible {
2 | var debugDescription: String { get }}
| `- note: protocol requires property 'debugDescription' with type 'String'
3 |
Swift.LosslessStringConvertible.init:2:1: note: protocol requires initializer 'init(_:)' with type 'String'
1 | protocol LosslessStringConvertible {
2 | init?(_ description: String)}
| `- note: protocol requires initializer 'init(_:)' with type 'String'
3 |
Swift.FloatingPoint.Exponent:2:16: note: protocol requires nested type 'Exponent'
1 | protocol FloatingPoint {
2 | associatedtype Exponent : SignedInteger}
| `- note: protocol requires nested type 'Exponent'
3 |
Swift.FloatingPoint.nan:2:12: note: protocol requires property 'nan' with type 'Float80'
1 | protocol FloatingPoint {
2 | static var nan: Self { get }}
| `- note: protocol requires property 'nan' with type 'Float80'
3 |
Swift.FloatingPoint.signalingNaN:2:12: note: protocol requires property 'signalingNaN' with type 'Float80'
1 | protocol FloatingPoint {
2 | static var signalingNaN: Self { get }}
| `- note: protocol requires property 'signalingNaN' with type 'Float80'
3 |
Swift.FloatingPoint.infinity:2:12: note: protocol requires property 'infinity' with type 'Float80'
1 | protocol FloatingPoint {
2 | static var infinity: Self { get }}
| `- note: protocol requires property 'infinity' with type 'Float80'
3 |
Swift.FloatingPoint.greatestFiniteMagnitude:2:12: note: protocol requires property 'greatestFiniteMagnitude' with type 'Float80'
1 | protocol FloatingPoint {
2 | static var greatestFiniteMagnitude: Self { get }}
| `- note: protocol requires property 'greatestFiniteMagnitude' with type 'Float80'
3 |
Swift.FloatingPoint.pi:2:12: note: protocol requires property 'pi' with type 'Float80'
1 | protocol FloatingPoint {
2
SwiftCompile normal arm64 /Users/admin/builder/spi-builder-workspace/Sources/SDGMathematics/Float.swift (in target 'SDGMathematics' from project 'SDGCornerstone')
cd /Users/admin/builder/spi-builder-workspace/.swiftpm/xcode
builtin-SwiftPerFileCompile Float.swift
| static var pi: Self { get }}
| `- note: protocol requires property 'pi' with type 'Float80'
3 |
Swift.FloatingPoint.ulp:2:5: note: protocol requires property 'ulp' with type 'Float80'
1 | protocol FloatingPoint {
2 | var ulp: Self { get }}
| `- note: protocol requires property 'ulp' with type 'Float80'
3 |
Swift.FloatingPoint.leastNormalMagnitude:2:12: note: protocol requires property 'leastNormalMagnitude' with type 'Float80'
1 | protocol FloatingPoint {
2 | static var leastNormalMagnitude: Self { get }}
| `- note: protocol requires property 'leastNormalMagnitude' with type 'Float80'
3 |
Swift.FloatingPoint.leastNonzeroMagnitude:2:12: note: protocol requires property 'leastNonzeroMagnitude' with type 'Float80'
1 | protocol FloatingPoint {
2 | static var leastNonzeroMagnitude: Self { get }}
| `- note: protocol requires property 'leastNonzeroMagnitude' with type 'Float80'
3 |
Swift.FloatingPoint.sign:2:5: note: protocol requires property 'sign' with type 'FloatingPointSign'
1 | protocol FloatingPoint {
2 | var sign: FloatingPointSign { get }}
| `- note: protocol requires property 'sign' with type 'FloatingPointSign'
3 |
Swift.FloatingPoint.significand:2:5: note: protocol requires property 'significand' with type 'Float80'
1 | protocol FloatingPoint {
2 | var significand: Self { get }}
| `- note: protocol requires property 'significand' with type 'Float80'
3 |
Swift.FloatingPoint.formTruncatingRemainder:2:15: note: protocol requires function 'formTruncatingRemainder(dividingBy:)' with type '(Float80) -> ()'
1 | protocol FloatingPoint {
2 | mutating func formTruncatingRemainder(dividingBy other: Self)}
| `- note: protocol requires function 'formTruncatingRemainder(dividingBy:)' with type '(Float80) -> ()'
3 |
Swift.FloatingPoint.formSquareRoot:2:15: note: protocol requires function 'formSquareRoot()' with type '() -> ()'
1 | protocol FloatingPoint {
2 | mutating func formSquareRoot()}
| `- note: protocol requires function 'formSquareRoot()' with type '() -> ()'
3 |
Swift.FloatingPoint.addProduct:2:15: note: protocol requires function 'addProduct' with type '(Float80, Float80) -> ()'
1 | protocol FloatingPoint {
2 | mutating func addProduct(_ lhs: Self, _ rhs: Self)}
| `- note: protocol requires function 'addProduct' with type '(Float80, Float80) -> ()'
3 |
Swift.FloatingPoint.nextUp:2:5: note: protocol requires property 'nextUp' with type 'Float80'
1 | protocol FloatingPoint {
2 | var nextUp: Self { get }}
| `- note: protocol requires property 'nextUp' with type 'Float80'
3 |
Swift.FloatingPoint.isEqual:2:6: note: protocol requires function 'isEqual(to:)' with type '(Float80) -> Bool'
1 | protocol FloatingPoint {
2 | func isEqual(to other: Self) -> Bool}
| `- note: protocol requires function 'isEqual(to:)' with type '(Float80) -> Bool'
3 |
Swift.FloatingPoint.isLess:2:6: note: protocol requires function 'isLess(than:)' with type '(Float80) -> Bool'
1 | protocol FloatingPoint {
2 | func isLess(than other: Self) -> Bool}
| `- note: protocol requires function 'isLess(than:)' with type '(Float80) -> Bool'
3 |
Swift.FloatingPoint.isLessThanOrEqualTo:2:6: note: protocol requires function 'isLessThanOrEqualTo' with type '(Float80) -> Bool'
1 | protocol FloatingPoint {
2 | func isLessThanOrEqualTo(_ other: Self) -> Bool}
| `- note: protocol requires function 'isLessThanOrEqualTo' with type '(Float80) -> Bool'
3 |
Swift.FloatingPoint.isNormal:2:5: note: protocol requires property 'isNormal' with type 'Bool'
1 | protocol FloatingPoint {
2 | var isNormal: Bool { get }}
| `- note: protocol requires property 'isNormal' with type 'Bool'
3 |
Swift.FloatingPoint.isFinite:2:5: note: protocol requires property 'isFinite' with type 'Bool'
1 | protocol FloatingPoint {
2 | var isFinite: Bool { get }}
| `- note: protocol requires property 'isFinite' with type 'Bool'
3 |
Swift.FloatingPoint.isZero:2:5: note: protocol requires property 'isZero' with type 'Bool'
1 | protocol FloatingPoint {
2 | var isZero: Bool { get }}
| `- note: protocol requires property 'isZero' with type 'Bool'
3 |
Swift.FloatingPoint.isSubnormal:2:5: note: protocol requires property 'isSubnormal' with type 'Bool'
1 | protocol FloatingPoint {
2 | var isSubnormal: Bool { get }}
| `- note: protocol requires property 'isSubnormal' with type 'Bool'
3 |
Swift.FloatingPoint.isInfinite:2:5: note: protocol requires property 'isInfinite' with type 'Bool'
1 | protocol FloatingPoint {
2 | var isInfinite: Bool { get }}
| `- note: protocol requires property 'isInfinite' with type 'Bool'
3 |
Swift.FloatingPoint.isNaN:2:5: note: protocol requires property 'isNaN' with type 'Bool'
1 | protocol FloatingPoint {
2 | var isNaN: Bool { get }}
| `- note: protocol requires property 'isNaN' with type 'Bool'
3 |
Swift.FloatingPoint.isSignalingNaN:2:5: note: protocol requires property 'isSignalingNaN' with type 'Bool'
1 | protocol FloatingPoint {
2 | var isSignalingNaN: Bool { get }}
| `- note: protocol requires property 'isSignalingNaN' with type 'Bool'
3 |
Swift.FloatingPoint.isCanonical:2:5: note: protocol requires property 'isCanonical' with type 'Bool'
1 | protocol FloatingPoint {
2 | var isCanonical: Bool { get }}
| `- note: protocol requires property 'isCanonical' with type 'Bool'
3 |
Swift.CustomStringConvertible.description:2:5: note: protocol requires property 'description' with type 'String'
1 | protocol CustomStringConvertible {
2 | var description: String { get }}
| `- note: protocol requires property 'description' with type 'String'
3 |
/Users/admin/builder/spi-builder-workspace/Sources/SDGMathematics/Numeric Protocols/RealArithmetic.swift:117:15: note: protocol requires function 'sin' with type '(Angle<Float80>) -> Float80'
115 | /// - Parameters:
116 | /// - angle: The angle.
117 | static func sin(_ angle: Angle<Self>) -> Self
| `- note: protocol requires function 'sin' with type '(Angle<Float80>) -> Float80'
118 |
119 | // @documentation(SDGCornerstone.RealArithmetic.cos(_:))
:
181 | /// - Parameters:
182 | /// - tangent: The tangent.
183 | static func arctan(_ tangent: Self) -> Angle<Self>
| `- note: protocol requires function 'arctan' with type '(Float80) -> Angle<Float80>'
184 |
185 | // @documentation(SDGCornerstone.RealArithmetic.arccsc(_:))
Swift.Numeric.init:2:1: note: protocol requires initializer 'init(exactly:)' with type '(exactly: T)'
1 | protocol Numeric {
2 | init?<T>(exactly source: T) where T : BinaryInteger}
| `- note: protocol requires initializer 'init(exactly:)' with type '(exactly: T)'
3 |
/Users/admin/builder/spi-builder-workspace/Sources/SDGMathematics/Numeric Protocols/WholeArithmetic.swift:215:15: note: protocol requires function 'random(in:using:)' with type '<R> (in: ClosedRange<Float80>, using: inout R) -> Float80'
213 | /// - range: The allowed range for the random value.
214 | /// - generator: The randomizer to use to generate the random value.
215 | static func random<R>(in range: ClosedRange<Self>, using generator: inout R) -> Self
| `- note: protocol requires function 'random(in:using:)' with type '<R> (in: ClosedRange<Float80>, using: inout R) -> Float80'
216 | where R: RandomNumberGenerator
217 | }
/Users/admin/builder/spi-builder-workspace/Sources/SDGMathematics/Numeric Protocols/PointProtocol.swift:23:18: note: protocol requires nested type 'Vector'
21 |
22 | /// The type to be used as a vector.
23 | associatedtype Vector: Negatable
| `- note: protocol requires nested type 'Vector'
24 |
25 | // @documentation(PointProtocol.+(Self, Vector))
/Users/admin/builder/spi-builder-workspace/Sources/SDGMathematics/Float.swift:322:13: error: 'Float80' is unavailable: Float80 is not available on target platform.
320 |
321 | #if !(PLATFORM_LACKS_SWIFT_FLOAT_80 || ((os(macOS) || os(Linux)) && arch(arm64)))
322 | extension Float80: Decodable, Encodable, FloatFamily {
| `- error: 'Float80' is unavailable: Float80 is not available on target platform.
323 |
324 | // MARK: - Decodable
Swift.Float80:2:23: note: 'Float80' has been explicitly marked unavailable here
1 | @available(*, unavailable, message: "Float80 is not available on target platform.")
2 | @frozen public struct Float80 {
| `- note: 'Float80' has been explicitly marked unavailable here
3 | public init()
4 | }
SwiftCompile normal arm64 Compiling\ Int.swift /Users/admin/builder/spi-builder-workspace/Sources/SDGMathematics/Int.swift (in target 'SDGMathematics' from project 'SDGCornerstone')
/Users/admin/builder/spi-builder-workspace/Sources/SDGMathematics/Int.swift:179:1: warning: extension declares a conformance of imported type 'Int64' to imported protocol 'MirrorPath'; this will not behave correctly if the owners of 'Swift' introduce this conformance in the future
177 | }
178 | }
179 | extension Int64: IntXFamily {
| |- warning: extension declares a conformance of imported type 'Int64' to imported protocol 'MirrorPath'; this will not behave correctly if the owners of 'Swift' introduce this conformance in the future
| `- note: add '@retroactive' to silence this warning
180 |
181 | // MARK: - PointProtocol
/Users/admin/builder/spi-builder-workspace/Sources/SDGMathematics/Int.swift:185:1: warning: extension declares a conformance of imported type 'Int32' to imported protocol 'MirrorPath'; this will not behave correctly if the owners of 'Swift' introduce this conformance in the future
183 | public typealias Vector = Stride
184 | }
185 | extension Int32: IntXFamily {
| |- warning: extension declares a conformance of imported type 'Int32' to imported protocol 'MirrorPath'; this will not behave correctly if the owners of 'Swift' introduce this conformance in the future
| `- note: add '@retroactive' to silence this warning
186 |
187 | // MARK: - PointProtocol
/Users/admin/builder/spi-builder-workspace/Sources/SDGMathematics/Int.swift:191:1: warning: extension declares a conformance of imported type 'Int16' to imported protocol 'MirrorPath'; this will not behave correctly if the owners of 'Swift' introduce this conformance in the future
189 | public typealias Vector = Stride
190 | }
191 | extension Int16: IntXFamily {
| |- warning: extension declares a conformance of imported type 'Int16' to imported protocol 'MirrorPath'; this will not behave correctly if the owners of 'Swift' introduce this conformance in the future
| `- note: add '@retroactive' to silence this warning
192 |
193 | // MARK: - PointProtocol
/Users/admin/builder/spi-builder-workspace/Sources/SDGMathematics/Int.swift:197:1: warning: extension declares a conformance of imported type 'Int8' to imported protocol 'MirrorPath'; this will not behave correctly if the owners of 'Swift' introduce this conformance in the future
195 | public typealias Vector = Stride
196 | }
197 | extension Int8: IntXFamily {
| |- warning: extension declares a conformance of imported type 'Int8' to imported protocol 'MirrorPath'; this will not behave correctly if the owners of 'Swift' introduce this conformance in the future
| `- note: add '@retroactive' to silence this warning
198 |
199 | // MARK: - PointProtocol
SwiftCompile normal arm64 /Users/admin/builder/spi-builder-workspace/Sources/SDGMathematics/Int.swift (in target 'SDGMathematics' from project 'SDGCornerstone')
cd /Users/admin/builder/spi-builder-workspace/.swiftpm/xcode
builtin-SwiftPerFileCompile Int.swift
SwiftCompile normal arm64 Compiling\ Data.swift /Users/admin/builder/spi-builder-workspace/Sources/SDGMathematics/Data.swift (in target 'SDGMathematics' from project 'SDGCornerstone')
SwiftCompile normal arm64 /Users/admin/builder/spi-builder-workspace/Sources/SDGMathematics/Data.swift (in target 'SDGMathematics' from project 'SDGCornerstone')
cd /Users/admin/builder/spi-builder-workspace/.swiftpm/xcode
builtin-SwiftPerFileCompile Data.swift
SwiftEmitModule normal arm64 Emitting\ module\ for\ SDGMathematics (in target 'SDGMathematics' from project 'SDGCornerstone')
/Users/admin/builder/spi-builder-workspace/Sources/SDGMathematics/Float.swift:29:31: error: 'Float80' is unavailable: Float80 is not available on target platform.
27 | // @documentation(FloatMax)
28 | /// The member of the `Float` family with the largest bit field.
29 | public typealias FloatMax = Float80
| `- error: 'Float80' is unavailable: Float80 is not available on target platform.
30 | #endif
31 |
Swift.Float80:2:23: note: 'Float80' has been explicitly marked unavailable here
1 | @available(*, unavailable, message: "Float80 is not available on target platform.")
2 | @frozen public struct Float80 {
| `- note: 'Float80' has been explicitly marked unavailable here
3 | public init()
4 | }
/Users/admin/builder/spi-builder-workspace/Sources/SDGMathematics/Float.swift:229:1: warning: extension declares a conformance of imported type 'CGFloat' to imported protocols 'CustomDebugStringConvertible', 'LosslessStringConvertible'; this will not behave correctly if the owners of 'CoreFoundation' introduce this conformance in the future
227 | }
228 |
229 | extension CGFloat: FloatFamily {
| |- warning: extension declares a conformance of imported type 'CGFloat' to imported protocols 'CustomDebugStringConvertible', 'LosslessStringConvertible'; this will not behave correctly if the owners of 'CoreFoundation' introduce this conformance in the future
| `- note: add '@retroactive' to silence this warning
230 |
231 | // MARK: - CustomDebugStringConvertible
/Users/admin/builder/spi-builder-workspace/Sources/SDGMathematics/Float.swift:322:3: warning: extension declares a conformance of imported type 'Float80' to imported protocols 'Decodable', 'Encodable', 'BinaryFloatingPoint', 'CustomDebugStringConvertible', 'LosslessStringConvertible', 'ExpressibleByFloatLiteral', 'FloatingPoint', 'CustomStringConvertible', 'Hashable', 'SignedNumeric', 'Strideable', 'Equatable', 'Numeric', 'Comparable', 'AdditiveArithmetic', 'ExpressibleByIntegerLiteral'; this will not behave correctly if the owners of 'Swift' introduce this conformance in the future
320 |
321 | #if !(PLATFORM_LACKS_SWIFT_FLOAT_80 || ((os(macOS) || os(Linux)) && arch(arm64)))
322 | extension Float80: Decodable, Encodable, FloatFamily {
| |- warning: extension declares a conformance of imported type 'Float80' to imported protocols 'Decodable', 'Encodable', 'BinaryFloatingPoint', 'CustomDebugStringConvertible', 'LosslessStringConvertible', 'ExpressibleByFloatLiteral', 'FloatingPoint', 'CustomStringConvertible', 'Hashable', 'SignedNumeric', 'Strideable', 'Equatable', 'Numeric', 'Comparable', 'AdditiveArithmetic', 'ExpressibleByIntegerLiteral'; this will not behave correctly if the owners of 'Swift' introduce this conformance in the future
| `- note: add '@retroactive' to silence this warning
323 |
324 | // MARK: - Decodable
/Users/admin/builder/spi-builder-workspace/Sources/SDGMathematics/Float.swift:339:22: error: type alias 'Vector' references itself
320 |
321 | #if !(PLATFORM_LACKS_SWIFT_FLOAT_80 || ((os(macOS) || os(Linux)) && arch(arm64)))
322 | extension Float80: Decodable, Encodable, FloatFamily {
| `- note: through reference here
323 |
324 | // MARK: - Decodable
:
337 | // MARK: - PointProtocol
338 |
339 | public typealias Vector = Stride
| | `- note: while resolving type 'Stride'
| `- error: type alias 'Vector' references itself
340 |
341 | // MARK: - RealArithmetic
/Users/admin/builder/spi-builder-workspace/Sources/SDGMathematics/Float.swift:339:22: error: type alias 'Vector' references itself
320 |
321 | #if !(PLATFORM_LACKS_SWIFT_FLOAT_80 || ((os(macOS) || os(Linux)) && arch(arm64)))
322 | extension Float80: Decodable, Encodable, FloatFamily {
| `- note: through reference here
323 |
324 | // MARK: - Decodable
:
337 | // MARK: - PointProtocol
338 |
339 | public typealias Vector = Stride
| | `- note: while resolving type 'Stride'
| `- error: type alias 'Vector' references itself
340 |
341 | // MARK: - RealArithmetic
/Users/admin/builder/spi-builder-workspace/Sources/SDGMathematics/Float.swift:343:26: error: 'Float80' is unavailable: Float80 is not available on target platform.
341 | // MARK: - RealArithmetic
342 |
343 | public static let e: Float80 = 0x1.5BF0A8B145769535p1
| `- error: 'Float80' is unavailable: Float80 is not available on target platform.
344 |
345 | @inlinable public static func log(_ antilogarithm: Self) -> Self {
Swift.Float80:2:23: note: 'Float80' has been explicitly marked unavailable here
1 | @available(*, unavailable, message: "Float80 is not available on target platform.")
2 | @frozen public struct Float80 {
| `- note: 'Float80' has been explicitly marked unavailable here
3 | public init()
4 | }
/Users/admin/builder/spi-builder-workspace/Sources/SDGMathematics/Float.swift:322:3: error: extension outside of file declaring struct 'Float80' prevents automatic synthesis of 'hash(into:)' for protocol 'Hashable'
320 |
321 | #if !(PLATFORM_LACKS_SWIFT_FLOAT_80 || ((os(macOS) || os(Linux)) && arch(arm64)))
322 | extension Float80: Decodable, Encodable, FloatFamily {
| |- error: extension outside of file declaring struct 'Float80' prevents automatic synthesis of 'hash(into:)' for protocol 'Hashable'
| `- note: add stubs for conformance
323 |
324 | // MARK: - Decodable
Swift.Float80:2:23: note: type declared here
1 | @available(*, unavailable, message: "Float80 is not available on target platform.")
2 | @frozen public struct Float80 {
| `- note: type declared here
3 | public init()
4 | }
/Users/admin/builder/spi-builder-workspace/Sources/SDGMathematics/Float.swift:322:3: error: type 'Float80' does not conform to protocol 'BinaryFloatingPoint'
320 |
321 | #if !(PLATFORM_LACKS_SWIFT_FLOAT_80 || ((os(macOS) || os(Linux)) && arch(arm64)))
322 | extension Float80: Decodable, Encodable, FloatFamily {
| `- error: type 'Float80' does not conform to protocol 'BinaryFloatingPoint'
323 |
324 | // MARK: - Decodable
/Users/admin/builder/spi-builder-workspace/Sources/SDGMathematics/Float.swift:322:3: error: type 'Float80' does not conform to protocol 'CustomDebugStringConvertible'
320 |
321 | #if !(PLATFORM_LACKS_SWIFT_FLOAT_80 || ((os(macOS) || os(Linux)) && arch(arm64)))
322 | extension Float80: Decodable, Encodable, FloatFamily {
| `- error: type 'Float80' does not conform to protocol 'CustomDebugStringConvertible'
323 |
324 | // MARK: - Decodable
/Users/admin/builder/spi-builder-workspace/Sources/SDGMathematics/Float.swift:322:3: error: type 'Float80' does not conform to protocol 'LosslessStringConvertible'
320 |
321 | #if !(PLATFORM_LACKS_SWIFT_FLOAT_80 || ((os(macOS) || os(Linux)) && arch(arm64)))
322 | extension Float80: Decodable, Encodable, FloatFamily {
| `- error: type 'Float80' does not conform to protocol 'LosslessStringConvertible'
323 |
324 | // MARK: - Decodable
/Users/admin/builder/spi-builder-workspace/Sources/SDGMathematics/Numeric Protocols/WholeArithmetic.swift:226:21: note: candidate would match if 'String' conformed to 'UIntFamily'
224 | /// - Parameters:
225 | /// - uInt: The unsigned integer.
226 | @inlinable public init<U: UIntFamily>(_ uInt: U) {
| `- note: candidate would match if 'String' conformed to 'UIntFamily'
227 | self.init(UIntMax(uInt))
228 | }
/Users/admin/builder/spi-builder-workspace/Sources/SDGMathematics/Numeric Protocols/IntegralArithmetic.swift:33:21: note: candidate would match if 'String' conformed to 'IntFamily'
31 | /// - Parameters:
32 | /// - int: An instance of a member of the `Int` family.
33 | @inlinable public init<I: IntFamily>(_ int: I) {
| `- note: candidate would match if 'String' conformed to 'IntFamily'
34 | self.init(IntMax(int))
35 | }
Swift.BinaryFloatingPoint.init:2:19: note: candidate would match if 'String' conformed to 'BinaryFloatingPoint'
1 | protocol BinaryFloatingPoint {
2 | @inlinable public init<Source>(_ value: Source) where Source : BinaryFloatingPoint}
| `- note: candidate would match if 'String' conformed to 'BinaryFloatingPoint'
3 |
Swift.BinaryFloatingPoint.init:2:19: note: candidate would match if 'Float80.RawSignificand' conformed to 'FixedWidthInteger'
1 | protocol BinaryFloatingPoint {
2 | @inlinable public init<Source>(_ value: Source) where Source : BinaryInteger}
| `- note: candidate would match if 'Float80.RawSignificand' conformed to 'FixedWidthInteger'
3 |
/Users/admin/builder/spi-builder-workspace/Sources/SDGMathematics/Float.swift:322:3: error: type 'Float80' does not conform to protocol 'ExpressibleByFloatLiteral'
320 |
321 | #if !(PLATFORM_LACKS_SWIFT_FLOAT_80 || ((os(macOS) || os(Linux)) && arch(arm64)))
322 | extension Float80: Decodable, Encodable, FloatFamily {
| `- error: type 'Float80' does not conform to protocol 'ExpressibleByFloatLiteral'
323 |
324 | // MARK: - Decodable
Swift.ExpressibleByFloatLiteral.FloatLiteralType:2:16: note: unable to infer associated type 'FloatLiteralType' for protocol 'ExpressibleByFloatLiteral'
1 | protocol ExpressibleByFloatLiteral {
2 | associatedtype FloatLiteralType : _ExpressibleByBuiltinFloatLiteral}
| `- note: unable to infer associated type 'FloatLiteralType' for protocol 'ExpressibleByFloatLiteral'
3 |
/Users/admin/builder/spi-builder-workspace/Sources/SDGMathematics/Numeric Protocols/RationalArithmetic.swift:125:21: note: candidate would match and infer 'FloatLiteralType' = 'FloatMax' (aka 'Float80') if 'FloatMax' (aka 'Float80') conformed to '_ExpressibleByBuiltinFloatLiteral'
123 | // MARK: - ExpressibleByFloatLiteral
124 |
125 | @inlinable public init(floatLiteral: FloatMax) {
| `- note: candidate would match and infer 'FloatLiteralType' = 'FloatMax' (aka 'Float80') if 'FloatMax' (aka 'Float80') conformed to '_ExpressibleByBuiltinFloatLiteral'
126 | self.init(floatLiteral)
127 | }
/Users/admin/builder/spi-builder-workspace/Sources/SDGMathematics/Float.swift:322:3: error: instance method 'formRemainder(mod:)' has different argument labels from those required by protocol 'FloatingPoint' ('formRemainder(dividingBy:)')
320 |
321 | #if !(PLATFORM_LACKS_SWIFT_FLOAT_80 || ((os(macOS) || os(Linux)) && arch(arm64)))
322 | extension Float80: Decodable, Encodable, FloatFamily {
| `- error: instance method 'formRemainder(mod:)' has different argument labels from those required by protocol 'FloatingPoint' ('formRemainder(dividingBy:)')
323 |
324 | // MARK: - Decodable
/Users/admin/builder/spi-builder-workspace/Sources/SDGMathematics/Numeric Protocols/WholeArithmetic.swift:242:35: note: 'formRemainder(mod:)' declared here
240 | }
241 |
242 | @inlinable public mutating func formRemainder(mod divisor: Self) {
| `- note: 'formRemainder(mod:)' declared here
243 | self −= dividedAccordingToEuclid(by: divisor) × divisor
244 | }
Swift.FloatingPoint.formRemainder:2:15: note: requirement 'formRemainder(dividingBy:)' declared here
1 | protocol FloatingPoint {
2 | mutating func formRemainder(dividingBy other: Self)}
| `- note: requirement 'formRemainder(dividingBy:)' declared here
3 |
/Users/admin/builder/spi-builder-workspace/Sources/SDGMathematics/Float.swift:322:3: error: type 'Float80' does not conform to protocol 'FloatingPoint'
320 |
321 | #if !(PLATFORM_LACKS_SWIFT_FLOAT_80 || ((os(macOS) || os(Linux)) && arch(arm64)))
322 | extension Float80: Decodable, Encodable, FloatFamily {
| `- error: type 'Float80' does not conform to protocol 'FloatingPoint'
323 |
324 | // MARK: - Decodable
/Users/admin/builder/spi-builder-workspace/Sources/SDGMathematics/Float.swift:322:3: error: type 'Float80' does not conform to protocol 'CustomStringConvertible'
320 |
321 | #if !(PLATFORM_LACKS_SWIFT_FLOAT_80 || ((os(macOS) || os(Linux)) && arch(arm64)))
322 | extension Float80: Decodable, Encodable, FloatFamily {
| `- error: type 'Float80' does not conform to protocol 'CustomStringConvertible'
323 |
324 | // MARK: - Decodable
/Users/admin/builder/spi-builder-workspace/Sources/SDGMathematics/Float.swift:322:3: error: type 'Float80' does not conform to protocol 'RealArithmetic'
167 | }
168 |
169 | @inlinable public static func sin(_ angle: Angle<Self>) -> Self {
| `- note: candidate would match if 'Float80' conformed to 'ElementaryFunctions'
170 | return Self.sin(angle.inRadians)
171 | }
:
183 | }
184 |
185 | @inlinable public static func arctan(_ tangent: Self) -> Angle<Self> {
| `- note: candidate would match if 'Float80' conformed to 'ElementaryFunctions'
186 | return Self.atan(tangent).radians
187 | }
:
320 |
321 | #if !(PLATFORM_LACKS_SWIFT_FLOAT_80 || ((os(macOS) || os(Linux)) && arch(arm64)))
322 | extension Float80: Decodable, Encodable, FloatFamily {
| `- error: type 'Float80' does not conform to protocol 'RealArithmetic'
323 |
324 | // MARK: - Decodable
/Users/admin/builder/spi-builder-workspace/Sources/SDGMathematics/Float.swift:322:3: error: type 'Float80' does not conform to protocol 'Strideable'
320 |
321 | #if !(PLATFORM_LACKS_SWIFT_FLOAT_80 || ((os(macOS) || os(Linux)) && arch(arm64)))
322 | extension Float80: Decodable, Encodable, FloatFamily {
| `- error: type 'Float80' does not conform to protocol 'Strideable'
323 |
324 | // MARK: - Decodable
Swift.Strideable.Stride:2:16: note: ambiguous inference of associated type 'Stride': 'Self' vs. 'Self.Vector'
1 | protocol Strideable {
2 | associatedtype Stride : Comparable, SignedNumeric}
| `- note: ambiguous inference of associated type 'Stride': 'Self' vs. 'Self.Vector'
3 |
Swift.Strideable._step:2:31: note: matching requirement '_step(after:from:by:)' to this declaration inferred associated type to 'Self'
1 | protocol Strideable {
2 | @inlinable public static func _step(after current: (index: Int?, value: Self), from start: Self, by distance: Self.Stride) -> (index: Int?, value: Self)}
| `- note: matching requirement '_step(after:from:by:)' to this declaration inferred associated type to 'Self'
3 |
/Users/admin/builder/spi-builder-workspace/Sources/SDGMathematics/Numeric Protocols/OneDimensionalPoint.swift:59:26: note: matching requirement 'distance(to:)' to this declaration inferred associated type to 'Self.Vector'
57 | /// - Parameters:
58 | /// - other: The value to which the distance should be measured.
59 | @inlinable public func distance(to other: Self) -> Vector {
| `- note: matching requirement 'distance(to:)' to this declaration inferred associated type to 'Self.Vector'
60 | return other − self
61 | }
/Users/admin/builder/spi-builder-workspace/Sources/SDGMathematics/Float.swift:322:3: warning: unavailable struct 'Float80' was used to satisfy a requirement of protocol 'Numeric': Float80 is not available on target platform.; this will be an error in a future Swift language mode
320 |
321 | #if !(PLATFORM_LACKS_SWIFT_FLOAT_80 || ((os(macOS) || os(Linux)) && arch(arm64)))
322 | extension Float80: Decodable, Encodable, FloatFamily {
| `- warning: unavailable struct 'Float80' was used to satisfy a requirement of protocol 'Numeric': Float80 is not available on target platform.; this will be an error in a future Swift language mode
323 |
324 | // MARK: - Decodable
Swift.Float80:2:23: note: 'Float80' declared here
1 | @available(*, unavailable, message: "Float80 is not available on target platform.")
2 | @frozen public struct Float80 {
| `- note: 'Float80' declared here
3 | public init()
4 | }
Swift.Numeric.Magnitude:2:16: note: requirement 'Magnitude' declared here
1 | protocol Numeric {
2 | associatedtype Magnitude : Comparable, Numeric}
| `- note: requirement 'Magnitude' declared here
3 |
/Users/admin/builder/spi-builder-workspace/Sources/SDGMathematics/Float.swift:322:3: error: type 'Float80' does not conform to protocol 'Numeric'
320 |
321 | #if !(PLATFORM_LACKS_SWIFT_FLOAT_80 || ((os(macOS) || os(Linux)) && arch(arm64)))
322 | extension Float80: Decodable, Encodable, FloatFamily {
| `- error: type 'Float80' does not conform to protocol 'Numeric'
323 |
324 | // MARK: - Decodable
Swift.BinaryFloatingPoint.init:2:19: note: candidate has non-matching type '(exactly: Source)' [with Magnitude = Float80]
1 | protocol BinaryFloatingPoint {
2 | @inlinable public init?<Source>(exactly value: Source) where Source : BinaryFloatingPoint}
| `- note: candidate has non-matching type '(exactly: Source)' [with Magnitude = Float80]
3 |
Swift.BinaryFloatingPoint.init:2:19: note: candidate would match if 'Float80.RawSignificand' conformed to 'FixedWidthInteger'
1 | protocol BinaryFloatingPoint {
2 | @inlinable public init?<Source>(exactly value: Source) where Source : BinaryInteger}
| `- note: candidate would match if 'Float80.RawSignificand' conformed to 'FixedWidthInteger'
3 |
/Users/admin/builder/spi-builder-workspace/Sources/SDGMathematics/Float.swift:322:3: error: type 'Float80' does not conform to protocol 'WholeArithmetic'
320 |
321 | #if !(PLATFORM_LACKS_SWIFT_FLOAT_80 || ((os(macOS) || os(Linux)) && arch(arm64)))
322 | extension Float80: Decodable, Encodable, FloatFamily {
| `- error: type 'Float80' does not conform to protocol 'WholeArithmetic'
323 |
324 | // MARK: - Decodable
/Users/admin/builder/spi-builder-workspace/Sources/SDGMathematics/Numeric Protocols/RationalArithmetic.swift:101:33: note: candidate has non-matching type '<Self, R> (in: Range<Self>, using: inout R) -> Self'
99 | /// - range: The allowed range for the random value.
100 | /// - generator: The randomizer to use to generate the random value.
101 | @inlinable public static func random<R>(in range: Range<Self>, using generator: inout R) -> Self
| `- note: candidate has non-matching type '<Self, R> (in: Range<Self>, using: inout R) -> Self'
102 | where R: RandomNumberGenerator {
103 |
:
159 | /// - range: The allowed range for the random value.
160 | /// - generator: The randomizer to use to generate the random value.
161 | @inlinable public static func random<R>(in range: Range<Self>, using generator: inout R) -> Self
| `- note: candidate has non-matching type '<Self, R> (in: Range<Self>, using: inout R) -> Self'
162 | where R: RandomNumberGenerator {
163 | return _random(in: range, using: &generator)
Swift.BinaryFloatingPoint.random:2:31: note: candidate has non-matching type '<Self, T> (in: Range<Self>, using: inout T) -> Self'
1 | protocol BinaryFloatingPoint {
2 | @inlinable public static func random<T>(in range: Range<Self>, using generator: inout T) -> Self where T : RandomNumberGenerator}
| `- note: candidate has non-matching type '<Self, T> (in: Range<Self>, using: inout T) -> Self'
3 |
Swift.BinaryFloatingPoint.random:2:31: note: candidate would match if 'Float80.RawSignificand' conformed to 'FixedWidthInteger'
1 | protocol BinaryFloatingPoint {
2 | @inlinable public static func random<T>(in range: ClosedRange<Self>, using generator: inout T) -> Self where T : RandomNumberGenerator}
| `- note: candidate would match if 'Float80.RawSignificand' conformed to 'FixedWidthInteger'
3 |
/Users/admin/builder/spi-builder-workspace/Sources/SDGMathematics/Float.swift:322:3: error: type 'Float80' does not conform to protocol 'PointProtocol'
320 |
321 | #if !(PLATFORM_LACKS_SWIFT_FLOAT_80 || ((os(macOS) || os(Linux)) && arch(arm64)))
322 | extension Float80: Decodable, Encodable, FloatFamily {
| |- error: type 'Float80' does not conform to protocol 'PointProtocol'
| `- note: add stubs for conformance
323 |
324 | // MARK: - Decodable
Swift.BinaryFloatingPoint.RawSignificand:2:16: note: protocol requires nested type 'RawSignificand'
1 | protocol BinaryFloatingPoint {
2 | associatedtype RawSignificand : UnsignedInteger}
| `- note: protocol requires nested type 'RawSignificand'
3 |
Swift.BinaryFloatingPoint.RawExponent:2:16: note: protocol requires nested type 'RawExponent'
1 | protocol BinaryFloatingPoint {
2 | associatedtype RawExponent : UnsignedInteger}
| `- note: protocol requires nested type 'RawExponent'
3 |
Swift.BinaryFloatingPoint.exponentBitCount:2:12: note: protocol requires property 'exponentBitCount' with type 'Int'
1 | protocol BinaryFloatingPoint {
2 | static var exponentBitCount: Int { get }}
| `- note: protocol requires property 'exponentBitCount' with type 'Int'
3 |
Swift.BinaryFloatingPoint.significandBitCount:2:12: note: protocol requires property 'significandBitCount' with type 'Int'
1 | protocol BinaryFloatingPoint {
2 | static var significandBitCount: Int { get }}
| `- note: protocol requires property 'significandBitCount' with type 'Int'
3 |
Swift.BinaryFloatingPoint.binade:2:5: note: protocol requires property 'binade' with type 'Float80'
1 | protocol BinaryFloatingPoint {
2 | var binade: Self { get }}
| `- note: protocol requires property 'binade' with type 'Float80'
3 |
Swift.BinaryFloatingPoint.significandWidth:2:5: note: protocol requires property 'significandWidth' with type 'Int'
1 | protocol BinaryFloatingPoint {
2 | var significandWidth: Int { get }}
| `- note: protocol requires property 'significandWidth' with type 'Int'
3 |
Swift.CustomDebugStringConvertible.debugDescription:2:5: note: protocol requires property 'debugDescription' with type 'String'
1 | protocol CustomDebugStringConvertible {
2 | var debugDescription: String { get }}
| `- note: protocol requires property 'debugDescription' with type 'String'
3 |
Swift.LosslessStringConvertible.init:2:1: note: protocol requires initializer 'init(_:)' with type 'String'
1 | protocol LosslessStringConvertible {
2 | init?(_ description: String)}
| `- note: protocol requires initializer 'init(_:)' with type 'String'
3 |
Swift.FloatingPoint.Exponent:2:16: note: protocol requires nested type 'Exponent'
1 | protocol FloatingPoint {
2 | associatedtype Exponent : SignedInteger}
| `- note: protocol requires nested type 'Exponent'
3 |
Swift.FloatingPoint.nan:2:12: note: protocol requires property 'nan' with type 'Float80'
1 | protocol FloatingPoint {
2 | static var nan: Self { get }}
| `- note: protocol requires property 'nan' with type 'Float80'
3 |
Swift.FloatingPoint.signalingNaN:2:12: note: protocol requires property 'signalingNaN' with type 'Float80'
1 | protocol FloatingPoint {
2 | static var signalingNaN: Self { get }}
| `- note: protocol requires property 'signalingNaN' with type 'Float80'
3 |
Swift.FloatingPoint.infinity:2:12: note: protocol requires property 'infinity' with type 'Float80'
1 | protocol FloatingPoint {
2 | static var infinity: Self { get }}
| `- note: protocol requires property 'infinity' with type 'Float80'
3 |
Swift.FloatingPoint.greatestFiniteMagnitude:2:12: note: protocol requires property 'greatestFiniteMagnitude' with type 'Float80'
1 | protocol FloatingPoint {
2 | static var greatestFiniteMagnitude: Self { get }}
| `- note: protocol requires property 'greatestFiniteMagnitude' with type 'Float80'
3 |
Swift.FloatingPoint.pi:2:12: note: protocol requires property 'pi' with type 'Float80'
1 | protocol FloatingPoint {
2 | static var pi: Self { get }}
| `- note: protocol requires property 'pi' with type 'Float80'
3 |
Swift.FloatingPoint.ulp:2:5: note: protocol requires property 'ulp' with type 'Float80'
1 | protocol FloatingPoint {
2 | var ulp: Self { get }}
| `- note: protocol requires property 'ulp' with type 'Float80'
3 |
Swift.FloatingPoint.leastNormalMagnitude:2:12: note: protocol requires property 'leastNormalMagnitude' with type 'Float80'
1 | protocol FloatingPoint {
2 | static var leastNormalMagnitude: Self { get }}
| `- note: protocol requires property 'leastNormalMagnitude' with type 'Float80'
3 |
Swift.FloatingPoint.leastNonzeroMagnitude:2:12: note: protocol requires property 'leastNonzeroMagnitude' with type 'Float80'
1 | protocol FloatingPoint {
2 | static var leastNonzeroMagnitude: Self { get }}
| `- note: protocol requires property 'leastNonzeroMagnitude' with type 'Float80'
3 |
Swift.FloatingPoint.sign:2:5: note: protocol requires property 'sign' with type 'FloatingPointSign'
1 | protocol FloatingPoint {
2 | var sign: FloatingPointSign { get }}
| `- note: protocol requires property 'sign' with type 'FloatingPointSign'
3 |
Swift.FloatingPoint.significand:2:5: note: protocol requires property 'significand' with type 'Float80'
1 | protocol FloatingPoint {
2 | var significand: Self { get }}
| `- note: protocol requires property 'significand' with type 'Float80'
3 |
Swift.FloatingPoint.formTruncatingRemainder:2:15: note: protocol requires function 'formTruncatingRemainder(dividingBy:)' with type '(Float80) -> ()'
1 | protocol FloatingPoint {
2 | mutating func formTruncatingRemainder(dividingBy other: Self)}
| `- note: protocol requires function 'formTruncatingRemainder(dividingBy:)' with type '(Float80) -> ()'
3 |
Swift.FloatingPoint.formSquareRoot:2:15: note: protocol requires function 'formSquareRoot()' with type '() -> ()'
1 | protocol FloatingPoint {
2 | mutating func formSquareRoot()}
| `- note: protocol requires function 'formSquareRoot()' with type '() -> ()'
3 |
Swift.FloatingPoint.addProduct:2:15: note: protocol requires function 'addProduct' with type '(Float80, Float80) -> ()'
1 | protocol FloatingPoint {
2 | mutating func addProduct(_ lhs: Self, _ rhs: Self)}
| `- note: protocol requires function 'addProduct' with type '(Float80, Float80) -> ()'
3 |
Swift.FloatingPoint.nextUp:2:5: note: protocol requires property 'nextUp' with type 'Float80'
1 | protocol FloatingPoint {
2 | var nextUp: Self { get }}
| `- note: protocol requires property 'nextUp' with type 'Float80'
3 |
Swift.FloatingPoint.isEqual:2:6: note: protocol requires function 'isEqual(to:)' with type '(Float80) -> Bool'
1 | protocol FloatingPoint {
2 | func isEqual(to other: Self) -> Bool}
| `- note: protocol requires function 'isEqual(to:)' with type '(Float80) -> Bool'
3 |
Swift.FloatingPoint.isLess:2:6: note: protocol requires function 'isLess(than:)' with type '(Float80) -> Bool'
1 | protocol FloatingPoint {
2 | func isLess(than other: Self) -> Bool}
| `- note: protocol requires function 'isLess(than:)' with type '(Float80) -> Bool'
3 |
Swift.FloatingPoint.isLessThanOrEqualTo:2:6: note: protocol requires function 'isLessThanOrEqualTo' with type '(Float80) -> Bool'
1 | protocol FloatingPoint {
2 | func isLessThanOrEqualTo(_ other: Self) -> Bool}
| `- note: protocol requires function 'isLessThanOrEqualTo' with type '(Float80) -> Bool'
3 |
Swift.FloatingPoint.isNormal:2:5: note: protocol requires property 'isNormal' with type 'Bool'
1 | protocol FloatingPoint {
2 | var isNormal: Bool { get }}
| `- note: protocol requires property 'isNormal' with type 'Bool'
3 |
Swift.FloatingPoint.isFinite:2:5: note: protocol requires property 'isFinite' with type 'Bool'
1 | protocol FloatingPoint {
2 | var isFinite: Bool { get }}
| `- note: protocol requires property 'isFinite' with type 'Bool'
3 |
Swift.FloatingPoint.isZero:2:5: note: protocol requires property 'isZero' with type 'Bool'
1 | protocol FloatingPoint {
2 | var isZero: Bool { get }}
| `- note: protocol requires property 'isZero' with type 'Bool'
3 |
Swift.FloatingPoint.isSubnormal:2:5: note: protocol requires property 'isSubnormal' with type 'Bool'
1 | protocol FloatingPoint {
2 | var isSubnormal: Bool { get }}
| `- note: protocol requires property 'isSubnormal' with type 'Bool'
3 |
Swift.FloatingPoint.isInfinite:2:5: note: protocol requires property 'isInfinite' with type 'Bool'
1 | protocol FloatingPoint {
2 | var isInfinite: Bool { get }}
| `- note: protocol requires property 'isInfinite' with type 'Bool'
3 |
Swift.FloatingPoint.isNaN:2:5: note: protocol requires property 'isNaN' with type 'Bool'
1 | protocol FloatingPoint {
2 | var isNaN: Bool { get }}
| `- note: protocol requires property 'isNaN' with type 'Bool'
3 |
Swift.FloatingPoint.isSignalingNaN:2:5: note: protocol requires property 'isSignalingNaN' with type 'Bool'
1 | protocol FloatingPoint {
2 | var isSignalingNaN: Bool { get }}
| `- note: protocol requires property 'isSignalingNaN' with type 'Bool'
3 |
Swift.FloatingPoint.isCanonical:2:5: note: protocol requires property 'isCanonical' with type 'Bool'
1 | protocol FloatingPoint {
2 | var isCanonical: Bool { get }}
| `- note: protocol requires property 'isCanonical' with type 'Bool'
3 |
Swift.CustomStringConvertible.description:2:5: note: protocol requires property 'description' with type 'String'
1 | protocol CustomStringConvertible {
2 | var description: String { get }}
| `- note: protocol requires property 'description' with type 'String'
3 |
/Users/admin/builder/spi-builder-workspace/Sources/SDGMathematics/Numeric Protocols/RealArithmetic.swift:117:15: note: protocol requires function 'sin' with type '(Angle<Float80>) -> Float80'
115 | /// - Parameters:
116 | /// - angle: The angle.
117 | static func sin(_ angle: Angle<Self>) -> Self
| `- note: protocol requires function 'sin' with type '(Angle<Float80>) -> Float80'
118 |
119 | // @documentation(SDGCornerstone.RealArithmetic.cos(_:))
:
181 | /// - Parameters:
182 | /// - tangent: The tangent.
183 | static func arctan(_ tangent: Self) -> Angle<Self>
| `- note: protocol requires function 'arctan' with type '(Float80) -> Angle<Float80>'
184 |
185 | // @documentation(SDGCornerstone.RealArithmetic.arccsc(_:))
Swift.Numeric.init:2:1: note: protocol requires initializer 'init(exactly:)' with type '(exactly: T)'
1 | protocol Numeric {
2 | init?<T>(exactly source: T) where T : BinaryInteger}
| `- note: protocol requires initializer 'init(exactly:)' with type '(exactly: T)'
3 |
/Users/admin/builder/spi-builder-workspace/Sources/SDGMathematics/Numeric Protocols/WholeArithmetic.swift:215:15: note: protocol requires function 'random(in:using:)' with type '<R> (in: ClosedRange<Float80>, using: inout R) -> Float80'
213 | /// - range: The allowed range for the random value.
214 | /// - generator: The randomizer to use to generate the random value.
215 | static func random<R>(in range: ClosedRange<Self>, using generator: inout R) -> Self
| `- note: protocol requires function 'random(in:using:)' with type '<R> (in: ClosedRange<Float80>, using: inout R) -> Float80'
216 | where R: RandomNumberGenerator
217 | }
/Users/admin/builder/spi-builder-workspace/Sources/SDGMathematics/Numeric Protocols/PointProtocol.swift:23:18: note: protocol requires nested type 'Vector'
21 |
22 | /// The type to be used as a vector.
23 | associatedtype Vector: Negatable
| `- note: protocol requires nested type 'Vector'
24 |
25 | // @documentation(PointProtocol.+(Self, Vector))
/Users/admin/builder/spi-builder-workspace/Sources/SDGMathematics/Float.swift:322:13: error: 'Float80' is unavailable: Float80 is not available on target platform.
320 |
321 | #if !(PLATFORM_LACKS_SWIFT_FLOAT_80 || ((os(macOS) || os(Linux)) && arch(arm64)))
322 | extension Float80: Decodable, Encodable, FloatFamily {
| `- error: 'Float80' is unavailable: Float80 is not available on target platform.
323 |
324 | // MARK: - Decodable
Swift.Float80:2:23: note: 'Float80' has been explicitly marked unavailable here
1 | @available(*, unavailable, message: "Float80 is not available on target platform.")
2 | @frozen public struct Float80 {
| `- note: 'Float80' has been explicitly marked unavailable here
3 | public init()
4 | }
/Users/admin/builder/spi-builder-workspace/Sources/SDGMathematics/Float.swift:346:19: error: type 'Float80' has no member 'log10'
344 |
345 | @inlinable public static func log(_ antilogarithm: Self) -> Self {
346 | return Self.log10(antilogarithm)
| `- error: type 'Float80' has no member 'log10'
347 | }
348 |
/Users/admin/builder/spi-builder-workspace/Sources/SDGMathematics/Int.swift:179:1: warning: extension declares a conformance of imported type 'Int64' to imported protocol 'MirrorPath'; this will not behave correctly if the owners of 'Swift' introduce this conformance in the future
177 | }
178 | }
179 | extension Int64: IntXFamily {
| |- warning: extension declares a conformance of imported type 'Int64' to imported protocol 'MirrorPath'; this will not behave correctly if the owners of 'Swift' introduce this conformance in the future
| `- note: add '@retroactive' to silence this warning
180 |
181 | // MARK: - PointProtocol
/Users/admin/builder/spi-builder-workspace/Sources/SDGMathematics/Int.swift:185:1: warning: extension declares a conformance of imported type 'Int32' to imported protocol 'MirrorPath'; this will not behave correctly if the owners of 'Swift' introduce this conformance in the future
183 | public typealias Vector = Stride
184 | }
185 | extension Int32: IntXFamily {
| |- warning: extension declares a conformance of imported type 'Int32' to imported protocol 'MirrorPath'; this will not behave correctly if the owners of 'Swift' introduce this conformance in the future
| `- note: add '@retroactive' to silence this warning
186 |
187 | // MARK: - PointProtocol
/Users/admin/builder/spi-builder-workspace/Sources/SDGMathematics/Int.swift:191:1: warning: extension declares a conformance of imported type 'Int16' to imported protocol 'MirrorPath'; this will not behave correctly if the owners of 'Swift' introduce this conformance in the future
189 | public typealias Vector = Stride
190 | }
191 | extension Int16: IntXFamily {
| |- warning: extension declares a conformance of imported type 'Int16' to imported protocol 'MirrorPath'; this will not behave correctly if the owners of 'Swift' introduce this conformance in the future
| `- note: add '@retroactive' to silence this warning
192 |
193 | // MARK: - PointProtocol
/Users/admin/builder/spi-builder-workspace/Sources/SDGMathematics/Int.swift:197:1: warning: extension declares a conformance of imported type 'Int8' to imported protocol 'MirrorPath'; this will not behave correctly if the owners of 'Swift' introduce this conformance in the future
195 | public typealias Vector = Stride
196 | }
197 | extension Int8: IntXFamily {
| |- warning: extension declares a conformance of imported type 'Int8' to imported protocol 'MirrorPath'; this will not behave correctly if the owners of 'Swift' introduce this conformance in the future
| `- note: add '@retroactive' to silence this warning
198 |
199 | // MARK: - PointProtocol
Failed frontend command:
/Applications/Xcode-27.0.0-Release.Candidate.app/Contents/Developer/Toolchains/XcodeDefault.xctoolchain/usr/bin/swift-frontend -frontend -emit-module -experimental-skip-non-inlinable-function-bodies-without-types /Users/admin/builder/spi-builder-workspace/Sources/SDGMathematics/Angle.swift /Users/admin/builder/spi-builder-workspace/Sources/SDGMathematics/BitField.swift /Users/admin/builder/spi-builder-workspace/Sources/SDGMathematics/ClosedRange.swift /Users/admin/builder/spi-builder-workspace/Sources/SDGMathematics/Comparable.swift /Users/admin/builder/spi-builder-workspace/Sources/SDGMathematics/Data.swift /Users/admin/builder/spi-builder-workspace/Sources/SDGMathematics/Float.swift /Users/admin/builder/spi-builder-workspace/Sources/SDGMathematics/FunctionAnalysis.swift /Users/admin/builder/spi-builder-workspace/Sources/SDGMathematics/Int.swift /Users/admin/builder/spi-builder-workspace/Sources/SDGMathematics/Measurement.swift /Users/admin/builder/spi-builder-workspace/Sources/SDGMathematics/Numeric\ Protocols/Addable.swift /Users/admin/builder/spi-builder-workspace/Sources/SDGMathematics/Numeric\ Protocols/FixedScaleOneDimensionalPoint.swift /Users/admin/builder/spi-builder-workspace/Sources/SDGMathematics/Numeric\ Protocols/GenericAdditiveArithmetic.swift /Users/admin/builder/spi-builder-workspace/Sources/SDGMathematics/Numeric\ Protocols/IntegerProtocol.swift /Users/admin/builder/spi-builder-workspace/Sources/SDGMathematics/Numeric\ Protocols/IntegralArithmetic.swift /Users/admin/builder/spi-builder-workspace/Sources/SDGMathematics/Numeric\ Protocols/Negatable.swift /Users/admin/builder/spi-builder-workspace/Sources/SDGMathematics/Numeric\ Protocols/NumericAdditiveArithmetic.swift /Users/admin/builder/spi-builder-workspace/Sources/SDGMathematics/Numeric\ Protocols/OneDimensionalPoint.swift /Users/admin/builder/spi-builder-workspace/Sources/SDGMathematics/Numeric\ Protocols/OneDimensionalVector.swift /Users/admin/builder/spi-builder-workspace/Sources/SDGMathematics/Numeric\ Protocols/PointProtocol.swift /Users/admin/builder/spi-builder-workspace/Sources/SDGMathematics/Numeric\ Protocols/RationalArithmetic.swift /Users/admin/builder/spi-builder-workspace/Sources/SDGMathematics/Numeric\ Protocols/RationalNumberProtocol.swift /Users/admin/builder/spi-builder-workspace/Sources/SDGMathematics/Numeric\ Protocols/RationalVector.swift /Users/admin/builder/spi-builder-workspace/Sources/SDGMathematics/Numeric\ Protocols/RealArithmetic.swift /Users/admin/builder/spi-builder-workspace/Sources/SDGMathematics/Numeric\ Protocols/RealNumberProtocol.swift /Users/admin/builder/spi-builder-workspace/Sources/SDGMathematics/Numeric\ Protocols/Subtractable.swift /Users/admin/builder/spi-builder-workspace/Sources/SDGMathematics/Numeric\ Protocols/VectorProtocol.swift /Users/admin/builder/spi-builder-workspace/Sources/SDGMathematics/Numeric\ Protocols/WholeArithmetic.swift /Users/admin/builder/spi-builder-workspace/Sources/SDGMathematics/Numeric\ Protocols/WholeNumberProtocol.swift /Users/admin/builder/spi-builder-workspace/Sources/SDGMathematics/Operators.swift /Users/admin/builder/spi-builder-workspace/Sources/SDGMathematics/OrderedEnumeration.swift /Users/admin/builder/spi-builder-workspace/Sources/SDGMathematics/Sequence.swift /Users/admin/builder/spi-builder-workspace/Sources/SDGMathematics/Tuple.swift /Users/admin/builder/spi-builder-workspace/Sources/SDGMathematics/UInt.swift -target arm64-apple-xros1.0 -module-can-import-version CoreGraphics 2049 2049.0.0 -disable-cross-import-overlay-search -load-resolved-plugin /Applications/Xcode-27.0.0-Release.Candidate.app/Contents/Developer/Platforms/XROS.platform/Developer/usr/lib/swift/host/plugins/libFoundationMacros.dylib\#/Applications/Xcode-27.0.0-Release.Candidate.app/Contents/Developer/Platforms/XROS.platform/Developer/usr/bin/swift-plugin-server\#FoundationMacros -load-resolved-plugin /Applications/Xcode-27.0.0-Release.Candidate.app/Contents/Developer/Platforms/XROS.platform/Developer/usr/lib/swift/host/plugins/libObservationMacros.dylib\#/Applications/Xcode-27.0.0-Release.Candidate.app/Contents/Developer/Platforms/XROS.platform/Developer/usr/bin/swift-plugin-server\#ObservationMacros -load-resolved-plugin /Applications/Xcode-27.0.0-Release.Candidate.app/Contents/Developer/Platforms/XROS.platform/Developer/usr/lib/swift/host/plugins/libSwiftMacros.dylib\#/Applications/Xcode-27.0.0-Release.Candidate.app/Contents/Developer/Platforms/XROS.platform/Developer/usr/bin/swift-plugin-server\#SwiftMacros -disable-implicit-swift-modules -Xcc -fno-implicit-modules -Xcc -fno-implicit-module-maps -explicit-swift-module-map-file /Users/admin/builder/spi-builder-workspace/.derivedData/Build/Intermediates.noindex/SDGCornerstone.build/Debug-xros/SDGMathematics-t.build/Objects-normal/arm64/SDGMathematics-dependencies-1.json -Xllvm -aarch64-use-tbi -enable-objc-interop -stack-check -sdk /Applications/Xcode-27.0.0-Release.Candidate.app/Contents/Developer/Platforms/XROS.platform/Developer/SDKs/XROS27.0.sdk -I /Users/admin/builder/spi-builder-workspace/.derivedData/Build/Products/Debug-xros -Isystem /Applications/Xcode-27.0.0-Release.Candidate.app/Contents/Developer/Platforms/XROS.platform/Developer/usr/lib -F /Users/admin/builder/spi-builder-workspace/.derivedData/Build/Products/Debug-xros/PackageFrameworks -F /Users/admin/builder/spi-builder-workspace/.derivedData/Build/Products/Debug-xros -F /Applications/Xcode-27.0.0-Release.Candidate.app/Contents/Developer/Platforms/XROS.platform/Developer/Library/Frameworks -F /Applications/Xcode-27.0.0-Release.Candidate.app/Contents/Developer/Platforms/XROS.platform/Developer/SDKs/XROS27.0.sdk/Developer/Library/Frameworks -module-cache-path /Users/admin/builder/spi-builder-workspace/.derivedData/Build/Intermediates.noindex/SwiftExplicitPrecompiledModules -no-color-diagnostics -Xcc -fno-color-diagnostics -enable-testing -g -debug-info-format\=dwarf -dwarf-version\=4 -profile-generate -profile-coverage-mapping -swift-version 5 -Onone -D SWIFT_PACKAGE -D DEBUG -D SWIFT_MODULE_RESOURCE_BUNDLE_UNAVAILABLE -D Xcode -serialize-debugging-options -enable-experimental-feature DebugDescriptionMacro -empty-abi-descriptor -validate-clang-modules-once -clang-build-session-file /Users/admin/builder/spi-builder-workspace/.derivedData/ModuleCache.noindex/Session.modulevalidation -Xcc -working-directory -Xcc /Users/admin/builder/spi-builder-workspace/.swiftpm/xcode -enable-anonymous-context-mangled-names -file-compilation-dir /Users/admin/builder/spi-builder-workspace/.swiftpm/xcode -Xcc -fmodule-map-file\=/Users/admin/builder/spi-builder-workspace/.dependencies/checkouts/swift-numerics/Sources/_NumericsShims/include/module.modulemap -Xcc -D_LIBCPP_HARDENING_MODE\=_LIBCPP_HARDENING_MODE_DEBUG -Xcc -ivfsstatcache -Xcc /Users/admin/builder/spi-builder-workspace/.derivedData/SDKStatCaches.noindex/xros27.0-24M361-e829b21a6f8c9b70876ba0858053c044735bd543db762f57723cac368afd1ce4.sdkstatcache -Xcc -fmodules-prune-interval\=86400 -Xcc -fmodules-prune-after\=345600 -Xcc -I/Users/admin/builder/spi-builder-workspace/.dependencies/checkouts/swift-numerics/Sources/_NumericsShims/include -Xcc -I/Users/admin/builder/spi-builder-workspace/.derivedData/Build/Products/Debug-xros/include -Xcc -I/Users/admin/builder/spi-builder-workspace/.derivedData/Build/Intermediates.noindex/SDGCornerstone.build/Debug-xros/SDGMathematics-t.build/DerivedSources-normal/arm64 -Xcc -I/Users/admin/builder/spi-builder-workspace/.derivedData/Build/Intermediates.noindex/SDGCornerstone.build/Debug-xros/SDGMathematics-t.build/DerivedSources/arm64 -Xcc -I/Users/admin/builder/spi-builder-workspace/.derivedData/Build/Intermediates.noindex/SDGCornerstone.build/Debug-xros/SDGMathematics-t.build/DerivedSources -Xcc -DSWIFT_PACKAGE -Xcc -DDEBUG\=1 -no-auto-bridging-header-chaining -module-name SDGMathematics -const-gather-protocols-file /Users/admin/builder/spi-builder-workspace/.derivedData/Build/Intermediates.noindex/SDGCornerstone.build/Debug-xros/SDGMathematics-t.build/Objects-normal/arm64/SDGMathematics_const_extract_protocols.json -disable-clang-spi -clang-target arm64-apple-xros27.0 -target-sdk-version 27.0 -target-sdk-name xros27.0 -in-process-plugin-server-path /Applications/Xcode-27.0.0-Release.Candidate.app/Contents/Developer/Toolchains/XcodeDefault.xctoolchain/usr/lib/swift/host/libSwiftInProcPluginServer.dylib -emit-module-doc-path /Users/admin/builder/spi-builder-workspace/.derivedData/Build/Intermediates.noindex/SDGCornerstone.build/Debug-xros/SDGMathematics-t.build/Objects-normal/arm64/SDGMathematics.swiftdoc -emit-module-source-info-path /Users/admin/builder/spi-builder-workspace/.derivedData/Build/Intermediates.noindex/SDGCornerstone.build/Debug-xros/SDGMathematics-t.build/Objects-normal/arm64/SDGMathematics.swiftsourceinfo -emit-objc-header-path /Users/admin/builder/spi-builder-workspace/.derivedData/Build/Intermediates.noindex/SDGCornerstone.build/Debug-xros/SDGMathematics-t.build/Objects-normal/arm64/SDGMathematics-Swift.h -serialize-diagnostics-path /Users/admin/builder/spi-builder-workspace/.derivedData/Build/Intermediates.noindex/SDGCornerstone.build/Debug-xros/SDGMathematics-t.build/Objects-normal/arm64/SDGMathematics-primary-emit-module.dia -emit-dependencies-path /Users/admin/builder/spi-builder-workspace/.derivedData/Build/Intermediates.noindex/SDGCornerstone.build/Debug-xros/SDGMathematics-t.build/Objects-normal/arm64/SDGMathematics-primary-emit-module.d -parse-as-library -o /Users/admin/builder/spi-builder-workspace/.derivedData/Build/Intermediates.noindex/SDGCornerstone.build/Debug-xros/SDGMathematics-t.build/Objects-normal/arm64/SDGMathematics.swiftmodule -emit-abi-descriptor-path /Users/admin/builder/spi-builder-workspace/.derivedData/Build/Intermediates.noindex/SDGCornerstone.build/Debug-xros/SDGMathematics-t.build/Objects-normal/arm64/SDGMathematics.abi.json
SwiftCompile normal arm64 (in target 'SDGMathematics' from project 'SDGCornerstone')
cd /Users/admin/builder/spi-builder-workspace/.swiftpm/xcode
SwiftCompile normal arm64 Compiling\ FunctionAnalysis.swift /Users/admin/builder/spi-builder-workspace/Sources/SDGMathematics/FunctionAnalysis.swift (in target 'SDGMathematics' from project 'SDGCornerstone')
SwiftCompile normal arm64 /Users/admin/builder/spi-builder-workspace/Sources/SDGMathematics/FunctionAnalysis.swift (in target 'SDGMathematics' from project 'SDGCornerstone')
cd /Users/admin/builder/spi-builder-workspace/.swiftpm/xcode
builtin-SwiftPerFileCompile FunctionAnalysis.swift
SwiftDriverJobDiscovery normal arm64 Compiling FunctionAnalysis.swift (in target 'SDGMathematics' from project 'SDGCornerstone')
SwiftDriverJobDiscovery normal arm64 Compiling Int.swift (in target 'SDGMathematics' from project 'SDGCornerstone')
SwiftCompile normal arm64 Compiling\ Addable.swift,\ GenericAdditiveArithmetic.swift /Users/admin/builder/spi-builder-workspace/Sources/SDGMathematics/Numeric\ Protocols/Addable.swift /Users/admin/builder/spi-builder-workspace/Sources/SDGMathematics/Numeric\ Protocols/GenericAdditiveArithmetic.swift (in target 'SDGMathematics' from project 'SDGCornerstone')
SwiftCompile normal arm64 /Users/admin/builder/spi-builder-workspace/Sources/SDGMathematics/Numeric\ Protocols/Addable.swift (in target 'SDGMathematics' from project 'SDGCornerstone')
cd /Users/admin/builder/spi-builder-workspace/.swiftpm/xcode
builtin-SwiftPerFileCompile Addable.swift
SwiftCompile normal arm64 /Users/admin/builder/spi-builder-workspace/Sources/SDGMathematics/Numeric\ Protocols/GenericAdditiveArithmetic.swift (in target 'SDGMathematics' from project 'SDGCornerstone')
cd /Users/admin/builder/spi-builder-workspace/.swiftpm/xcode
builtin-SwiftPerFileCompile GenericAdditiveArithmetic.swift
SwiftCompile normal arm64 Compiling\ WholeArithmetic.swift,\ Operators.swift /Users/admin/builder/spi-builder-workspace/Sources/SDGMathematics/Numeric\ Protocols/WholeArithmetic.swift /Users/admin/builder/spi-builder-workspace/Sources/SDGMathematics/Operators.swift (in target 'SDGMathematics' from project 'SDGCornerstone')
SwiftCompile normal arm64 /Users/admin/builder/spi-builder-workspace/Sources/SDGMathematics/Numeric\ Protocols/WholeArithmetic.swift (in target 'SDGMathematics' from project 'SDGCornerstone')
cd /Users/admin/builder/spi-builder-workspace/.swiftpm/xcode
builtin-SwiftPerFileCompile WholeArithmetic.swift
SwiftCompile normal arm64 /Users/admin/builder/spi-builder-workspace/Sources/SDGMathematics/Operators.swift (in target 'SDGMathematics' from project 'SDGCornerstone')
cd /Users/admin/builder/spi-builder-workspace/.swiftpm/xcode
builtin-SwiftPerFileCompile Operators.swift
SwiftCompile normal arm64 Compiling\ IntegralArithmetic.swift,\ Negatable.swift /Users/admin/builder/spi-builder-workspace/Sources/SDGMathematics/Numeric\ Protocols/IntegralArithmetic.swift /Users/admin/builder/spi-builder-workspace/Sources/SDGMathematics/Numeric\ Protocols/Negatable.swift (in target 'SDGMathematics' from project 'SDGCornerstone')
SwiftCompile normal arm64 /Users/admin/builder/spi-builder-workspace/Sources/SDGMathematics/Numeric\ Protocols/IntegralArithmetic.swift (in target 'SDGMathematics' from project 'SDGCornerstone')
cd /Users/admin/builder/spi-builder-workspace/.swiftpm/xcode
builtin-SwiftPerFileCompile IntegralArithmetic.swift
SwiftCompile normal arm64 /Users/admin/builder/spi-builder-workspace/Sources/SDGMathematics/Numeric\ Protocols/Negatable.swift (in target 'SDGMathematics' from project 'SDGCornerstone')
cd /Users/admin/builder/spi-builder-workspace/.swiftpm/xcode
builtin-SwiftPerFileCompile Negatable.swift
SwiftCompile normal arm64 Compiling\ UInt.swift /Users/admin/builder/spi-builder-workspace/Sources/SDGMathematics/UInt.swift (in target 'SDGMathematics' from project 'SDGCornerstone')
SwiftCompile normal arm64 /Users/admin/builder/spi-builder-workspace/Sources/SDGMathematics/UInt.swift (in target 'SDGMathematics' from project 'SDGCornerstone')
cd /Users/admin/builder/spi-builder-workspace/.swiftpm/xcode
builtin-SwiftPerFileCompile UInt.swift
SwiftCompile normal arm64 Compiling\ PointProtocol.swift,\ RationalArithmetic.swift /Users/admin/builder/spi-builder-workspace/Sources/SDGMathematics/Numeric\ Protocols/PointProtocol.swift /Users/admin/builder/spi-builder-workspace/Sources/SDGMathematics/Numeric\ Protocols/RationalArithmetic.swift (in target 'SDGMathematics' from project 'SDGCornerstone')
SwiftCompile normal arm64 /Users/admin/builder/spi-builder-workspace/Sources/SDGMathematics/Numeric\ Protocols/PointProtocol.swift (in target 'SDGMathematics' from project 'SDGCornerstone')
cd /Users/admin/builder/spi-builder-workspace/.swiftpm/xcode
builtin-SwiftPerFileCompile PointProtocol.swift
SwiftCompile normal arm64 /Users/admin/builder/spi-builder-workspace/Sources/SDGMathematics/Numeric\ Protocols/RationalArithmetic.swift (in target 'SDGMathematics' from project 'SDGCornerstone')
cd /Users/admin/builder/spi-builder-workspace/.swiftpm/xcode
builtin-SwiftPerFileCompile RationalArithmetic.swift
SwiftCompile normal arm64 Compiling\ NumericAdditiveArithmetic.swift,\ OneDimensionalPoint.swift /Users/admin/builder/spi-builder-workspace/Sources/SDGMathematics/Numeric\ Protocols/NumericAdditiveArithmetic.swift /Users/admin/builder/spi-builder-workspace/Sources/SDGMathematics/Numeric\ Protocols/OneDimensionalPoint.swift (in target 'SDGMathematics' from project 'SDGCornerstone')
SwiftCompile normal arm64 /Users/admin/builder/spi-builder-workspace/Sources/SDGMathematics/Numeric\ Protocols/NumericAdditiveArithmetic.swift (in target 'SDGMathematics' from project 'SDGCornerstone')
cd /Users/admin/builder/spi-builder-workspace/.swiftpm/xcode
builtin-SwiftPerFileCompile NumericAdditiveArithmetic.swift
SwiftCompile normal arm64 /Users/admin/builder/spi-builder-workspace/Sources/SDGMathematics/Numeric\ Protocols/OneDimensionalPoint.swift (in target 'SDGMathematics' from project 'SDGCornerstone')
cd /Users/admin/builder/spi-builder-workspace/.swiftpm/xcode
builtin-SwiftPerFileCompile OneDimensionalPoint.swift
SwiftCompile normal arm64 Compiling\ RationalVector.swift,\ RealArithmetic.swift /Users/admin/builder/spi-builder-workspace/Sources/SDGMathematics/Numeric\ Protocols/RationalVector.swift /Users/admin/builder/spi-builder-workspace/Sources/SDGMathematics/Numeric\ Protocols/RealArithmetic.swift (in target 'SDGMathematics' from project 'SDGCornerstone')
SwiftCompile normal arm64 /Users/admin/builder/spi-builder-workspace/Sources/SDGMathematics/Numeric\ Protocols/RationalVector.swift (in target 'SDGMathematics' from project 'SDGCornerstone')
cd /Users/admin/builder/spi-builder-workspace/.swiftpm/xcode
builtin-SwiftPerFileCompile RationalVector.swift
SwiftCompile normal arm64 /Users/admin/builder/spi-builder-workspace/Sources/SDGMathematics/Numeric\ Protocols/RealArithmetic.swift (in target 'SDGMathematics' from project 'SDGCornerstone')
cd /Users/admin/builder/spi-builder-workspace/.swiftpm/xcode
builtin-SwiftPerFileCompile RealArithmetic.swift
PruneExplicitPrecompiledModules /Users/admin/builder/spi-builder-workspace/.derivedData/Build/Intermediates.noindex/SwiftExplicitPrecompiledModules
PruneExplicitPrecompiledModules /Users/admin/builder/spi-builder-workspace/.derivedData/SDKExplicitPrecompiledModules
PruneExplicitPrecompiledModules /Users/admin/builder/spi-builder-workspace/.derivedData/Build/Intermediates.noindex/ExplicitPrecompiledModules
2026-09-21 00:47:23.878 xcodebuild[965:5869] [MT] IDERunDestination: Supported platforms for the buildables in the current scheme is empty.
** BUILD FAILED **
The following build commands failed:
SwiftEmitModule normal arm64 Emitting\ module\ for\ SDGMathematics (in target 'SDGMathematics' from project 'SDGCornerstone')
SwiftCompile normal arm64 (in target 'SDGMathematics' from project 'SDGCornerstone')
Building workspace SDGCornerstone with scheme SDGCornerstone-Package
(3 failures)
BUILD FAILURE 6.4 visionOS