Build Information
Failed to build swift-debug-snapshots, reference main (f70e9e), with Swift 6.2 for Android on 10 Oct 2026 05:41:25 UTC.
Build Command
bash -c docker run --pull=always --rm -v "checkouts-54344849-1":/host -w "$PWD" -e JAVA_HOME="/root/.sdkman/candidates/java/current" -e SPI_BUILD="1" -e SPI_PROCESSING="1" registry.gitlab.com/saguaro1/spi-images:android-6.2-latest swift build --swift-sdk aarch64-unknown-linux-android28 2>&1Build Log
========================================
RunAll
========================================
Builder version: 5.1.1
Interrupt handler set up.
========================================
Checkout
========================================
Clone URL: https://github.com/pointfreeco/swift-debug-snapshots.git
Reference: main
Initialized empty Git repository in /host/spi-builder-workspace/.git/
hint: Using 'master' as the name for the initial branch. This default branch name
hint: is subject to change. To configure the initial branch name to use in all
hint: of your new repositories, which will suppress this warning, call:
hint:
hint: git config --global init.defaultBranch <name>
hint:
hint: Names commonly chosen instead of 'master' are 'main', 'trunk' and
hint: 'development'. The just-created branch can be renamed via this command:
hint:
hint: git branch -m <name>
From https://github.com/pointfreeco/swift-debug-snapshots
* branch main -> FETCH_HEAD
* [new branch] main -> origin/main
HEAD is now at f70e9e5 More places to fix existentials. (#37)
Cloned https://github.com/pointfreeco/swift-debug-snapshots.git
Revision (git rev-parse @):
f70e9e50527451c9e80103e0c0e4625c17e309bd
SPI manifest file found: $PWD/.spi.yml
SUCCESS checkout https://github.com/pointfreeco/swift-debug-snapshots.git at main
========================================
Build
========================================
Selected platform: android
Swift version: 6.2
Building package at path: $PWD
https://github.com/pointfreeco/swift-debug-snapshots.git
Running build ...
bash -c docker run --pull=always --rm -v "checkouts-54344849-1":/host -w "$PWD" -e JAVA_HOME="/root/.sdkman/candidates/java/current" -e SPI_BUILD="1" -e SPI_PROCESSING="1" registry.gitlab.com/saguaro1/spi-images:android-6.2-latest swift build --swift-sdk aarch64-unknown-linux-android28 2>&1
android-6.2-latest: Pulling from saguaro1/spi-images
Digest: sha256:a839c9ce201f1dacc8eb056626ec7ab0a1c6d53d7b77c83feda395f4507c51be
Status: Image is up to date for registry.gitlab.com/saguaro1/spi-images:android-6.2-latest
Fetching https://github.com/swiftlang/swift-syntax
Fetching https://github.com/swiftlang/swift-docc-plugin
Fetching https://github.com/pointfreeco/swift-macro-testing
Fetching https://github.com/pointfreeco/swift-custom-dump
Fetching https://github.com/pointfreeco/xctest-dynamic-overlay
[1/1002] Fetching swift-macro-testing
[232/6671] Fetching swift-macro-testing, swift-custom-dump
[1174/9016] Fetching swift-macro-testing, swift-custom-dump, swift-docc-plugin
[6907/11743] Fetching swift-macro-testing, swift-custom-dump, swift-docc-plugin, xctest-dynamic-overlay
Fetched https://github.com/pointfreeco/swift-macro-testing from cache (0.58s)
Fetched https://github.com/pointfreeco/swift-custom-dump from cache (0.58s)
Fetched https://github.com/pointfreeco/xctest-dynamic-overlay from cache (0.58s)
[258/2345] Fetching swift-docc-plugin
[2346/82756] Fetching swift-docc-plugin, swift-syntax
Fetched https://github.com/swiftlang/swift-docc-plugin from cache (3.32s)
Fetched https://github.com/swiftlang/swift-syntax from cache (3.34s)
Computing version for https://github.com/pointfreeco/xctest-dynamic-overlay
Computed https://github.com/pointfreeco/xctest-dynamic-overlay at 1.13.1 (4.26s)
Computing version for https://github.com/pointfreeco/swift-custom-dump
Computed https://github.com/pointfreeco/swift-custom-dump at 1.7.3 (0.15s)
Computing version for https://github.com/swiftlang/swift-docc-plugin
Computed https://github.com/swiftlang/swift-docc-plugin at 1.5.0 (0.89s)
Fetching https://github.com/swiftlang/swift-docc-symbolkit
[1/3835] Fetching swift-docc-symbolkit
Fetched https://github.com/swiftlang/swift-docc-symbolkit from cache (0.58s)
Computing version for https://github.com/swiftlang/swift-docc-symbolkit
Computed https://github.com/swiftlang/swift-docc-symbolkit at 1.0.0 (0.79s)
Computing version for https://github.com/swiftlang/swift-syntax
Computed https://github.com/swiftlang/swift-syntax at 602.0.0 (0.25s)
Computing version for https://github.com/pointfreeco/swift-macro-testing
Computed https://github.com/pointfreeco/swift-macro-testing at 0.7.0 (0.15s)
Fetching https://github.com/pointfreeco/swift-snapshot-testing
[1/16501] Fetching swift-snapshot-testing
Fetched https://github.com/pointfreeco/swift-snapshot-testing from cache (1.89s)
Computing version for https://github.com/pointfreeco/swift-snapshot-testing
Computed https://github.com/pointfreeco/swift-snapshot-testing at 1.19.6 (2.04s)
Creating working copy for https://github.com/pointfreeco/xctest-dynamic-overlay
Working copy of https://github.com/pointfreeco/xctest-dynamic-overlay resolved at 1.13.1
Creating working copy for https://github.com/pointfreeco/swift-snapshot-testing
Working copy of https://github.com/pointfreeco/swift-snapshot-testing resolved at 1.19.6
Creating working copy for https://github.com/swiftlang/swift-docc-plugin
Working copy of https://github.com/swiftlang/swift-docc-plugin resolved at 1.5.0
Creating working copy for https://github.com/pointfreeco/swift-macro-testing
Working copy of https://github.com/pointfreeco/swift-macro-testing resolved at 0.7.0
Creating working copy for https://github.com/pointfreeco/swift-custom-dump
Working copy of https://github.com/pointfreeco/swift-custom-dump resolved at 1.7.3
Creating working copy for https://github.com/swiftlang/swift-syntax
Working copy of https://github.com/swiftlang/swift-syntax resolved at 602.0.0
Creating working copy for https://github.com/swiftlang/swift-docc-symbolkit
Working copy of https://github.com/swiftlang/swift-docc-symbolkit resolved at 1.0.0
Downloading package prebuilt https://download.swift.org/prebuilts/swift-syntax/602.0.0/swift-6.2-RELEASE-MacroSupport-ubuntu_noble_x86_64.tar.gz
Downloaded https://download.swift.org/prebuilts/swift-syntax/602.0.0/swift-6.2-RELEASE-MacroSupport-ubuntu_noble_x86_64.tar.gz (0.20s)
[1/1] Compiling plugin Swift-DocC Preview
[2/2] Compiling plugin Swift-DocC
Building for debugging...
[2/74] Write sources
[45/74] Compiling _SwiftSyntaxCShims PlatformMutex.c
[47/74] Write swift-version--11D90AFD9DD3AB2.txt
[49/90] Emitting module SwiftSyntax600
[50/90] Emitting module SwiftSyntax601
[51/90] Emitting module SwiftSyntax510
[52/90] Compiling SwiftSyntax602 Empty.swift
[53/90] Emitting module SwiftSyntax602
[54/90] Compiling SwiftSyntax510 Empty.swift
[57/96] Emitting module SwiftSyntax509
[58/96] Compiling SwiftSyntax509 Empty.swift
[60/97] Emitting module SwiftSyntax509
[61/98] Emitting module SwiftSyntax601
[62/98] Compiling SwiftSyntax601 Empty.swift
[66/99] Emitting module SwiftSyntax510
[67/99] Compiling SwiftSyntax510 Empty.swift
[69/108] Emitting module SwiftSyntax602
[70/108] Compiling SwiftSyntax602 Empty.swift
[71/109] Compiling SwiftSyntax600 Empty.swift
[73/131] Emitting module SwiftSyntax600
[74/131] Compiling SwiftSyntax600 Empty.swift
[77/153] Compiling SwiftSyntax601 Empty.swift
[77/154] Wrapping AST for SwiftSyntax601 for debugging
[79/154] Wrapping AST for SwiftSyntax602 for debugging
[80/154] Wrapping AST for SwiftSyntax600 for debugging
[81/177] Wrapping AST for SwiftSyntax510 for debugging
[82/183] Wrapping AST for SwiftSyntax509 for debugging
[84/280] Compiling SwiftSyntax SyntaxCollections.swift
[85/280] Compiling SwiftSyntax SyntaxEnum.swift
[86/280] Compiling SwiftSyntax SyntaxKind.swift
[87/282] Emitting module IssueReportingTestSupport
[88/282] Compiling IssueReportingTestSupport SwiftTesting.swift
/host/spi-builder-workspace/.build/checkouts/xctest-dynamic-overlay/Sources/IssueReportingTestSupport/SwiftTesting.swift:94:3: error: cannot convert '@Sendable (String?, Bool, String, String, Int, Int, nonisolated(nonsending) () async throws -> Void) async -> ()' to 'nonisolated(nonsending) @Sendable (String?, Bool, String, String, Int, Int, nonisolated(nonsending) () async throws -> Void) async -> ()' because crossing of an isolation boundary requires parameter and result types to conform to 'Sendable' protocol
92 |
93 | public func _withKnownIssueAsync() -> Any {
94 | __withKnownIssueAsync(_:isIntermittent:fileID:filePath:line:column:_:)
| |- error: cannot convert '@Sendable (String?, Bool, String, String, Int, Int, nonisolated(nonsending) () async throws -> Void) async -> ()' to 'nonisolated(nonsending) @Sendable (String?, Bool, String, String, Int, Int, nonisolated(nonsending) () async throws -> Void) async -> ()' because crossing of an isolation boundary requires parameter and result types to conform to 'Sendable' protocol
| `- note: type 'nonisolated(nonsending) () async throws -> Void' does not conform to 'Sendable' protocol
95 | }
96 | @Sendable
[89/282] Compiling SwiftSyntax Identifier.swift
[90/282] Compiling SwiftSyntax MemoryLayout.swift
[91/282] Compiling IssueReporting WithExpectedIssue.swift
[92/282] Compiling IssueReporting WithIssueContext.swift
[93/282] Compiling SwiftSyntax SyntaxNodeStructure.swift
[94/282] Compiling SwiftSyntax SyntaxProtocol.swift
[95/282] Compiling SwiftSyntax SyntaxText.swift
[96/282] Compiling SwiftSyntax SyntaxTreeViewMode.swift
[97/282] Compiling SwiftSyntax TokenDiagnostic.swift
[98/282] Compiling SwiftSyntax TokenSequence.swift
[99/282] Compiling SwiftSyntax TokenSyntax.swift
[100/282] Compiling SwiftSyntax Trivia.swift
[101/282] Compiling SwiftSyntax Utils.swift
[102/290] Emitting module IssueReportingTestSupport
[103/290] Compiling IssueReportingTestSupport _Test.swift
[109/292] Compiling IssueReportingTestSupport XCTest.swift
[110/292] Compiling IssueReportingTestSupport _Test.swift
[111/292] Compiling SwiftSyntax ChildNameForKeyPath.swift
[112/292] Compiling SwiftSyntax Keyword.swift
[113/292] Compiling SwiftSyntax RenamedChildrenCompatibility.swift
[114/292] Compiling IssueReportingTestSupport SwiftTesting.swift
/host/spi-builder-workspace/.build/checkouts/xctest-dynamic-overlay/Sources/IssueReportingTestSupport/SwiftTesting.swift:94:3: error: cannot convert '@Sendable (String?, Bool, String, String, Int, Int, nonisolated(nonsending) () async throws -> Void) async -> ()' to 'nonisolated(nonsending) @Sendable (String?, Bool, String, String, Int, Int, nonisolated(nonsending) () async throws -> Void) async -> ()' because crossing of an isolation boundary requires parameter and result types to conform to 'Sendable' protocol
92 |
93 | public func _withKnownIssueAsync() -> Any {
94 | __withKnownIssueAsync(_:isIntermittent:fileID:filePath:line:column:_:)
| |- error: cannot convert '@Sendable (String?, Bool, String, String, Int, Int, nonisolated(nonsending) () async throws -> Void) async -> ()' to 'nonisolated(nonsending) @Sendable (String?, Bool, String, String, Int, Int, nonisolated(nonsending) () async throws -> Void) async -> ()' because crossing of an isolation boundary requires parameter and result types to conform to 'Sendable' protocol
| `- note: type 'nonisolated(nonsending) () async throws -> Void' does not conform to 'Sendable' protocol
95 | }
96 | @Sendable
[115/292] Compiling SwiftSyntax AbsolutePosition.swift
[116/292] Compiling SwiftSyntax AbsoluteSyntaxInfo.swift
[117/292] Compiling SwiftSyntax ArenaAllocatedBuffer.swift
[118/292] Compiling SwiftSyntax Assert.swift
[119/292] Compiling SwiftSyntax BumpPtrAllocator.swift
[120/292] Compiling SwiftSyntax CommonAncestor.swift
[121/292] Compiling SwiftSyntax Convenience.swift
[122/292] Compiling SwiftSyntax CustomTraits.swift
[123/292] Compiling SwiftSyntax EditorPlaceholder.swift
[136/292] Compiling SwiftSyntax RenamedNodesCompatibility.swift
[137/292] Compiling SwiftSyntax SyntaxAnyVisitor.swift
[138/292] Compiling SwiftSyntax SyntaxBaseNodes.swift
[142/292] Compiling SwiftSyntax SourceLength.swift
[143/292] Compiling SwiftSyntax SourceLocation.swift
[144/292] Compiling SwiftSyntax SourcePresence.swift
[145/292] Compiling SwiftSyntax SwiftSyntaxCompatibility.swift
[146/292] Compiling SwiftSyntax Syntax.swift
[147/292] Compiling SwiftSyntax SyntaxChildren.swift
[148/292] Compiling SwiftSyntax SyntaxCollection.swift
[149/292] Compiling SwiftSyntax SyntaxHashable.swift
[150/292] Compiling SwiftSyntax SyntaxIdentifier.swift
[153/292] Compiling IssueReporting WithExpectedIssue.swift
[154/292] Compiling IssueReporting WithIssueContext.swift
[155/292] Compiling SwiftSyntax RawSyntaxArena.swift
[156/292] Compiling SwiftSyntax RawSyntaxLayoutView.swift
[157/292] Compiling SwiftSyntax RawSyntaxNodeProtocol.swift
[158/292] Compiling SwiftSyntax RawSyntaxTokenView.swift
[159/292] Compiling SwiftSyntax SourceEdit.swift
BUILD FAILURE 6.2 android