The Swift Package Index logo.Swift Package Index

Build Information

Failed to build SwiftyHaru, reference 0.3.0 (eee249), with Swift 6.4 for Android on 16 Sep 2026 02:58:54 UTC.

Build Command

bash -c docker run --pull=always --rm -v "checkouts-53886769-0":/host -w "$PWD" -e JAVA_HOME="/root/.sdkman/candidates/java/current" -e SPI_BUILD="1" -e SPI_PROCESSING="1" registry.gitlab.com/saguaro1/spi-images:android-6.4-latest swift build --swift-sdk aarch64-unknown-linux-android28 2>&1

Build Log

========================================
RunAll
========================================
Builder version: 5.1.0
Interrupt handler set up.
========================================
Checkout
========================================
Clone URL: https://github.com/WeirdMath/SwiftyHaru.git
Reference: 0.3.0
Initialized empty Git repository in /host/spi-builder-workspace/.git/
hint: Using 'master' as the name for the initial branch. This default branch name
hint: is subject to change. To configure the initial branch name to use in all
hint: of your new repositories, which will suppress this warning, call:
hint:
hint: 	git config --global init.defaultBranch <name>
hint:
hint: Names commonly chosen instead of 'master' are 'main', 'trunk' and
hint: 'development'. The just-created branch can be renamed via this command:
hint:
hint: 	git branch -m <name>
From https://github.com/WeirdMath/SwiftyHaru
 * tag               0.3.0      -> FETCH_HEAD
HEAD is now at eee2497 Release 0.3.0
Cloned https://github.com/WeirdMath/SwiftyHaru.git
Revision (git rev-parse @):
eee2497186ccc8322d40cc7cb4cf5efb61f026fa
SUCCESS checkout https://github.com/WeirdMath/SwiftyHaru.git at 0.3.0
========================================
Build
========================================
Selected platform:         android
Swift version:             6.4
Building package at path:  $PWD
https://github.com/WeirdMath/SwiftyHaru.git
Running build ...
bash -c docker run --pull=always --rm -v "checkouts-53886769-0":/host -w "$PWD" -e JAVA_HOME="/root/.sdkman/candidates/java/current" -e SPI_BUILD="1" -e SPI_PROCESSING="1" registry.gitlab.com/saguaro1/spi-images:android-6.4-latest swift build --swift-sdk aarch64-unknown-linux-android28 2>&1
android-6.4-latest: Pulling from saguaro1/spi-images
Digest: sha256:abadcff584c273feba50641b454858d377ba30b35ea7287a94f45ebd8afd0ea0
Status: Image is up to date for registry.gitlab.com/saguaro1/spi-images:android-6.4-latest
Fetching https://github.com/pointfreeco/swift-snapshot-testing.git
[1/16405] Fetching swift-snapshot-testing
Fetched https://github.com/pointfreeco/swift-snapshot-testing.git (2.17s)
Computing version for https://github.com/pointfreeco/swift-snapshot-testing.git
Computed https://github.com/pointfreeco/swift-snapshot-testing.git at 1.19.5 (2.37s)
Fetching https://github.com/pointfreeco/swift-custom-dump
Fetching https://github.com/swiftlang/swift-syntax
[1/5656] Fetching swift-custom-dump
[5657/85566] Fetching swift-custom-dump, swift-syntax
Fetched https://github.com/pointfreeco/swift-custom-dump (2.89s)
Fetched https://github.com/swiftlang/swift-syntax (2.91s)
Computing version for https://github.com/pointfreeco/swift-custom-dump
Computed https://github.com/pointfreeco/swift-custom-dump at 1.7.3 (3.11s)
Fetching https://github.com/pointfreeco/swift-issue-reporting
[1/6136] Fetching swift-issue-reporting
Fetched https://github.com/pointfreeco/swift-issue-reporting (0.77s)
Computing version for https://github.com/pointfreeco/swift-issue-reporting
Computed https://github.com/pointfreeco/swift-issue-reporting at 2.1.0 (1.88s)
Computing version for https://github.com/swiftlang/swift-syntax
Computed https://github.com/swiftlang/swift-syntax at 604.0.0 (1.17s)
Creating working copy for https://github.com/pointfreeco/swift-snapshot-testing.git
Working copy of https://github.com/pointfreeco/swift-snapshot-testing.git resolved at 1.19.5
Creating working copy for https://github.com/pointfreeco/swift-custom-dump
Working copy of https://github.com/pointfreeco/swift-custom-dump resolved at 1.7.3
Creating working copy for https://github.com/pointfreeco/swift-issue-reporting
Working copy of https://github.com/pointfreeco/swift-issue-reporting resolved at 2.1.0
Creating working copy for https://github.com/swiftlang/swift-syntax
Working copy of https://github.com/swiftlang/swift-syntax resolved at 604.0.0
Building for debugging...
[Pre-planning 1 / 126]
[37 / 109] CLibPNG
[48 / 110] CLibHaru
[58 / 119] CLibHaru
[72 / 119] CLibHaru
[88 / 119] CLibHaru
[96 / 119] CLibHaru
[107 / 119] SwiftyHaru
error: SwiftCompile normal aarch64 failed with a nonzero exit code. Command line:     cd /host

/host/spi-builder-workspace/Sources/SwiftyHaru/Graphics/AffineTransform.swift:111:22: error: no exact matches in call to global function 'cos'
109 |     public init(rotationAngle angle: Float) {
110 |
111 |         let cosine = cos(angle)
    |                      `- error: no exact matches in call to global function 'cos'
112 |         let sine = sin(angle)
113 |
Foundation.cos:1:13: note: candidate expects value of type 'CGFloat' for parameter #1 (got 'Float')
1 | public func cos(_ x: CGFloat) -> CGFloat
  |             `- note: candidate expects value of type 'CGFloat' for parameter #1 (got 'Float')
/android-ndk/android-ndk-r27d/toolchains/llvm/prebuilt/linux-x86_64/sysroot/usr/include/math.h:92:8: note: candidate expects value of type 'Double' for parameter #1 (got 'Float')
 90 | long double atan2l(long double __y, long double __x);
 91 |
 92 | double cos(double __x);
    |        `- note: candidate expects value of type 'Double' for parameter #1 (got 'Float')
 93 | float cosf(float __x);
 94 | long double cosl(long double __x);
/host/spi-builder-workspace/Sources/SwiftyHaru/Graphics/AffineTransform.swift:112:20: error: no exact matches in call to global function 'sin'
110 |
111 |         let cosine = cos(angle)
112 |         let sine = sin(angle)
    |                    `- error: no exact matches in call to global function 'sin'
113 |
114 |         self.init(a:  cosine, b:  sine,
Foundation.sin:1:13: note: candidate expects value of type 'CGFloat' for parameter #1 (got 'Float')
1 | public func sin(_ x: CGFloat) -> CGFloat
  |             `- note: candidate expects value of type 'CGFloat' for parameter #1 (got 'Float')
/android-ndk/android-ndk-r27d/toolchains/llvm/prebuilt/linux-x86_64/sysroot/usr/include/math.h:96:8: note: candidate expects value of type 'Double' for parameter #1 (got 'Float')
 94 | long double cosl(long double __x);
 95 |
 96 | double sin(double __x);
    |        `- note: candidate expects value of type 'Double' for parameter #1 (got 'Float')
 97 | float sinf(float __x);
 98 | long double sinl(long double __x);
/host/spi-builder-workspace/Sources/SwiftyHaru/Graphics/Color.swift:395:5: warning: 'internal' modifier is redundant for initializer declared in an internal extension
393 | internal extension Color {
394 |
395 |     internal init(_ haruRGBColor: HPDF_RGBColor) {
    |     `- warning: 'internal' modifier is redundant for initializer declared in an internal extension
396 |         self.init(red: haruRGBColor.r, green: haruRGBColor.g, blue: haruRGBColor.b)!
397 |     }
/host/spi-builder-workspace/Sources/SwiftyHaru/Graphics/Color.swift:399:5: warning: 'internal' modifier is redundant for initializer declared in an internal extension
397 |     }
398 |
399 |     internal init(_ haruCMYKColor: HPDF_CMYKColor) {
    |     `- warning: 'internal' modifier is redundant for initializer declared in an internal extension
400 |         self.init(cyan: haruCMYKColor.c,
401 |                   magenta: haruCMYKColor.m,
/host/spi-builder-workspace/Sources/SwiftyHaru/Graphics/LineCap.swift:38:5: warning: 'internal' modifier is redundant for initializer declared in an internal extension
36 | internal extension LineCap {
37 |
38 |     internal init(_ haruEnum: HPDF_LineCap) {
   |     `- warning: 'internal' modifier is redundant for initializer declared in an internal extension
39 |         self.init(rawValue: haruEnum.rawValue)!
40 |     }
/host/spi-builder-workspace/Sources/SwiftyHaru/Graphics/LineJoin.swift:38:5: warning: 'internal' modifier is redundant for initializer declared in an internal extension
36 | internal extension LineJoin {
37 |
38 |     internal init(_ haruEnum: HPDF_LineJoin) {
   |     `- warning: 'internal' modifier is redundant for initializer declared in an internal extension
39 |         self.init(rawValue: haruEnum.rawValue)!
40 |     }
/host/spi-builder-workspace/Sources/SwiftyHaru/Graphics/PDFColorSpace.swift:31:5: warning: 'internal' modifier is redundant for initializer declared in an internal extension
29 | internal extension PDFColorSpace {
30 |
31 |     internal init(haruEnum: HPDF_ColorSpace) {
   |     `- warning: 'internal' modifier is redundant for initializer declared in an internal extension
32 |         self.init(rawValue: haruEnum.rawValue)!
33 |     }
/host/spi-builder-workspace/Sources/SwiftyHaru/Grid/Grid.LabelParameters.swift:12:5: warning: 'public' modifier is redundant for struct declared in a public extension
10 |
11 |     /// Represents the properties of a grid's line labels. Labels can only be placed near serifs.
12 |     public struct LabelParameters {
   |     `- warning: 'public' modifier is redundant for struct declared in a public extension
13 |
14 |         /// The sequnce of the text labels to draw.
/host/spi-builder-workspace/Sources/SwiftyHaru/Grid/Grid.Labels.swift:12:5: warning: 'public' modifier is redundant for struct declared in a public extension
10 |
11 |     /// Encapsulates the parameters of the labels for vertical and horizontal lines.
12 |     public struct Labels: Equatable {
   |     `- warning: 'public' modifier is redundant for struct declared in a public extension
13 |
14 |         /// The labels for vertical lines at the top of the grid.
/host/spi-builder-workspace/Sources/SwiftyHaru/Grid/Grid.Lines.swift:12:5: warning: 'public' modifier is redundant for struct declared in a public extension
10 |
11 |     /// Encapsulates the parameters of the vertical and horizontal major and minor lines.
12 |     public struct Lines: Hashable {
   |     `- warning: 'public' modifier is redundant for struct declared in a public extension
13 |
14 |         /// Default set, where all the major and minor line parameters are set to their `.default`.
/host/spi-builder-workspace/Sources/SwiftyHaru/Grid/Grid.MajorLineParameters.swift:12:5: warning: 'public' modifier is redundant for struct declared in a public extension
10 |
11 |     /// Represents the properties of a grid's major lines.
12 |     public struct MajorLineParameters: Hashable {
   |     `- warning: 'public' modifier is redundant for struct declared in a public extension
13 |
14 |         /// Default parameters, where line width is 0.5, line spacing is 10, line color is 80% gray.
/host/spi-builder-workspace/Sources/SwiftyHaru/Grid/Grid.MinorLineParameters.swift:12:5: warning: 'public' modifier is redundant for struct declared in a public extension
10 |
11 |     /// Represents the properties of a grid's minor lines.
12 |     public struct MinorLineParameters: Hashable {
   |     `- warning: 'public' modifier is redundant for struct declared in a public extension
13 |
14 |         /// Default parameters, where line width is 0.25, line color is 80% gray and the default
/host/spi-builder-workspace/Sources/SwiftyHaru/Grid/Grid.SerifParameters.swift:13:5: warning: 'public' modifier is redundant for struct declared in a public extension
11 |     /// Represents the properties of a grid's serifs. Serifs are short lines that can be placed on the edges of
12 |     /// a grid and serve to put labels near them.
13 |     public struct SerifParameters: Hashable {
   |     `- warning: 'public' modifier is redundant for struct declared in a public extension
14 |
15 |         /// Default parameters, where the frequency is 5, the width of the serifs is 0.5
/host/spi-builder-workspace/Sources/SwiftyHaru/Grid/Grid.Serifs.swift:12:5: warning: 'public' modifier is redundant for struct declared in a public extension
10 |
11 |     /// Encapsulates the parameters of the top, bottom, left and right serifs of the grid.
12 |     public struct Serifs: Hashable {
   |     `- warning: 'public' modifier is redundant for struct declared in a public extension
13 |
14 |         /// Default set, where all the serif parameters are set to their `.default`.
/host/spi-builder-workspace/Sources/SwiftyHaru/PDFDocument.PageLayout.swift:16:5: warning: 'public' modifier is redundant for enum declared in a public extension
14 |
15 |     /// Determines how pages in the document should be displayed.
16 |     public enum PageLayout: UInt32 {
   |     `- warning: 'public' modifier is redundant for enum declared in a public extension
17 |
18 |         /// Only one page is displayed.
/host/spi-builder-workspace/Sources/SwiftyHaru/PDFDocument.PageNumberStyle.swift:16:5: warning: 'public' modifier is redundant for enum declared in a public extension
14 |
15 |     /// Determines a page labeling style of the document.
16 |     public enum PageNumberStyle: UInt32 {
   |     `- warning: 'public' modifier is redundant for enum declared in a public extension
17 |
18 |         /// Arabic numerals (1 2 3 4).
/host/spi-builder-workspace/Sources/SwiftyHaru/PDFPage.Direction.swift:16:5: warning: 'public' modifier is redundant for enum declared in a public extension
14 |
15 |     /// Orientation of a page.
16 |     public enum Direction: UInt32 {
   |     `- warning: 'public' modifier is redundant for enum declared in a public extension
17 |
18 |         /// The width is less than the height.
/host/spi-builder-workspace/Sources/SwiftyHaru/PDFPage.Direction.swift:28:5: warning: 'internal' modifier is redundant for initializer declared in an internal extension
26 | internal extension PDFPage.Direction {
27 |
28 |     internal init?(haruEnum: HPDF_PageDirection) {
   |     `- warning: 'internal' modifier is redundant for initializer declared in an internal extension
29 |         self.init(rawValue: haruEnum.rawValue)
30 |     }
Failed frontend command:
/root/.local/share/swiftly/toolchains/6.4.x-snapshot-2026-09-04/usr/bin/swift-frontend -frontend -emit-module -experimental-skip-non-inlinable-function-bodies-without-types /host/spi-builder-workspace/Sources/SwiftyHaru/DrawingContext.swift /host/spi-builder-workspace/Sources/SwiftyHaru/Encoding.swift /host/spi-builder-workspace/Sources/SwiftyHaru/Font.swift /host/spi-builder-workspace/Sources/SwiftyHaru/Graphics/AffineTransform.swift /host/spi-builder-workspace/Sources/SwiftyHaru/Graphics/Color.swift /host/spi-builder-workspace/Sources/SwiftyHaru/Graphics/DashStyle.swift /host/spi-builder-workspace/Sources/SwiftyHaru/Graphics/Drawable.swift /host/spi-builder-workspace/Sources/SwiftyHaru/Graphics/Geometry.swift /host/spi-builder-workspace/Sources/SwiftyHaru/Graphics/LineCap.swift /host/spi-builder-workspace/Sources/SwiftyHaru/Graphics/LineJoin.swift /host/spi-builder-workspace/Sources/SwiftyHaru/Graphics/PDFColorSpace.swift /host/spi-builder-workspace/Sources/SwiftyHaru/Graphics/Path.swift /host/spi-builder-workspace/Sources/SwiftyHaru/Grid/Grid+Drawable.swift /host/spi-builder-workspace/Sources/SwiftyHaru/Grid/Grid.LabelParameters.swift /host/spi-builder-workspace/Sources/SwiftyHaru/Grid/Grid.Labels.swift /host/spi-builder-workspace/Sources/SwiftyHaru/Grid/Grid.Lines.swift /host/spi-builder-workspace/Sources/SwiftyHaru/Grid/Grid.MajorLineParameters.swift /host/spi-builder-workspace/Sources/SwiftyHaru/Grid/Grid.MinorLineParameters.swift /host/spi-builder-workspace/Sources/SwiftyHaru/Grid/Grid.SerifParameters.swift /host/spi-builder-workspace/Sources/SwiftyHaru/Grid/Grid.Serifs.swift /host/spi-builder-workspace/Sources/SwiftyHaru/Grid/Grid.swift /host/spi-builder-workspace/Sources/SwiftyHaru/PDFDateFormatter.swift /host/spi-builder-workspace/Sources/SwiftyHaru/PDFDocument.CompressionMode.swift /host/spi-builder-workspace/Sources/SwiftyHaru/PDFDocument.EncryptionMode.swift /host/spi-builder-workspace/Sources/SwiftyHaru/PDFDocument.Metadata.swift /host/spi-builder-workspace/Sources/SwiftyHaru/PDFDocument.PageLayout.swift /host/spi-builder-workspace/Sources/SwiftyHaru/PDFDocument.PageNumberStyle.swift /host/spi-builder-workspace/Sources/SwiftyHaru/PDFDocument.Permissions.swift /host/spi-builder-workspace/Sources/SwiftyHaru/PDFDocument.swift /host/spi-builder-workspace/Sources/SwiftyHaru/PDFError.swift /host/spi-builder-workspace/Sources/SwiftyHaru/PDFPage.Direction.swift /host/spi-builder-workspace/Sources/SwiftyHaru/PDFPage.Size.swift /host/spi-builder-workspace/Sources/SwiftyHaru/PDFPage.swift /host/spi-builder-workspace/Sources/SwiftyHaru/Sequence.swift /host/spi-builder-workspace/Sources/SwiftyHaru/TextAlignment.swift /host/spi-builder-workspace/Sources/SwiftyHaru/Unimplemented.swift -target aarch64-unknown-linux-android28 -Xllvm -aarch64-use-tbi -disable-objc-interop -sdk /android-ndk/android-ndk-r27d/toolchains/llvm/prebuilt/linux-x86_64/sysroot -sysroot /android-ndk/android-ndk-r27d/toolchains/llvm/prebuilt/linux-x86_64/sysroot -I /host/spi-builder-workspace/.build/out/Products/Debug-android-aarch64 -module-cache-path /host/spi-builder-workspace/.build/out/ModuleCache.noindex -color-diagnostics -Xcc -fcolor-diagnostics -enable-testing -g -debug-info-format\=dwarf -dwarf-version\=4 -swift-version 4.2 -Onone -D SWIFT_PACKAGE -D DEBUG -D SWIFT_MODULE_RESOURCE_BUNDLE_UNAVAILABLE -D Xcode -serialize-debugging-options -enable-experimental-feature DebugDescriptionMacro -empty-abi-descriptor -external-plugin-path /root/.local/share/swiftly/toolchains/6.4.x-snapshot-2026-09-04/usr/lib/swift/host/plugins/testing\#/root/.local/share/swiftly/toolchains/6.4.x-snapshot-2026-09-04/usr/bin/swift-plugin-server -validate-clang-modules-once -clang-build-session-file /host/spi-builder-workspace/.build/out/ModuleCache.noindex/Session.modulevalidation -Xcc -working-directory -Xcc /host -resource-dir /root/.swiftpm/swift-sdks/swift-6.4.x-DEVELOPMENT-SNAPSHOT-2026-09-04-a_android.artifactbundle/swift-android/swift-resources/usr/lib/swift-aarch64 -enable-anonymous-context-mangled-names -file-compilation-dir /host -Xcc -resource-dir -Xcc /android-ndk/android-ndk-r27d/toolchains/llvm/prebuilt/linux-x86_64/lib/clang/18 -Xcc -fmodule-map-file\=/host/spi-builder-workspace/.build/out/Intermediates.noindex/GeneratedModuleMaps-android-aarch64/CLibHaru.modulemap -Xcc -fmodule-map-file\=/host/spi-builder-workspace/.build/out/Intermediates.noindex/GeneratedModuleMaps-android-aarch64/CLibPNG.modulemap -Xcc -fno-omit-frame-pointer -Xcc -D_LIBCPP_HARDENING_MODE\=_LIBCPP_HARDENING_MODE_DEBUG -Xcc -fmodules-prune-interval\=86400 -Xcc -fmodules-prune-after\=345600 -Xcc -I/host/spi-builder-workspace/Sources/CLibHaru/include -Xcc -I/host/spi-builder-workspace/Sources/CLibPNG/include -Xcc -I/host/spi-builder-workspace/.build/out/Products/Debug-android-aarch64/include -Xcc -I/host/spi-builder-workspace/.build/out/Intermediates.noindex/SwiftyHaru.build/Debug-android-aarch64/SwiftyHaru-t.build/DerivedSources-normal/aarch64 -Xcc -I/host/spi-builder-workspace/.build/out/Intermediates.noindex/SwiftyHaru.build/Debug-android-aarch64/SwiftyHaru-t.build/DerivedSources/aarch64 -Xcc -I/host/spi-builder-workspace/.build/out/Intermediates.noindex/SwiftyHaru.build/Debug-android-aarch64/SwiftyHaru-t.build/DerivedSources -Xcc -DSWIFT_PACKAGE -Xcc -DDEBUG\=1 -no-auto-bridging-header-chaining -module-name SwiftyHaru -const-gather-protocols-file /host/spi-builder-workspace/.build/out/Intermediates.noindex/SwiftyHaru.build/Debug-android-aarch64/SwiftyHaru-t.build/Objects-normal/aarch64/SwiftyHaru_const_extract_protocols.json -in-process-plugin-server-path /root/.local/share/swiftly/toolchains/6.4.x-snapshot-2026-09-04/usr/lib/swift/host/libSwiftInProcPluginServer.so -plugin-path /root/.local/share/swiftly/toolchains/6.4.x-snapshot-2026-09-04/usr/lib/swift/host/plugins -plugin-path /root/.local/share/swiftly/toolchains/6.4.x-snapshot-2026-09-04/usr/local/lib/swift/host/plugins -emit-module-doc-path /host/spi-builder-workspace/.build/out/Intermediates.noindex/SwiftyHaru.build/Debug-android-aarch64/SwiftyHaru-t.build/Objects-normal/aarch64/Modules/SwiftyHaru.swiftdoc -emit-module-source-info-path /host/spi-builder-workspace/.build/out/Intermediates.noindex/SwiftyHaru.build/Debug-android-aarch64/SwiftyHaru-t.build/Objects-normal/aarch64/Modules/SwiftyHaru.swiftsourceinfo -emit-objc-header-path /host/spi-builder-workspace/.build/out/Intermediates.noindex/SwiftyHaru.build/Debug-android-aarch64/SwiftyHaru-t.build/Objects-normal/aarch64/SwiftyHaru-Swift.h -serialize-diagnostics-path /host/spi-builder-workspace/.build/out/Intermediates.noindex/SwiftyHaru.build/Debug-android-aarch64/SwiftyHaru-t.build/Objects-normal/aarch64/SwiftyHaru-primary-emit-module.dia -emit-dependencies-path /host/spi-builder-workspace/.build/out/Intermediates.noindex/SwiftyHaru.build/Debug-android-aarch64/SwiftyHaru-t.build/Objects-normal/aarch64/SwiftyHaru-primary-emit-module.d -parse-as-library -o /host/spi-builder-workspace/.build/out/Intermediates.noindex/SwiftyHaru.build/Debug-android-aarch64/SwiftyHaru-t.build/Objects-normal/aarch64/Modules/SwiftyHaru.swiftmodule
error: Build failed
BUILD FAILURE 6.4 android