The Swift Package Index logo.Swift Package Index

Build Information

Failed to build TMDB, reference main (cad88f), with Swift 6.4 for Wasm on 22 Sep 2026 19:48:26 UTC.

Build Command

bash -c docker run --pull=always --rm -v "checkouts-54344843-0":/host -w "$PWD" -e JAVA_HOME="/root/.sdkman/candidates/java/current" -e SPI_BUILD="1" -e SPI_PROCESSING="1" registry.gitlab.com/saguaro1/spi-images:wasm-6.4-latest swift build --swift-sdk swift-6.4.x-DEVELOPMENT-SNAPSHOT-2026-09-04-a_wasm 2>&1

Build Log

========================================
RunAll
========================================
Builder version: 5.1.0
Interrupt handler set up.
========================================
Checkout
========================================
Clone URL: https://github.com/igorcamilo/tmdb-swift.git
Reference: main
Initialized empty Git repository in /host/spi-builder-workspace/.git/
hint: Using 'master' as the name for the initial branch. This default branch name
hint: is subject to change. To configure the initial branch name to use in all
hint: of your new repositories, which will suppress this warning, call:
hint:
hint: 	git config --global init.defaultBranch <name>
hint:
hint: Names commonly chosen instead of 'master' are 'main', 'trunk' and
hint: 'development'. The just-created branch can be renamed via this command:
hint:
hint: 	git branch -m <name>
From https://github.com/igorcamilo/tmdb-swift
 * branch            main       -> FETCH_HEAD
 * [new branch]      main       -> origin/main
HEAD is now at cad88f3 Add Sonar and more data (#20)
Cloned https://github.com/igorcamilo/tmdb-swift.git
Revision (git rev-parse @):
cad88f358b0b81fd0b5417f004b2a8057c6000e6
SUCCESS checkout https://github.com/igorcamilo/tmdb-swift.git at main
========================================
Build
========================================
Selected platform:         wasm
Swift version:             6.4
Building package at path:  $PWD
https://github.com/igorcamilo/tmdb-swift.git
Running build ...
bash -c docker run --pull=always --rm -v "checkouts-54344843-0":/host -w "$PWD" -e JAVA_HOME="/root/.sdkman/candidates/java/current" -e SPI_BUILD="1" -e SPI_PROCESSING="1" registry.gitlab.com/saguaro1/spi-images:wasm-6.4-latest swift build --swift-sdk swift-6.4.x-DEVELOPMENT-SNAPSHOT-2026-09-04-a_wasm 2>&1
wasm-6.4-latest: Pulling from saguaro1/spi-images
Digest: sha256:4328fdb43c680d205c1d6761b1e3267aa38277eefdda9ddfb17b6a0f1a77857a
Status: Image is up to date for registry.gitlab.com/saguaro1/spi-images:wasm-6.4-latest
Building for debugging...
[Planning deferred tasks]
error: SwiftCompile normal wasm32 failed with a nonzero exit code. Command line:     cd /host

/host/spi-builder-workspace/Sources/TMDB/Response.swift:20:24: error: 'URLResponse' is unavailable: This type has moved to the FoundationNetworking module. Import that module to use it.
18 |
19 |   public init(
20 |     _ response: (Data, URLResponse)
   |                        `- error: 'URLResponse' is unavailable: This type has moved to the FoundationNetworking module. Import that module to use it.
21 |   ) {
22 |     self.data = response.0
Foundation.URLResponse:2:18: note: 'URLResponse' has been explicitly marked unavailable here
1 | @available(*, unavailable, message: "This type has moved to the FoundationNetworking module. Import that module to use it.")
2 | public typealias URLResponse = AnyObject
  |                  `- note: 'URLResponse' has been explicitly marked unavailable here
/host/spi-builder-workspace/Sources/TMDB/TMDBClient.swift:44:48: error: cannot find type 'URLRequest' in scope
42 |   }
43 |
44 |   public typealias PerformRequest = @Sendable (URLRequest) async throws -> Response
   |                                                `- error: cannot find type 'URLRequest' in scope
45 | }
46 |
/host/spi-builder-workspace/Sources/TMDB/TMDBClient.swift:8:33: error: type 'URLSession' (aka 'AnyObject') has no member 'shared'
 6 |
 7 | private let defaultPerformRequest: TMDBClient.PerformRequest = { request in
 8 |   try await Response(URLSession.shared.data(for: request))
   |                                 `- error: type 'URLSession' (aka 'AnyObject') has no member 'shared'
 9 | }
10 |
/host/spi-builder-workspace/Sources/TMDB/TMDBClient.swift:28:15: error: cannot find type 'URLRequest' in scope
26 |     relativePath: String,
27 |     queryItems: [URLQueryItem]? = nil
28 |   ) throws -> URLRequest {
   |               `- error: cannot find type 'URLRequest' in scope
29 |     let baseURLString = "https://api.themoviedb.org/3/"
30 |     var components = URLComponents(string: baseURLString)!
Failed frontend command:
/usr/bin/swift-frontend -frontend -emit-module -experimental-skip-non-inlinable-function-bodies-without-types /host/spi-builder-workspace/Sources/TMDB/BackdropPath.swift /host/spi-builder-workspace/Sources/TMDB/Configuration/BackdropSize.swift /host/spi-builder-workspace/Sources/TMDB/Configuration/Configuration.swift /host/spi-builder-workspace/Sources/TMDB/Configuration/Images.swift /host/spi-builder-workspace/Sources/TMDB/Configuration/PosterSize.swift /host/spi-builder-workspace/Sources/TMDB/Configuration/TMDBClient+Configuration.swift /host/spi-builder-workspace/Sources/TMDB/Country.swift /host/spi-builder-workspace/Sources/TMDB/Genre.swift /host/spi-builder-workspace/Sources/TMDB/ImagePath.swift /host/spi-builder-workspace/Sources/TMDB/Keyword.swift /host/spi-builder-workspace/Sources/TMDB/Language.swift /host/spi-builder-workspace/Sources/TMDB/Movies/Movie.swift /host/spi-builder-workspace/Sources/TMDB/Movies/MovieCollection.swift /host/spi-builder-workspace/Sources/TMDB/Movies/MovieDetails.swift /host/spi-builder-workspace/Sources/TMDB/Movies/MovieDetailsAppendingOptions.swift /host/spi-builder-workspace/Sources/TMDB/Movies/MovieList.swift /host/spi-builder-workspace/Sources/TMDB/Movies/TMDBClient+Movies.swift /host/spi-builder-workspace/Sources/TMDB/Page.swift /host/spi-builder-workspace/Sources/TMDB/PosterPath.swift /host/spi-builder-workspace/Sources/TMDB/ProductionCompany.swift /host/spi-builder-workspace/Sources/TMDB/Response.swift /host/spi-builder-workspace/Sources/TMDB/TMDBClient.swift /host/spi-builder-workspace/Sources/TMDB/TMDBClientError.swift /host/spi-builder-workspace/Sources/TMDB/TMDBError.swift /host/spi-builder-workspace/Sources/TMDB/TVShows/TMDBClient+TVShows.swift /host/spi-builder-workspace/Sources/TMDB/TVShows/TVShow.swift /host/spi-builder-workspace/Sources/TMDB/TVShows/TVShowDetails.swift /host/spi-builder-workspace/Sources/TMDB/TVShows/TVShowDetailsAppendingOptions.swift /host/spi-builder-workspace/Sources/TMDB/TVShows/TVShowList.swift /host/spi-builder-workspace/Sources/TMDB/TrendingTimeWindow.swift -target wasm32-unknown-wasip1 -disable-objc-interop -sdk /root/.swiftpm/swift-sdks/swift-6.4.x-DEVELOPMENT-SNAPSHOT-2026-09-04-a_wasm.artifactbundle/swift-6.4.x-DEVELOPMENT-SNAPSHOT-2026-09-04-a_wasm/wasm32-unknown-wasip1/WASI.sdk -sysroot /root/.swiftpm/swift-sdks/swift-6.4.x-DEVELOPMENT-SNAPSHOT-2026-09-04-a_wasm.artifactbundle/swift-6.4.x-DEVELOPMENT-SNAPSHOT-2026-09-04-a_wasm/wasm32-unknown-wasip1/WASI.sdk -I /host/spi-builder-workspace/.build/out/Products/Debug-webassembly-wasm32 -module-cache-path /host/spi-builder-workspace/.build/out/ModuleCache.noindex -color-diagnostics -Xcc -fcolor-diagnostics -enable-testing -g -debug-info-format\=dwarf -dwarf-version\=4 -swift-version 6 -Onone -D SWIFT_PACKAGE -D DEBUG -D SWIFT_MODULE_RESOURCE_BUNDLE_UNAVAILABLE -D Xcode -serialize-debugging-options -enable-experimental-feature DebugDescriptionMacro -empty-abi-descriptor -external-plugin-path /usr/lib/swift/host/plugins/testing\#/usr/bin/swift-plugin-server -validate-clang-modules-once -clang-build-session-file /host/spi-builder-workspace/.build/out/ModuleCache.noindex/Session.modulevalidation -Xcc -working-directory -Xcc /host -resource-dir /root/.swiftpm/swift-sdks/swift-6.4.x-DEVELOPMENT-SNAPSHOT-2026-09-04-a_wasm.artifactbundle/swift-6.4.x-DEVELOPMENT-SNAPSHOT-2026-09-04-a_wasm/wasm32-unknown-wasip1/swift.xctoolchain/usr/lib/swift_static -use-static-resource-dir -enable-anonymous-context-mangled-names -file-compilation-dir /host -Xcc -resource-dir -Xcc /root/.swiftpm/swift-sdks/swift-6.4.x-DEVELOPMENT-SNAPSHOT-2026-09-04-a_wasm.artifactbundle/swift-6.4.x-DEVELOPMENT-SNAPSHOT-2026-09-04-a_wasm/wasm32-unknown-wasip1/swift.xctoolchain/usr/lib/swift_static/clang -Xcc -D_LIBCPP_HARDENING_MODE\=_LIBCPP_HARDENING_MODE_DEBUG -Xcc -fmodules-prune-interval\=86400 -Xcc -fmodules-prune-after\=345600 -Xcc -I/host/spi-builder-workspace/.build/out/Products/Debug-webassembly-wasm32/include -Xcc -I/host/spi-builder-workspace/.build/out/Intermediates.noindex/TMDB.build/Debug-webassembly-wasm32/TMDB-t.build/DerivedSources-normal/wasm32 -Xcc -I/host/spi-builder-workspace/.build/out/Intermediates.noindex/TMDB.build/Debug-webassembly-wasm32/TMDB-t.build/DerivedSources/wasm32 -Xcc -I/host/spi-builder-workspace/.build/out/Intermediates.noindex/TMDB.build/Debug-webassembly-wasm32/TMDB-t.build/DerivedSources -Xcc -DSWIFT_PACKAGE -Xcc -DDEBUG\=1 -no-auto-bridging-header-chaining -module-name TMDB -package-name spi_builder_workspace -const-gather-protocols-file /host/spi-builder-workspace/.build/out/Intermediates.noindex/TMDB.build/Debug-webassembly-wasm32/TMDB-t.build/Objects-normal/wasm32/TMDB_const_extract_protocols.json -in-process-plugin-server-path /usr/lib/swift/host/libSwiftInProcPluginServer.so -plugin-path /usr/lib/swift/host/plugins -plugin-path /usr/local/lib/swift/host/plugins -emit-module-doc-path /host/spi-builder-workspace/.build/out/Intermediates.noindex/TMDB.build/Debug-webassembly-wasm32/TMDB-t.build/Objects-normal/wasm32/Modules/TMDB.swiftdoc -emit-module-source-info-path /host/spi-builder-workspace/.build/out/Intermediates.noindex/TMDB.build/Debug-webassembly-wasm32/TMDB-t.build/Objects-normal/wasm32/Modules/TMDB.swiftsourceinfo -emit-objc-header-path /host/spi-builder-workspace/.build/out/Intermediates.noindex/TMDB.build/Debug-webassembly-wasm32/TMDB-t.build/Objects-normal/wasm32/TMDB-Swift.h -serialize-diagnostics-path /host/spi-builder-workspace/.build/out/Intermediates.noindex/TMDB.build/Debug-webassembly-wasm32/TMDB-t.build/Objects-normal/wasm32/TMDB-primary-emit-module.dia -emit-dependencies-path /host/spi-builder-workspace/.build/out/Intermediates.noindex/TMDB.build/Debug-webassembly-wasm32/TMDB-t.build/Objects-normal/wasm32/TMDB-primary-emit-module.d -parse-as-library -o /host/spi-builder-workspace/.build/out/Intermediates.noindex/TMDB.build/Debug-webassembly-wasm32/TMDB-t.build/Objects-normal/wasm32/Modules/TMDB.swiftmodule
[27 / 35] TMDB
error: Build failed
BUILD FAILURE 6.4 wasm