Build Information
Failed to build SherpaOnnx, reference main (84b485), with Swift 6.1 for watchOS using Xcode 16.3 on 15 Sep 2026 04:47:19 UTC.
Build Command
env DEVELOPER_DIR=/Applications/Xcode-16.3.0.app xcrun xcodebuild -IDEClonedSourcePackagesDirPathOverride=$PWD/.dependencies -skipMacroValidation -skipPackagePluginValidation -derivedDataPath $PWD/.derivedData build -scheme SherpaOnnx -destination generic/platform=watchOSBuild Log
========================================
RunAll
========================================
Builder version: 5.0.2
Interrupt handler set up.
========================================
Checkout
========================================
Clone URL: https://github.com/willwade/sherpa-onnx-spm.git
Reference: main
Initialized empty Git repository in /Users/admin/builder/spi-builder-workspace/.git/
From https://github.com/willwade/sherpa-onnx-spm
* branch main -> FETCH_HEAD
* [new branch] main -> origin/main
HEAD is now at 84b485d Update to sherpa-onnx v1.13.8 (iOS + macOS)
Cloned https://github.com/willwade/sherpa-onnx-spm.git
Revision (git rev-parse @):
84b485d6357382faefb066d15854fa50d417aad9
SUCCESS checkout https://github.com/willwade/sherpa-onnx-spm.git at main
========================================
Build
========================================
Selected platform: watchOS
Swift version: 6.1
Building package at path: $PWD
https://github.com/willwade/sherpa-onnx-spm.git
https://github.com/willwade/sherpa-onnx-spm.git
{
"dependencies" : [
],
"manifest_display_name" : "SherpaOnnx",
"name" : "SherpaOnnx",
"path" : "/Users/admin/builder/spi-builder-workspace",
"platforms" : [
{
"name" : "ios",
"version" : "13.0"
},
{
"name" : "macos",
"version" : "13.0"
}
],
"products" : [
{
"name" : "SherpaOnnx",
"targets" : [
"SherpaOnnx"
],
"type" : {
"library" : [
"automatic"
]
}
}
],
"targets" : [
{
"c99name" : "sherpa_onnx",
"module_type" : "BinaryTarget",
"name" : "sherpa-onnx",
"path" : "remote/archive/sherpa-onnx.xcframework.zip",
"product_memberships" : [
"SherpaOnnx"
],
"sources" : [
],
"type" : "binary"
},
{
"c99name" : "onnxruntime",
"module_type" : "BinaryTarget",
"name" : "onnxruntime",
"path" : "remote/archive/onnxruntime.xcframework.zip",
"product_memberships" : [
"SherpaOnnx"
],
"sources" : [
],
"type" : "binary"
},
{
"c99name" : "SherpaOnnx",
"module_type" : "SwiftTarget",
"name" : "SherpaOnnx",
"path" : "Sources/SherpaOnnx",
"product_memberships" : [
"SherpaOnnx"
],
"sources" : [
"SherpaOnnx.swift"
],
"target_dependencies" : [
"sherpa-onnx",
"onnxruntime"
],
"type" : "library"
}
],
"tools_version" : "5.9"
}
Command line invocation:
/Applications/Xcode-16.3.0.app/Contents/Developer/usr/bin/xcodebuild -IDEClonedSourcePackagesDirPathOverride=/Users/admin/builder/spi-builder-workspace/.dependencies -resolvePackageDependencies
Resolve Package Graph
Resolve Package Graph
Resolved source packages:
SherpaOnnx: /Users/admin/builder/spi-builder-workspace
resolved source packages: SherpaOnnx
{
"dependencies" : [
],
"manifest_display_name" : "SherpaOnnx",
"name" : "SherpaOnnx",
"path" : "/Users/admin/builder/spi-builder-workspace",
"platforms" : [
{
"name" : "ios",
"version" : "13.0"
},
{
"name" : "macos",
"version" : "13.0"
}
],
"products" : [
{
"name" : "SherpaOnnx",
"targets" : [
"SherpaOnnx"
],
"type" : {
"library" : [
"automatic"
]
}
}
],
"targets" : [
{
"c99name" : "sherpa_onnx",
"module_type" : "BinaryTarget",
"name" : "sherpa-onnx",
"path" : "remote/archive/sherpa-onnx.xcframework.zip",
"product_memberships" : [
"SherpaOnnx"
],
"sources" : [
],
"type" : "binary"
},
{
"c99name" : "onnxruntime",
"module_type" : "BinaryTarget",
"name" : "onnxruntime",
"path" : "remote/archive/onnxruntime.xcframework.zip",
"product_memberships" : [
"SherpaOnnx"
],
"sources" : [
],
"type" : "binary"
},
{
"c99name" : "SherpaOnnx",
"module_type" : "SwiftTarget",
"name" : "SherpaOnnx",
"path" : "Sources/SherpaOnnx",
"product_memberships" : [
"SherpaOnnx"
],
"sources" : [
"SherpaOnnx.swift"
],
"target_dependencies" : [
"sherpa-onnx",
"onnxruntime"
],
"type" : "library"
}
],
"tools_version" : "5.9"
}
{
"workspace" : {
"name" : "spi-builder-workspace",
"schemes" : [
"SherpaOnnx"
]
}
}
Running build ...
env DEVELOPER_DIR=/Applications/Xcode-16.3.0.app xcrun xcodebuild -IDEClonedSourcePackagesDirPathOverride=$PWD/.dependencies -skipMacroValidation -skipPackagePluginValidation -derivedDataPath $PWD/.derivedData build -scheme SherpaOnnx -destination generic/platform=watchOS OTHER_SWIFT_FLAGS=-stats-output-dir .stats -strict-concurrency=complete -enable-upcoming-feature StrictConcurrency -enable-upcoming-feature DisableOutwardActorInference -enable-upcoming-feature GlobalActorIsolatedTypesUsability -enable-upcoming-feature InferSendableFromCaptures
Command line invocation:
/Applications/Xcode-16.3.0.app/Contents/Developer/usr/bin/xcodebuild -IDEClonedSourcePackagesDirPathOverride=/Users/admin/builder/spi-builder-workspace/.dependencies -skipMacroValidation -skipPackagePluginValidation -derivedDataPath /Users/admin/builder/spi-builder-workspace/.derivedData build -scheme SherpaOnnx -destination generic/platform=watchOS "OTHER_SWIFT_FLAGS=-stats-output-dir .stats -strict-concurrency=complete -enable-upcoming-feature StrictConcurrency -enable-upcoming-feature DisableOutwardActorInference -enable-upcoming-feature GlobalActorIsolatedTypesUsability -enable-upcoming-feature InferSendableFromCaptures"
Build settings from command line:
OTHER_SWIFT_FLAGS = -stats-output-dir .stats -strict-concurrency=complete -enable-upcoming-feature StrictConcurrency -enable-upcoming-feature DisableOutwardActorInference -enable-upcoming-feature GlobalActorIsolatedTypesUsability -enable-upcoming-feature InferSendableFromCaptures
Resolve Package Graph
Resolved source packages:
SherpaOnnx: /Users/admin/builder/spi-builder-workspace
ComputePackagePrebuildTargetDependencyGraph
Prepare packages
CreateBuildRequest
SendProjectDescription
CreateBuildOperation
ComputeTargetDependencyGraph
note: Building targets in dependency order
note: Target dependency graph (2 targets)
Target 'SherpaOnnx' in project 'SherpaOnnx'
➜ Explicit dependency on target 'SherpaOnnx' in project 'SherpaOnnx'
Target 'SherpaOnnx' in project 'SherpaOnnx' (no dependencies)
GatherProvisioningInputs
CreateBuildDescription
ExecuteExternalTool /Applications/Xcode-16.3.0.app/Contents/Developer/Toolchains/XcodeDefault.xctoolchain/usr/bin/clang -v -E -dM -isysroot /Applications/Xcode-16.3.0.app/Contents/Developer/Platforms/WatchOS.platform/Developer/SDKs/WatchOS11.4.sdk -x c -c /dev/null
ExecuteExternalTool /Applications/Xcode-16.3.0.app/Contents/Developer/Toolchains/XcodeDefault.xctoolchain/usr/bin/swiftc --version
ExecuteExternalTool /Applications/Xcode-16.3.0.app/Contents/Developer/Toolchains/XcodeDefault.xctoolchain/usr/bin/ld -version_details
Build description signature: fbdfd48e7ce08f912d531da2ed0433b5
Build description path: /Users/admin/builder/spi-builder-workspace/.derivedData/Build/Intermediates.noindex/XCBuildData/fbdfd48e7ce08f912d531da2ed0433b5.xcbuilddata
/Users/admin/builder/spi-builder-workspace/.dependencies/artifacts/spi-builder-workspace/sherpa-onnx/sherpa-onnx.xcframework:1:1: error: While building for watchOS, no library for this platform was found in '/Users/admin/builder/spi-builder-workspace/.dependencies/artifacts/spi-builder-workspace/sherpa-onnx/sherpa-onnx.xcframework'. (in target 'SherpaOnnx' from project 'SherpaOnnx')
/Users/admin/builder/spi-builder-workspace/.dependencies/artifacts/spi-builder-workspace/onnxruntime/onnxruntime.xcframework:1:1: error: While building for watchOS, no library for this platform was found in '/Users/admin/builder/spi-builder-workspace/.dependencies/artifacts/spi-builder-workspace/onnxruntime/onnxruntime.xcframework'. (in target 'SherpaOnnx' from project 'SherpaOnnx')
/Users/admin/builder/spi-builder-workspace/.dependencies/artifacts/spi-builder-workspace/sherpa-onnx/sherpa-onnx.xcframework:1:1: error: While building for watchOS, no library for this platform was found in '/Users/admin/builder/spi-builder-workspace/.dependencies/artifacts/spi-builder-workspace/sherpa-onnx/sherpa-onnx.xcframework'. (in target 'SherpaOnnx' from project 'SherpaOnnx')
/Users/admin/builder/spi-builder-workspace/.dependencies/artifacts/spi-builder-workspace/onnxruntime/onnxruntime.xcframework:1:1: error: While building for watchOS, no library for this platform was found in '/Users/admin/builder/spi-builder-workspace/.dependencies/artifacts/spi-builder-workspace/onnxruntime/onnxruntime.xcframework'. (in target 'SherpaOnnx' from project 'SherpaOnnx')
** BUILD FAILED **
The following build commands failed:
Building workspace spi-builder-workspace with scheme SherpaOnnx
(1 failure)
Command line invocation:
/Applications/Xcode-16.3.0.app/Contents/Developer/usr/bin/xcodebuild -IDEClonedSourcePackagesDirPathOverride=/Users/admin/builder/spi-builder-workspace/.dependencies -resolvePackageDependencies
Resolve Package Graph
Resolved source packages:
SherpaOnnx: /Users/admin/builder/spi-builder-workspace
resolved source packages: SherpaOnnx
{
"dependencies" : [
],
"manifest_display_name" : "SherpaOnnx",
"name" : "SherpaOnnx",
"path" : "/Users/admin/builder/spi-builder-workspace",
"platforms" : [
{
"name" : "ios",
"version" : "13.0"
},
{
"name" : "macos",
"version" : "13.0"
}
],
"products" : [
{
"name" : "SherpaOnnx",
"targets" : [
"SherpaOnnx"
],
"type" : {
"library" : [
"automatic"
]
}
}
],
"targets" : [
{
"c99name" : "sherpa_onnx",
"module_type" : "BinaryTarget",
"name" : "sherpa-onnx",
"path" : "remote/archive/sherpa-onnx.xcframework.zip",
"product_memberships" : [
"SherpaOnnx"
],
"sources" : [
],
"type" : "binary"
},
{
"c99name" : "onnxruntime",
"module_type" : "BinaryTarget",
"name" : "onnxruntime",
"path" : "remote/archive/onnxruntime.xcframework.zip",
"product_memberships" : [
"SherpaOnnx"
],
"sources" : [
],
"type" : "binary"
},
{
"c99name" : "SherpaOnnx",
"module_type" : "SwiftTarget",
"name" : "SherpaOnnx",
"path" : "Sources/SherpaOnnx",
"product_memberships" : [
"SherpaOnnx"
],
"sources" : [
"SherpaOnnx.swift"
],
"target_dependencies" : [
"sherpa-onnx",
"onnxruntime"
],
"type" : "library"
}
],
"tools_version" : "5.9"
}
{
"workspace" : {
"name" : "spi-builder-workspace",
"schemes" : [
"SherpaOnnx"
]
}
}
Running build ...
env DEVELOPER_DIR=/Applications/Xcode-16.3.0.app xcrun xcodebuild -IDEClonedSourcePackagesDirPathOverride=$PWD/.dependencies -skipMacroValidation -skipPackagePluginValidation -derivedDataPath $PWD/.derivedData build -scheme SherpaOnnx -destination generic/platform=watchOS
Command line invocation:
/Applications/Xcode-16.3.0.app/Contents/Developer/usr/bin/xcodebuild -IDEClonedSourcePackagesDirPathOverride=/Users/admin/builder/spi-builder-workspace/.dependencies -skipMacroValidation -skipPackagePluginValidation -derivedDataPath /Users/admin/builder/spi-builder-workspace/.derivedData build -scheme SherpaOnnx -destination generic/platform=watchOS
Resolve Package Graph
Resolved source packages:
SherpaOnnx: /Users/admin/builder/spi-builder-workspace
ComputePackagePrebuildTargetDependencyGraph
Prepare packages
CreateBuildRequest
SendProjectDescription
CreateBuildOperation
ComputeTargetDependencyGraph
note: Building targets in dependency order
note: Target dependency graph (2 targets)
Target 'SherpaOnnx' in project 'SherpaOnnx'
➜ Explicit dependency on target 'SherpaOnnx' in project 'SherpaOnnx'
Target 'SherpaOnnx' in project 'SherpaOnnx' (no dependencies)
GatherProvisioningInputs
CreateBuildDescription
ExecuteExternalTool /Applications/Xcode-16.3.0.app/Contents/Developer/Toolchains/XcodeDefault.xctoolchain/usr/bin/clang -v -E -dM -isysroot /Applications/Xcode-16.3.0.app/Contents/Developer/Platforms/WatchOS.platform/Developer/SDKs/WatchOS11.4.sdk -x c -c /dev/null
ExecuteExternalTool /Applications/Xcode-16.3.0.app/Contents/Developer/Toolchains/XcodeDefault.xctoolchain/usr/bin/swiftc --version
ExecuteExternalTool /Applications/Xcode-16.3.0.app/Contents/Developer/Toolchains/XcodeDefault.xctoolchain/usr/bin/ld -version_details
Build description signature: 643934f4dfb4f35722ec0d9f52b9408e
Build description path: /Users/admin/builder/spi-builder-workspace/.derivedData/Build/Intermediates.noindex/XCBuildData/643934f4dfb4f35722ec0d9f52b9408e.xcbuilddata
/Users/admin/builder/spi-builder-workspace/.dependencies/artifacts/spi-builder-workspace/sherpa-onnx/sherpa-onnx.xcframework:1:1: error: While building for watchOS, no library for this platform was found in '/Users/admin/builder/spi-builder-workspace/.dependencies/artifacts/spi-builder-workspace/sherpa-onnx/sherpa-onnx.xcframework'. (in target 'SherpaOnnx' from project 'SherpaOnnx')
/Users/admin/builder/spi-builder-workspace/.dependencies/artifacts/spi-builder-workspace/onnxruntime/onnxruntime.xcframework:1:1: error: While building for watchOS, no library for this platform was found in '/Users/admin/builder/spi-builder-workspace/.dependencies/artifacts/spi-builder-workspace/onnxruntime/onnxruntime.xcframework'. (in target 'SherpaOnnx' from project 'SherpaOnnx')
/Users/admin/builder/spi-builder-workspace/.dependencies/artifacts/spi-builder-workspace/sherpa-onnx/sherpa-onnx.xcframework:1:1: error: While building for watchOS, no library for this platform was found in '/Users/admin/builder/spi-builder-workspace/.dependencies/artifacts/spi-builder-workspace/sherpa-onnx/sherpa-onnx.xcframework'. (in target 'SherpaOnnx' from project 'SherpaOnnx')
/Users/admin/builder/spi-builder-workspace/.dependencies/artifacts/spi-builder-workspace/onnxruntime/onnxruntime.xcframework:1:1: error: While building for watchOS, no library for this platform was found in '/Users/admin/builder/spi-builder-workspace/.dependencies/artifacts/spi-builder-workspace/onnxruntime/onnxruntime.xcframework'. (in target 'SherpaOnnx' from project 'SherpaOnnx')
** BUILD FAILED **
The following build commands failed:
Building workspace spi-builder-workspace with scheme SherpaOnnx
(1 failure)
BUILD FAILURE 6.1 watchOS