Build Information
Failed to build SwiftKeychainKit, reference 1.5.0 (d41a1f), with Swift 6.4 for tvOS using Xcode 27.0 on 24 Sep 2026 10:52:53 UTC.
Build Command
env DEVELOPER_DIR=/Applications/Xcode-27.0.0-Release.Candidate.app xcrun xcodebuild -IDEClonedSourcePackagesDirPathOverride=$PWD/.dependencies -skipMacroValidation -skipPackagePluginValidation -derivedDataPath $PWD/.derivedData build -scheme SwiftKeychainKit -destination generic/platform=tvOSBuild Log
cd /Users/admin/builder/spi-builder-workspace/.swiftpm/xcode
builtin-SwiftPerFileCompile UniqueDictionary+Initializers.swift
SwiftCompile normal arm64 /Users/admin/builder/spi-builder-workspace/.dependencies/checkouts/swift-collections/Sources/BasicContainers/UniqueDictionary/UniqueDictionary+Insertions.swift (in target 'BasicContainers' from project 'swift-collections')
cd /Users/admin/builder/spi-builder-workspace/.swiftpm/xcode
builtin-SwiftPerFileCompile UniqueDictionary+Insertions.swift
SwiftExplicitDependencyGeneratePcm arm64 /Users/admin/builder/spi-builder-workspace/.derivedData/SDKExplicitPrecompiledModules/_Builtin_inttypes-80RS02PM2X81SP8N0Q7X05540.pcm
SwiftDriverJobDiscovery normal arm64 Compiling RigidDictionary+Hashable.swift, RigidDictionary+Index.swift, RigidDictionary+Indices.swift, RigidDictionary+Initializers.swift, RigidDictionary+Insertions.swift, RigidDictionary+Keys.swift, RigidDictionary+Lookup.swift, RigidDictionary+Removals.swift, RigidDictionary+Resizing.swift (in target 'BasicContainers' from project 'swift-collections')
SwiftCompile normal arm64 Compiling\ UniqueSet+Hashable.swift,\ UniqueSet+Index.swift,\ UniqueSet+Initializers.swift,\ UniqueSet+Insertions.swift,\ UniqueSet+Iterable.swift,\ UniqueSet+Lookup.swift,\ UniqueSet+Removals.swift,\ UniqueSet+Resizing.swift,\ UniqueSet.swift /Users/admin/builder/spi-builder-workspace/.dependencies/checkouts/swift-collections/Sources/BasicContainers/UniqueSet/UniqueSet+Hashable.swift /Users/admin/builder/spi-builder-workspace/.dependencies/checkouts/swift-collections/Sources/BasicContainers/UniqueSet/UniqueSet+Index.swift /Users/admin/builder/spi-builder-workspace/.dependencies/checkouts/swift-collections/Sources/BasicContainers/UniqueSet/UniqueSet+Initializers.swift /Users/admin/builder/spi-builder-workspace/.dependencies/checkouts/swift-collections/Sources/BasicContainers/UniqueSet/UniqueSet+Insertions.swift /Users/admin/builder/spi-builder-workspace/.dependencies/checkouts/swift-collections/Sources/BasicContainers/UniqueSet/UniqueSet+Iterable.swift /Users/admin/builder/spi-builder-workspace/.dependencies/checkouts/swift-collections/Sources/BasicContainers/UniqueSet/UniqueSet+Lookup.swift /Users/admin/builder/spi-builder-workspace/.dependencies/checkouts/swift-collections/Sources/BasicContainers/UniqueSet/UniqueSet+Removals.swift /Users/admin/builder/spi-builder-workspace/.dependencies/checkouts/swift-collections/Sources/BasicContainers/UniqueSet/UniqueSet+Resizing.swift /Users/admin/builder/spi-builder-workspace/.dependencies/checkouts/swift-collections/Sources/BasicContainers/UniqueSet/UniqueSet.swift (in target 'BasicContainers' from project 'swift-collections')
SwiftCompile normal arm64 /Users/admin/builder/spi-builder-workspace/.dependencies/checkouts/swift-collections/Sources/BasicContainers/UniqueSet/UniqueSet+Hashable.swift (in target 'BasicContainers' from project 'swift-collections')
cd /Users/admin/builder/spi-builder-workspace/.swiftpm/xcode
builtin-SwiftPerFileCompile UniqueSet+Hashable.swift
SwiftCompile normal arm64 /Users/admin/builder/spi-builder-workspace/.dependencies/checkouts/swift-collections/Sources/BasicContainers/UniqueSet/UniqueSet+Index.swift (in target 'BasicContainers' from project 'swift-collections')
cd /Users/admin/builder/spi-builder-workspace/.swiftpm/xcode
builtin-SwiftPerFileCompile UniqueSet+Index.swift
SwiftCompile normal arm64 /Users/admin/builder/spi-builder-workspace/.dependencies/checkouts/swift-collections/Sources/BasicContainers/UniqueSet/UniqueSet+Initializers.swift (in target 'BasicContainers' from project 'swift-collections')
cd /Users/admin/builder/spi-builder-workspace/.swiftpm/xcode
builtin-SwiftPerFileCompile UniqueSet+Initializers.swift
SwiftCompile normal arm64 /Users/admin/builder/spi-builder-workspace/.dependencies/checkouts/swift-collections/Sources/BasicContainers/UniqueSet/UniqueSet+Insertions.swift (in target 'BasicContainers' from project 'swift-collections')
cd /Users/admin/builder/spi-builder-workspace/.swiftpm/xcode
builtin-SwiftPerFileCompile UniqueSet+Insertions.swift
SwiftCompile normal arm64 /Users/admin/builder/spi-builder-workspace/.dependencies/checkouts/swift-collections/Sources/BasicContainers/UniqueSet/UniqueSet+Iterable.swift (in target 'BasicContainers' from project 'swift-collections')
cd /Users/admin/builder/spi-builder-workspace/.swiftpm/xcode
builtin-SwiftPerFileCompile UniqueSet+Iterable.swift
SwiftCompile normal arm64 /Users/admin/builder/spi-builder-workspace/.dependencies/checkouts/swift-collections/Sources/BasicContainers/UniqueSet/UniqueSet+Lookup.swift (in target 'BasicContainers' from project 'swift-collections')
cd /Users/admin/builder/spi-builder-workspace/.swiftpm/xcode
builtin-SwiftPerFileCompile UniqueSet+Lookup.swift
SwiftCompile normal arm64 /Users/admin/builder/spi-builder-workspace/.dependencies/checkouts/swift-collections/Sources/BasicContainers/UniqueSet/UniqueSet+Removals.swift (in target 'BasicContainers' from project 'swift-collections')
cd /Users/admin/builder/spi-builder-workspace/.swiftpm/xcode
builtin-SwiftPerFileCompile UniqueSet+Removals.swift
SwiftCompile normal arm64 /Users/admin/builder/spi-builder-workspace/.dependencies/checkouts/swift-collections/Sources/BasicContainers/UniqueSet/UniqueSet+Resizing.swift (in target 'BasicContainers' from project 'swift-collections')
cd /Users/admin/builder/spi-builder-workspace/.swiftpm/xcode
builtin-SwiftPerFileCompile UniqueSet+Resizing.swift
SwiftCompile normal arm64 /Users/admin/builder/spi-builder-workspace/.dependencies/checkouts/swift-collections/Sources/BasicContainers/UniqueSet/UniqueSet.swift (in target 'BasicContainers' from project 'swift-collections')
cd /Users/admin/builder/spi-builder-workspace/.swiftpm/xcode
builtin-SwiftPerFileCompile UniqueSet.swift
SwiftDriverJobDiscovery normal arm64 Compiling RigidDictionary.swift, RigidSet+Consumption.swift, RigidSet+Debugging.swift, RigidSet+Deprecated.swift, RigidSet+Equatable.swift, RigidSet+Hashable.swift, RigidSet+Index.swift, RigidSet+Initializers.swift, RigidSet+Insertions.swift (in target 'BasicContainers' from project 'swift-collections')
SwiftCompile normal arm64 Compiling\ UniqueDictionary+Keys.swift,\ UniqueDictionary+Lookup.swift,\ UniqueDictionary+Removals.swift,\ UniqueDictionary+Resizing.swift,\ UniqueDictionary.swift,\ UniqueSet+Consumption.swift,\ UniqueSet+Debugging.swift,\ UniqueSet+Deprecated.swift,\ UniqueSet+Equatable.swift /Users/admin/builder/spi-builder-workspace/.dependencies/checkouts/swift-collections/Sources/BasicContainers/UniqueDictionary/UniqueDictionary+Keys.swift /Users/admin/builder/spi-builder-workspace/.dependencies/checkouts/swift-collections/Sources/BasicContainers/UniqueDictionary/UniqueDictionary+Lookup.swift /Users/admin/builder/spi-builder-workspace/.dependencies/checkouts/swift-collections/Sources/BasicContainers/UniqueDictionary/UniqueDictionary+Removals.swift /Users/admin/builder/spi-builder-workspace/.dependencies/checkouts/swift-collections/Sources/BasicContainers/UniqueDictionary/UniqueDictionary+Resizing.swift /Users/admin/builder/spi-builder-workspace/.dependencies/checkouts/swift-collections/Sources/BasicContainers/UniqueDictionary/UniqueDictionary.swift /Users/admin/builder/spi-builder-workspace/.dependencies/checkouts/swift-collections/Sources/BasicContainers/UniqueSet/UniqueSet+Consumption.swift /Users/admin/builder/spi-builder-workspace/.dependencies/checkouts/swift-collections/Sources/BasicContainers/UniqueSet/UniqueSet+Debugging.swift /Users/admin/builder/spi-builder-workspace/.dependencies/checkouts/swift-collections/Sources/BasicContainers/UniqueSet/UniqueSet+Deprecated.swift /Users/admin/builder/spi-builder-workspace/.dependencies/checkouts/swift-collections/Sources/BasicContainers/UniqueSet/UniqueSet+Equatable.swift (in target 'BasicContainers' from project 'swift-collections')
SwiftCompile normal arm64 /Users/admin/builder/spi-builder-workspace/.dependencies/checkouts/swift-collections/Sources/BasicContainers/UniqueDictionary/UniqueDictionary+Keys.swift (in target 'BasicContainers' from project 'swift-collections')
cd /Users/admin/builder/spi-builder-workspace/.swiftpm/xcode
builtin-SwiftPerFileCompile UniqueDictionary+Keys.swift
SwiftCompile normal arm64 /Users/admin/builder/spi-builder-workspace/.dependencies/checkouts/swift-collections/Sources/BasicContainers/UniqueDictionary/UniqueDictionary+Lookup.swift (in target 'BasicContainers' from project 'swift-collections')
cd /Users/admin/builder/spi-builder-workspace/.swiftpm/xcode
builtin-SwiftPerFileCompile UniqueDictionary+Lookup.swift
SwiftCompile normal arm64 /Users/admin/builder/spi-builder-workspace/.dependencies/checkouts/swift-collections/Sources/BasicContainers/UniqueDictionary/UniqueDictionary+Removals.swift (in target 'BasicContainers' from project 'swift-collections')
cd /Users/admin/builder/spi-builder-workspace/.swiftpm/xcode
builtin-SwiftPerFileCompile UniqueDictionary+Removals.swift
SwiftCompile normal arm64 /Users/admin/builder/spi-builder-workspace/.dependencies/checkouts/swift-collections/Sources/BasicContainers/UniqueDictionary/UniqueDictionary+Resizing.swift (in target 'BasicContainers' from project 'swift-collections')
cd /Users/admin/builder/spi-builder-workspace/.swiftpm/xcode
builtin-SwiftPerFileCompile UniqueDictionary+Resizing.swift
SwiftCompile normal arm64 /Users/admin/builder/spi-builder-workspace/.dependencies/checkouts/swift-collections/Sources/BasicContainers/UniqueDictionary/UniqueDictionary.swift (in target 'BasicContainers' from project 'swift-collections')
cd /Users/admin/builder/spi-builder-workspace/.swiftpm/xcode
builtin-SwiftPerFileCompile UniqueDictionary.swift
SwiftCompile normal arm64 /Users/admin/builder/spi-builder-workspace/.dependencies/checkouts/swift-collections/Sources/BasicContainers/UniqueSet/UniqueSet+Consumption.swift (in target 'BasicContainers' from project 'swift-collections')
cd /Users/admin/builder/spi-builder-workspace/.swiftpm/xcode
builtin-SwiftPerFileCompile UniqueSet+Consumption.swift
SwiftCompile normal arm64 /Users/admin/builder/spi-builder-workspace/.dependencies/checkouts/swift-collections/Sources/BasicContainers/UniqueSet/UniqueSet+Debugging.swift (in target 'BasicContainers' from project 'swift-collections')
cd /Users/admin/builder/spi-builder-workspace/.swiftpm/xcode
builtin-SwiftPerFileCompile UniqueSet+Debugging.swift
SwiftCompile normal arm64 /Users/admin/builder/spi-builder-workspace/.dependencies/checkouts/swift-collections/Sources/BasicContainers/UniqueSet/UniqueSet+Deprecated.swift (in target 'BasicContainers' from project 'swift-collections')
cd /Users/admin/builder/spi-builder-workspace/.swiftpm/xcode
builtin-SwiftPerFileCompile UniqueSet+Deprecated.swift
SwiftCompile normal arm64 /Users/admin/builder/spi-builder-workspace/.dependencies/checkouts/swift-collections/Sources/BasicContainers/UniqueSet/UniqueSet+Equatable.swift (in target 'BasicContainers' from project 'swift-collections')
cd /Users/admin/builder/spi-builder-workspace/.swiftpm/xcode
builtin-SwiftPerFileCompile UniqueSet+Equatable.swift
SwiftExplicitDependencyGeneratePcm arm64 /Users/admin/builder/spi-builder-workspace/.derivedData/SDKExplicitPrecompiledModules/Darwin-1VTILT8KA42CNDAUB0H1FM7MC.pcm
SwiftDriverJobDiscovery normal arm64 Compiling UniqueSet+Hashable.swift, UniqueSet+Index.swift, UniqueSet+Initializers.swift, UniqueSet+Insertions.swift, UniqueSet+Iterable.swift, UniqueSet+Lookup.swift, UniqueSet+Removals.swift, UniqueSet+Resizing.swift, UniqueSet.swift (in target 'BasicContainers' from project 'swift-collections')
Ld /Users/admin/builder/spi-builder-workspace/.derivedData/Build/Products/Debug-appletvos/SpanPreview.o normal (in target 'SpanPreview' from project 'swift-collections')
cd /Users/admin/builder/spi-builder-workspace/.dependencies/checkouts/swift-collections
/Applications/Xcode-27.0.0-Release.Candidate.app/Contents/Developer/Toolchains/XcodeDefault.xctoolchain/usr/bin/clang -Xlinker -reproducible -target arm64-apple-tvos15.0 -r -isysroot /Applications/Xcode-27.0.0-Release.Candidate.app/Contents/Developer/Platforms/AppleTVOS.platform/Developer/SDKs/AppleTVOS27.0.sdk -O0 -w -Xlinker -no_warn_duplicate_libraries -F/Users/admin/builder/spi-builder-workspace/.derivedData/Build/Intermediates.noindex/EagerLinkingTBDs/Debug-appletvos -F/Users/admin/builder/spi-builder-workspace/.derivedData/Build/Products/Debug-appletvos/PackageFrameworks -F/Users/admin/builder/spi-builder-workspace/.derivedData/Build/Products/Debug-appletvos -iframework /Applications/Xcode-27.0.0-Release.Candidate.app/Contents/Developer/Platforms/AppleTVOS.platform/Developer/Library/Frameworks -iframework /Applications/Xcode-27.0.0-Release.Candidate.app/Contents/Developer/Platforms/AppleTVOS.platform/Developer/SDKs/AppleTVOS27.0.sdk/Developer/Library/Frameworks -filelist /Users/admin/builder/spi-builder-workspace/.derivedData/Build/Intermediates.noindex/swift-collections.build/Debug-appletvos/SpanPreview-t.build/Objects-normal/arm64/SpanPreview.LinkFileList -nostdlib -Xlinker -object_path_lto -Xlinker /Users/admin/builder/spi-builder-workspace/.derivedData/Build/Intermediates.noindex/swift-collections.build/Debug-appletvos/SpanPreview-t.build/Objects-normal/arm64/SpanPreview_lto.o -Xlinker -no_deduplicate -Xlinker -debug_variant -Xlinker -dependency_info -Xlinker /Users/admin/builder/spi-builder-workspace/.derivedData/Build/Intermediates.noindex/swift-collections.build/Debug-appletvos/SpanPreview-t.build/Objects-normal/arm64/SpanPreview_dependency_info.dat -fobjc-link-runtime -L/Applications/Xcode-27.0.0-Release.Candidate.app/Contents/Developer/Toolchains/XcodeDefault.xctoolchain/usr/lib/swift/appletvos -L/usr/lib/swift -Xlinker -add_ast_path -Xlinker /Users/admin/builder/spi-builder-workspace/.derivedData/Build/Intermediates.noindex/swift-collections.build/Debug-appletvos/SpanPreview-t.build/Objects-normal/arm64/SpanPreview.swiftmodule -o /Users/admin/builder/spi-builder-workspace/.derivedData/Build/Products/Debug-appletvos/SpanPreview.o
SwiftDriverJobDiscovery normal arm64 Compiling RigidSet+Iterable.swift, RigidSet+Lookup.swift, RigidSet+Removals.swift, RigidSet+Resizing.swift, RigidSet.swift, UniqueArray+Append.swift, UniqueArray+Consumption.swift, UniqueArray+ContainerOperations.swift, UniqueArray+Deprecated.swift (in target 'BasicContainers' from project 'swift-collections')
SwiftDriverJobDiscovery normal arm64 Compiling UniqueArray+Descriptions.swift, UniqueArray+Equatable.swift, UniqueArray+Experimental.swift, UniqueArray+Hashable.swift, UniqueArray+Initializers.swift, UniqueArray+Insertions.swift, UniqueArray+Iterable.swift, UniqueArray+Removals.swift, UniqueArray+Replacements.swift (in target 'BasicContainers' from project 'swift-collections')
ExtractAppIntentsMetadata (in target 'SpanPreview' from project 'swift-collections')
cd /Users/admin/builder/spi-builder-workspace/.dependencies/checkouts/swift-collections
/Applications/Xcode-27.0.0-Release.Candidate.app/Contents/Developer/Toolchains/XcodeDefault.xctoolchain/usr/bin/appintentsmetadataprocessor --toolchain-dir /var/run/com.apple.security.cryptexd/mnt/com.apple.MobileAsset.MetalToolchain-v27.1.266.1.EYz7UI/Metal.xctoolchain --module-name SpanPreview --sdk-root /Applications/Xcode-27.0.0-Release.Candidate.app/Contents/Developer/Platforms/AppleTVOS.platform/Developer/SDKs/AppleTVOS27.0.sdk --xcode-version 27A266a --platform-family tvOS --deployment-target 15.0 --bundle-identifier swift-collections.SpanPreview --output /Users/admin/builder/spi-builder-workspace/.derivedData/Build/Products/Debug-appletvos/SpanPreview.appintents --target-triple arm64-apple-tvos15.0 --binary-file /Users/admin/builder/spi-builder-workspace/.derivedData/Build/Products/Debug-appletvos/SpanPreview.o --dependency-file /Users/admin/builder/spi-builder-workspace/.derivedData/Build/Intermediates.noindex/swift-collections.build/Debug-appletvos/SpanPreview-t.build/Objects-normal/arm64/SpanPreview_dependency_info.dat --stringsdata-file /Users/admin/builder/spi-builder-workspace/.derivedData/Build/Intermediates.noindex/swift-collections.build/Debug-appletvos/SpanPreview-t.build/Objects-normal/arm64/ExtractedAppShortcutsMetadata.stringsdata --source-file-list /Users/admin/builder/spi-builder-workspace/.derivedData/Build/Intermediates.noindex/swift-collections.build/Debug-appletvos/SpanPreview-t.build/Objects-normal/arm64/SpanPreview.SwiftFileList --metadata-file-list /Users/admin/builder/spi-builder-workspace/.derivedData/Build/Intermediates.noindex/swift-collections.build/Debug-appletvos/SpanPreview-t.build/SpanPreview.DependencyMetadataFileList --static-metadata-file-list /Users/admin/builder/spi-builder-workspace/.derivedData/Build/Intermediates.noindex/swift-collections.build/Debug-appletvos/SpanPreview-t.build/SpanPreview.DependencyStaticMetadataFileList --swift-const-vals-list /Users/admin/builder/spi-builder-workspace/.derivedData/Build/Intermediates.noindex/swift-collections.build/Debug-appletvos/SpanPreview-t.build/Objects-normal/arm64/SpanPreview.SwiftConstValuesFileList --force --compile-time-extraction --deployment-aware-processing --no-app-shortcuts-localization
2026-09-24 06:52:41.522 appintentsmetadataprocessor[938:5536] Starting appintentsmetadataprocessor export
2026-09-24 06:52:41.583 appintentsmetadataprocessor[938:5536] Extracted no relevant App Intents symbols, skipping writing output
SwiftDriverJobDiscovery normal arm64 Compiling UniqueArray.swift, UniqueDictionary+Consumption.swift, UniqueDictionary+Debugging.swift, UniqueDictionary+Equatable.swift, UniqueDictionary+Hashable.swift, UniqueDictionary+Index.swift, UniqueDictionary+Indices.swift, UniqueDictionary+Initializers.swift, UniqueDictionary+Insertions.swift (in target 'BasicContainers' from project 'swift-collections')
SwiftDriverJobDiscovery normal arm64 Compiling UniqueDictionary+Keys.swift, UniqueDictionary+Lookup.swift, UniqueDictionary+Removals.swift, UniqueDictionary+Resizing.swift, UniqueDictionary.swift, UniqueSet+Consumption.swift, UniqueSet+Debugging.swift, UniqueSet+Deprecated.swift, UniqueSet+Equatable.swift (in target 'BasicContainers' from project 'swift-collections')
SwiftDriverJobDiscovery normal arm64 Compiling RigidArray+Hashable.swift, RigidArray+Initializers.swift, RigidArray+Insertions.swift, RigidArray+Iterable.swift, RigidArray+Removals.swift, RigidArray+Replacements.swift, RigidArray.swift, RigidDictionary+Consumption.swift, RigidDictionary+Debugging.swift, RigidDictionary+Equatable.swift (in target 'BasicContainers' from project 'swift-collections')
SwiftExplicitDependencyGeneratePcm arm64 /Users/admin/builder/spi-builder-workspace/.derivedData/SDKExplicitPrecompiledModules/ObjectiveC-CC0BYHG21IQMMT48PGDNSK7G6.pcm
SwiftDriverJobDiscovery normal arm64 Emitting module for BasicContainers (in target 'BasicContainers' from project 'swift-collections')
SwiftDriver\ Compilation\ Requirements BasicContainers normal arm64 com.apple.xcode.tools.swift.compiler (in target 'BasicContainers' from project 'swift-collections')
cd /Users/admin/builder/spi-builder-workspace/.swiftpm/xcode
builtin-Swift-Compilation-Requirements -- /Applications/Xcode-27.0.0-Release.Candidate.app/Contents/Developer/Toolchains/XcodeDefault.xctoolchain/usr/bin/swiftc -parse-as-library -module-name BasicContainers -Onone @/Users/admin/builder/spi-builder-workspace/.derivedData/Build/Intermediates.noindex/swift-collections.build/Debug-appletvos/BasicContainers-t.build/Objects-normal/arm64/BasicContainers.SwiftFileList -DSWIFT_PACKAGE -DDEBUG -DSWIFT_MODULE_RESOURCE_BUNDLE_UNAVAILABLE -DCOLLECTIONS_RANDOMIZED_TESTING -DXcode -enable-experimental-feature AvailabilityMacro\=SwiftStdlib\ 5.0:\ macOS\ 10.14.4,\ iOS\ 12.2,\ watchOS\ 5.2,\ tvOS\ 12.2 -enable-experimental-feature AvailabilityMacro\=SwiftStdlib\ 5.1:\ macOS\ 10.15,\ iOS\ 13.0,\ watchOS\ 6.0,\ tvOS\ 13.0 -enable-experimental-feature AvailabilityMacro\=SwiftStdlib\ 5.6:\ macOS\ 12.3,\ iOS\ 15.4,\ watchOS\ 8.5,\ tvOS\ 15.4 -enable-experimental-feature AvailabilityMacro\=SwiftStdlib\ 5.7:\ macOS\ 13.0,\ iOS\ 16.0,\ watchOS\ 9.0,\ tvOS\ 16.0 -enable-experimental-feature AvailabilityMacro\=SwiftStdlib\ 5.8:\ macOS\ 13.3,\ iOS\ 16.4,\ watchOS\ 9.4,\ tvOS\ 16.4 -enable-experimental-feature AvailabilityMacro\=SwiftStdlib\ 5.9:\ macOS\ 14.0,\ iOS\ 17.0,\ watchOS\ 10.0,\ tvOS\ 17.0 -enable-experimental-feature AvailabilityMacro\=SwiftStdlib\ 5.10:\ macOS\ 14.4,\ iOS\ 17.4,\ watchOS\ 10.4,\ tvOS\ 17.4,\ visionOS\ 1.1 -enable-experimental-feature AvailabilityMacro\=SwiftStdlib\ 6.0:\ macOS\ 15.0,\ iOS\ 18.0,\ watchOS\ 11.0,\ tvOS\ 18.0,\ visionOS\ 2.0 -enable-experimental-feature AvailabilityMacro\=SwiftStdlib\ 6.1:\ macOS\ 15.4,\ iOS\ 18.4,\ watchOS\ 11.4,\ tvOS\ 18.4,\ visionOS\ 2.4 -enable-experimental-feature AvailabilityMacro\=SwiftStdlib\ 6.2:\ macOS\ 26.0,\ iOS\ 26.0,\ watchOS\ 26.0,\ tvOS\ 26.0,\ visionOS\ 26.0 -enable-experimental-feature AvailabilityMacro\=SwiftStdlib\ 6.3:\ macOS\ 26.4,\ iOS\ 26.4,\ watchOS\ 26.4,\ tvOS\ 26.4,\ visionOS\ 26.4 -enable-experimental-feature AvailabilityMacro\=SwiftStdlib\ 6.4:\ macOS\ 27.0,\ iOS\ 27.0,\ watchOS\ 27.0,\ tvOS\ 27.0,\ visionOS\ 27.0 -enable-experimental-feature AvailabilityMacro\=SwiftStdlib\ 6.5:\ macOS\ 9999,\ iOS\ 9999,\ watchOS\ 9999,\ tvOS\ 9999,\ visionOS\ 9999 -enable-upcoming-feature MemberImportVisibility -enable-experimental-feature BuiltinModule -enable-experimental-feature Lifetimes -enable-experimental-feature InoutLifetimeDependence -enable-experimental-feature AddressableParameters -enable-experimental-feature AddressableTypes -enable-experimental-feature SuppressedAssociatedTypesWithDefaults -enable-experimental-feature BorrowingSequence -plugin-path /Applications/Xcode-27.0.0-Release.Candidate.app/Contents/Developer/Toolchains/XcodeDefault.xctoolchain/usr/lib/swift/host/plugins/testing -enable-experimental-feature DebugDescriptionMacro -sdk /Applications/Xcode-27.0.0-Release.Candidate.app/Contents/Developer/Platforms/AppleTVOS.platform/Developer/SDKs/AppleTVOS27.0.sdk -target arm64-apple-tvos15.0 -g -module-cache-path /Users/admin/builder/spi-builder-workspace/.derivedData/ModuleCache.noindex -Xfrontend -serialize-debugging-options -profile-coverage-mapping -profile-generate -enable-testing -suppress-warnings -index-store-path /Users/admin/builder/spi-builder-workspace/.derivedData/Index.noindex/DataStore -Xcc -D_LIBCPP_HARDENING_MODE\=_LIBCPP_HARDENING_MODE_DEBUG -swift-version 6 -I /Users/admin/builder/spi-builder-workspace/.derivedData/Build/Products/Debug-appletvos -Isystem /Applications/Xcode-27.0.0-Release.Candidate.app/Contents/Developer/Platforms/AppleTVOS.platform/Developer/usr/lib -F /Users/admin/builder/spi-builder-workspace/.derivedData/Build/Products/Debug-appletvos/PackageFrameworks -F /Users/admin/builder/spi-builder-workspace/.derivedData/Build/Products/Debug-appletvos -F /Applications/Xcode-27.0.0-Release.Candidate.app/Contents/Developer/Platforms/AppleTVOS.platform/Developer/Library/Frameworks -F /Applications/Xcode-27.0.0-Release.Candidate.app/Contents/Developer/Platforms/AppleTVOS.platform/Developer/SDKs/AppleTVOS27.0.sdk/Developer/Library/Frameworks -c -j10 -enable-batch-mode -incremental -Xcc -ivfsstatcache -Xcc /Users/admin/builder/spi-builder-workspace/.derivedData/SDKStatCaches.noindex/appletvos27.0-24J360-e829b21a6f8c9b70876ba0858053c044b32bfd8d43560033f8d89884cdb90028.sdkstatcache -output-file-map /Users/admin/builder/spi-builder-workspace/.derivedData/Build/Intermediates.noindex/swift-collections.build/Debug-appletvos/BasicContainers-t.build/Objects-normal/arm64/BasicContainers-OutputFileMap.json -save-temps -no-color-diagnostics -explicit-module-build -module-cache-path /Users/admin/builder/spi-builder-workspace/.derivedData/Build/Intermediates.noindex/SwiftExplicitPrecompiledModules -clang-scanner-module-cache-path /Users/admin/builder/spi-builder-workspace/.derivedData/ModuleCache.noindex -sdk-module-cache-path /Users/admin/builder/spi-builder-workspace/.derivedData/SDKExplicitPrecompiledModules -emit-dependencies -emit-module -emit-module-path /Users/admin/builder/spi-builder-workspace/.derivedData/Build/Intermediates.noindex/swift-collections.build/Debug-appletvos/BasicContainers-t.build/Objects-normal/arm64/BasicContainers.swiftmodule -serialize-diagnostics -dependency-scan-serialize-diagnostics-path /Users/admin/builder/spi-builder-workspace/.derivedData/Build/Intermediates.noindex/swift-collections.build/Debug-appletvos/BasicContainers-t.build/Objects-normal/arm64/BasicContainers-dependency-scan.dia -user-module-version 1.7.0 -validate-clang-modules-once -clang-build-session-file /Users/admin/builder/spi-builder-workspace/.derivedData/ModuleCache.noindex/Session.modulevalidation -Xcc -fmodules-prune-interval\=86400 -Xcc -fmodules-prune-after\=345600 -package-name swift_collections -emit-const-values -const-gather-protocols-list /Users/admin/builder/spi-builder-workspace/.derivedData/Build/Intermediates.noindex/swift-collections.build/Debug-appletvos/BasicContainers-t.build/Objects-normal/arm64/BasicContainers_const_extract_protocols.json -Xcc -I/Users/admin/builder/spi-builder-workspace/.derivedData/Build/Products/Debug-appletvos/include -Xcc -I/Users/admin/builder/spi-builder-workspace/.derivedData/Build/Intermediates.noindex/swift-collections.build/Debug-appletvos/BasicContainers-t.build/DerivedSources-normal/arm64 -Xcc -I/Users/admin/builder/spi-builder-workspace/.derivedData/Build/Intermediates.noindex/swift-collections.build/Debug-appletvos/BasicContainers-t.build/DerivedSources/arm64 -Xcc -I/Users/admin/builder/spi-builder-workspace/.derivedData/Build/Intermediates.noindex/swift-collections.build/Debug-appletvos/BasicContainers-t.build/DerivedSources -Xcc -DSWIFT_PACKAGE -Xcc -DDEBUG\=1 -emit-objc-header -emit-objc-header-path /Users/admin/builder/spi-builder-workspace/.derivedData/Build/Intermediates.noindex/swift-collections.build/Debug-appletvos/BasicContainers-t.build/Objects-normal/arm64/BasicContainers-Swift.h -working-directory /Users/admin/builder/spi-builder-workspace/.swiftpm/xcode -experimental-emit-module-separately -disable-cmo
SwiftMergeGeneratedHeaders /Users/admin/builder/spi-builder-workspace/.derivedData/Build/Intermediates.noindex/GeneratedModuleMaps-appletvos/BasicContainers-Swift.h /Users/admin/builder/spi-builder-workspace/.derivedData/Build/Intermediates.noindex/swift-collections.build/Debug-appletvos/BasicContainers-t.build/Objects-normal/arm64/BasicContainers-Swift.h (in target 'BasicContainers' from project 'swift-collections')
cd /Users/admin/builder/spi-builder-workspace/.dependencies/checkouts/swift-collections
builtin-swiftHeaderTool -arch arm64 /Users/admin/builder/spi-builder-workspace/.derivedData/Build/Intermediates.noindex/swift-collections.build/Debug-appletvos/BasicContainers-t.build/Objects-normal/arm64/BasicContainers-Swift.h -o /Users/admin/builder/spi-builder-workspace/.derivedData/Build/Intermediates.noindex/GeneratedModuleMaps-appletvos/BasicContainers-Swift.h
Copy /Users/admin/builder/spi-builder-workspace/.derivedData/Build/Products/Debug-appletvos/BasicContainers.swiftmodule/arm64-apple-tvos.abi.json /Users/admin/builder/spi-builder-workspace/.derivedData/Build/Intermediates.noindex/swift-collections.build/Debug-appletvos/BasicContainers-t.build/Objects-normal/arm64/BasicContainers.abi.json (in target 'BasicContainers' from project 'swift-collections')
cd /Users/admin/builder/spi-builder-workspace/.dependencies/checkouts/swift-collections
builtin-copy -exclude .DS_Store -exclude CVS -exclude .svn -exclude .git -exclude .hg -resolve-src-symlinks -rename /Users/admin/builder/spi-builder-workspace/.derivedData/Build/Intermediates.noindex/swift-collections.build/Debug-appletvos/BasicContainers-t.build/Objects-normal/arm64/BasicContainers.abi.json /Users/admin/builder/spi-builder-workspace/.derivedData/Build/Products/Debug-appletvos/BasicContainers.swiftmodule/arm64-apple-tvos.abi.json
Copy /Users/admin/builder/spi-builder-workspace/.derivedData/Build/Products/Debug-appletvos/BasicContainers.swiftmodule/arm64-apple-tvos.swiftmodule /Users/admin/builder/spi-builder-workspace/.derivedData/Build/Intermediates.noindex/swift-collections.build/Debug-appletvos/BasicContainers-t.build/Objects-normal/arm64/BasicContainers.swiftmodule (in target 'BasicContainers' from project 'swift-collections')
cd /Users/admin/builder/spi-builder-workspace/.dependencies/checkouts/swift-collections
builtin-copy -exclude .DS_Store -exclude CVS -exclude .svn -exclude .git -exclude .hg -resolve-src-symlinks -rename /Users/admin/builder/spi-builder-workspace/.derivedData/Build/Intermediates.noindex/swift-collections.build/Debug-appletvos/BasicContainers-t.build/Objects-normal/arm64/BasicContainers.swiftmodule /Users/admin/builder/spi-builder-workspace/.derivedData/Build/Products/Debug-appletvos/BasicContainers.swiftmodule/arm64-apple-tvos.swiftmodule
Copy /Users/admin/builder/spi-builder-workspace/.derivedData/Build/Products/Debug-appletvos/BasicContainers.swiftmodule/arm64-apple-tvos.swiftdoc /Users/admin/builder/spi-builder-workspace/.derivedData/Build/Intermediates.noindex/swift-collections.build/Debug-appletvos/BasicContainers-t.build/Objects-normal/arm64/BasicContainers.swiftdoc (in target 'BasicContainers' from project 'swift-collections')
cd /Users/admin/builder/spi-builder-workspace/.dependencies/checkouts/swift-collections
builtin-copy -exclude .DS_Store -exclude CVS -exclude .svn -exclude .git -exclude .hg -resolve-src-symlinks -rename /Users/admin/builder/spi-builder-workspace/.derivedData/Build/Intermediates.noindex/swift-collections.build/Debug-appletvos/BasicContainers-t.build/Objects-normal/arm64/BasicContainers.swiftdoc /Users/admin/builder/spi-builder-workspace/.derivedData/Build/Products/Debug-appletvos/BasicContainers.swiftmodule/arm64-apple-tvos.swiftdoc
Copy /Users/admin/builder/spi-builder-workspace/.derivedData/Build/Products/Debug-appletvos/BasicContainers.swiftmodule/Project/arm64-apple-tvos.swiftsourceinfo /Users/admin/builder/spi-builder-workspace/.derivedData/Build/Intermediates.noindex/swift-collections.build/Debug-appletvos/BasicContainers-t.build/Objects-normal/arm64/BasicContainers.swiftsourceinfo (in target 'BasicContainers' from project 'swift-collections')
cd /Users/admin/builder/spi-builder-workspace/.dependencies/checkouts/swift-collections
builtin-copy -exclude .DS_Store -exclude CVS -exclude .svn -exclude .git -exclude .hg -resolve-src-symlinks -rename /Users/admin/builder/spi-builder-workspace/.derivedData/Build/Intermediates.noindex/swift-collections.build/Debug-appletvos/BasicContainers-t.build/Objects-normal/arm64/BasicContainers.swiftsourceinfo /Users/admin/builder/spi-builder-workspace/.derivedData/Build/Products/Debug-appletvos/BasicContainers.swiftmodule/Project/arm64-apple-tvos.swiftsourceinfo
SwiftDriverJobDiscovery normal arm64 Compiling _HTable+Sizing.swift, _HTable.swift, RigidArray+Append.swift, RigidArray+Consumption.swift, RigidArray+ContainerOperations.swift, RigidArray+Deprecated.swift, RigidArray+Descriptions.swift, RigidArray+Equatable.swift, RigidArray+Experimental.swift, RigidArray+Formatter.swift (in target 'BasicContainers' from project 'swift-collections')
SwiftExplicitDependencyGeneratePcm arm64 /Users/admin/builder/spi-builder-workspace/.derivedData/SDKExplicitPrecompiledModules/os_object-1TJLDNS7X3UT7Y5TM4QQ2RN6G.pcm
SwiftDriverJobDiscovery normal arm64 Compiling _HTable+Bitmap.swift, _HTable+Bucket.swift, _HTable+Consumption.swift, _HTable+Debug.swift, _HTable+Deprecated.swift, _HTable+Find.swift, _HTable+Insert.swift, _HTable+Iteration.swift, _HTable+Removal.swift, _HTable+Resizing.swift (in target 'BasicContainers' from project 'swift-collections')
SwiftDriver\ Compilation BasicContainers normal arm64 com.apple.xcode.tools.swift.compiler (in target 'BasicContainers' from project 'swift-collections')
cd /Users/admin/builder/spi-builder-workspace/.swiftpm/xcode
builtin-Swift-Compilation -- /Applications/Xcode-27.0.0-Release.Candidate.app/Contents/Developer/Toolchains/XcodeDefault.xctoolchain/usr/bin/swiftc -parse-as-library -module-name BasicContainers -Onone @/Users/admin/builder/spi-builder-workspace/.derivedData/Build/Intermediates.noindex/swift-collections.build/Debug-appletvos/BasicContainers-t.build/Objects-normal/arm64/BasicContainers.SwiftFileList -DSWIFT_PACKAGE -DDEBUG -DSWIFT_MODULE_RESOURCE_BUNDLE_UNAVAILABLE -DCOLLECTIONS_RANDOMIZED_TESTING -DXcode -enable-experimental-feature AvailabilityMacro\=SwiftStdlib\ 5.0:\ macOS\ 10.14.4,\ iOS\ 12.2,\ watchOS\ 5.2,\ tvOS\ 12.2 -enable-experimental-feature AvailabilityMacro\=SwiftStdlib\ 5.1:\ macOS\ 10.15,\ iOS\ 13.0,\ watchOS\ 6.0,\ tvOS\ 13.0 -enable-experimental-feature AvailabilityMacro\=SwiftStdlib\ 5.6:\ macOS\ 12.3,\ iOS\ 15.4,\ watchOS\ 8.5,\ tvOS\ 15.4 -enable-experimental-feature AvailabilityMacro\=SwiftStdlib\ 5.7:\ macOS\ 13.0,\ iOS\ 16.0,\ watchOS\ 9.0,\ tvOS\ 16.0 -enable-experimental-feature AvailabilityMacro\=SwiftStdlib\ 5.8:\ macOS\ 13.3,\ iOS\ 16.4,\ watchOS\ 9.4,\ tvOS\ 16.4 -enable-experimental-feature AvailabilityMacro\=SwiftStdlib\ 5.9:\ macOS\ 14.0,\ iOS\ 17.0,\ watchOS\ 10.0,\ tvOS\ 17.0 -enable-experimental-feature AvailabilityMacro\=SwiftStdlib\ 5.10:\ macOS\ 14.4,\ iOS\ 17.4,\ watchOS\ 10.4,\ tvOS\ 17.4,\ visionOS\ 1.1 -enable-experimental-feature AvailabilityMacro\=SwiftStdlib\ 6.0:\ macOS\ 15.0,\ iOS\ 18.0,\ watchOS\ 11.0,\ tvOS\ 18.0,\ visionOS\ 2.0 -enable-experimental-feature AvailabilityMacro\=SwiftStdlib\ 6.1:\ macOS\ 15.4,\ iOS\ 18.4,\ watchOS\ 11.4,\ tvOS\ 18.4,\ visionOS\ 2.4 -enable-experimental-feature AvailabilityMacro\=SwiftStdlib\ 6.2:\ macOS\ 26.0,\ iOS\ 26.0,\ watchOS\ 26.0,\ tvOS\ 26.0,\ visionOS\ 26.0 -enable-experimental-feature AvailabilityMacro\=SwiftStdlib\ 6.3:\ macOS\ 26.4,\ iOS\ 26.4,\ watchOS\ 26.4,\ tvOS\ 26.4,\ visionOS\ 26.4 -enable-experimental-feature AvailabilityMacro\=SwiftStdlib\ 6.4:\ macOS\ 27.0,\ iOS\ 27.0,\ watchOS\ 27.0,\ tvOS\ 27.0,\ visionOS\ 27.0 -enable-experimental-feature AvailabilityMacro\=SwiftStdlib\ 6.5:\ macOS\ 9999,\ iOS\ 9999,\ watchOS\ 9999,\ tvOS\ 9999,\ visionOS\ 9999 -enable-upcoming-feature MemberImportVisibility -enable-experimental-feature BuiltinModule -enable-experimental-feature Lifetimes -enable-experimental-feature InoutLifetimeDependence -enable-experimental-feature AddressableParameters -enable-experimental-feature AddressableTypes -enable-experimental-feature SuppressedAssociatedTypesWithDefaults -enable-experimental-feature BorrowingSequence -plugin-path /Applications/Xcode-27.0.0-Release.Candidate.app/Contents/Developer/Toolchains/XcodeDefault.xctoolchain/usr/lib/swift/host/plugins/testing -enable-experimental-feature DebugDescriptionMacro -sdk /Applications/Xcode-27.0.0-Release.Candidate.app/Contents/Developer/Platforms/AppleTVOS.platform/Developer/SDKs/AppleTVOS27.0.sdk -target arm64-apple-tvos15.0 -g -module-cache-path /Users/admin/builder/spi-builder-workspace/.derivedData/ModuleCache.noindex -Xfrontend -serialize-debugging-options -profile-coverage-mapping -profile-generate -enable-testing -suppress-warnings -index-store-path /Users/admin/builder/spi-builder-workspace/.derivedData/Index.noindex/DataStore -Xcc -D_LIBCPP_HARDENING_MODE\=_LIBCPP_HARDENING_MODE_DEBUG -swift-version 6 -I /Users/admin/builder/spi-builder-workspace/.derivedData/Build/Products/Debug-appletvos -Isystem /Applications/Xcode-27.0.0-Release.Candidate.app/Contents/Developer/Platforms/AppleTVOS.platform/Developer/usr/lib -F /Users/admin/builder/spi-builder-workspace/.derivedData/Build/Products/Debug-appletvos/PackageFrameworks -F /Users/admin/builder/spi-builder-workspace/.derivedData/Build/Products/Debug-appletvos -F /Applications/Xcode-27.0.0-Release.Candidate.app/Contents/Developer/Platforms/AppleTVOS.platform/Developer/Library/Frameworks -F /Applications/Xcode-27.0.0-Release.Candidate.app/Contents/Developer/Platforms/AppleTVOS.platform/Developer/SDKs/AppleTVOS27.0.sdk/Developer/Library/Frameworks -c -j10 -enable-batch-mode -incremental -Xcc -ivfsstatcache -Xcc /Users/admin/builder/spi-builder-workspace/.derivedData/SDKStatCaches.noindex/appletvos27.0-24J360-e829b21a6f8c9b70876ba0858053c044b32bfd8d43560033f8d89884cdb90028.sdkstatcache -output-file-map /Users/admin/builder/spi-builder-workspace/.derivedData/Build/Intermediates.noindex/swift-collections.build/Debug-appletvos/BasicContainers-t.build/Objects-normal/arm64/BasicContainers-OutputFileMap.json -save-temps -no-color-diagnostics -explicit-module-build -module-cache-path /Users/admin/builder/spi-builder-workspace/.derivedData/Build/Intermediates.noindex/SwiftExplicitPrecompiledModules -clang-scanner-module-cache-path /Users/admin/builder/spi-builder-workspace/.derivedData/ModuleCache.noindex -sdk-module-cache-path /Users/admin/builder/spi-builder-workspace/.derivedData/SDKExplicitPrecompiledModules -emit-dependencies -emit-module -emit-module-path /Users/admin/builder/spi-builder-workspace/.derivedData/Build/Intermediates.noindex/swift-collections.build/Debug-appletvos/BasicContainers-t.build/Objects-normal/arm64/BasicContainers.swiftmodule -serialize-diagnostics -dependency-scan-serialize-diagnostics-path /Users/admin/builder/spi-builder-workspace/.derivedData/Build/Intermediates.noindex/swift-collections.build/Debug-appletvos/BasicContainers-t.build/Objects-normal/arm64/BasicContainers-dependency-scan.dia -user-module-version 1.7.0 -validate-clang-modules-once -clang-build-session-file /Users/admin/builder/spi-builder-workspace/.derivedData/ModuleCache.noindex/Session.modulevalidation -Xcc -fmodules-prune-interval\=86400 -Xcc -fmodules-prune-after\=345600 -package-name swift_collections -emit-const-values -const-gather-protocols-list /Users/admin/builder/spi-builder-workspace/.derivedData/Build/Intermediates.noindex/swift-collections.build/Debug-appletvos/BasicContainers-t.build/Objects-normal/arm64/BasicContainers_const_extract_protocols.json -Xcc -I/Users/admin/builder/spi-builder-workspace/.derivedData/Build/Products/Debug-appletvos/include -Xcc -I/Users/admin/builder/spi-builder-workspace/.derivedData/Build/Intermediates.noindex/swift-collections.build/Debug-appletvos/BasicContainers-t.build/DerivedSources-normal/arm64 -Xcc -I/Users/admin/builder/spi-builder-workspace/.derivedData/Build/Intermediates.noindex/swift-collections.build/Debug-appletvos/BasicContainers-t.build/DerivedSources/arm64 -Xcc -I/Users/admin/builder/spi-builder-workspace/.derivedData/Build/Intermediates.noindex/swift-collections.build/Debug-appletvos/BasicContainers-t.build/DerivedSources -Xcc -DSWIFT_PACKAGE -Xcc -DDEBUG\=1 -emit-objc-header -emit-objc-header-path /Users/admin/builder/spi-builder-workspace/.derivedData/Build/Intermediates.noindex/swift-collections.build/Debug-appletvos/BasicContainers-t.build/Objects-normal/arm64/BasicContainers-Swift.h -working-directory /Users/admin/builder/spi-builder-workspace/.swiftpm/xcode -experimental-emit-module-separately -disable-cmo
SwiftExplicitDependencyGeneratePcm arm64 /Users/admin/builder/spi-builder-workspace/.derivedData/SDKExplicitPrecompiledModules/os_workgroup-E61GF9E8FAHZGKXVOV9QHUD27.pcm
Ld /Users/admin/builder/spi-builder-workspace/.derivedData/Build/Products/Debug-appletvos/BasicContainers.o normal (in target 'BasicContainers' from project 'swift-collections')
cd /Users/admin/builder/spi-builder-workspace/.dependencies/checkouts/swift-collections
/Applications/Xcode-27.0.0-Release.Candidate.app/Contents/Developer/Toolchains/XcodeDefault.xctoolchain/usr/bin/clang -Xlinker -reproducible -target arm64-apple-tvos15.0 -r -isysroot /Applications/Xcode-27.0.0-Release.Candidate.app/Contents/Developer/Platforms/AppleTVOS.platform/Developer/SDKs/AppleTVOS27.0.sdk -O0 -w -Xlinker -no_warn_duplicate_libraries -F/Users/admin/builder/spi-builder-workspace/.derivedData/Build/Intermediates.noindex/EagerLinkingTBDs/Debug-appletvos -F/Users/admin/builder/spi-builder-workspace/.derivedData/Build/Products/Debug-appletvos/PackageFrameworks -F/Users/admin/builder/spi-builder-workspace/.derivedData/Build/Products/Debug-appletvos -iframework /Applications/Xcode-27.0.0-Release.Candidate.app/Contents/Developer/Platforms/AppleTVOS.platform/Developer/Library/Frameworks -iframework /Applications/Xcode-27.0.0-Release.Candidate.app/Contents/Developer/Platforms/AppleTVOS.platform/Developer/SDKs/AppleTVOS27.0.sdk/Developer/Library/Frameworks -filelist /Users/admin/builder/spi-builder-workspace/.derivedData/Build/Intermediates.noindex/swift-collections.build/Debug-appletvos/BasicContainers-t.build/Objects-normal/arm64/BasicContainers.LinkFileList -nostdlib -Xlinker -object_path_lto -Xlinker /Users/admin/builder/spi-builder-workspace/.derivedData/Build/Intermediates.noindex/swift-collections.build/Debug-appletvos/BasicContainers-t.build/Objects-normal/arm64/BasicContainers_lto.o -Xlinker -no_deduplicate -Xlinker -debug_variant -Xlinker -dependency_info -Xlinker /Users/admin/builder/spi-builder-workspace/.derivedData/Build/Intermediates.noindex/swift-collections.build/Debug-appletvos/BasicContainers-t.build/Objects-normal/arm64/BasicContainers_dependency_info.dat -fobjc-link-runtime -L/Applications/Xcode-27.0.0-Release.Candidate.app/Contents/Developer/Toolchains/XcodeDefault.xctoolchain/usr/lib/swift/appletvos -L/usr/lib/swift -Xlinker -add_ast_path -Xlinker /Users/admin/builder/spi-builder-workspace/.derivedData/Build/Intermediates.noindex/swift-collections.build/Debug-appletvos/BasicContainers-t.build/Objects-normal/arm64/BasicContainers.swiftmodule -o /Users/admin/builder/spi-builder-workspace/.derivedData/Build/Products/Debug-appletvos/BasicContainers.o
ExtractAppIntentsMetadata (in target 'BasicContainers' from project 'swift-collections')
cd /Users/admin/builder/spi-builder-workspace/.dependencies/checkouts/swift-collections
/Applications/Xcode-27.0.0-Release.Candidate.app/Contents/Developer/Toolchains/XcodeDefault.xctoolchain/usr/bin/appintentsmetadataprocessor --toolchain-dir /var/run/com.apple.security.cryptexd/mnt/com.apple.MobileAsset.MetalToolchain-v27.1.266.1.EYz7UI/Metal.xctoolchain --module-name BasicContainers --sdk-root /Applications/Xcode-27.0.0-Release.Candidate.app/Contents/Developer/Platforms/AppleTVOS.platform/Developer/SDKs/AppleTVOS27.0.sdk --xcode-version 27A266a --platform-family tvOS --deployment-target 15.0 --bundle-identifier swift-collections.BasicContainers --output /Users/admin/builder/spi-builder-workspace/.derivedData/Build/Products/Debug-appletvos/BasicContainers.appintents --target-triple arm64-apple-tvos15.0 --binary-file /Users/admin/builder/spi-builder-workspace/.derivedData/Build/Products/Debug-appletvos/BasicContainers.o --dependency-file /Users/admin/builder/spi-builder-workspace/.derivedData/Build/Intermediates.noindex/swift-collections.build/Debug-appletvos/BasicContainers-t.build/Objects-normal/arm64/BasicContainers_dependency_info.dat --stringsdata-file /Users/admin/builder/spi-builder-workspace/.derivedData/Build/Intermediates.noindex/swift-collections.build/Debug-appletvos/BasicContainers-t.build/Objects-normal/arm64/ExtractedAppShortcutsMetadata.stringsdata --source-file-list /Users/admin/builder/spi-builder-workspace/.derivedData/Build/Intermediates.noindex/swift-collections.build/Debug-appletvos/BasicContainers-t.build/Objects-normal/arm64/BasicContainers.SwiftFileList --metadata-file-list /Users/admin/builder/spi-builder-workspace/.derivedData/Build/Intermediates.noindex/swift-collections.build/Debug-appletvos/BasicContainers-t.build/BasicContainers.DependencyMetadataFileList --static-metadata-file-list /Users/admin/builder/spi-builder-workspace/.derivedData/Build/Intermediates.noindex/swift-collections.build/Debug-appletvos/BasicContainers-t.build/BasicContainers.DependencyStaticMetadataFileList --swift-const-vals-list /Users/admin/builder/spi-builder-workspace/.derivedData/Build/Intermediates.noindex/swift-collections.build/Debug-appletvos/BasicContainers-t.build/Objects-normal/arm64/BasicContainers.SwiftConstValuesFileList --force --compile-time-extraction --deployment-aware-processing --no-app-shortcuts-localization
2026-09-24 06:52:41.859 appintentsmetadataprocessor[944:5583] Starting appintentsmetadataprocessor export
2026-09-24 06:52:41.919 appintentsmetadataprocessor[944:5583] Extracted no relevant App Intents symbols, skipping writing output
SwiftExplicitDependencyGeneratePcm arm64 /Users/admin/builder/spi-builder-workspace/.derivedData/SDKExplicitPrecompiledModules/Dispatch-F564M6B2H1RRD83XZ8EBWFSHE.pcm
SwiftExplicitDependencyGeneratePcm arm64 /Users/admin/builder/spi-builder-workspace/.derivedData/SDKExplicitPrecompiledModules/XPC-2WVXL0UION0MYZOZAJZC6DUXD.pcm
SwiftExplicitDependencyGeneratePcm arm64 /Users/admin/builder/spi-builder-workspace/.derivedData/SDKExplicitPrecompiledModules/CoreFoundation-A4LOYEEJIFQKOPZRDOG9M3N2K.pcm
SwiftExplicitDependencyGeneratePcm arm64 /Users/admin/builder/spi-builder-workspace/.derivedData/SDKExplicitPrecompiledModules/Security-6KU6X9W8QDIJW83JUF0DRES83.pcm
SwiftExplicitDependencyGeneratePcm arm64 /Users/admin/builder/spi-builder-workspace/.derivedData/SDKExplicitPrecompiledModules/CFNetwork-8S7XZ5SI3TWM2JOZPDZPRY8W9.pcm
SwiftExplicitDependencyGeneratePcm arm64 /Users/admin/builder/spi-builder-workspace/.derivedData/SDKExplicitPrecompiledModules/Foundation-1AS5K10MY6XENLLR2NDUCKYTM.pcm
SwiftEmitModule normal arm64 Emitting\ module\ for\ SwiftASN1 (in target 'SwiftASN1' from project 'swift-asn1')
SwiftCompile normal arm64 (in target 'SwiftASN1' from project 'swift-asn1')
cd /Users/admin/builder/spi-builder-workspace/.swiftpm/xcode
SwiftCompile normal arm64 Compiling\ ArraySliceBigint.swift,\ GeneralizedTime.swift /Users/admin/builder/spi-builder-workspace/.dependencies/checkouts/swift-asn1/Sources/SwiftASN1/Basic\ ASN1\ Types/ArraySliceBigint.swift /Users/admin/builder/spi-builder-workspace/.dependencies/checkouts/swift-asn1/Sources/SwiftASN1/Basic\ ASN1\ Types/GeneralizedTime.swift (in target 'SwiftASN1' from project 'swift-asn1')
SwiftCompile normal arm64 /Users/admin/builder/spi-builder-workspace/.dependencies/checkouts/swift-asn1/Sources/SwiftASN1/Basic\ ASN1\ Types/ArraySliceBigint.swift (in target 'SwiftASN1' from project 'swift-asn1')
cd /Users/admin/builder/spi-builder-workspace/.swiftpm/xcode
builtin-SwiftPerFileCompile ArraySliceBigint.swift
SwiftCompile normal arm64 /Users/admin/builder/spi-builder-workspace/.dependencies/checkouts/swift-asn1/Sources/SwiftASN1/Basic\ ASN1\ Types/GeneralizedTime.swift (in target 'SwiftASN1' from project 'swift-asn1')
cd /Users/admin/builder/spi-builder-workspace/.swiftpm/xcode
builtin-SwiftPerFileCompile GeneralizedTime.swift
SwiftCompile normal arm64 Compiling\ DER.swift /Users/admin/builder/spi-builder-workspace/.dependencies/checkouts/swift-asn1/Sources/SwiftASN1/DER.swift (in target 'SwiftASN1' from project 'swift-asn1')
SwiftCompile normal arm64 /Users/admin/builder/spi-builder-workspace/.dependencies/checkouts/swift-asn1/Sources/SwiftASN1/DER.swift (in target 'SwiftASN1' from project 'swift-asn1')
cd /Users/admin/builder/spi-builder-workspace/.swiftpm/xcode
builtin-SwiftPerFileCompile DER.swift
SwiftCompile normal arm64 Compiling\ ASN1OctetString.swift,\ ASN1Strings.swift /Users/admin/builder/spi-builder-workspace/.dependencies/checkouts/swift-asn1/Sources/SwiftASN1/Basic\ ASN1\ Types/ASN1OctetString.swift /Users/admin/builder/spi-builder-workspace/.dependencies/checkouts/swift-asn1/Sources/SwiftASN1/Basic\ ASN1\ Types/ASN1Strings.swift (in target 'SwiftASN1' from project 'swift-asn1')
SwiftCompile normal arm64 /Users/admin/builder/spi-builder-workspace/.dependencies/checkouts/swift-asn1/Sources/SwiftASN1/Basic\ ASN1\ Types/ASN1OctetString.swift (in target 'SwiftASN1' from project 'swift-asn1')
cd /Users/admin/builder/spi-builder-workspace/.swiftpm/xcode
builtin-SwiftPerFileCompile ASN1OctetString.swift
SwiftCompile normal arm64 /Users/admin/builder/spi-builder-workspace/.dependencies/checkouts/swift-asn1/Sources/SwiftASN1/Basic\ ASN1\ Types/ASN1Strings.swift (in target 'SwiftASN1' from project 'swift-asn1')
cd /Users/admin/builder/spi-builder-workspace/.swiftpm/xcode
builtin-SwiftPerFileCompile ASN1Strings.swift
SwiftCompile normal arm64 Compiling\ ASN1Integer.swift,\ ASN1Null.swift /Users/admin/builder/spi-builder-workspace/.dependencies/checkouts/swift-asn1/Sources/SwiftASN1/Basic\ ASN1\ Types/ASN1Integer.swift /Users/admin/builder/spi-builder-workspace/.dependencies/checkouts/swift-asn1/Sources/SwiftASN1/Basic\ ASN1\ Types/ASN1Null.swift (in target 'SwiftASN1' from project 'swift-asn1')
SwiftCompile normal arm64 /Users/admin/builder/spi-builder-workspace/.dependencies/checkouts/swift-asn1/Sources/SwiftASN1/Basic\ ASN1\ Types/ASN1Integer.swift (in target 'SwiftASN1' from project 'swift-asn1')
cd /Users/admin/builder/spi-builder-workspace/.swiftpm/xcode
builtin-SwiftPerFileCompile ASN1Integer.swift
SwiftCompile normal arm64 /Users/admin/builder/spi-builder-workspace/.dependencies/checkouts/swift-asn1/Sources/SwiftASN1/Basic\ ASN1\ Types/ASN1Null.swift (in target 'SwiftASN1' from project 'swift-asn1')
cd /Users/admin/builder/spi-builder-workspace/.swiftpm/xcode
builtin-SwiftPerFileCompile ASN1Null.swift
SwiftCompile normal arm64 Compiling\ Errors.swift /Users/admin/builder/spi-builder-workspace/.dependencies/checkouts/swift-asn1/Sources/SwiftASN1/Errors.swift (in target 'SwiftASN1' from project 'swift-asn1')
SwiftCompile normal arm64 /Users/admin/builder/spi-builder-workspace/.dependencies/checkouts/swift-asn1/Sources/SwiftASN1/Errors.swift (in target 'SwiftASN1' from project 'swift-asn1')
cd /Users/admin/builder/spi-builder-workspace/.swiftpm/xcode
builtin-SwiftPerFileCompile Errors.swift
SwiftCompile normal arm64 Compiling\ ASN1Boolean.swift,\ ASN1Identifier.swift /Users/admin/builder/spi-builder-workspace/.dependencies/checkouts/swift-asn1/Sources/SwiftASN1/Basic\ ASN1\ Types/ASN1Boolean.swift /Users/admin/builder/spi-builder-workspace/.dependencies/checkouts/swift-asn1/Sources/SwiftASN1/Basic\ ASN1\ Types/ASN1Identifier.swift (in target 'SwiftASN1' from project 'swift-asn1')
SwiftCompile normal arm64 /Users/admin/builder/spi-builder-workspace/.dependencies/checkouts/swift-asn1/Sources/SwiftASN1/Basic\ ASN1\ Types/ASN1Boolean.swift (in target 'SwiftASN1' from project 'swift-asn1')
cd /Users/admin/builder/spi-builder-workspace/.swiftpm/xcode
builtin-SwiftPerFileCompile ASN1Boolean.swift
SwiftCompile normal arm64 /Users/admin/builder/spi-builder-workspace/.dependencies/checkouts/swift-asn1/Sources/SwiftASN1/Basic\ ASN1\ Types/ASN1Identifier.swift (in target 'SwiftASN1' from project 'swift-asn1')
cd /Users/admin/builder/spi-builder-workspace/.swiftpm/xcode
builtin-SwiftPerFileCompile ASN1Identifier.swift
SwiftCompile normal arm64 Compiling\ ASN1Any.swift,\ ASN1BitString.swift /Users/admin/builder/spi-builder-workspace/.dependencies/checkouts/swift-asn1/Sources/SwiftASN1/Basic\ ASN1\ Types/ASN1Any.swift /Users/admin/builder/spi-builder-workspace/.dependencies/checkouts/swift-asn1/Sources/SwiftASN1/Basic\ ASN1\ Types/ASN1BitString.swift (in target 'SwiftASN1' from project 'swift-asn1')
SwiftCompile normal arm64 /Users/admin/builder/spi-builder-workspace/.dependencies/checkouts/swift-asn1/Sources/SwiftASN1/Basic\ ASN1\ Types/ASN1Any.swift (in target 'SwiftASN1' from project 'swift-asn1')
cd /Users/admin/builder/spi-builder-workspace/.swiftpm/xcode
builtin-SwiftPerFileCompile ASN1Any.swift
SwiftCompile normal arm64 /Users/admin/builder/spi-builder-workspace/.dependencies/checkouts/swift-asn1/Sources/SwiftASN1/Basic\ ASN1\ Types/ASN1BitString.swift (in target 'SwiftASN1' from project 'swift-asn1')
cd /Users/admin/builder/spi-builder-workspace/.swiftpm/xcode
builtin-SwiftPerFileCompile ASN1BitString.swift
SwiftCompile normal arm64 Compiling\ TimeUtilities.swift,\ UTCTime.swift /Users/admin/builder/spi-builder-workspace/.dependencies/checkouts/swift-asn1/Sources/SwiftASN1/Basic\ ASN1\ Types/TimeUtilities.swift /Users/admin/builder/spi-builder-workspace/.dependencies/checkouts/swift-asn1/Sources/SwiftASN1/Basic\ ASN1\ Types/UTCTime.swift (in target 'SwiftASN1' from project 'swift-asn1')
SwiftCompile normal arm64 /Users/admin/builder/spi-builder-workspace/.dependencies/checkouts/swift-asn1/Sources/SwiftASN1/Basic\ ASN1\ Types/TimeUtilities.swift (in target 'SwiftASN1' from project 'swift-asn1')
cd /Users/admin/builder/spi-builder-workspace/.swiftpm/xcode
builtin-SwiftPerFileCompile TimeUtilities.swift
SwiftCompile normal arm64 /Users/admin/builder/spi-builder-workspace/.dependencies/checkouts/swift-asn1/Sources/SwiftASN1/Basic\ ASN1\ Types/UTCTime.swift (in target 'SwiftASN1' from project 'swift-asn1')
cd /Users/admin/builder/spi-builder-workspace/.swiftpm/xcode
builtin-SwiftPerFileCompile UTCTime.swift
SwiftCompile normal arm64 Compiling\ ObjectIdentifier.swift,\ PEMDocument.swift /Users/admin/builder/spi-builder-workspace/.dependencies/checkouts/swift-asn1/Sources/SwiftASN1/Basic\ ASN1\ Types/ObjectIdentifier.swift /Users/admin/builder/spi-builder-workspace/.dependencies/checkouts/swift-asn1/Sources/SwiftASN1/Basic\ ASN1\ Types/PEMDocument.swift (in target 'SwiftASN1' from project 'swift-asn1')
SwiftCompile normal arm64 /Users/admin/builder/spi-builder-workspace/.dependencies/checkouts/swift-asn1/Sources/SwiftASN1/Basic\ ASN1\ Types/ObjectIdentifier.swift (in target 'SwiftASN1' from project 'swift-asn1')
cd /Users/admin/builder/spi-builder-workspace/.swiftpm/xcode
builtin-SwiftPerFileCompile ObjectIdentifier.swift
SwiftCompile normal arm64 /Users/admin/builder/spi-builder-workspace/.dependencies/checkouts/swift-asn1/Sources/SwiftASN1/Basic\ ASN1\ Types/PEMDocument.swift (in target 'SwiftASN1' from project 'swift-asn1')
cd /Users/admin/builder/spi-builder-workspace/.swiftpm/xcode
builtin-SwiftPerFileCompile PEMDocument.swift
SwiftCompile normal arm64 Compiling\ ASN1.swift,\ BER.swift /Users/admin/builder/spi-builder-workspace/.dependencies/checkouts/swift-asn1/Sources/SwiftASN1/ASN1.swift /Users/admin/builder/spi-builder-workspace/.dependencies/checkouts/swift-asn1/Sources/SwiftASN1/BER.swift (in target 'SwiftASN1' from project 'swift-asn1')
SwiftCompile normal arm64 /Users/admin/builder/spi-builder-workspace/.dependencies/checkouts/swift-asn1/Sources/SwiftASN1/ASN1.swift (in target 'SwiftASN1' from project 'swift-asn1')
cd /Users/admin/builder/spi-builder-workspace/.swiftpm/xcode
builtin-SwiftPerFileCompile ASN1.swift
SwiftCompile normal arm64 /Users/admin/builder/spi-builder-workspace/.dependencies/checkouts/swift-asn1/Sources/SwiftASN1/BER.swift (in target 'SwiftASN1' from project 'swift-asn1')
cd /Users/admin/builder/spi-builder-workspace/.swiftpm/xcode
builtin-SwiftPerFileCompile BER.swift
SwiftDriverJobDiscovery normal arm64 Compiling Errors.swift (in target 'SwiftASN1' from project 'swift-asn1')
SwiftDriverJobDiscovery normal arm64 Compiling ASN1Any.swift, ASN1BitString.swift (in target 'SwiftASN1' from project 'swift-asn1')
SwiftDriverJobDiscovery normal arm64 Compiling ArraySliceBigint.swift, GeneralizedTime.swift (in target 'SwiftASN1' from project 'swift-asn1')
SwiftDriverJobDiscovery normal arm64 Compiling ASN1Boolean.swift, ASN1Identifier.swift (in target 'SwiftASN1' from project 'swift-asn1')
SwiftDriverJobDiscovery normal arm64 Compiling DER.swift (in target 'SwiftASN1' from project 'swift-asn1')
SwiftDriverJobDiscovery normal arm64 Compiling TimeUtilities.swift, UTCTime.swift (in target 'SwiftASN1' from project 'swift-asn1')
SwiftDriverJobDiscovery normal arm64 Compiling ASN1Integer.swift, ASN1Null.swift (in target 'SwiftASN1' from project 'swift-asn1')
SwiftDriverJobDiscovery normal arm64 Compiling ASN1OctetString.swift, ASN1Strings.swift (in target 'SwiftASN1' from project 'swift-asn1')
SwiftDriverJobDiscovery normal arm64 Compiling ASN1.swift, BER.swift (in target 'SwiftASN1' from project 'swift-asn1')
SwiftDriverJobDiscovery normal arm64 Emitting module for SwiftASN1 (in target 'SwiftASN1' from project 'swift-asn1')
SwiftDriver\ Compilation\ Requirements SwiftASN1 normal arm64 com.apple.xcode.tools.swift.compiler (in target 'SwiftASN1' from project 'swift-asn1')
cd /Users/admin/builder/spi-builder-workspace/.swiftpm/xcode
builtin-Swift-Compilation-Requirements -- /Applications/Xcode-27.0.0-Release.Candidate.app/Contents/Developer/Toolchains/XcodeDefault.xctoolchain/usr/bin/swiftc -parse-as-library -module-name SwiftASN1 -Onone @/Users/admin/builder/spi-builder-workspace/.derivedData/Build/Intermediates.noindex/swift-asn1.build/Debug-appletvos/SwiftASN1-t.build/Objects-normal/arm64/SwiftASN1.SwiftFileList -DSWIFT_PACKAGE -DDEBUG -DSWIFT_MODULE_RESOURCE_BUNDLE_UNAVAILABLE -DXcode -enable-upcoming-feature ExistentialAny -enable-upcoming-feature MemberImportVisibility -plugin-path /Applications/Xcode-27.0.0-Release.Candidate.app/Contents/Developer/Toolchains/XcodeDefault.xctoolchain/usr/lib/swift/host/plugins/testing -enable-experimental-feature DebugDescriptionMacro -sdk /Applications/Xcode-27.0.0-Release.Candidate.app/Contents/Developer/Platforms/AppleTVOS.platform/Developer/SDKs/AppleTVOS27.0.sdk -target arm64-apple-tvos15.0 -g -module-cache-path /Users/admin/builder/spi-builder-workspace/.derivedData/ModuleCache.noindex -Xfrontend -serialize-debugging-options -profile-coverage-mapping -profile-generate -enable-testing -suppress-warnings -index-store-path /Users/admin/builder/spi-builder-workspace/.derivedData/Index.noindex/DataStore -Xcc -D_LIBCPP_HARDENING_MODE\=_LIBCPP_HARDENING_MODE_DEBUG -swift-version 6 -I /Users/admin/builder/spi-builder-workspace/.derivedData/Build/Products/Debug-appletvos -Isystem /Applications/Xcode-27.0.0-Release.Candidate.app/Contents/Developer/Platforms/AppleTVOS.platform/Developer/usr/lib -F /Users/admin/builder/spi-builder-workspace/.derivedData/Build/Products/Debug-appletvos -F /Applications/Xcode-27.0.0-Release.Candidate.app/Contents/Developer/Platforms/AppleTVOS.platform/Developer/Library/Frameworks -F /Applications/Xcode-27.0.0-Release.Candidate.app/Contents/Developer/Platforms/AppleTVOS.platform/Developer/SDKs/AppleTVOS27.0.sdk/Developer/Library/Frameworks -c -j10 -enable-batch-mode -incremental -Xcc -ivfsstatcache -Xcc /Users/admin/builder/spi-builder-workspace/.derivedData/SDKStatCaches.noindex/appletvos27.0-24J360-e829b21a6f8c9b70876ba0858053c044b32bfd8d43560033f8d89884cdb90028.sdkstatcache -output-file-map /Users/admin/builder/spi-builder-workspace/.derivedData/Build/Intermediates.noindex/swift-asn1.build/Debug-appletvos/SwiftASN1-t.build/Objects-normal/arm64/SwiftASN1-OutputFileMap.json -save-temps -no-color-diagnostics -explicit-module-build -module-cache-path /Users/admin/builder/spi-builder-workspace/.derivedData/Build/Intermediates.noindex/SwiftExplicitPrecompiledModules -clang-scanner-module-cache-path /Users/admin/builder/spi-builder-workspace/.derivedData/ModuleCache.noindex -sdk-module-cache-path /Users/admin/builder/spi-builder-workspace/.derivedData/SDKExplicitPrecompiledModules -emit-dependencies -emit-module -emit-module-path /Users/admin/builder/spi-builder-workspace/.derivedData/Build/Intermediates.noindex/swift-asn1.build/Debug-appletvos/SwiftASN1-t.build/Objects-normal/arm64/SwiftASN1.swiftmodule -serialize-diagnostics -dependency-scan-serialize-diagnostics-path /Users/admin/builder/spi-builder-workspace/.derivedData/Build/Intermediates.noindex/swift-asn1.build/Debug-appletvos/SwiftASN1-t.build/Objects-normal/arm64/SwiftASN1-dependency-scan.dia -user-module-version 1.7.3 -validate-clang-modules-once -clang-build-session-file /Users/admin/builder/spi-builder-workspace/.derivedData/ModuleCache.noindex/Session.modulevalidation -Xcc -fmodules-prune-interval\=86400 -Xcc -fmodules-prune-after\=345600 -package-name swift_asn1 -emit-const-values -const-gather-protocols-list /Users/admin/builder/spi-builder-workspace/.derivedData/Build/Intermediates.noindex/swift-asn1.build/Debug-appletvos/SwiftASN1-t.build/Objects-normal/arm64/SwiftASN1_const_extract_protocols.json -Xcc -I/Users/admin/builder/spi-builder-workspace/.derivedData/Build/Products/Debug-appletvos/include -Xcc -I/Users/admin/builder/spi-builder-workspace/.derivedData/Build/Intermediates.noindex/swift-asn1.build/Debug-appletvos/SwiftASN1-t.build/DerivedSources-normal/arm64 -Xcc -I/Users/admin/builder/spi-builder-workspace/.derivedData/Build/Intermediates.noindex/swift-asn1.build/Debug-appletvos/SwiftASN1-t.build/DerivedSources/arm64 -Xcc -I/Users/admin/builder/spi-builder-workspace/.derivedData/Build/Intermediates.noindex/swift-asn1.build/Debug-appletvos/SwiftASN1-t.build/DerivedSources -Xcc -DSWIFT_PACKAGE -Xcc -DDEBUG\=1 -emit-objc-header -emit-objc-header-path /Users/admin/builder/spi-builder-workspace/.derivedData/Build/Intermediates.noindex/swift-asn1.build/Debug-appletvos/SwiftASN1-t.build/Objects-normal/arm64/SwiftASN1-Swift.h -working-directory /Users/admin/builder/spi-builder-workspace/.swiftpm/xcode -experimental-emit-module-separately -disable-cmo
SwiftMergeGeneratedHeaders /Users/admin/builder/spi-builder-workspace/.derivedData/Build/Intermediates.noindex/GeneratedModuleMaps-appletvos/SwiftASN1-Swift.h /Users/admin/builder/spi-builder-workspace/.derivedData/Build/Intermediates.noindex/swift-asn1.build/Debug-appletvos/SwiftASN1-t.build/Objects-normal/arm64/SwiftASN1-Swift.h (in target 'SwiftASN1' from project 'swift-asn1')
cd /Users/admin/builder/spi-builder-workspace/.dependencies/checkouts/swift-asn1
builtin-swiftHeaderTool -arch arm64 /Users/admin/builder/spi-builder-workspace/.derivedData/Build/Intermediates.noindex/swift-asn1.build/Debug-appletvos/SwiftASN1-t.build/Objects-normal/arm64/SwiftASN1-Swift.h -o /Users/admin/builder/spi-builder-workspace/.derivedData/Build/Intermediates.noindex/GeneratedModuleMaps-appletvos/SwiftASN1-Swift.h
Copy /Users/admin/builder/spi-builder-workspace/.derivedData/Build/Products/Debug-appletvos/SwiftASN1.swiftmodule/arm64-apple-tvos.swiftmodule /Users/admin/builder/spi-builder-workspace/.derivedData/Build/Intermediates.noindex/swift-asn1.build/Debug-appletvos/SwiftASN1-t.build/Objects-normal/arm64/SwiftASN1.swiftmodule (in target 'SwiftASN1' from project 'swift-asn1')
cd /Users/admin/builder/spi-builder-workspace/.dependencies/checkouts/swift-asn1
builtin-copy -exclude .DS_Store -exclude CVS -exclude .svn -exclude .git -exclude .hg -resolve-src-symlinks -rename /Users/admin/builder/spi-builder-workspace/.derivedData/Build/Intermediates.noindex/swift-asn1.build/Debug-appletvos/SwiftASN1-t.build/Objects-normal/arm64/SwiftASN1.swiftmodule /Users/admin/builder/spi-builder-workspace/.derivedData/Build/Products/Debug-appletvos/SwiftASN1.swiftmodule/arm64-apple-tvos.swiftmodule
Copy /Users/admin/builder/spi-builder-workspace/.derivedData/Build/Products/Debug-appletvos/SwiftASN1.swiftmodule/arm64-apple-tvos.swiftdoc /Users/admin/builder/spi-builder-workspace/.derivedData/Build/Intermediates.noindex/swift-asn1.build/Debug-appletvos/SwiftASN1-t.build/Objects-normal/arm64/SwiftASN1.swiftdoc (in target 'SwiftASN1' from project 'swift-asn1')
cd /Users/admin/builder/spi-builder-workspace/.dependencies/checkouts/swift-asn1
builtin-copy -exclude .DS_Store -exclude CVS -exclude .svn -exclude .git -exclude .hg -resolve-src-symlinks -rename /Users/admin/builder/spi-builder-workspace/.derivedData/Build/Intermediates.noindex/swift-asn1.build/Debug-appletvos/SwiftASN1-t.build/Objects-normal/arm64/SwiftASN1.swiftdoc /Users/admin/builder/spi-builder-workspace/.derivedData/Build/Products/Debug-appletvos/SwiftASN1.swiftmodule/arm64-apple-tvos.swiftdoc
Copy /Users/admin/builder/spi-builder-workspace/.derivedData/Build/Products/Debug-appletvos/SwiftASN1.swiftmodule/Project/arm64-apple-tvos.swiftsourceinfo /Users/admin/builder/spi-builder-workspace/.derivedData/Build/Intermediates.noindex/swift-asn1.build/Debug-appletvos/SwiftASN1-t.build/Objects-normal/arm64/SwiftASN1.swiftsourceinfo (in target 'SwiftASN1' from project 'swift-asn1')
cd /Users/admin/builder/spi-builder-workspace/.dependencies/checkouts/swift-asn1
builtin-copy -exclude .DS_Store -exclude CVS -exclude .svn -exclude .git -exclude .hg -resolve-src-symlinks -rename /Users/admin/builder/spi-builder-workspace/.derivedData/Build/Intermediates.noindex/swift-asn1.build/Debug-appletvos/SwiftASN1-t.build/Objects-normal/arm64/SwiftASN1.swiftsourceinfo /Users/admin/builder/spi-builder-workspace/.derivedData/Build/Products/Debug-appletvos/SwiftASN1.swiftmodule/Project/arm64-apple-tvos.swiftsourceinfo
Copy /Users/admin/builder/spi-builder-workspace/.derivedData/Build/Products/Debug-appletvos/SwiftASN1.swiftmodule/arm64-apple-tvos.abi.json /Users/admin/builder/spi-builder-workspace/.derivedData/Build/Intermediates.noindex/swift-asn1.build/Debug-appletvos/SwiftASN1-t.build/Objects-normal/arm64/SwiftASN1.abi.json (in target 'SwiftASN1' from project 'swift-asn1')
cd /Users/admin/builder/spi-builder-workspace/.dependencies/checkouts/swift-asn1
builtin-copy -exclude .DS_Store -exclude CVS -exclude .svn -exclude .git -exclude .hg -resolve-src-symlinks -rename /Users/admin/builder/spi-builder-workspace/.derivedData/Build/Intermediates.noindex/swift-asn1.build/Debug-appletvos/SwiftASN1-t.build/Objects-normal/arm64/SwiftASN1.abi.json /Users/admin/builder/spi-builder-workspace/.derivedData/Build/Products/Debug-appletvos/SwiftASN1.swiftmodule/arm64-apple-tvos.abi.json
SwiftDriver AppEntitlements normal arm64 com.apple.xcode.tools.swift.compiler (in target 'AppEntitlements' from project 'AppEntitlements')
cd /Users/admin/builder/spi-builder-workspace/.swiftpm/xcode
builtin-SwiftDriver -- /Applications/Xcode-27.0.0-Release.Candidate.app/Contents/Developer/Toolchains/XcodeDefault.xctoolchain/usr/bin/swiftc -parse-as-library -module-name AppEntitlements -Onone @/Users/admin/builder/spi-builder-workspace/.derivedData/Build/Intermediates.noindex/AppEntitlements.build/Debug-appletvos/AppEntitlements-t.build/Objects-normal/arm64/AppEntitlements.SwiftFileList -DSWIFT_PACKAGE -DDEBUG -DSWIFT_MODULE_RESOURCE_BUNDLE_AVAILABLE -DXcode -enable-upcoming-feature ExistentialAny -enable-upcoming-feature InternalImportsByDefault -plugin-path /Applications/Xcode-27.0.0-Release.Candidate.app/Contents/Developer/Toolchains/XcodeDefault.xctoolchain/usr/lib/swift/host/plugins/testing -enable-experimental-feature DebugDescriptionMacro -sdk /Applications/Xcode-27.0.0-Release.Candidate.app/Contents/Developer/Platforms/AppleTVOS.platform/Developer/SDKs/AppleTVOS27.0.sdk -target arm64-apple-tvos15.0 -g -module-cache-path /Users/admin/builder/spi-builder-workspace/.derivedData/ModuleCache.noindex -Xfrontend -serialize-debugging-options -profile-coverage-mapping -profile-generate -enable-testing -suppress-warnings -index-store-path /Users/admin/builder/spi-builder-workspace/.derivedData/Index.noindex/DataStore -Xcc -D_LIBCPP_HARDENING_MODE\=_LIBCPP_HARDENING_MODE_DEBUG -swift-version 6 -I /Users/admin/builder/spi-builder-workspace/.derivedData/Build/Products/Debug-appletvos -Isystem /Applications/Xcode-27.0.0-Release.Candidate.app/Contents/Developer/Platforms/AppleTVOS.platform/Developer/usr/lib -F /Users/admin/builder/spi-builder-workspace/.derivedData/Build/Products/Debug-appletvos/PackageFrameworks -F /Users/admin/builder/spi-builder-workspace/.derivedData/Build/Products/Debug-appletvos -F /Applications/Xcode-27.0.0-Release.Candidate.app/Contents/Developer/Platforms/AppleTVOS.platform/Developer/Library/Frameworks -F /Applications/Xcode-27.0.0-Release.Candidate.app/Contents/Developer/Platforms/AppleTVOS.platform/Developer/SDKs/AppleTVOS27.0.sdk/Developer/Library/Frameworks -c -j10 -enable-batch-mode -incremental -Xcc -ivfsstatcache -Xcc /Users/admin/builder/spi-builder-workspace/.derivedData/SDKStatCaches.noindex/appletvos27.0-24J360-e829b21a6f8c9b70876ba0858053c044b32bfd8d43560033f8d89884cdb90028.sdkstatcache -output-file-map /Users/admin/builder/spi-builder-workspace/.derivedData/Build/Intermediates.noindex/AppEntitlements.build/Debug-appletvos/AppEntitlements-t.build/Objects-normal/arm64/AppEntitlements-OutputFileMap.json -save-temps -no-color-diagnostics -explicit-module-build -module-cache-path /Users/admin/builder/spi-builder-workspace/.derivedData/Build/Intermediates.noindex/SwiftExplicitPrecompiledModules -clang-scanner-module-cache-path /Users/admin/builder/spi-builder-workspace/.derivedData/ModuleCache.noindex -sdk-module-cache-path /Users/admin/builder/spi-builder-workspace/.derivedData/SDKExplicitPrecompiledModules -emit-dependencies -emit-module -emit-module-path /Users/admin/builder/spi-builder-workspace/.derivedData/Build/Intermediates.noindex/AppEntitlements.build/Debug-appletvos/AppEntitlements-t.build/Objects-normal/arm64/AppEntitlements.swiftmodule -serialize-diagnostics -dependency-scan-serialize-diagnostics-path /Users/admin/builder/spi-builder-workspace/.derivedData/Build/Intermediates.noindex/AppEntitlements.build/Debug-appletvos/AppEntitlements-t.build/Objects-normal/arm64/AppEntitlements-dependency-scan.dia -user-module-version 2.0.3 -validate-clang-modules-once -clang-build-session-file /Users/admin/builder/spi-builder-workspace/.derivedData/ModuleCache.noindex/Session.modulevalidation -Xcc -fmodules-prune-interval\=86400 -Xcc -fmodules-prune-after\=345600 -package-name app_entitlements -emit-const-values -const-gather-protocols-list /Users/admin/builder/spi-builder-workspace/.derivedData/Build/Intermediates.noindex/AppEntitlements.build/Debug-appletvos/AppEntitlements-t.build/Objects-normal/arm64/AppEntitlements_const_extract_protocols.json -Xcc -I/Users/admin/builder/spi-builder-workspace/.derivedData/Build/Products/Debug-appletvos/include -Xcc -I/Users/admin/builder/spi-builder-workspace/.derivedData/Build/Intermediates.noindex/AppEntitlements.build/Debug-appletvos/AppEntitlements-t.build/DerivedSources-normal/arm64 -Xcc -I/Users/admin/builder/spi-builder-workspace/.derivedData/Build/Intermediates.noindex/AppEntitlements.build/Debug-appletvos/AppEntitlements-t.build/DerivedSources/arm64 -Xcc -I/Users/admin/builder/spi-builder-workspace/.derivedData/Build/Intermediates.noindex/AppEntitlements.build/Debug-appletvos/AppEntitlements-t.build/DerivedSources -Xcc -DSWIFT_PACKAGE -Xcc -DDEBUG\=1 -emit-objc-header -emit-objc-header-path /Users/admin/builder/spi-builder-workspace/.derivedData/Build/Intermediates.noindex/AppEntitlements.build/Debug-appletvos/AppEntitlements-t.build/Objects-normal/arm64/AppEntitlements-Swift.h -working-directory /Users/admin/builder/spi-builder-workspace/.swiftpm/xcode -experimental-emit-module-separately -disable-cmo
SwiftExplicitDependencyGeneratePcm arm64 /Users/admin/builder/spi-builder-workspace/.derivedData/SDKExplicitPrecompiledModules/MachO-A5KLTMTLJD1DPHEYPZHUSRJ4O.pcm
SwiftEmitModule normal arm64 Emitting\ module\ for\ AppEntitlements (in target 'AppEntitlements' from project 'AppEntitlements')
SwiftCompile normal arm64 (in target 'AppEntitlements' from project 'AppEntitlements')
cd /Users/admin/builder/spi-builder-workspace/.swiftpm/xcode
SwiftCompile normal arm64 Compiling\ PropertyListValue+ValueTypes.swift,\ PropertyListValue.swift,\ PropertyListValueError.swift /Users/admin/builder/spi-builder-workspace/.dependencies/checkouts/app-entitlements/Sources/AppEntitlements/PropertyList/PropertyListValue+ValueTypes.swift /Users/admin/builder/spi-builder-workspace/.dependencies/checkouts/app-entitlements/Sources/AppEntitlements/PropertyList/PropertyListValue.swift /Users/admin/builder/spi-builder-workspace/.dependencies/checkouts/app-entitlements/Sources/AppEntitlements/PropertyList/PropertyListValueError.swift (in target 'AppEntitlements' from project 'AppEntitlements')
SwiftCompile normal arm64 /Users/admin/builder/spi-builder-workspace/.dependencies/checkouts/app-entitlements/Sources/AppEntitlements/PropertyList/PropertyListValue+ValueTypes.swift (in target 'AppEntitlements' from project 'AppEntitlements')
cd /Users/admin/builder/spi-builder-workspace/.swiftpm/xcode
builtin-SwiftPerFileCompile PropertyListValue+ValueTypes.swift
SwiftCompile normal arm64 /Users/admin/builder/spi-builder-workspace/.dependencies/checkouts/app-entitlements/Sources/AppEntitlements/PropertyList/PropertyListValue.swift (in target 'AppEntitlements' from project 'AppEntitlements')
cd /Users/admin/builder/spi-builder-workspace/.swiftpm/xcode
builtin-SwiftPerFileCompile PropertyListValue.swift
SwiftCompile normal arm64 /Users/admin/builder/spi-builder-workspace/.dependencies/checkouts/app-entitlements/Sources/AppEntitlements/PropertyList/PropertyListValueError.swift (in target 'AppEntitlements' from project 'AppEntitlements')
cd /Users/admin/builder/spi-builder-workspace/.swiftpm/xcode
builtin-SwiftPerFileCompile PropertyListValueError.swift
SwiftCompile normal arm64 Compiling\ EntitlementsData+MachO.swift,\ EntitlementsData.swift,\ PropertyListValue+ASN1.swift /Users/admin/builder/spi-builder-workspace/.dependencies/checkouts/app-entitlements/Sources/AppEntitlements/Parsing/EntitlementsData+MachO.swift /Users/admin/builder/spi-builder-workspace/.dependencies/checkouts/app-entitlements/Sources/AppEntitlements/Parsing/EntitlementsData.swift /Users/admin/builder/spi-builder-workspace/.dependencies/checkouts/app-entitlements/Sources/AppEntitlements/PropertyList/PropertyListValue+ASN1.swift (in target 'AppEntitlements' from project 'AppEntitlements')
SwiftCompile normal arm64 /Users/admin/builder/spi-builder-workspace/.dependencies/checkouts/app-entitlements/Sources/AppEntitlements/Parsing/EntitlementsData+MachO.swift (in target 'AppEntitlements' from project 'AppEntitlements')
cd /Users/admin/builder/spi-builder-workspace/.swiftpm/xcode
builtin-SwiftPerFileCompile EntitlementsData+MachO.swift
SwiftCompile normal arm64 /Users/admin/builder/spi-builder-workspace/.dependencies/checkouts/app-entitlements/Sources/AppEntitlements/Parsing/EntitlementsData.swift (in target 'AppEntitlements' from project 'AppEntitlements')
cd /Users/admin/builder/spi-builder-workspace/.swiftpm/xcode
builtin-SwiftPerFileCompile EntitlementsData.swift
SwiftCompile normal arm64 /Users/admin/builder/spi-builder-workspace/.dependencies/checkouts/app-entitlements/Sources/AppEntitlements/PropertyList/PropertyListValue+ASN1.swift (in target 'AppEntitlements' from project 'AppEntitlements')
cd /Users/admin/builder/spi-builder-workspace/.swiftpm/xcode
builtin-SwiftPerFileCompile PropertyListValue+ASN1.swift
SwiftCompile normal arm64 Compiling\ AppEntitlements+DEREncoded.swift,\ AppEntitlements+ExecutableURL.swift,\ AppEntitlements+MainProgram.swift /Users/admin/builder/spi-builder-workspace/.dependencies/checkouts/app-entitlements/Sources/AppEntitlements/Parsing/AppEntitlements+DEREncoded.swift /Users/admin/builder/spi-builder-workspace/.dependencies/checkouts/app-entitlements/Sources/AppEntitlements/Parsing/AppEntitlements+ExecutableURL.swift /Users/admin/builder/spi-builder-workspace/.dependencies/checkouts/app-entitlements/Sources/AppEntitlements/Parsing/AppEntitlements+MainProgram.swift (in target 'AppEntitlements' from project 'AppEntitlements')
SwiftCompile normal arm64 /Users/admin/builder/spi-builder-workspace/.dependencies/checkouts/app-entitlements/Sources/AppEntitlements/Parsing/AppEntitlements+DEREncoded.swift (in target 'AppEntitlements' from project 'AppEntitlements')
cd /Users/admin/builder/spi-builder-workspace/.swiftpm/xcode
builtin-SwiftPerFileCompile AppEntitlements+DEREncoded.swift
SwiftCompile normal arm64 /Users/admin/builder/spi-builder-workspace/.dependencies/checkouts/app-entitlements/Sources/AppEntitlements/Parsing/AppEntitlements+ExecutableURL.swift (in target 'AppEntitlements' from project 'AppEntitlements')
cd /Users/admin/builder/spi-builder-workspace/.swiftpm/xcode
builtin-SwiftPerFileCompile AppEntitlements+ExecutableURL.swift
SwiftCompile normal arm64 /Users/admin/builder/spi-builder-workspace/.dependencies/checkouts/app-entitlements/Sources/AppEntitlements/Parsing/AppEntitlements+MainProgram.swift (in target 'AppEntitlements' from project 'AppEntitlements')
cd /Users/admin/builder/spi-builder-workspace/.swiftpm/xcode
builtin-SwiftPerFileCompile AppEntitlements+MainProgram.swift
SwiftCompile normal arm64 Compiling\ MachO+UnsafeLoadCommands.swift,\ MachO+UnsafeMachHeader.swift,\ MachO.swift /Users/admin/builder/spi-builder-workspace/.dependencies/checkouts/app-entitlements/Sources/AppEntitlements/MachO/MachO+UnsafeLoadCommands.swift /Users/admin/builder/spi-builder-workspace/.dependencies/checkouts/app-entitlements/Sources/AppEntitlements/MachO/MachO+UnsafeMachHeader.swift /Users/admin/builder/spi-builder-workspace/.dependencies/checkouts/app-entitlements/Sources/AppEntitlements/MachO/MachO.swift (in target 'AppEntitlements' from project 'AppEntitlements')
SwiftCompile normal arm64 /Users/admin/builder/spi-builder-workspace/.dependencies/checkouts/app-entitlements/Sources/AppEntitlements/MachO/MachO+UnsafeLoadCommands.swift (in target 'AppEntitlements' from project 'AppEntitlements')
cd /Users/admin/builder/spi-builder-workspace/.swiftpm/xcode
builtin-SwiftPerFileCompile MachO+UnsafeLoadCommands.swift
SwiftCompile normal arm64 /Users/admin/builder/spi-builder-workspace/.dependencies/checkouts/app-entitlements/Sources/AppEntitlements/MachO/MachO+UnsafeMachHeader.swift (in target 'AppEntitlements' from project 'AppEntitlements')
cd /Users/admin/builder/spi-builder-workspace/.swiftpm/xcode
builtin-SwiftPerFileCompile MachO+UnsafeMachHeader.swift
SwiftCompile normal arm64 /Users/admin/builder/spi-builder-workspace/.dependencies/checkouts/app-entitlements/Sources/AppEntitlements/MachO/MachO.swift (in target 'AppEntitlements' from project 'AppEntitlements')
cd /Users/admin/builder/spi-builder-workspace/.swiftpm/xcode
builtin-SwiftPerFileCompile MachO.swift
SwiftCompile normal arm64 Compiling\ MachO+DataError.swift,\ MachO+HeaderMagic.swift,\ MachO+SegmentsSection.swift /Users/admin/builder/spi-builder-workspace/.dependencies/checkouts/app-entitlements/Sources/AppEntitlements/MachO/MachO+DataError.swift /Users/admin/builder/spi-builder-workspace/.dependencies/checkouts/app-entitlements/Sources/AppEntitlements/MachO/MachO+HeaderMagic.swift /Users/admin/builder/spi-builder-workspace/.dependencies/checkouts/app-entitlements/Sources/AppEntitlements/MachO/MachO+SegmentsSection.swift (in target 'AppEntitlements' from project 'AppEntitlements')
SwiftCompile normal arm64 /Users/admin/builder/spi-builder-workspace/.dependencies/checkouts/app-entitlements/Sources/AppEntitlements/MachO/MachO+DataError.swift (in target 'AppEntitlements' from project 'AppEntitlements')
cd /Users/admin/builder/spi-builder-workspace/.swiftpm/xcode
builtin-SwiftPerFileCompile MachO+DataError.swift
SwiftCompile normal arm64 /Users/admin/builder/spi-builder-workspace/.dependencies/checkouts/app-entitlements/Sources/AppEntitlements/MachO/MachO+HeaderMagic.swift (in target 'AppEntitlements' from project 'AppEntitlements')
cd /Users/admin/builder/spi-builder-workspace/.swiftpm/xcode
builtin-SwiftPerFileCompile MachO+HeaderMagic.swift
SwiftCompile normal arm64 /Users/admin/builder/spi-builder-workspace/.dependencies/checkouts/app-entitlements/Sources/AppEntitlements/MachO/MachO+SegmentsSection.swift (in target 'AppEntitlements' from project 'AppEntitlements')
cd /Users/admin/builder/spi-builder-workspace/.swiftpm/xcode
builtin-SwiftPerFileCompile MachO+SegmentsSection.swift
SwiftCompile normal arm64 Compiling\ CodeSigning+UnsafeBlobs.swift,\ CodeSigning.swift,\ BaseEntitlement.swift /Users/admin/builder/spi-builder-workspace/.dependencies/checkouts/app-entitlements/Sources/AppEntitlements/CodeSigning/CodeSigning+UnsafeBlobs.swift /Users/admin/builder/spi-builder-workspace/.dependencies/checkouts/app-entitlements/Sources/AppEntitlements/CodeSigning/CodeSigning.swift /Users/admin/builder/spi-builder-workspace/.dependencies/checkouts/app-entitlements/Sources/AppEntitlements/Core/BaseEntitlement.swift (in target 'AppEntitlements' from project 'AppEntitlements')
SwiftCompile normal arm64 /Users/admin/builder/spi-builder-workspace/.dependencies/checkouts/app-entitlements/Sources/AppEntitlements/CodeSigning/CodeSigning+UnsafeBlobs.swift (in target 'AppEntitlements' from project 'AppEntitlements')
cd /Users/admin/builder/spi-builder-workspace/.swiftpm/xcode
builtin-SwiftPerFileCompile CodeSigning+UnsafeBlobs.swift
SwiftCompile normal arm64 /Users/admin/builder/spi-builder-workspace/.dependencies/checkouts/app-entitlements/Sources/AppEntitlements/CodeSigning/CodeSigning.swift (in target 'AppEntitlements' from project 'AppEntitlements')
cd /Users/admin/builder/spi-builder-workspace/.swiftpm/xcode
builtin-SwiftPerFileCompile CodeSigning.swift
SwiftCompile normal arm64 /Users/admin/builder/spi-builder-workspace/.dependencies/checkouts/app-entitlements/Sources/AppEntitlements/Core/BaseEntitlement.swift (in target 'AppEntitlements' from project 'AppEntitlements')
cd /Users/admin/builder/spi-builder-workspace/.swiftpm/xcode
builtin-SwiftPerFileCompile BaseEntitlement.swift
SwiftCompile normal arm64 Compiling\ AppEntitlements+DEREncodingError.swift,\ AppEntitlements+EntitlementsError.swift,\ String+ASN1.swift /Users/admin/builder/spi-builder-workspace/.dependencies/checkouts/app-entitlements/Sources/AppEntitlements/Errors/AppEntitlements+DEREncodingError.swift /Users/admin/builder/spi-builder-workspace/.dependencies/checkouts/app-entitlements/Sources/AppEntitlements/Errors/AppEntitlements+EntitlementsError.swift /Users/admin/builder/spi-builder-workspace/.dependencies/checkouts/app-entitlements/Sources/AppEntitlements/Extensions/String+ASN1.swift (in target 'AppEntitlements' from project 'AppEntitlements')
SwiftCompile normal arm64 /Users/admin/builder/spi-builder-workspace/.dependencies/checkouts/app-entitlements/Sources/AppEntitlements/Errors/AppEntitlements+DEREncodingError.swift (in target 'AppEntitlements' from project 'AppEntitlements')
cd /Users/admin/builder/spi-builder-workspace/.swiftpm/xcode
builtin-SwiftPerFileCompile AppEntitlements+DEREncodingError.swift
SwiftCompile normal arm64 /Users/admin/builder/spi-builder-workspace/.dependencies/checkouts/app-entitlements/Sources/AppEntitlements/Errors/AppEntitlements+EntitlementsError.swift (in target 'AppEntitlements' from project 'AppEntitlements')
cd /Users/admin/builder/spi-builder-workspace/.swiftpm/xcode
builtin-SwiftPerFileCompile AppEntitlements+EntitlementsError.swift
SwiftCompile normal arm64 /Users/admin/builder/spi-builder-workspace/.dependencies/checkouts/app-entitlements/Sources/AppEntitlements/Extensions/String+ASN1.swift (in target 'AppEntitlements' from project 'AppEntitlements')
cd /Users/admin/builder/spi-builder-workspace/.swiftpm/xcode
builtin-SwiftPerFileCompile String+ASN1.swift
SwiftCompile normal arm64 Compiling\ EntitlementIdentifying.swift,\ EntitlementValueTypes.swift,\ AppEntitlements+Base.swift /Users/admin/builder/spi-builder-workspace/.dependencies/checkouts/app-entitlements/Sources/AppEntitlements/Core/EntitlementIdentifying.swift /Users/admin/builder/spi-builder-workspace/.dependencies/checkouts/app-entitlements/Sources/AppEntitlements/Core/EntitlementValueTypes.swift /Users/admin/builder/spi-builder-workspace/.dependencies/checkouts/app-entitlements/Sources/AppEntitlements/Entitlements/AppEntitlements+Base.swift (in target 'AppEntitlements' from project 'AppEntitlements')
SwiftCompile normal arm64 /Users/admin/builder/spi-builder-workspace/.dependencies/checkouts/app-entitlements/Sources/AppEntitlements/Core/EntitlementIdentifying.swift (in target 'AppEntitlements' from project 'AppEntitlements')
cd /Users/admin/builder/spi-builder-workspace/.swiftpm/xcode
builtin-SwiftPerFileCompile EntitlementIdentifying.swift
SwiftCompile normal arm64 /Users/admin/builder/spi-builder-workspace/.dependencies/checkouts/app-entitlements/Sources/AppEntitlements/Core/EntitlementValueTypes.swift (in target 'AppEntitlements' from project 'AppEntitlements')
cd /Users/admin/builder/spi-builder-workspace/.swiftpm/xcode
builtin-SwiftPerFileCompile EntitlementValueTypes.swift
SwiftCompile normal arm64 /Users/admin/builder/spi-builder-workspace/.dependencies/checkouts/app-entitlements/Sources/AppEntitlements/Entitlements/AppEntitlements+Base.swift (in target 'AppEntitlements' from project 'AppEntitlements')
cd /Users/admin/builder/spi-builder-workspace/.swiftpm/xcode
builtin-SwiftPerFileCompile AppEntitlements+Base.swift
SwiftCompile normal arm64 Compiling\ CodeSigning+Blob.swift,\ CodeSigning+Magic.swift,\ CodeSigning+SuperBlob.swift /Users/admin/builder/spi-builder-workspace/.dependencies/checkouts/app-entitlements/Sources/AppEntitlements/CodeSigning/CodeSigning+Blob.swift /Users/admin/builder/spi-builder-workspace/.dependencies/checkouts/app-entitlements/Sources/AppEntitlements/CodeSigning/CodeSigning+Magic.swift /Users/admin/builder/spi-builder-workspace/.dependencies/checkouts/app-entitlements/Sources/AppEntitlements/CodeSigning/CodeSigning+SuperBlob.swift (in target 'AppEntitlements' from project 'AppEntitlements')
SwiftCompile normal arm64 /Users/admin/builder/spi-builder-workspace/.dependencies/checkouts/app-entitlements/Sources/AppEntitlements/CodeSigning/CodeSigning+Blob.swift (in target 'AppEntitlements' from project 'AppEntitlements')
cd /Users/admin/builder/spi-builder-workspace/.swiftpm/xcode
builtin-SwiftPerFileCompile CodeSigning+Blob.swift
SwiftCompile normal arm64 /Users/admin/builder/spi-builder-workspace/.dependencies/checkouts/app-entitlements/Sources/AppEntitlements/CodeSigning/CodeSigning+Magic.swift (in target 'AppEntitlements' from project 'AppEntitlements')
cd /Users/admin/builder/spi-builder-workspace/.swiftpm/xcode
builtin-SwiftPerFileCompile CodeSigning+Magic.swift
SwiftCompile normal arm64 /Users/admin/builder/spi-builder-workspace/.dependencies/checkouts/app-entitlements/Sources/AppEntitlements/CodeSigning/CodeSigning+SuperBlob.swift (in target 'AppEntitlements' from project 'AppEntitlements')
cd /Users/admin/builder/spi-builder-workspace/.swiftpm/xcode
builtin-SwiftPerFileCompile CodeSigning+SuperBlob.swift
SwiftDriverJobDiscovery normal arm64 Compiling ObjectIdentifier.swift, PEMDocument.swift (in target 'SwiftASN1' from project 'swift-asn1')
SwiftDriver\ Compilation SwiftASN1 normal arm64 com.apple.xcode.tools.swift.compiler (in target 'SwiftASN1' from project 'swift-asn1')
cd /Users/admin/builder/spi-builder-workspace/.swiftpm/xcode
builtin-Swift-Compilation -- /Applications/Xcode-27.0.0-Release.Candidate.app/Contents/Developer/Toolchains/XcodeDefault.xctoolchain/usr/bin/swiftc -parse-as-library -module-name SwiftASN1 -Onone @/Users/admin/builder/spi-builder-workspace/.derivedData/Build/Intermediates.noindex/swift-asn1.build/Debug-appletvos/SwiftASN1-t.build/Objects-normal/arm64/SwiftASN1.SwiftFileList -DSWIFT_PACKAGE -DDEBUG -DSWIFT_MODULE_RESOURCE_BUNDLE_UNAVAILABLE -DXcode -enable-upcoming-feature ExistentialAny -enable-upcoming-feature MemberImportVisibility -plugin-path /Applications/Xcode-27.0.0-Release.Candidate.app/Contents/Developer/Toolchains/XcodeDefault.xctoolchain/usr/lib/swift/host/plugins/testing -enable-experimental-feature DebugDescriptionMacro -sdk /Applications/Xcode-27.0.0-Release.Candidate.app/Contents/Developer/Platforms/AppleTVOS.platform/Developer/SDKs/AppleTVOS27.0.sdk -target arm64-apple-tvos15.0 -g -module-cache-path /Users/admin/builder/spi-builder-workspace/.derivedData/ModuleCache.noindex -Xfrontend -serialize-debugging-options -profile-coverage-mapping -profile-generate -enable-testing -suppress-warnings -index-store-path /Users/admin/builder/spi-builder-workspace/.derivedData/Index.noindex/DataStore -Xcc -D_LIBCPP_HARDENING_MODE\=_LIBCPP_HARDENING_MODE_DEBUG -swift-version 6 -I /Users/admin/builder/spi-builder-workspace/.derivedData/Build/Products/Debug-appletvos -Isystem /Applications/Xcode-27.0.0-Release.Candidate.app/Contents/Developer/Platforms/AppleTVOS.platform/Developer/usr/lib -F /Users/admin/builder/spi-builder-workspace/.derivedData/Build/Products/Debug-appletvos -F /Applications/Xcode-27.0.0-Release.Candidate.app/Contents/Developer/Platforms/AppleTVOS.platform/Developer/Library/Frameworks -F /Applications/Xcode-27.0.0-Release.Candidate.app/Contents/Developer/Platforms/AppleTVOS.platform/Developer/SDKs/AppleTVOS27.0.sdk/Developer/Library/Frameworks -c -j10 -enable-batch-mode -incremental -Xcc -ivfsstatcache -Xcc /Users/admin/builder/spi-builder-workspace/.derivedData/SDKStatCaches.noindex/appletvos27.0-24J360-e829b21a6f8c9b70876ba0858053c044b32bfd8d43560033f8d89884cdb90028.sdkstatcache -output-file-map /Users/admin/builder/spi-builder-workspace/.derivedData/Build/Intermediates.noindex/swift-asn1.build/Debug-appletvos/SwiftASN1-t.build/Objects-normal/arm64/SwiftASN1-OutputFileMap.json -save-temps -no-color-diagnostics -explicit-module-build -module-cache-path /Users/admin/builder/spi-builder-workspace/.derivedData/Build/Intermediates.noindex/SwiftExplicitPrecompiledModules -clang-scanner-module-cache-path /Users/admin/builder/spi-builder-workspace/.derivedData/ModuleCache.noindex -sdk-module-cache-path /Users/admin/builder/spi-builder-workspace/.derivedData/SDKExplicitPrecompiledModules -emit-dependencies -emit-module -emit-module-path /Users/admin/builder/spi-builder-workspace/.derivedData/Build/Intermediates.noindex/swift-asn1.build/Debug-appletvos/SwiftASN1-t.build/Objects-normal/arm64/SwiftASN1.swiftmodule -serialize-diagnostics -dependency-scan-serialize-diagnostics-path /Users/admin/builder/spi-builder-workspace/.derivedData/Build/Intermediates.noindex/swift-asn1.build/Debug-appletvos/SwiftASN1-t.build/Objects-normal/arm64/SwiftASN1-dependency-scan.dia -user-module-version 1.7.3 -validate-clang-modules-once -clang-build-session-file /Users/admin/builder/spi-builder-workspace/.derivedData/ModuleCache.noindex/Session.modulevalidation -Xcc -fmodules-prune-interval\=86400 -Xcc -fmodules-prune-after\=345600 -package-name swift_asn1 -emit-const-values -const-gather-protocols-list /Users/admin/builder/spi-builder-workspace/.derivedData/Build/Intermediates.noindex/swift-asn1.build/Debug-appletvos/SwiftASN1-t.build/Objects-normal/arm64/SwiftASN1_const_extract_protocols.json -Xcc -I/Users/admin/builder/spi-builder-workspace/.derivedData/Build/Products/Debug-appletvos/include -Xcc -I/Users/admin/builder/spi-builder-workspace/.derivedData/Build/Intermediates.noindex/swift-asn1.build/Debug-appletvos/SwiftASN1-t.build/DerivedSources-normal/arm64 -Xcc -I/Users/admin/builder/spi-builder-workspace/.derivedData/Build/Intermediates.noindex/swift-asn1.build/Debug-appletvos/SwiftASN1-t.build/DerivedSources/arm64 -Xcc -I/Users/admin/builder/spi-builder-workspace/.derivedData/Build/Intermediates.noindex/swift-asn1.build/Debug-appletvos/SwiftASN1-t.build/DerivedSources -Xcc -DSWIFT_PACKAGE -Xcc -DDEBUG\=1 -emit-objc-header -emit-objc-header-path /Users/admin/builder/spi-builder-workspace/.derivedData/Build/Intermediates.noindex/swift-asn1.build/Debug-appletvos/SwiftASN1-t.build/Objects-normal/arm64/SwiftASN1-Swift.h -working-directory /Users/admin/builder/spi-builder-workspace/.swiftpm/xcode -experimental-emit-module-separately -disable-cmo
SwiftDriverJobDiscovery normal arm64 Compiling AppEntitlements+DEREncodingError.swift, AppEntitlements+EntitlementsError.swift, String+ASN1.swift (in target 'AppEntitlements' from project 'AppEntitlements')
SwiftCompile normal arm64 Compiling\ resource_bundle_accessor.swift,\ AppEntitlements+EntitlementIdentifying.swift,\ AppEntitlements+ValueRetrieval.swift,\ AppEntitlements.swift /Users/admin/builder/spi-builder-workspace/.derivedData/Build/Intermediates.noindex/AppEntitlements.build/Debug-appletvos/AppEntitlements-t.build/DerivedSources/resource_bundle_accessor.swift /Users/admin/builder/spi-builder-workspace/.dependencies/checkouts/app-entitlements/Sources/AppEntitlements/AppEntitlements+EntitlementIdentifying.swift /Users/admin/builder/spi-builder-workspace/.dependencies/checkouts/app-entitlements/Sources/AppEntitlements/AppEntitlements+ValueRetrieval.swift /Users/admin/builder/spi-builder-workspace/.dependencies/checkouts/app-entitlements/Sources/AppEntitlements/AppEntitlements.swift (in target 'AppEntitlements' from project 'AppEntitlements')
SwiftCompile normal arm64 /Users/admin/builder/spi-builder-workspace/.derivedData/Build/Intermediates.noindex/AppEntitlements.build/Debug-appletvos/AppEntitlements-t.build/DerivedSources/resource_bundle_accessor.swift (in target 'AppEntitlements' from project 'AppEntitlements')
cd /Users/admin/builder/spi-builder-workspace/.swiftpm/xcode
builtin-SwiftPerFileCompile resource_bundle_accessor.swift
SwiftCompile normal arm64 /Users/admin/builder/spi-builder-workspace/.dependencies/checkouts/app-entitlements/Sources/AppEntitlements/AppEntitlements+EntitlementIdentifying.swift (in target 'AppEntitlements' from project 'AppEntitlements')
cd /Users/admin/builder/spi-builder-workspace/.swiftpm/xcode
builtin-SwiftPerFileCompile AppEntitlements+EntitlementIdentifying.swift
SwiftCompile normal arm64 /Users/admin/builder/spi-builder-workspace/.dependencies/checkouts/app-entitlements/Sources/AppEntitlements/AppEntitlements+ValueRetrieval.swift (in target 'AppEntitlements' from project 'AppEntitlements')
cd /Users/admin/builder/spi-builder-workspace/.swiftpm/xcode
builtin-SwiftPerFileCompile AppEntitlements+ValueRetrieval.swift
SwiftCompile normal arm64 (in target 'AppEntitlements' from project 'AppEntitlements')
cd /Users/admin/builder/spi-builder-workspace/.swiftpm/xcode
Ld /Users/admin/builder/spi-builder-workspace/.derivedData/Build/Products/Debug-appletvos/SwiftASN1.o normal (in target 'SwiftASN1' from project 'swift-asn1')
cd /Users/admin/builder/spi-builder-workspace/.dependencies/checkouts/swift-asn1
/Applications/Xcode-27.0.0-Release.Candidate.app/Contents/Developer/Toolchains/XcodeDefault.xctoolchain/usr/bin/clang -Xlinker -reproducible -target arm64-apple-tvos15.0 -r -isysroot /Applications/Xcode-27.0.0-Release.Candidate.app/Contents/Developer/Platforms/AppleTVOS.platform/Developer/SDKs/AppleTVOS27.0.sdk -O0 -w -Xlinker -no_warn_duplicate_libraries -F/Users/admin/builder/spi-builder-workspace/.derivedData/Build/Intermediates.noindex/EagerLinkingTBDs/Debug-appletvos -F/Users/admin/builder/spi-builder-workspace/.derivedData/Build/Products/Debug-appletvos -iframework /Applications/Xcode-27.0.0-Release.Candidate.app/Contents/Developer/Platforms/AppleTVOS.platform/Developer/Library/Frameworks -iframework /Applications/Xcode-27.0.0-Release.Candidate.app/Contents/Developer/Platforms/AppleTVOS.platform/Developer/SDKs/AppleTVOS27.0.sdk/Developer/Library/Frameworks -filelist /Users/admin/builder/spi-builder-workspace/.derivedData/Build/Intermediates.noindex/swift-asn1.build/Debug-appletvos/SwiftASN1-t.build/Objects-normal/arm64/SwiftASN1.LinkFileList -nostdlib -Xlinker -object_path_lto -Xlinker /Users/admin/builder/spi-builder-workspace/.derivedData/Build/Intermediates.noindex/swift-asn1.build/Debug-appletvos/SwiftASN1-t.build/Objects-normal/arm64/SwiftASN1_lto.o -Xlinker -no_deduplicate -Xlinker -debug_variant -Xlinker -dependency_info -Xlinker /Users/admin/builder/spi-builder-workspace/.derivedData/Build/Intermediates.noindex/swift-asn1.build/Debug-appletvos/SwiftASN1-t.build/Objects-normal/arm64/SwiftASN1_dependency_info.dat -fobjc-link-runtime -L/Applications/Xcode-27.0.0-Release.Candidate.app/Contents/Developer/Toolchains/XcodeDefault.xctoolchain/usr/lib/swift/appletvos -L/usr/lib/swift -Xlinker -add_ast_path -Xlinker /Users/admin/builder/spi-builder-workspace/.derivedData/Build/Intermediates.noindex/swift-asn1.build/Debug-appletvos/SwiftASN1-t.build/Objects-normal/arm64/SwiftASN1.swiftmodule -o /Users/admin/builder/spi-builder-workspace/.derivedData/Build/Products/Debug-appletvos/SwiftASN1.o
SwiftDriverJobDiscovery normal arm64 Compiling EntitlementIdentifying.swift, EntitlementValueTypes.swift, AppEntitlements+Base.swift (in target 'AppEntitlements' from project 'AppEntitlements')
SwiftDriverJobDiscovery normal arm64 Compiling CodeSigning+Blob.swift, CodeSigning+Magic.swift, CodeSigning+SuperBlob.swift (in target 'AppEntitlements' from project 'AppEntitlements')
SwiftDriverJobDiscovery normal arm64 Emitting module for AppEntitlements (in target 'AppEntitlements' from project 'AppEntitlements')
SwiftDriver\ Compilation\ Requirements AppEntitlements normal arm64 com.apple.xcode.tools.swift.compiler (in target 'AppEntitlements' from project 'AppEntitlements')
cd /Users/admin/builder/spi-builder-workspace/.swiftpm/xcode
builtin-Swift-Compilation-Requirements -- /Applications/Xcode-27.0.0-Release.Candidate.app/Contents/Developer/Toolchains/XcodeDefault.xctoolchain/usr/bin/swiftc -parse-as-library -module-name AppEntitlements -Onone @/Users/admin/builder/spi-builder-workspace/.derivedData/Build/Intermediates.noindex/AppEntitlements.build/Debug-appletvos/AppEntitlements-t.build/Objects-normal/arm64/AppEntitlements.SwiftFileList -DSWIFT_PACKAGE -DDEBUG -DSWIFT_MODULE_RESOURCE_BUNDLE_AVAILABLE -DXcode -enable-upcoming-feature ExistentialAny -enable-upcoming-feature InternalImportsByDefault -plugin-path /Applications/Xcode-27.0.0-Release.Candidate.app/Contents/Developer/Toolchains/XcodeDefault.xctoolchain/usr/lib/swift/host/plugins/testing -enable-experimental-feature DebugDescriptionMacro -sdk /Applications/Xcode-27.0.0-Release.Candidate.app/Contents/Developer/Platforms/AppleTVOS.platform/Developer/SDKs/AppleTVOS27.0.sdk -target arm64-apple-tvos15.0 -g -module-cache-path /Users/admin/builder/spi-builder-workspace/.derivedData/ModuleCache.noindex -Xfrontend -serialize-debugging-options -profile-coverage-mapping -profile-generate -enable-testing -suppress-warnings -index-store-path /Users/admin/builder/spi-builder-workspace/.derivedData/Index.noindex/DataStore -Xcc -D_LIBCPP_HARDENING_MODE\=_LIBCPP_HARDENING_MODE_DEBUG -swift-version 6 -I /Users/admin/builder/spi-builder-workspace/.derivedData/Build/Products/Debug-appletvos -Isystem /Applications/Xcode-27.0.0-Release.Candidate.app/Contents/Developer/Platforms/AppleTVOS.platform/Developer/usr/lib -F /Users/admin/builder/spi-builder-workspace/.derivedData/Build/Products/Debug-appletvos/PackageFrameworks -F /Users/admin/builder/spi-builder-workspace/.derivedData/Build/Products/Debug-appletvos -F /Applications/Xcode-27.0.0-Release.Candidate.app/Contents/Developer/Platforms/AppleTVOS.platform/Developer/Library/Frameworks -F /Applications/Xcode-27.0.0-Release.Candidate.app/Contents/Developer/Platforms/AppleTVOS.platform/Developer/SDKs/AppleTVOS27.0.sdk/Developer/Library/Frameworks -c -j10 -enable-batch-mode -incremental -Xcc -ivfsstatcache -Xcc /Users/admin/builder/spi-builder-workspace/.derivedData/SDKStatCaches.noindex/appletvos27.0-24J360-e829b21a6f8c9b70876ba0858053c044b32bfd8d43560033f8d89884cdb90028.sdkstatcache -output-file-map /Users/admin/builder/spi-builder-workspace/.derivedData/Build/Intermediates.noindex/AppEntitlements.build/Debug-appletvos/AppEntitlements-t.build/Objects-normal/arm64/AppEntitlements-OutputFileMap.json -save-temps -no-color-diagnostics -explicit-module-build -module-cache-path /Users/admin/builder/spi-builder-workspace/.derivedData/Build/Intermediates.noindex/SwiftExplicitPrecompiledModules -clang-scanner-module-cache-path /Users/admin/builder/spi-builder-workspace/.derivedData/ModuleCache.noindex -sdk-module-cache-path /Users/admin/builder/spi-builder-workspace/.derivedData/SDKExplicitPrecompiledModules -emit-dependencies -emit-module -emit-module-path /Users/admin/builder/spi-builder-workspace/.derivedData/Build/Intermediates.noindex/AppEntitlements.build/Debug-appletvos/AppEntitlements-t.build/Objects-normal/arm64/AppEntitlements.swiftmodule -serialize-diagnostics -dependency-scan-serialize-diagnostics-path /Users/admin/builder/spi-builder-workspace/.derivedData/Build/Intermediates.noindex/AppEntitlements.build/Debug-appletvos/AppEntitlements-t.build/Objects-normal/arm64/AppEntitlements-dependency-scan.dia -user-module-version 2.0.3 -validate-clang-modules-once -clang-build-session-file /Users/admin/builder/spi-builder-workspace/.derivedData/ModuleCache.noindex/Session.modulevalidation -Xcc -fmodules-prune-interval\=86400 -Xcc -fmodules-prune-after\=345600 -package-name app_entitlements -emit-const-values -const-gather-protocols-list /Users/admin/builder/spi-builder-workspace/.derivedData/Build/Intermediates.noindex/AppEntitlements.build/Debug-appletvos/AppEntitlements-t.build/Objects-normal/arm64/AppEntitlements_const_extract_protocols.json -Xcc -I/Users/admin/builder/spi-builder-workspace/.derivedData/Build/Products/Debug-appletvos/include -Xcc -I/Users/admin/builder/spi-builder-workspace/.derivedData/Build/Intermediates.noindex/AppEntitlements.build/Debug-appletvos/AppEntitlements-t.build/DerivedSources-normal/arm64 -Xcc -I/Users/admin/builder/spi-builder-workspace/.derivedData/Build/Intermediates.noindex/AppEntitlements.build/Debug-appletvos/AppEntitlements-t.build/DerivedSources/arm64 -Xcc -I/Users/admin/builder/spi-builder-workspace/.derivedData/Build/Intermediates.noindex/AppEntitlements.build/Debug-appletvos/AppEntitlements-t.build/DerivedSources -Xcc -DSWIFT_PACKAGE -Xcc -DDEBUG\=1 -emit-objc-header -emit-objc-header-path /Users/admin/builder/spi-builder-workspace/.derivedData/Build/Intermediates.noindex/AppEntitlements.build/Debug-appletvos/AppEntitlements-t.build/Objects-normal/arm64/AppEntitlements-Swift.h -working-directory /Users/admin/builder/spi-builder-workspace/.swiftpm/xcode -experimental-emit-module-separately -disable-cmo
ExtractAppIntentsMetadata (in target 'SwiftASN1' from project 'swift-asn1')
cd /Users/admin/builder/spi-builder-workspace/.dependencies/checkouts/swift-asn1
/Applications/Xcode-27.0.0-Release.Candidate.app/Contents/Developer/Toolchains/XcodeDefault.xctoolchain/usr/bin/appintentsmetadataprocessor --toolchain-dir /var/run/com.apple.security.cryptexd/mnt/com.apple.MobileAsset.MetalToolchain-v27.1.266.1.EYz7UI/Metal.xctoolchain --module-name SwiftASN1 --sdk-root /Applications/Xcode-27.0.0-Release.Candidate.app/Contents/Developer/Platforms/AppleTVOS.platform/Developer/SDKs/AppleTVOS27.0.sdk --xcode-version 27A266a --platform-family tvOS --deployment-target 15.0 --bundle-identifier swift-asn1.SwiftASN1 --output /Users/admin/builder/spi-builder-workspace/.derivedData/Build/Products/Debug-appletvos/SwiftASN1.appintents --target-triple arm64-apple-tvos15.0 --binary-file /Users/admin/builder/spi-builder-workspace/.derivedData/Build/Products/Debug-appletvos/SwiftASN1.o --dependency-file /Users/admin/builder/spi-builder-workspace/.derivedData/Build/Intermediates.noindex/swift-asn1.build/Debug-appletvos/SwiftASN1-t.build/Objects-normal/arm64/SwiftASN1_dependency_info.dat --stringsdata-file /Users/admin/builder/spi-builder-workspace/.derivedData/Build/Intermediates.noindex/swift-asn1.build/Debug-appletvos/SwiftASN1-t.build/Objects-normal/arm64/ExtractedAppShortcutsMetadata.stringsdata --source-file-list /Users/admin/builder/spi-builder-workspace/.derivedData/Build/Intermediates.noindex/swift-asn1.build/Debug-appletvos/SwiftASN1-t.build/Objects-normal/arm64/SwiftASN1.SwiftFileList --metadata-file-list /Users/admin/builder/spi-builder-workspace/.derivedData/Build/Intermediates.noindex/swift-asn1.build/Debug-appletvos/SwiftASN1-t.build/SwiftASN1.DependencyMetadataFileList --static-metadata-file-list /Users/admin/builder/spi-builder-workspace/.derivedData/Build/Intermediates.noindex/swift-asn1.build/Debug-appletvos/SwiftASN1-t.build/SwiftASN1.DependencyStaticMetadataFileList --swift-const-vals-list /Users/admin/builder/spi-builder-workspace/.derivedData/Build/Intermediates.noindex/swift-asn1.build/Debug-appletvos/SwiftASN1-t.build/Objects-normal/arm64/SwiftASN1.SwiftConstValuesFileList --force --compile-time-extraction --deployment-aware-processing --no-app-shortcuts-localization
2026-09-24 06:52:43.869 appintentsmetadataprocessor[976:5732] Starting appintentsmetadataprocessor export
2026-09-24 06:52:43.938 appintentsmetadataprocessor[976:5732] Extracted no relevant App Intents symbols, skipping writing output
SwiftMergeGeneratedHeaders /Users/admin/builder/spi-builder-workspace/.derivedData/Build/Intermediates.noindex/GeneratedModuleMaps-appletvos/AppEntitlements-Swift.h /Users/admin/builder/spi-builder-workspace/.derivedData/Build/Intermediates.noindex/AppEntitlements.build/Debug-appletvos/AppEntitlements-t.build/Objects-normal/arm64/AppEntitlements-Swift.h (in target 'AppEntitlements' from project 'AppEntitlements')
cd /Users/admin/builder/spi-builder-workspace/.dependencies/checkouts/app-entitlements
builtin-swiftHeaderTool -arch arm64 /Users/admin/builder/spi-builder-workspace/.derivedData/Build/Intermediates.noindex/AppEntitlements.build/Debug-appletvos/AppEntitlements-t.build/Objects-normal/arm64/AppEntitlements-Swift.h -o /Users/admin/builder/spi-builder-workspace/.derivedData/Build/Intermediates.noindex/GeneratedModuleMaps-appletvos/AppEntitlements-Swift.h
Copy /Users/admin/builder/spi-builder-workspace/.derivedData/Build/Products/Debug-appletvos/AppEntitlements.swiftmodule/arm64-apple-tvos.swiftmodule /Users/admin/builder/spi-builder-workspace/.derivedData/Build/Intermediates.noindex/AppEntitlements.build/Debug-appletvos/AppEntitlements-t.build/Objects-normal/arm64/AppEntitlements.swiftmodule (in target 'AppEntitlements' from project 'AppEntitlements')
cd /Users/admin/builder/spi-builder-workspace/.dependencies/checkouts/app-entitlements
builtin-copy -exclude .DS_Store -exclude CVS -exclude .svn -exclude .git -exclude .hg -resolve-src-symlinks -rename /Users/admin/builder/spi-builder-workspace/.derivedData/Build/Intermediates.noindex/AppEntitlements.build/Debug-appletvos/AppEntitlements-t.build/Objects-normal/arm64/AppEntitlements.swiftmodule /Users/admin/builder/spi-builder-workspace/.derivedData/Build/Products/Debug-appletvos/AppEntitlements.swiftmodule/arm64-apple-tvos.swiftmodule
Copy /Users/admin/builder/spi-builder-workspace/.derivedData/Build/Products/Debug-appletvos/AppEntitlements.swiftmodule/arm64-apple-tvos.swiftdoc /Users/admin/builder/spi-builder-workspace/.derivedData/Build/Intermediates.noindex/AppEntitlements.build/Debug-appletvos/AppEntitlements-t.build/Objects-normal/arm64/AppEntitlements.swiftdoc (in target 'AppEntitlements' from project 'AppEntitlements')
cd /Users/admin/builder/spi-builder-workspace/.dependencies/checkouts/app-entitlements
builtin-copy -exclude .DS_Store -exclude CVS -exclude .svn -exclude .git -exclude .hg -resolve-src-symlinks -rename /Users/admin/builder/spi-builder-workspace/.derivedData/Build/Intermediates.noindex/AppEntitlements.build/Debug-appletvos/AppEntitlements-t.build/Objects-normal/arm64/AppEntitlements.swiftdoc /Users/admin/builder/spi-builder-workspace/.derivedData/Build/Products/Debug-appletvos/AppEntitlements.swiftmodule/arm64-apple-tvos.swiftdoc
Copy /Users/admin/builder/spi-builder-workspace/.derivedData/Build/Products/Debug-appletvos/AppEntitlements.swiftmodule/arm64-apple-tvos.abi.json /Users/admin/builder/spi-builder-workspace/.derivedData/Build/Intermediates.noindex/AppEntitlements.build/Debug-appletvos/AppEntitlements-t.build/Objects-normal/arm64/AppEntitlements.abi.json (in target 'AppEntitlements' from project 'AppEntitlements')
cd /Users/admin/builder/spi-builder-workspace/.dependencies/checkouts/app-entitlements
builtin-copy -exclude .DS_Store -exclude CVS -exclude .svn -exclude .git -exclude .hg -resolve-src-symlinks -rename /Users/admin/builder/spi-builder-workspace/.derivedData/Build/Intermediates.noindex/AppEntitlements.build/Debug-appletvos/AppEntitlements-t.build/Objects-normal/arm64/AppEntitlements.abi.json /Users/admin/builder/spi-builder-workspace/.derivedData/Build/Products/Debug-appletvos/AppEntitlements.swiftmodule/arm64-apple-tvos.abi.json
Copy /Users/admin/builder/spi-builder-workspace/.derivedData/Build/Products/Debug-appletvos/AppEntitlements.swiftmodule/Project/arm64-apple-tvos.swiftsourceinfo /Users/admin/builder/spi-builder-workspace/.derivedData/Build/Intermediates.noindex/AppEntitlements.build/Debug-appletvos/AppEntitlements-t.build/Objects-normal/arm64/AppEntitlements.swiftsourceinfo (in target 'AppEntitlements' from project 'AppEntitlements')
cd /Users/admin/builder/spi-builder-workspace/.dependencies/checkouts/app-entitlements
builtin-copy -exclude .DS_Store -exclude CVS -exclude .svn -exclude .git -exclude .hg -resolve-src-symlinks -rename /Users/admin/builder/spi-builder-workspace/.derivedData/Build/Intermediates.noindex/AppEntitlements.build/Debug-appletvos/AppEntitlements-t.build/Objects-normal/arm64/AppEntitlements.swiftsourceinfo /Users/admin/builder/spi-builder-workspace/.derivedData/Build/Products/Debug-appletvos/AppEntitlements.swiftmodule/Project/arm64-apple-tvos.swiftsourceinfo
SwiftDriverJobDiscovery normal arm64 Compiling PropertyListValue+ValueTypes.swift, PropertyListValue.swift, PropertyListValueError.swift (in target 'AppEntitlements' from project 'AppEntitlements')
SwiftDriver SwiftKeychainKit normal arm64 com.apple.xcode.tools.swift.compiler (in target 'SwiftKeychainKit' from project 'SwiftKeychainKit')
cd /Users/admin/builder/spi-builder-workspace/.swiftpm/xcode
builtin-SwiftDriver -- /Applications/Xcode-27.0.0-Release.Candidate.app/Contents/Developer/Toolchains/XcodeDefault.xctoolchain/usr/bin/swiftc -parse-as-library -module-name SwiftKeychainKit -Onone @/Users/admin/builder/spi-builder-workspace/.derivedData/Build/Intermediates.noindex/SwiftKeychainKit.build/Debug-appletvos/SwiftKeychainKit-t.build/Objects-normal/arm64/SwiftKeychainKit.SwiftFileList -DSWIFT_PACKAGE -DDEBUG -DSWIFT_MODULE_RESOURCE_BUNDLE_AVAILABLE -DXcode -enable-upcoming-feature InternalImportsByDefault -plugin-path /Applications/Xcode-27.0.0-Release.Candidate.app/Contents/Developer/Toolchains/XcodeDefault.xctoolchain/usr/lib/swift/host/plugins/testing -enable-experimental-feature DebugDescriptionMacro -sdk /Applications/Xcode-27.0.0-Release.Candidate.app/Contents/Developer/Platforms/AppleTVOS.platform/Developer/SDKs/AppleTVOS27.0.sdk -target arm64-apple-tvos15.0 -g -module-cache-path /Users/admin/builder/spi-builder-workspace/.derivedData/ModuleCache.noindex -Xfrontend -serialize-debugging-options -profile-coverage-mapping -profile-generate -enable-testing -index-store-path /Users/admin/builder/spi-builder-workspace/.derivedData/Index.noindex/DataStore -Xcc -D_LIBCPP_HARDENING_MODE\=_LIBCPP_HARDENING_MODE_DEBUG -swift-version 6 -I /Users/admin/builder/spi-builder-workspace/.derivedData/Build/Products/Debug-appletvos -Isystem /Applications/Xcode-27.0.0-Release.Candidate.app/Contents/Developer/Platforms/AppleTVOS.platform/Developer/usr/lib -F /Users/admin/builder/spi-builder-workspace/.derivedData/Build/Products/Debug-appletvos/PackageFrameworks -F /Users/admin/builder/spi-builder-workspace/.derivedData/Build/Products/Debug-appletvos -F /Applications/Xcode-27.0.0-Release.Candidate.app/Contents/Developer/Platforms/AppleTVOS.platform/Developer/Library/Frameworks -F /Applications/Xcode-27.0.0-Release.Candidate.app/Contents/Developer/Platforms/AppleTVOS.platform/Developer/SDKs/AppleTVOS27.0.sdk/Developer/Library/Frameworks -c -j10 -enable-batch-mode -incremental -Xcc -ivfsstatcache -Xcc /Users/admin/builder/spi-builder-workspace/.derivedData/SDKStatCaches.noindex/appletvos27.0-24J360-e829b21a6f8c9b70876ba0858053c044b32bfd8d43560033f8d89884cdb90028.sdkstatcache -output-file-map /Users/admin/builder/spi-builder-workspace/.derivedData/Build/Intermediates.noindex/SwiftKeychainKit.build/Debug-appletvos/SwiftKeychainKit-t.build/Objects-normal/arm64/SwiftKeychainKit-OutputFileMap.json -save-temps -no-color-diagnostics -explicit-module-build -module-cache-path /Users/admin/builder/spi-builder-workspace/.derivedData/Build/Intermediates.noindex/SwiftExplicitPrecompiledModules -clang-scanner-module-cache-path /Users/admin/builder/spi-builder-workspace/.derivedData/ModuleCache.noindex -sdk-module-cache-path /Users/admin/builder/spi-builder-workspace/.derivedData/SDKExplicitPrecompiledModules -emit-dependencies -emit-module -emit-module-path /Users/admin/builder/spi-builder-workspace/.derivedData/Build/Intermediates.noindex/SwiftKeychainKit.build/Debug-appletvos/SwiftKeychainKit-t.build/Objects-normal/arm64/SwiftKeychainKit.swiftmodule -serialize-diagnostics -dependency-scan-serialize-diagnostics-path /Users/admin/builder/spi-builder-workspace/.derivedData/Build/Intermediates.noindex/SwiftKeychainKit.build/Debug-appletvos/SwiftKeychainKit-t.build/Objects-normal/arm64/SwiftKeychainKit-dependency-scan.dia -validate-clang-modules-once -clang-build-session-file /Users/admin/builder/spi-builder-workspace/.derivedData/ModuleCache.noindex/Session.modulevalidation -Xcc -fmodules-prune-interval\=86400 -Xcc -fmodules-prune-after\=345600 -package-name spi_builder_workspace -emit-const-values -const-gather-protocols-list /Users/admin/builder/spi-builder-workspace/.derivedData/Build/Intermediates.noindex/SwiftKeychainKit.build/Debug-appletvos/SwiftKeychainKit-t.build/Objects-normal/arm64/SwiftKeychainKit_const_extract_protocols.json -Xcc -I/Users/admin/builder/spi-builder-workspace/.derivedData/Build/Products/Debug-appletvos/include -Xcc -I/Users/admin/builder/spi-builder-workspace/.derivedData/Build/Intermediates.noindex/SwiftKeychainKit.build/Debug-appletvos/SwiftKeychainKit-t.build/DerivedSources-normal/arm64 -Xcc -I/Users/admin/builder/spi-builder-workspace/.derivedData/Build/Intermediates.noindex/SwiftKeychainKit.build/Debug-appletvos/SwiftKeychainKit-t.build/DerivedSources/arm64 -Xcc -I/Users/admin/builder/spi-builder-workspace/.derivedData/Build/Intermediates.noindex/SwiftKeychainKit.build/Debug-appletvos/SwiftKeychainKit-t.build/DerivedSources -Xcc -DSWIFT_PACKAGE -Xcc -DDEBUG\=1 -emit-objc-header -emit-objc-header-path /Users/admin/builder/spi-builder-workspace/.derivedData/Build/Intermediates.noindex/SwiftKeychainKit.build/Debug-appletvos/SwiftKeychainKit-t.build/Objects-normal/arm64/SwiftKeychainKit-Swift.h -working-directory /Users/admin/builder/spi-builder-workspace/.swiftpm/xcode -experimental-emit-module-separately -disable-cmo
/Users/admin/builder/spi-builder-workspace/Sources/SwiftKeychainKit/AccessControl/AccessControl+LAContext.swift:1:15: error: Unable to resolve module dependency: 'LocalAuthentication' (in target 'SwiftKeychainKit' from project 'SwiftKeychainKit')
note: A dependency of main module 'SwiftKeychainKit'
/Users/admin/builder/spi-builder-workspace/Sources/SwiftKeychainKit/Certificates/Certificates+Add.swift:1:15: note: Also imported here
/Users/admin/builder/spi-builder-workspace/Sources/SwiftKeychainKit/Certificates/Certificates+Attributes.swift:2:15: note: Also imported here
/Users/admin/builder/spi-builder-workspace/Sources/SwiftKeychainKit/Certificates/Certificates+AttributesByReference.swift:1:15: note: Also imported here
/Users/admin/builder/spi-builder-workspace/Sources/SwiftKeychainKit/Certificates/Certificates+Delete.swift:2:15: note: Also imported here
/Users/admin/builder/spi-builder-workspace/Sources/SwiftKeychainKit/Certificates/Certificates+DeleteByReference.swift:1:15: note: Also imported here
/Users/admin/builder/spi-builder-workspace/Sources/SwiftKeychainKit/Certificates/Certificates+GetByReference.swift:1:15: note: Also imported here
/Users/admin/builder/spi-builder-workspace/Sources/SwiftKeychainKit/Certificates/Certificates+Query.swift:1:15: note: Also imported here
/Users/admin/builder/spi-builder-workspace/Sources/SwiftKeychainKit/Certificates/Certificates+QueryBuilder.swift:2:17: note: Also imported here
/Users/admin/builder/spi-builder-workspace/Sources/SwiftKeychainKit/Certificates/Certificates+QueryOne.swift:1:15: note: Also imported here
/Users/admin/builder/spi-builder-workspace/Sources/SwiftKeychainKit/CryptoKit/CryptoKit+GenericPasswordConvertible.swift:3:15: note: Also imported here
/Users/admin/builder/spi-builder-workspace/Sources/SwiftKeychainKit/GenericPassword/GenericPassword+Add.swift:1:15: note: Also imported here
/Users/admin/builder/spi-builder-workspace/Sources/SwiftKeychainKit/GenericPassword/GenericPassword+Attributes.swift:2:15: note: Also imported here
/Users/admin/builder/spi-builder-workspace/Sources/SwiftKeychainKit/GenericPassword/GenericPassword+AttributesByReference.swift:1:15: note: Also imported here
/Users/admin/builder/spi-builder-workspace/Sources/SwiftKeychainKit/GenericPassword/GenericPassword+Delete.swift:1:15: note: Also imported here
/Users/admin/builder/spi-builder-workspace/Sources/SwiftKeychainKit/GenericPassword/GenericPassword+DeleteByReference.swift:1:15: note: Also imported here
/Users/admin/builder/spi-builder-workspace/Sources/SwiftKeychainKit/GenericPassword/GenericPassword+Get.swift:1:15: note: Also imported here
/Users/admin/builder/spi-builder-workspace/Sources/SwiftKeychainKit/GenericPassword/GenericPassword+GetByReference.swift:2:15: note: Also imported here
/Users/admin/builder/spi-builder-workspace/Sources/SwiftKeychainKit/GenericPassword/GenericPassword+Query.swift:2:15: note: Also imported here
/Users/admin/builder/spi-builder-workspace/Sources/SwiftKeychainKit/GenericPassword/GenericPassword+QueryBuilder.swift:2:17: note: Also imported here
/Users/admin/builder/spi-builder-workspace/Sources/SwiftKeychainKit/GenericPassword/GenericPassword+Update.swift:1:15: note: Also imported here
/Users/admin/builder/spi-builder-workspace/Sources/SwiftKeychainKit/GenericPassword/GenericPassword+UpdateByReference.swift:1:15: note: Also imported here
/Users/admin/builder/spi-builder-workspace/Sources/SwiftKeychainKit/Identities/Identities+Add.swift:2:15: note: Also imported here
/Users/admin/builder/spi-builder-workspace/Sources/SwiftKeychainKit/Identities/Identities+Attributes.swift:2:15: note: Also imported here
/Users/admin/builder/spi-builder-workspace/Sources/SwiftKeychainKit/Identities/Identities+AttributesByReference.swift:1:15: note: Also imported here
/Users/admin/builder/spi-builder-workspace/Sources/SwiftKeychainKit/Identities/Identities+Delete.swift:1:15: note: Also imported here
/Users/admin/builder/spi-builder-workspace/Sources/SwiftKeychainKit/Identities/Identities+DeleteByReference.swift:1:15: note: Also imported here
/Users/admin/builder/spi-builder-workspace/Sources/SwiftKeychainKit/Identities/Identities+GetByReference.swift:1:15: note: Also imported here
/Users/admin/builder/spi-builder-workspace/Sources/SwiftKeychainKit/Identities/Identities+Query.swift:1:15: note: Also imported here
/Users/admin/builder/spi-builder-workspace/Sources/SwiftKeychainKit/Identities/Identities+QueryBuilder.swift:2:17: note: Also imported here
/Users/admin/builder/spi-builder-workspace/Sources/SwiftKeychainKit/Identities/Identities+QueryOne.swift:1:15: note: Also imported here
/Users/admin/builder/spi-builder-workspace/Sources/SwiftKeychainKit/InternetPassword/InternetPassword+Add.swift:1:15: note: Also imported here
/Users/admin/builder/spi-builder-workspace/Sources/SwiftKeychainKit/InternetPassword/InternetPassword+Attributes.swift:1:15: note: Also imported here
/Users/admin/builder/spi-builder-workspace/Sources/SwiftKeychainKit/InternetPassword/InternetPassword+AttributesByReference.swift:1:15: note: Also imported here
/Users/admin/builder/spi-builder-workspace/Sources/SwiftKeychainKit/InternetPassword/InternetPassword+Delete.swift:1:15: note: Also imported here
/Users/admin/builder/spi-builder-workspace/Sources/SwiftKeychainKit/InternetPassword/InternetPassword+DeleteByReference.swift:1:15: note: Also imported here
/Users/admin/builder/spi-builder-workspace/Sources/SwiftKeychainKit/InternetPassword/InternetPassword+GetByReference.swift:2:15: note: Also imported here
/Users/admin/builder/spi-builder-workspace/Sources/SwiftKeychainKit/InternetPassword/InternetPassword+Query.swift:2:15: note: Also imported here
/Users/admin/builder/spi-builder-workspace/Sources/SwiftKeychainKit/InternetPassword/InternetPassword+QueryBuilder.swift:2:17: note: Also imported here
/Users/admin/builder/spi-builder-workspace/Sources/SwiftKeychainKit/InternetPassword/InternetPassword+QueryOne.swift:1:15: note: Also imported here
/Users/admin/builder/spi-builder-workspace/Sources/SwiftKeychainKit/InternetPassword/InternetPassword+Update.swift:1:15: note: Also imported here
/Users/admin/builder/spi-builder-workspace/Sources/SwiftKeychainKit/InternetPassword/InternetPassword+UpdateByReference.swift:1:15: note: Also imported here
/Users/admin/builder/spi-builder-workspace/Sources/SwiftKeychainKit/ItemAttributes/Keychain+QueryItemAttributes.swift:2:17: note: Also imported here
/Users/admin/builder/spi-builder-workspace/Sources/SwiftKeychainKit/ItemReference/ItemReference+QueryBuilder.swift:2:17: note: Also imported here
/Users/admin/builder/spi-builder-workspace/Sources/SwiftKeychainKit/Keys/Keys+Add.swift:2:15: note: Also imported here
/Users/admin/builder/spi-builder-workspace/Sources/SwiftKeychainKit/Keys/Keys+Attributes.swift:2:15: note: Also imported here
/Users/admin/builder/spi-builder-workspace/Sources/SwiftKeychainKit/Keys/Keys+AttributesByReference.swift:1:15: note: Also imported here
/Users/admin/builder/spi-builder-workspace/Sources/SwiftKeychainKit/Keys/Keys+Delete.swift:2:15: note: Also imported here
/Users/admin/builder/spi-builder-workspace/Sources/SwiftKeychainKit/Keys/Keys+DeleteByReference.swift:1:15: note: Also imported here
/Users/admin/builder/spi-builder-workspace/Sources/SwiftKeychainKit/Keys/Keys+GetByReference.swift:1:15: note: Also imported here
/Users/admin/builder/spi-builder-workspace/Sources/SwiftKeychainKit/Keys/Keys+Query.swift:2:15: note: Also imported here
/Users/admin/builder/spi-builder-workspace/Sources/SwiftKeychainKit/Keys/Keys+QueryBuilder.swift:2:17: note: Also imported here
/Users/admin/builder/spi-builder-workspace/Sources/SwiftKeychainKit/Keys/Keys+QueryOne.swift:1:15: note: Also imported here
/Users/admin/builder/spi-builder-workspace/Sources/SwiftKeychainKit/Queries/LAContext+Queries.swift:1:17: note: Also imported here
/Users/admin/builder/spi-builder-workspace/Sources/SwiftKeychainKit/SecureEnclaveKeys/SecureEnclaveKeys+Attributes.swift:2:15: note: Also imported here
/Users/admin/builder/spi-builder-workspace/Sources/SwiftKeychainKit/SecureEnclaveKeys/SecureEnclaveKeys+Delete.swift:1:15: note: Also imported here
/Users/admin/builder/spi-builder-workspace/Sources/SwiftKeychainKit/SecureEnclaveKeys/SecureEnclaveKeys+Generate.swift:2:15: note: Also imported here
/Users/admin/builder/spi-builder-workspace/Sources/SwiftKeychainKit/SecureEnclaveKeys/SecureEnclaveKeys+Query.swift:1:15: note: Also imported here
/Users/admin/builder/spi-builder-workspace/Sources/SwiftKeychainKit/SecureEnclaveKeys/SecureEnclaveKeys+QueryBuilder.swift:2:17: note: Also imported here
/Users/admin/builder/spi-builder-workspace/Sources/SwiftKeychainKit/AccessControl/AccessControl+LAContext.swift:1:15: note: A dependency of main module 'SwiftKeychainKit'
public import LocalAuthentication
^ (in target 'SwiftKeychainKit' from project 'SwiftKeychainKit')
/Users/admin/builder/spi-builder-workspace/Sources/SwiftKeychainKit/Certificates/Certificates+Add.swift:1:15: note: Also imported here
public import LocalAuthentication
^ (in target 'SwiftKeychainKit' from project 'SwiftKeychainKit')
/Users/admin/builder/spi-builder-workspace/Sources/SwiftKeychainKit/Certificates/Certificates+Attributes.swift:2:15: note: Also imported here
public import LocalAuthentication
^ (in target 'SwiftKeychainKit' from project 'SwiftKeychainKit')
/Users/admin/builder/spi-builder-workspace/Sources/SwiftKeychainKit/Certificates/Certificates+AttributesByReference.swift:1:15: note: Also imported here
public import LocalAuthentication
^ (in target 'SwiftKeychainKit' from project 'SwiftKeychainKit')
/Users/admin/builder/spi-builder-workspace/Sources/SwiftKeychainKit/Certificates/Certificates+Delete.swift:2:15: note: Also imported here
public import LocalAuthentication
^ (in target 'SwiftKeychainKit' from project 'SwiftKeychainKit')
/Users/admin/builder/spi-builder-workspace/Sources/SwiftKeychainKit/Certificates/Certificates+DeleteByReference.swift:1:15: note: Also imported here
public import LocalAuthentication
^ (in target 'SwiftKeychainKit' from project 'SwiftKeychainKit')
/Users/admin/builder/spi-builder-workspace/Sources/SwiftKeychainKit/Certificates/Certificates+GetByReference.swift:1:15: note: Also imported here
public import LocalAuthentication
^ (in target 'SwiftKeychainKit' from project 'SwiftKeychainKit')
/Users/admin/builder/spi-builder-workspace/Sources/SwiftKeychainKit/Certificates/Certificates+Query.swift:1:15: note: Also imported here
public import LocalAuthentication
^ (in target 'SwiftKeychainKit' from project 'SwiftKeychainKit')
/Users/admin/builder/spi-builder-workspace/Sources/SwiftKeychainKit/Certificates/Certificates+QueryBuilder.swift:2:17: note: Also imported here
internal import LocalAuthentication
^ (in target 'SwiftKeychainKit' from project 'SwiftKeychainKit')
/Users/admin/builder/spi-builder-workspace/Sources/SwiftKeychainKit/Certificates/Certificates+QueryOne.swift:1:15: note: Also imported here
public import LocalAuthentication
^ (in target 'SwiftKeychainKit' from project 'SwiftKeychainKit')
/Users/admin/builder/spi-builder-workspace/Sources/SwiftKeychainKit/CryptoKit/CryptoKit+GenericPasswordConvertible.swift:3:15: note: Also imported here
public import LocalAuthentication
^ (in target 'SwiftKeychainKit' from project 'SwiftKeychainKit')
/Users/admin/builder/spi-builder-workspace/Sources/SwiftKeychainKit/GenericPassword/GenericPassword+Add.swift:1:15: note: Also imported here
public import LocalAuthentication
^ (in target 'SwiftKeychainKit' from project 'SwiftKeychainKit')
/Users/admin/builder/spi-builder-workspace/Sources/SwiftKeychainKit/GenericPassword/GenericPassword+Attributes.swift:2:15: note: Also imported here
public import LocalAuthentication
^ (in target 'SwiftKeychainKit' from project 'SwiftKeychainKit')
/Users/admin/builder/spi-builder-workspace/Sources/SwiftKeychainKit/GenericPassword/GenericPassword+AttributesByReference.swift:1:15: note: Also imported here
public import LocalAuthentication
^ (in target 'SwiftKeychainKit' from project 'SwiftKeychainKit')
/Users/admin/builder/spi-builder-workspace/Sources/SwiftKeychainKit/GenericPassword/GenericPassword+Delete.swift:1:15: note: Also imported here
public import LocalAuthentication
^ (in target 'SwiftKeychainKit' from project 'SwiftKeychainKit')
/Users/admin/builder/spi-builder-workspace/Sources/SwiftKeychainKit/GenericPassword/GenericPassword+DeleteByReference.swift:1:15: note: Also imported here
public import LocalAuthentication
^ (in target 'SwiftKeychainKit' from project 'SwiftKeychainKit')
/Users/admin/builder/spi-builder-workspace/Sources/SwiftKeychainKit/GenericPassword/GenericPassword+Get.swift:1:15: note: Also imported here
public import LocalAuthentication
^ (in target 'SwiftKeychainKit' from project 'SwiftKeychainKit')
/Users/admin/builder/spi-builder-workspace/Sources/SwiftKeychainKit/GenericPassword/GenericPassword+GetByReference.swift:2:15: note: Also imported here
public import LocalAuthentication
^ (in target 'SwiftKeychainKit' from project 'SwiftKeychainKit')
/Users/admin/builder/spi-builder-workspace/Sources/SwiftKeychainKit/GenericPassword/GenericPassword+Query.swift:2:15: note: Also imported here
public import LocalAuthentication
^ (in target 'SwiftKeychainKit' from project 'SwiftKeychainKit')
/Users/admin/builder/spi-builder-workspace/Sources/SwiftKeychainKit/GenericPassword/GenericPassword+QueryBuilder.swift:2:17: note: Also imported here
internal import LocalAuthentication
^ (in target 'SwiftKeychainKit' from project 'SwiftKeychainKit')
/Users/admin/builder/spi-builder-workspace/Sources/SwiftKeychainKit/GenericPassword/GenericPassword+Update.swift:1:15: note: Also imported here
public import LocalAuthentication
^ (in target 'SwiftKeychainKit' from project 'SwiftKeychainKit')
/Users/admin/builder/spi-builder-workspace/Sources/SwiftKeychainKit/GenericPassword/GenericPassword+UpdateByReference.swift:1:15: note: Also imported here
public import LocalAuthentication
^ (in target 'SwiftKeychainKit' from project 'SwiftKeychainKit')
/Users/admin/builder/spi-builder-workspace/Sources/SwiftKeychainKit/Identities/Identities+Add.swift:2:15: note: Also imported here
public import LocalAuthentication
^ (in target 'SwiftKeychainKit' from project 'SwiftKeychainKit')
/Users/admin/builder/spi-builder-workspace/Sources/SwiftKeychainKit/Identities/Identities+Attributes.swift:2:15: note: Also imported here
public import LocalAuthentication
^ (in target 'SwiftKeychainKit' from project 'SwiftKeychainKit')
/Users/admin/builder/spi-builder-workspace/Sources/SwiftKeychainKit/Identities/Identities+AttributesByReference.swift:1:15: note: Also imported here
public import LocalAuthentication
^ (in target 'SwiftKeychainKit' from project 'SwiftKeychainKit')
/Users/admin/builder/spi-builder-workspace/Sources/SwiftKeychainKit/Identities/Identities+Delete.swift:1:15: note: Also imported here
public import LocalAuthentication
^ (in target 'SwiftKeychainKit' from project 'SwiftKeychainKit')
/Users/admin/builder/spi-builder-workspace/Sources/SwiftKeychainKit/Identities/Identities+DeleteByReference.swift:1:15: note: Also imported here
public import LocalAuthentication
^ (in target 'SwiftKeychainKit' from project 'SwiftKeychainKit')
/Users/admin/builder/spi-builder-workspace/Sources/SwiftKeychainKit/Identities/Identities+GetByReference.swift:1:15: note: Also imported here
public import LocalAuthentication
^ (in target 'SwiftKeychainKit' from project 'SwiftKeychainKit')
/Users/admin/builder/spi-builder-workspace/Sources/SwiftKeychainKit/Identities/Identities+Query.swift:1:15: note: Also imported here
public import LocalAuthentication
^ (in target 'SwiftKeychainKit' from project 'SwiftKeychainKit')
/Users/admin/builder/spi-builder-workspace/Sources/SwiftKeychainKit/Identities/Identities+QueryBuilder.swift:2:17: note: Also imported here
internal import LocalAuthentication
^ (in target 'SwiftKeychainKit' from project 'SwiftKeychainKit')
/Users/admin/builder/spi-builder-workspace/Sources/SwiftKeychainKit/Identities/Identities+QueryOne.swift:1:15: note: Also imported here
public import LocalAuthentication
^ (in target 'SwiftKeychainKit' from project 'SwiftKeychainKit')
/Users/admin/builder/spi-builder-workspace/Sources/SwiftKeychainKit/InternetPassword/InternetPassword+Add.swift:1:15: note: Also imported here
public import LocalAuthentication
^ (in target 'SwiftKeychainKit' from project 'SwiftKeychainKit')
/Users/admin/builder/spi-builder-workspace/Sources/SwiftKeychainKit/InternetPassword/InternetPassword+Attributes.swift:1:15: note: Also imported here
public import LocalAuthentication
^ (in target 'SwiftKeychainKit' from project 'SwiftKeychainKit')
/Users/admin/builder/spi-builder-workspace/Sources/SwiftKeychainKit/InternetPassword/InternetPassword+AttributesByReference.swift:1:15: note: Also imported here
public import LocalAuthentication
^ (in target 'SwiftKeychainKit' from project 'SwiftKeychainKit')
/Users/admin/builder/spi-builder-workspace/Sources/SwiftKeychainKit/InternetPassword/InternetPassword+Delete.swift:1:15: note: Also imported here
public import LocalAuthentication
^ (in target 'SwiftKeychainKit' from project 'SwiftKeychainKit')
/Users/admin/builder/spi-builder-workspace/Sources/SwiftKeychainKit/InternetPassword/InternetPassword+DeleteByReference.swift:1:15: note: Also imported here
public import LocalAuthentication
^ (in target 'SwiftKeychainKit' from project 'SwiftKeychainKit')
/Users/admin/builder/spi-builder-workspace/Sources/SwiftKeychainKit/InternetPassword/InternetPassword+GetByReference.swift:2:15: note: Also imported here
public import LocalAuthentication
^ (in target 'SwiftKeychainKit' from project 'SwiftKeychainKit')
/Users/admin/builder/spi-builder-workspace/Sources/SwiftKeychainKit/InternetPassword/InternetPassword+Query.swift:2:15: note: Also imported here
public import LocalAuthentication
^ (in target 'SwiftKeychainKit' from project 'SwiftKeychainKit')
/Users/admin/builder/spi-builder-workspace/Sources/SwiftKeychainKit/InternetPassword/InternetPassword+QueryBuilder.swift:2:17: note: Also imported here
internal import LocalAuthentication
^ (in target 'SwiftKeychainKit' from project 'SwiftKeychainKit')
/Users/admin/builder/spi-builder-workspace/Sources/SwiftKeychainKit/InternetPassword/InternetPassword+QueryOne.swift:1:15: note: Also imported here
public import LocalAuthentication
^ (in target 'SwiftKeychainKit' from project 'SwiftKeychainKit')
/Users/admin/builder/spi-builder-workspace/Sources/SwiftKeychainKit/InternetPassword/InternetPassword+Update.swift:1:15: note: Also imported here
public import LocalAuthentication
^ (in target 'SwiftKeychainKit' from project 'SwiftKeychainKit')
/Users/admin/builder/spi-builder-workspace/Sources/SwiftKeychainKit/InternetPassword/InternetPassword+UpdateByReference.swift:1:15: note: Also imported here
public import LocalAuthentication
^ (in target 'SwiftKeychainKit' from project 'SwiftKeychainKit')
/Users/admin/builder/spi-builder-workspace/Sources/SwiftKeychainKit/ItemAttributes/Keychain+QueryItemAttributes.swift:2:17: note: Also imported here
internal import LocalAuthentication
^ (in target 'SwiftKeychainKit' from project 'SwiftKeychainKit')
/Users/admin/builder/spi-builder-workspace/Sources/SwiftKeychainKit/ItemReference/ItemReference+QueryBuilder.swift:2:17: note: Also imported here
internal import LocalAuthentication
^ (in target 'SwiftKeychainKit' from project 'SwiftKeychainKit')
/Users/admin/builder/spi-builder-workspace/Sources/SwiftKeychainKit/Keys/Keys+Add.swift:2:15: note: Also imported here
public import LocalAuthentication
^ (in target 'SwiftKeychainKit' from project 'SwiftKeychainKit')
/Users/admin/builder/spi-builder-workspace/Sources/SwiftKeychainKit/Keys/Keys+Attributes.swift:2:15: note: Also imported here
public import LocalAuthentication
^ (in target 'SwiftKeychainKit' from project 'SwiftKeychainKit')
/Users/admin/builder/spi-builder-workspace/Sources/SwiftKeychainKit/Keys/Keys+AttributesByReference.swift:1:15: note: Also imported here
public import LocalAuthentication
^ (in target 'SwiftKeychainKit' from project 'SwiftKeychainKit')
/Users/admin/builder/spi-builder-workspace/Sources/SwiftKeychainKit/Keys/Keys+Delete.swift:2:15: note: Also imported here
public import LocalAuthentication
^ (in target 'SwiftKeychainKit' from project 'SwiftKeychainKit')
/Users/admin/builder/spi-builder-workspace/Sources/SwiftKeychainKit/Keys/Keys+DeleteByReference.swift:1:15: note: Also imported here
public import LocalAuthentication
^ (in target 'SwiftKeychainKit' from project 'SwiftKeychainKit')
/Users/admin/builder/spi-builder-workspace/Sources/SwiftKeychainKit/Keys/Keys+GetByReference.swift:1:15: note: Also imported here
public import LocalAuthentication
^ (in target 'SwiftKeychainKit' from project 'SwiftKeychainKit')
/Users/admin/builder/spi-builder-workspace/Sources/SwiftKeychainKit/Keys/Keys+Query.swift:2:15: note: Also imported here
public import LocalAuthentication
^ (in target 'SwiftKeychainKit' from project 'SwiftKeychainKit')
/Users/admin/builder/spi-builder-workspace/Sources/SwiftKeychainKit/Keys/Keys+QueryBuilder.swift:2:17: note: Also imported here
internal import LocalAuthentication
^ (in target 'SwiftKeychainKit' from project 'SwiftKeychainKit')
/Users/admin/builder/spi-builder-workspace/Sources/SwiftKeychainKit/Keys/Keys+QueryOne.swift:1:15: note: Also imported here
public import LocalAuthentication
^ (in target 'SwiftKeychainKit' from project 'SwiftKeychainKit')
/Users/admin/builder/spi-builder-workspace/Sources/SwiftKeychainKit/Queries/LAContext+Queries.swift:1:17: note: Also imported here
internal import LocalAuthentication
^ (in target 'SwiftKeychainKit' from project 'SwiftKeychainKit')
/Users/admin/builder/spi-builder-workspace/Sources/SwiftKeychainKit/SecureEnclaveKeys/SecureEnclaveKeys+Attributes.swift:2:15: note: Also imported here
public import LocalAuthentication
^ (in target 'SwiftKeychainKit' from project 'SwiftKeychainKit')
/Users/admin/builder/spi-builder-workspace/Sources/SwiftKeychainKit/SecureEnclaveKeys/SecureEnclaveKeys+Delete.swift:1:15: note: Also imported here
public import LocalAuthentication
^ (in target 'SwiftKeychainKit' from project 'SwiftKeychainKit')
/Users/admin/builder/spi-builder-workspace/Sources/SwiftKeychainKit/SecureEnclaveKeys/SecureEnclaveKeys+Generate.swift:2:15: note: Also imported here
public import LocalAuthentication
^ (in target 'SwiftKeychainKit' from project 'SwiftKeychainKit')
/Users/admin/builder/spi-builder-workspace/Sources/SwiftKeychainKit/SecureEnclaveKeys/SecureEnclaveKeys+Query.swift:1:15: note: Also imported here
public import LocalAuthentication
^ (in target 'SwiftKeychainKit' from project 'SwiftKeychainKit')
/Users/admin/builder/spi-builder-workspace/Sources/SwiftKeychainKit/SecureEnclaveKeys/SecureEnclaveKeys+QueryBuilder.swift:2:17: note: Also imported here
internal import LocalAuthentication
^ (in target 'SwiftKeychainKit' from project 'SwiftKeychainKit')
SwiftDriverJobDiscovery normal arm64 Compiling CodeSigning+UnsafeBlobs.swift, CodeSigning.swift, BaseEntitlement.swift (in target 'AppEntitlements' from project 'AppEntitlements')
SwiftDriverJobDiscovery normal arm64 Compiling AppEntitlements+DEREncoded.swift, AppEntitlements+ExecutableURL.swift, AppEntitlements+MainProgram.swift (in target 'AppEntitlements' from project 'AppEntitlements')
SwiftDriverJobDiscovery normal arm64 Compiling MachO+UnsafeLoadCommands.swift, MachO+UnsafeMachHeader.swift, MachO.swift (in target 'AppEntitlements' from project 'AppEntitlements')
SwiftDriverJobDiscovery normal arm64 Compiling MachO+DataError.swift, MachO+HeaderMagic.swift, MachO+SegmentsSection.swift (in target 'AppEntitlements' from project 'AppEntitlements')
SwiftDriverJobDiscovery normal arm64 Compiling resource_bundle_accessor.swift, AppEntitlements+EntitlementIdentifying.swift, AppEntitlements+ValueRetrieval.swift, AppEntitlements.swift (in target 'AppEntitlements' from project 'AppEntitlements')
SwiftDriverJobDiscovery normal arm64 Compiling EntitlementsData+MachO.swift, EntitlementsData.swift, PropertyListValue+ASN1.swift (in target 'AppEntitlements' from project 'AppEntitlements')
SwiftDriver\ Compilation AppEntitlements normal arm64 com.apple.xcode.tools.swift.compiler (in target 'AppEntitlements' from project 'AppEntitlements')
cd /Users/admin/builder/spi-builder-workspace/.swiftpm/xcode
builtin-Swift-Compilation -- /Applications/Xcode-27.0.0-Release.Candidate.app/Contents/Developer/Toolchains/XcodeDefault.xctoolchain/usr/bin/swiftc -parse-as-library -module-name AppEntitlements -Onone @/Users/admin/builder/spi-builder-workspace/.derivedData/Build/Intermediates.noindex/AppEntitlements.build/Debug-appletvos/AppEntitlements-t.build/Objects-normal/arm64/AppEntitlements.SwiftFileList -DSWIFT_PACKAGE -DDEBUG -DSWIFT_MODULE_RESOURCE_BUNDLE_AVAILABLE -DXcode -enable-upcoming-feature ExistentialAny -enable-upcoming-feature InternalImportsByDefault -plugin-path /Applications/Xcode-27.0.0-Release.Candidate.app/Contents/Developer/Toolchains/XcodeDefault.xctoolchain/usr/lib/swift/host/plugins/testing -enable-experimental-feature DebugDescriptionMacro -sdk /Applications/Xcode-27.0.0-Release.Candidate.app/Contents/Developer/Platforms/AppleTVOS.platform/Developer/SDKs/AppleTVOS27.0.sdk -target arm64-apple-tvos15.0 -g -module-cache-path /Users/admin/builder/spi-builder-workspace/.derivedData/ModuleCache.noindex -Xfrontend -serialize-debugging-options -profile-coverage-mapping -profile-generate -enable-testing -suppress-warnings -index-store-path /Users/admin/builder/spi-builder-workspace/.derivedData/Index.noindex/DataStore -Xcc -D_LIBCPP_HARDENING_MODE\=_LIBCPP_HARDENING_MODE_DEBUG -swift-version 6 -I /Users/admin/builder/spi-builder-workspace/.derivedData/Build/Products/Debug-appletvos -Isystem /Applications/Xcode-27.0.0-Release.Candidate.app/Contents/Developer/Platforms/AppleTVOS.platform/Developer/usr/lib -F /Users/admin/builder/spi-builder-workspace/.derivedData/Build/Products/Debug-appletvos/PackageFrameworks -F /Users/admin/builder/spi-builder-workspace/.derivedData/Build/Products/Debug-appletvos -F /Applications/Xcode-27.0.0-Release.Candidate.app/Contents/Developer/Platforms/AppleTVOS.platform/Developer/Library/Frameworks -F /Applications/Xcode-27.0.0-Release.Candidate.app/Contents/Developer/Platforms/AppleTVOS.platform/Developer/SDKs/AppleTVOS27.0.sdk/Developer/Library/Frameworks -c -j10 -enable-batch-mode -incremental -Xcc -ivfsstatcache -Xcc /Users/admin/builder/spi-builder-workspace/.derivedData/SDKStatCaches.noindex/appletvos27.0-24J360-e829b21a6f8c9b70876ba0858053c044b32bfd8d43560033f8d89884cdb90028.sdkstatcache -output-file-map /Users/admin/builder/spi-builder-workspace/.derivedData/Build/Intermediates.noindex/AppEntitlements.build/Debug-appletvos/AppEntitlements-t.build/Objects-normal/arm64/AppEntitlements-OutputFileMap.json -save-temps -no-color-diagnostics -explicit-module-build -module-cache-path /Users/admin/builder/spi-builder-workspace/.derivedData/Build/Intermediates.noindex/SwiftExplicitPrecompiledModules -clang-scanner-module-cache-path /Users/admin/builder/spi-builder-workspace/.derivedData/ModuleCache.noindex -sdk-module-cache-path /Users/admin/builder/spi-builder-workspace/.derivedData/SDKExplicitPrecompiledModules -emit-dependencies -emit-module -emit-module-path /Users/admin/builder/spi-builder-workspace/.derivedData/Build/Intermediates.noindex/AppEntitlements.build/Debug-appletvos/AppEntitlements-t.build/Objects-normal/arm64/AppEntitlements.swiftmodule -serialize-diagnostics -dependency-scan-serialize-diagnostics-path /Users/admin/builder/spi-builder-workspace/.derivedData/Build/Intermediates.noindex/AppEntitlements.build/Debug-appletvos/AppEntitlements-t.build/Objects-normal/arm64/AppEntitlements-dependency-scan.dia -user-module-version 2.0.3 -validate-clang-modules-once -clang-build-session-file /Users/admin/builder/spi-builder-workspace/.derivedData/ModuleCache.noindex/Session.modulevalidation -Xcc -fmodules-prune-interval\=86400 -Xcc -fmodules-prune-after\=345600 -package-name app_entitlements -emit-const-values -const-gather-protocols-list /Users/admin/builder/spi-builder-workspace/.derivedData/Build/Intermediates.noindex/AppEntitlements.build/Debug-appletvos/AppEntitlements-t.build/Objects-normal/arm64/AppEntitlements_const_extract_protocols.json -Xcc -I/Users/admin/builder/spi-builder-workspace/.derivedData/Build/Products/Debug-appletvos/include -Xcc -I/Users/admin/builder/spi-builder-workspace/.derivedData/Build/Intermediates.noindex/AppEntitlements.build/Debug-appletvos/AppEntitlements-t.build/DerivedSources-normal/arm64 -Xcc -I/Users/admin/builder/spi-builder-workspace/.derivedData/Build/Intermediates.noindex/AppEntitlements.build/Debug-appletvos/AppEntitlements-t.build/DerivedSources/arm64 -Xcc -I/Users/admin/builder/spi-builder-workspace/.derivedData/Build/Intermediates.noindex/AppEntitlements.build/Debug-appletvos/AppEntitlements-t.build/DerivedSources -Xcc -DSWIFT_PACKAGE -Xcc -DDEBUG\=1 -emit-objc-header -emit-objc-header-path /Users/admin/builder/spi-builder-workspace/.derivedData/Build/Intermediates.noindex/AppEntitlements.build/Debug-appletvos/AppEntitlements-t.build/Objects-normal/arm64/AppEntitlements-Swift.h -working-directory /Users/admin/builder/spi-builder-workspace/.swiftpm/xcode -experimental-emit-module-separately -disable-cmo
Ld /Users/admin/builder/spi-builder-workspace/.derivedData/Build/Products/Debug-appletvos/AppEntitlements.o normal (in target 'AppEntitlements' from project 'AppEntitlements')
cd /Users/admin/builder/spi-builder-workspace/.dependencies/checkouts/app-entitlements
/Applications/Xcode-27.0.0-Release.Candidate.app/Contents/Developer/Toolchains/XcodeDefault.xctoolchain/usr/bin/clang -Xlinker -reproducible -target arm64-apple-tvos15.0 -r -isysroot /Applications/Xcode-27.0.0-Release.Candidate.app/Contents/Developer/Platforms/AppleTVOS.platform/Developer/SDKs/AppleTVOS27.0.sdk -O0 -w -Xlinker -no_warn_duplicate_libraries -F/Users/admin/builder/spi-builder-workspace/.derivedData/Build/Intermediates.noindex/EagerLinkingTBDs/Debug-appletvos -F/Users/admin/builder/spi-builder-workspace/.derivedData/Build/Products/Debug-appletvos/PackageFrameworks -F/Users/admin/builder/spi-builder-workspace/.derivedData/Build/Products/Debug-appletvos -iframework /Applications/Xcode-27.0.0-Release.Candidate.app/Contents/Developer/Platforms/AppleTVOS.platform/Developer/Library/Frameworks -iframework /Applications/Xcode-27.0.0-Release.Candidate.app/Contents/Developer/Platforms/AppleTVOS.platform/Developer/SDKs/AppleTVOS27.0.sdk/Developer/Library/Frameworks -filelist /Users/admin/builder/spi-builder-workspace/.derivedData/Build/Intermediates.noindex/AppEntitlements.build/Debug-appletvos/AppEntitlements-t.build/Objects-normal/arm64/AppEntitlements.LinkFileList -nostdlib -Xlinker -object_path_lto -Xlinker /Users/admin/builder/spi-builder-workspace/.derivedData/Build/Intermediates.noindex/AppEntitlements.build/Debug-appletvos/AppEntitlements-t.build/Objects-normal/arm64/AppEntitlements_lto.o -Xlinker -no_deduplicate -Xlinker -debug_variant -Xlinker -dependency_info -Xlinker /Users/admin/builder/spi-builder-workspace/.derivedData/Build/Intermediates.noindex/AppEntitlements.build/Debug-appletvos/AppEntitlements-t.build/Objects-normal/arm64/AppEntitlements_dependency_info.dat -fobjc-link-runtime -L/Applications/Xcode-27.0.0-Release.Candidate.app/Contents/Developer/Toolchains/XcodeDefault.xctoolchain/usr/lib/swift/appletvos -L/usr/lib/swift -Xlinker -add_ast_path -Xlinker /Users/admin/builder/spi-builder-workspace/.derivedData/Build/Intermediates.noindex/AppEntitlements.build/Debug-appletvos/AppEntitlements-t.build/Objects-normal/arm64/AppEntitlements.swiftmodule -o /Users/admin/builder/spi-builder-workspace/.derivedData/Build/Products/Debug-appletvos/AppEntitlements.o
ExtractAppIntentsMetadata (in target 'AppEntitlements' from project 'AppEntitlements')
cd /Users/admin/builder/spi-builder-workspace/.dependencies/checkouts/app-entitlements
/Applications/Xcode-27.0.0-Release.Candidate.app/Contents/Developer/Toolchains/XcodeDefault.xctoolchain/usr/bin/appintentsmetadataprocessor --toolchain-dir /var/run/com.apple.security.cryptexd/mnt/com.apple.MobileAsset.MetalToolchain-v27.1.266.1.EYz7UI/Metal.xctoolchain --module-name AppEntitlements --sdk-root /Applications/Xcode-27.0.0-Release.Candidate.app/Contents/Developer/Platforms/AppleTVOS.platform/Developer/SDKs/AppleTVOS27.0.sdk --xcode-version 27A266a --platform-family tvOS --deployment-target 15.0 --bundle-identifier app-entitlements.AppEntitlements --output /Users/admin/builder/spi-builder-workspace/.derivedData/Build/Products/Debug-appletvos/AppEntitlements.appintents --target-triple arm64-apple-tvos15.0 --binary-file /Users/admin/builder/spi-builder-workspace/.derivedData/Build/Products/Debug-appletvos/AppEntitlements.o --dependency-file /Users/admin/builder/spi-builder-workspace/.derivedData/Build/Intermediates.noindex/AppEntitlements.build/Debug-appletvos/AppEntitlements-t.build/Objects-normal/arm64/AppEntitlements_dependency_info.dat --stringsdata-file /Users/admin/builder/spi-builder-workspace/.derivedData/Build/Intermediates.noindex/AppEntitlements.build/Debug-appletvos/AppEntitlements-t.build/Objects-normal/arm64/ExtractedAppShortcutsMetadata.stringsdata --source-file-list /Users/admin/builder/spi-builder-workspace/.derivedData/Build/Intermediates.noindex/AppEntitlements.build/Debug-appletvos/AppEntitlements-t.build/Objects-normal/arm64/AppEntitlements.SwiftFileList --metadata-file-list /Users/admin/builder/spi-builder-workspace/.derivedData/Build/Intermediates.noindex/AppEntitlements.build/Debug-appletvos/AppEntitlements-t.build/AppEntitlements.DependencyMetadataFileList --static-metadata-file-list /Users/admin/builder/spi-builder-workspace/.derivedData/Build/Intermediates.noindex/AppEntitlements.build/Debug-appletvos/AppEntitlements-t.build/AppEntitlements.DependencyStaticMetadataFileList --swift-const-vals-list /Users/admin/builder/spi-builder-workspace/.derivedData/Build/Intermediates.noindex/AppEntitlements.build/Debug-appletvos/AppEntitlements-t.build/Objects-normal/arm64/AppEntitlements.SwiftConstValuesFileList --force --compile-time-extraction --deployment-aware-processing --no-app-shortcuts-localization
2026-09-24 06:52:44.052 appintentsmetadataprocessor[979:5795] Starting appintentsmetadataprocessor export
2026-09-24 06:52:44.111 appintentsmetadataprocessor[979:5795] Extracted no relevant App Intents symbols, skipping writing output
PruneExplicitPrecompiledModules /Users/admin/builder/spi-builder-workspace/.derivedData/Build/Intermediates.noindex/ExplicitPrecompiledModules
PruneExplicitPrecompiledModules /Users/admin/builder/spi-builder-workspace/.derivedData/SDKExplicitPrecompiledModules
PruneExplicitPrecompiledModules /Users/admin/builder/spi-builder-workspace/.derivedData/Build/Intermediates.noindex/SwiftExplicitPrecompiledModules
2026-09-24 06:52:36.805 xcodebuild[822:4860] [MT] IDERunDestination: Supported platforms for the buildables in the current scheme is empty.
** BUILD FAILED **
The following build commands failed:
SwiftDriver SwiftKeychainKit normal arm64 com.apple.xcode.tools.swift.compiler (in target 'SwiftKeychainKit' from project 'SwiftKeychainKit')
Building workspace SwiftKeychainKit with scheme SwiftKeychainKit
(2 failures)
Command line invocation:
/Applications/Xcode-27.0.0-Release.Candidate.app/Contents/Developer/usr/bin/xcodebuild -IDEClonedSourcePackagesDirPathOverride=/Users/admin/builder/spi-builder-workspace/.dependencies -resolvePackageDependencies
Resolve Package Graph
Resolved source packages:
swift-argument-parser: https://github.com/apple/swift-argument-parser.git @ 1.8.2
swift-asn1: https://github.com/apple/swift-asn1.git @ 1.7.3
swift-collections: https://github.com/apple/swift-collections.git @ 1.7.0
SwiftKeychainKit: /Users/admin/builder/spi-builder-workspace
AppEntitlements: https://github.com/wiedem/app-entitlements.git @ 2.0.3
resolved source packages: swift-argument-parser, swift-asn1, swift-collections, SwiftKeychainKit, AppEntitlements
2026-09-24 06:52:46.562 xcodebuild[980:5818] [MT] IDERunDestination: Supported platforms for the buildables in the current scheme is empty.
{
"dependencies" : [
{
"identity" : "swift-collections",
"requirement" : {
"range" : [
{
"lower_bound" : "1.3.0",
"upper_bound" : "2.0.0"
}
]
},
"type" : "sourceControl",
"url" : "https://github.com/apple/swift-collections.git"
},
{
"identity" : "app-entitlements",
"requirement" : {
"range" : [
{
"lower_bound" : "2.0.0",
"upper_bound" : "3.0.0"
}
]
},
"type" : "sourceControl",
"url" : "https://github.com/wiedem/app-entitlements.git"
}
],
"manifest_display_name" : "SwiftKeychainKit",
"name" : "SwiftKeychainKit",
"path" : "/Users/admin/builder/spi-builder-workspace",
"platforms" : [
{
"name" : "ios",
"version" : "15.0"
},
{
"name" : "macos",
"version" : "12.0"
}
],
"products" : [
{
"name" : "SwiftKeychainKit",
"targets" : [
"SwiftKeychainKit"
],
"type" : {
"library" : [
"automatic"
]
}
}
],
"swift_languages_versions" : [
"6"
],
"targets" : [
{
"c99name" : "SwiftKeychainKitTests",
"module_type" : "SwiftTarget",
"name" : "SwiftKeychainKitTests",
"path" : "Tests/SwiftKeychainKitTests",
"sources" : [
"AccessConstraint/AccessConstraintTests.swift",
"AccessControl/AccessControlTests.swift",
"AccessControl/AnyAccessConstraint+CustomTestStringConvertible.swift",
"Certificates/CertificatesParseAttributesTests.swift",
"Certificates/CertificatesQueryBuilderTests.swift",
"CryptoKit/CryptoKitGenericPasswordConvertibleTests.swift",
"CryptoKit/CryptoKitSecKeyConvertibleTests.swift",
"Errors/KeychainErrorTests.swift",
"GenericPassword/GenericPasswordParseAttributesTests.swift",
"GenericPassword/GenericPasswordQueryBuilderTests.swift",
"Identities/IdentitiesParseAttributesTests.swift",
"Identities/IdentitiesQueryBuilderTests.swift",
"InternetPassword/InternetPasswordParseAttributesTests.swift",
"InternetPassword/InternetPasswordQueryBuilderTests.swift",
"ItemAttributes/ItemAttributesTests.swift",
"ItemAttributes/PortAttributeTests.swift",
"ItemReference/ItemReferenceClassTagTests.swift",
"ItemReference/ItemReferenceQueryBuilderTests.swift",
"ItemReference/ItemReferenceTests.swift",
"Keys/ApplicationLabelTests.swift",
"Keys/AsymmetricKeyClassScopeTests.swift",
"Keys/AsymmetricKeyClassTests.swift",
"Keys/AsymmetricKeyTypeScopeTests.swift",
"Keys/AsymmetricKeyTypeTests.swift",
"Keys/KeyAlgorithmTests.swift",
"Keys/KeyClassTests.swift",
"Keys/KeysApplicationLabelTests.swift",
"Keys/KeysParseAttributesTests.swift",
"Keys/KeysQueryBuilderTests.swift",
"QueryInfrastructure/DefaultableLabelTests.swift",
"QueryInfrastructure/LAContextQueriesTests.swift",
"QueryInfrastructure/ProviderAccessGroupScopeTests.swift",
"QueryInfrastructure/ProviderAccessGroupTests.swift",
"QueryInfrastructure/QueryLimitTests.swift",
"QueryInfrastructure/QueryScopeTests.swift",
"QueryInfrastructure/SynchronizableScopeTests.swift",
"SecretData/SecretDataConcurrencyTemporaryTests.swift",
"SecretData/SecretDataTests.swift",
"SecureEnclaveKeys/SecureEnclaveKeysParseAttributesTests.swift",
"SecureEnclaveKeys/SecureEnclaveKeysQueryBuilderTests.swift"
],
"target_dependencies" : [
"SwiftKeychainKit"
],
"type" : "test"
},
{
"c99name" : "SwiftKeychainKit",
"module_type" : "SwiftTarget",
"name" : "SwiftKeychainKit",
"path" : "Sources/SwiftKeychainKit",
"product_dependencies" : [
"BasicContainers",
"AppEntitlements"
],
"product_memberships" : [
"SwiftKeychainKit"
],
"resources" : [
{
"path" : "/Users/admin/builder/spi-builder-workspace/Sources/SwiftKeychainKit/Resources/PrivacyInfo.xcprivacy",
"rule" : {
"process" : {
}
}
}
],
"sources" : [
"AccessConstraint/AccessConstraint+AndCombinations.swift",
"AccessConstraint/AccessConstraint+BaseConstraints.swift",
"AccessConstraint/AccessConstraint+Combinable.swift",
"AccessConstraint/AccessConstraint+Convenience.swift",
"AccessConstraint/AccessConstraint+CustomDebugStringConvertible.swift",
"AccessConstraint/AccessConstraint+Operators.swift",
"AccessConstraint/AccessConstraint+OrCombinations.swift",
"AccessConstraint/AccessConstraint+SecAccessControlCreateFlags.swift",
"AccessConstraint/AccessConstraint+ThreeWayCombinations.swift",
"AccessConstraint/Keychain+AccessConstraint.swift",
"AccessConstraint/Keychain+AnyAccessConstraint.swift",
"AccessControl/AccessControl+LAContext.swift",
"AccessControl/AccessControl+SecAccessControlFactory.swift",
"AccessControl/ItemAccessibility+KeychainValueConvertible.swift",
"AccessControl/Keychain+AccessControl.swift",
"AccessControl/Keychain+ItemAccessibility.swift",
"AccessGroup/AppEntitlementsAccessGroupProvider.swift",
"AccessGroup/Keychain+AccessGroupProviding.swift",
"AccessGroup/Keychain+ProviderAccessGroup.swift",
"AccessGroup/ProviderAccessGroup+AddValue.swift",
"AccessGroup/ProviderAccessGroup+GetValue.swift",
"CFHelper/CFCastable.swift",
"CFHelper/Security+CFCastable.swift",
"Certificates/Certificates+Add.swift",
"Certificates/Certificates+Attributes.swift",
"Certificates/Certificates+AttributesByReference.swift",
"Certificates/Certificates+Delete.swift",
"Certificates/Certificates+DeleteByReference.swift",
"Certificates/Certificates+GetByReference.swift",
"Certificates/Certificates+Query.swift",
"Certificates/Certificates+QueryBuilder.swift",
"Certificates/Certificates+QueryOne.swift",
"CryptoKit/CryptoKit+GenericPasswordConvertible.swift",
"CryptoKit/CryptoKit+SecKeyConvertible.swift",
"CryptoKit/SecretData+SymmetricKey.swift",
"Errors/EntitlementError.swift",
"Errors/KeychainError+Patterns.swift",
"Errors/KeychainError.swift",
"Errors/SecKeyConversionError.swift",
"Errors/SecurityFrameworkError.swift",
"GenericPassword/GenericPassword+Add.swift",
"GenericPassword/GenericPassword+Attributes.swift",
"GenericPassword/GenericPassword+AttributesByReference.swift",
"GenericPassword/GenericPassword+Delete.swift",
"GenericPassword/GenericPassword+DeleteByReference.swift",
"GenericPassword/GenericPassword+Get.swift",
"GenericPassword/GenericPassword+GetByReference.swift",
"GenericPassword/GenericPassword+Query.swift",
"GenericPassword/GenericPassword+QueryBuilder.swift",
"GenericPassword/GenericPassword+Update.swift",
"GenericPassword/GenericPassword+UpdateByReference.swift",
"GenericPassword/Keychain+GenericPasswordConvertible.swift",
"Identities/Identities+Add.swift",
"Identities/Identities+Attributes.swift",
"Identities/Identities+AttributesByReference.swift",
"Identities/Identities+Delete.swift",
"Identities/Identities+DeleteByReference.swift",
"Identities/Identities+GetByReference.swift",
"Identities/Identities+Query.swift",
"Identities/Identities+QueryBuilder.swift",
"Identities/Identities+QueryOne.swift",
"InternetPassword/Attributes/AuthenticationType+KeychainValueConvertible.swift",
"InternetPassword/Attributes/InternetPassword+ItemAttributes.swift",
"InternetPassword/Attributes/Keychain+InternetPassword+AuthenticationType.swift",
"InternetPassword/Attributes/Keychain+InternetPassword+NetworkProtocol.swift",
"InternetPassword/Attributes/NetworkProtocol+KeychainValueConvertible.swift",
"InternetPassword/InternetPassword+Add.swift",
"InternetPassword/InternetPassword+Attributes.swift",
"InternetPassword/InternetPassword+AttributesByReference.swift",
"InternetPassword/InternetPassword+Delete.swift",
"InternetPassword/InternetPassword+DeleteByReference.swift",
"InternetPassword/InternetPassword+GetByReference.swift",
"InternetPassword/InternetPassword+Query.swift",
"InternetPassword/InternetPassword+QueryBuilder.swift",
"InternetPassword/InternetPassword+QueryOne.swift",
"InternetPassword/InternetPassword+Update.swift",
"InternetPassword/InternetPassword+UpdateByReference.swift",
"ItemAttributes/Keychain+InternalItemAttributes.swift",
"ItemAttributes/Keychain+ItemAttributes.swift",
"ItemAttributes/Keychain+PublicItemAttributes.swift",
"ItemAttributes/Keychain+QueryItemAttributes.swift",
"ItemReference/ItemReference+Codable.swift",
"ItemReference/ItemReference+QueryBuilder.swift",
"ItemReference/ItemReference.swift",
"ItemReference/ItemReferenceTaggable.swift",
"Keychain+DefaultableLabel.swift",
"Keychain.swift",
"KeychainOperations/Keychain+Add.swift",
"KeychainOperations/Keychain+Delete.swift",
"KeychainOperations/Keychain+Queries.swift",
"KeychainOperations/Keychain+Update.swift",
"KeychainValueConvertible.swift",
"Keys/Attributes/ApplicationLabel+DataValue.swift",
"Keys/Attributes/ApplicationLabel+Resolve.swift",
"Keys/Attributes/ApplicationLabel.swift",
"Keys/Attributes/KeyAlgorithm+KeychainValue.swift",
"Keys/Attributes/KeyAlgorithm.swift",
"Keys/Attributes/KeyClass+KeychainValue.swift",
"Keys/Attributes/KeyClass.swift",
"Keys/KeyTypes/AsymmetricKeyClass+KeychainValue.swift",
"Keys/KeyTypes/AsymmetricKeyClass+SecKey.swift",
"Keys/KeyTypes/AsymmetricKeyClass.swift",
"Keys/KeyTypes/AsymmetricKeyType+Keychain.swift",
"Keys/KeyTypes/AsymmetricKeyType.swift",
"Keys/KeyTypes/AsymmetricKeyTypeProviding.swift",
"Keys/Keys+Add.swift",
"Keys/Keys+Attributes.swift",
"Keys/Keys+AttributesByReference.swift",
"Keys/Keys+Delete.swift",
"Keys/Keys+DeleteByReference.swift",
"Keys/Keys+GetByReference.swift",
"Keys/Keys+Query.swift",
"Keys/Keys+QueryBuilder.swift",
"Keys/Keys+QueryOne.swift",
"Keys/QueryScopes/AsymmetricKeyClassScope+Keychain.swift",
"Keys/QueryScopes/AsymmetricKeyClassScope.swift",
"Keys/QueryScopes/AsymmetricKeyTypeScope+Keychain.swift",
"Keys/QueryScopes/Keychain+AsymmetricKeyTypeScope.swift",
"Keys/SecKey/SecKey+Factory.swift",
"Keys/SecKey/SecKeyConvertible.swift",
"Queries/Keychain+ProviderAccessGroupScope.swift",
"Queries/Keychain+QueryLimit.swift",
"Queries/Keychain+QueryScope.swift",
"Queries/Keychain+QueryScopes.swift",
"Queries/Keychain+SynchronizableScope.swift",
"Queries/LAContext+Queries.swift",
"Queries/ProviderAccessGroupScope+KeychainValueProviding.swift",
"Queries/QueryScope+Data.swift",
"Queries/QueryScope+Digest.swift",
"Queries/QueryScope+Literals.swift",
"Queries/SynchronizableScope+KeychainValueProviding.swift",
"SecretData/SecretData+Random.swift",
"SecretData/SecretData+StringInterpolation.swift",
"SecretData/SecretData+UnsafeSources.swift",
"SecretData/SecretData+UnsafeTargets.swift",
"SecretData/SecretData.swift",
"SecretData/SecretDataError+SecurityError.swift",
"SecretData/SecretDataError.swift",
"SecretData/SecretDataProtocol+CFData.swift",
"SecretData/SecretDataProtocol+Equality.swift",
"SecretData/SecretDataProtocol.swift",
"SecureEnclaveKeys/AccessControl/SecureEnclaveKeys+AccessControl.swift",
"SecureEnclaveKeys/AccessControl/SecureEnclaveKeys+ItemAccessibility.swift",
"SecureEnclaveKeys/SecureEnclaveKeys+Attributes.swift",
"SecureEnclaveKeys/SecureEnclaveKeys+Availability.swift",
"SecureEnclaveKeys/SecureEnclaveKeys+Delete.swift",
"SecureEnclaveKeys/SecureEnclaveKeys+Generate.swift",
"SecureEnclaveKeys/SecureEnclaveKeys+Query.swift",
"SecureEnclaveKeys/SecureEnclaveKeys+QueryBuilder.swift"
],
"type" : "library"
}
],
"tools_version" : "6.2"
}
{
"workspace" : {
"name" : "SwiftKeychainKit",
"schemes" : [
"SwiftKeychainKit"
]
}
}
2026-09-24 06:52:49.220 xcodebuild[997:5949] [MT] IDERunDestination: Supported platforms for the buildables in the current scheme is empty.
Running build ...
env DEVELOPER_DIR=/Applications/Xcode-27.0.0-Release.Candidate.app xcrun xcodebuild -IDEClonedSourcePackagesDirPathOverride=$PWD/.dependencies -skipMacroValidation -skipPackagePluginValidation -derivedDataPath $PWD/.derivedData build -scheme SwiftKeychainKit -destination generic/platform=tvOS
Command line invocation:
/Applications/Xcode-27.0.0-Release.Candidate.app/Contents/Developer/usr/bin/xcodebuild -IDEClonedSourcePackagesDirPathOverride=/Users/admin/builder/spi-builder-workspace/.dependencies -skipMacroValidation -skipPackagePluginValidation -derivedDataPath /Users/admin/builder/spi-builder-workspace/.derivedData build -scheme SwiftKeychainKit -destination generic/platform=tvOS
Resolve Package Graph
Resolved source packages:
swift-argument-parser: https://github.com/apple/swift-argument-parser.git @ 1.8.2
SwiftKeychainKit: /Users/admin/builder/spi-builder-workspace
AppEntitlements: https://github.com/wiedem/app-entitlements.git @ 2.0.3
swift-collections: https://github.com/apple/swift-collections.git @ 1.7.0
swift-asn1: https://github.com/apple/swift-asn1.git @ 1.7.3
ComputePackagePrebuildTargetDependencyGraph
Prepare packages
CreateBuildRequest
SendProjectDescription
CreateBuildOperation
ComputeTargetDependencyGraph
note: Building targets in dependency order
note: Target dependency graph (12 targets)
Target 'SwiftKeychainKit-product' in project 'SwiftKeychainKit'
➜ Explicit dependency on target 'SwiftKeychainKit' in project 'SwiftKeychainKit'
➜ Explicit dependency on target 'SwiftKeychainKit_SwiftKeychainKit' in project 'SwiftKeychainKit'
➜ Explicit dependency on target 'BasicContainers-product' in project 'swift-collections'
➜ Explicit dependency on target 'AppEntitlements-product' in project 'AppEntitlements'
Target 'SwiftKeychainKit' in project 'SwiftKeychainKit'
➜ Explicit dependency on target 'SwiftKeychainKit_SwiftKeychainKit' in project 'SwiftKeychainKit'
➜ Explicit dependency on target 'BasicContainers-product' in project 'swift-collections'
➜ Explicit dependency on target 'AppEntitlements-product' in project 'AppEntitlements'
Target 'AppEntitlements-product' in project 'AppEntitlements'
➜ Explicit dependency on target 'AppEntitlements' in project 'AppEntitlements'
➜ Explicit dependency on target 'AppEntitlements_AppEntitlements' in project 'AppEntitlements'
➜ Explicit dependency on target 'SwiftASN1-product' in project 'swift-asn1'
Target 'AppEntitlements' in project 'AppEntitlements'
➜ Explicit dependency on target 'AppEntitlements_AppEntitlements' in project 'AppEntitlements'
➜ Explicit dependency on target 'SwiftASN1-product' in project 'swift-asn1'
Target 'SwiftASN1-product' in project 'swift-asn1'
➜ Explicit dependency on target 'SwiftASN1' in project 'swift-asn1'
Target 'SwiftASN1' in project 'swift-asn1' (no dependencies)
Target 'AppEntitlements_AppEntitlements' in project 'AppEntitlements' (no dependencies)
Target 'BasicContainers-product' in project 'swift-collections'
➜ Explicit dependency on target 'BasicContainers' in project 'swift-collections'
➜ Explicit dependency on target 'InternalCollectionsUtilities' in project 'swift-collections'
➜ Explicit dependency on target 'SpanPreview' in project 'swift-collections'
Target 'BasicContainers' in project 'swift-collections'
➜ Explicit dependency on target 'InternalCollectionsUtilities' in project 'swift-collections'
➜ Explicit dependency on target 'SpanPreview' in project 'swift-collections'
Target 'SpanPreview' in project 'swift-collections'
➜ Explicit dependency on target 'InternalCollectionsUtilities' in project 'swift-collections'
Target 'InternalCollectionsUtilities' in project 'swift-collections' (no dependencies)
Target 'SwiftKeychainKit_SwiftKeychainKit' in project 'SwiftKeychainKit' (no dependencies)
GatherProvisioningInputs
CreateBuildDescription
ClangStatCache /Applications/Xcode-27.0.0-Release.Candidate.app/Contents/Developer/Toolchains/XcodeDefault.xctoolchain/usr/bin/clang-stat-cache /Applications/Xcode-27.0.0-Release.Candidate.app/Contents/Developer/Platforms/AppleTVOS.platform/Developer/SDKs/AppleTVOS27.0.sdk /Users/admin/builder/spi-builder-workspace/.derivedData/SDKStatCaches.noindex/appletvos27.0-24J360-e829b21a6f8c9b70876ba0858053c044b32bfd8d43560033f8d89884cdb90028.sdkstatcache
cd /Users/admin/builder/spi-builder-workspace/.swiftpm/xcode
/Applications/Xcode-27.0.0-Release.Candidate.app/Contents/Developer/Toolchains/XcodeDefault.xctoolchain/usr/bin/clang-stat-cache /Applications/Xcode-27.0.0-Release.Candidate.app/Contents/Developer/Platforms/AppleTVOS.platform/Developer/SDKs/AppleTVOS27.0.sdk -o /Users/admin/builder/spi-builder-workspace/.derivedData/SDKStatCaches.noindex/appletvos27.0-24J360-e829b21a6f8c9b70876ba0858053c044b32bfd8d43560033f8d89884cdb90028.sdkstatcache
SwiftDriver SwiftKeychainKit normal arm64 com.apple.xcode.tools.swift.compiler (in target 'SwiftKeychainKit' from project 'SwiftKeychainKit')
cd /Users/admin/builder/spi-builder-workspace/.swiftpm/xcode
builtin-SwiftDriver -- /Applications/Xcode-27.0.0-Release.Candidate.app/Contents/Developer/Toolchains/XcodeDefault.xctoolchain/usr/bin/swiftc -parse-as-library -module-name SwiftKeychainKit -Onone @/Users/admin/builder/spi-builder-workspace/.derivedData/Build/Intermediates.noindex/SwiftKeychainKit.build/Debug-appletvos/SwiftKeychainKit-t.build/Objects-normal/arm64/SwiftKeychainKit.SwiftFileList -DSWIFT_PACKAGE -DDEBUG -DSWIFT_MODULE_RESOURCE_BUNDLE_AVAILABLE -DXcode -enable-upcoming-feature InternalImportsByDefault -plugin-path /Applications/Xcode-27.0.0-Release.Candidate.app/Contents/Developer/Toolchains/XcodeDefault.xctoolchain/usr/lib/swift/host/plugins/testing -enable-experimental-feature DebugDescriptionMacro -sdk /Applications/Xcode-27.0.0-Release.Candidate.app/Contents/Developer/Platforms/AppleTVOS.platform/Developer/SDKs/AppleTVOS27.0.sdk -target arm64-apple-tvos15.0 -g -module-cache-path /Users/admin/builder/spi-builder-workspace/.derivedData/ModuleCache.noindex -Xfrontend -serialize-debugging-options -profile-coverage-mapping -profile-generate -enable-testing -index-store-path /Users/admin/builder/spi-builder-workspace/.derivedData/Index.noindex/DataStore -Xcc -D_LIBCPP_HARDENING_MODE\=_LIBCPP_HARDENING_MODE_DEBUG -swift-version 6 -I /Users/admin/builder/spi-builder-workspace/.derivedData/Build/Products/Debug-appletvos -Isystem /Applications/Xcode-27.0.0-Release.Candidate.app/Contents/Developer/Platforms/AppleTVOS.platform/Developer/usr/lib -F /Users/admin/builder/spi-builder-workspace/.derivedData/Build/Products/Debug-appletvos/PackageFrameworks -F /Users/admin/builder/spi-builder-workspace/.derivedData/Build/Products/Debug-appletvos -F /Applications/Xcode-27.0.0-Release.Candidate.app/Contents/Developer/Platforms/AppleTVOS.platform/Developer/Library/Frameworks -F /Applications/Xcode-27.0.0-Release.Candidate.app/Contents/Developer/Platforms/AppleTVOS.platform/Developer/SDKs/AppleTVOS27.0.sdk/Developer/Library/Frameworks -c -j10 -enable-batch-mode -incremental -Xcc -ivfsstatcache -Xcc /Users/admin/builder/spi-builder-workspace/.derivedData/SDKStatCaches.noindex/appletvos27.0-24J360-e829b21a6f8c9b70876ba0858053c044b32bfd8d43560033f8d89884cdb90028.sdkstatcache -output-file-map /Users/admin/builder/spi-builder-workspace/.derivedData/Build/Intermediates.noindex/SwiftKeychainKit.build/Debug-appletvos/SwiftKeychainKit-t.build/Objects-normal/arm64/SwiftKeychainKit-OutputFileMap.json -save-temps -no-color-diagnostics -explicit-module-build -module-cache-path /Users/admin/builder/spi-builder-workspace/.derivedData/Build/Intermediates.noindex/SwiftExplicitPrecompiledModules -clang-scanner-module-cache-path /Users/admin/builder/spi-builder-workspace/.derivedData/ModuleCache.noindex -sdk-module-cache-path /Users/admin/builder/spi-builder-workspace/.derivedData/SDKExplicitPrecompiledModules -emit-dependencies -emit-module -emit-module-path /Users/admin/builder/spi-builder-workspace/.derivedData/Build/Intermediates.noindex/SwiftKeychainKit.build/Debug-appletvos/SwiftKeychainKit-t.build/Objects-normal/arm64/SwiftKeychainKit.swiftmodule -serialize-diagnostics -dependency-scan-serialize-diagnostics-path /Users/admin/builder/spi-builder-workspace/.derivedData/Build/Intermediates.noindex/SwiftKeychainKit.build/Debug-appletvos/SwiftKeychainKit-t.build/Objects-normal/arm64/SwiftKeychainKit-dependency-scan.dia -validate-clang-modules-once -clang-build-session-file /Users/admin/builder/spi-builder-workspace/.derivedData/ModuleCache.noindex/Session.modulevalidation -Xcc -fmodules-prune-interval\=86400 -Xcc -fmodules-prune-after\=345600 -package-name spi_builder_workspace -emit-const-values -const-gather-protocols-list /Users/admin/builder/spi-builder-workspace/.derivedData/Build/Intermediates.noindex/SwiftKeychainKit.build/Debug-appletvos/SwiftKeychainKit-t.build/Objects-normal/arm64/SwiftKeychainKit_const_extract_protocols.json -Xcc -I/Users/admin/builder/spi-builder-workspace/.derivedData/Build/Products/Debug-appletvos/include -Xcc -I/Users/admin/builder/spi-builder-workspace/.derivedData/Build/Intermediates.noindex/SwiftKeychainKit.build/Debug-appletvos/SwiftKeychainKit-t.build/DerivedSources-normal/arm64 -Xcc -I/Users/admin/builder/spi-builder-workspace/.derivedData/Build/Intermediates.noindex/SwiftKeychainKit.build/Debug-appletvos/SwiftKeychainKit-t.build/DerivedSources/arm64 -Xcc -I/Users/admin/builder/spi-builder-workspace/.derivedData/Build/Intermediates.noindex/SwiftKeychainKit.build/Debug-appletvos/SwiftKeychainKit-t.build/DerivedSources -Xcc -DSWIFT_PACKAGE -Xcc -DDEBUG\=1 -emit-objc-header -emit-objc-header-path /Users/admin/builder/spi-builder-workspace/.derivedData/Build/Intermediates.noindex/SwiftKeychainKit.build/Debug-appletvos/SwiftKeychainKit-t.build/Objects-normal/arm64/SwiftKeychainKit-Swift.h -working-directory /Users/admin/builder/spi-builder-workspace/.swiftpm/xcode -experimental-emit-module-separately -disable-cmo
/Users/admin/builder/spi-builder-workspace/Sources/SwiftKeychainKit/AccessControl/AccessControl+LAContext.swift:1:15: error: Unable to resolve module dependency: 'LocalAuthentication' (in target 'SwiftKeychainKit' from project 'SwiftKeychainKit')
note: A dependency of main module 'SwiftKeychainKit'
/Users/admin/builder/spi-builder-workspace/Sources/SwiftKeychainKit/Certificates/Certificates+Add.swift:1:15: note: Also imported here
/Users/admin/builder/spi-builder-workspace/Sources/SwiftKeychainKit/Certificates/Certificates+Attributes.swift:2:15: note: Also imported here
/Users/admin/builder/spi-builder-workspace/Sources/SwiftKeychainKit/Certificates/Certificates+AttributesByReference.swift:1:15: note: Also imported here
/Users/admin/builder/spi-builder-workspace/Sources/SwiftKeychainKit/Certificates/Certificates+Delete.swift:2:15: note: Also imported here
/Users/admin/builder/spi-builder-workspace/Sources/SwiftKeychainKit/Certificates/Certificates+DeleteByReference.swift:1:15: note: Also imported here
/Users/admin/builder/spi-builder-workspace/Sources/SwiftKeychainKit/Certificates/Certificates+GetByReference.swift:1:15: note: Also imported here
/Users/admin/builder/spi-builder-workspace/Sources/SwiftKeychainKit/Certificates/Certificates+Query.swift:1:15: note: Also imported here
/Users/admin/builder/spi-builder-workspace/Sources/SwiftKeychainKit/Certificates/Certificates+QueryBuilder.swift:2:17: note: Also imported here
/Users/admin/builder/spi-builder-workspace/Sources/SwiftKeychainKit/Certificates/Certificates+QueryOne.swift:1:15: note: Also imported here
/Users/admin/builder/spi-builder-workspace/Sources/SwiftKeychainKit/CryptoKit/CryptoKit+GenericPasswordConvertible.swift:3:15: note: Also imported here
/Users/admin/builder/spi-builder-workspace/Sources/SwiftKeychainKit/GenericPassword/GenericPassword+Add.swift:1:15: note: Also imported here
/Users/admin/builder/spi-builder-workspace/Sources/SwiftKeychainKit/GenericPassword/GenericPassword+Attributes.swift:2:15: note: Also imported here
/Users/admin/builder/spi-builder-workspace/Sources/SwiftKeychainKit/GenericPassword/GenericPassword+AttributesByReference.swift:1:15: note: Also imported here
/Users/admin/builder/spi-builder-workspace/Sources/SwiftKeychainKit/GenericPassword/GenericPassword+Delete.swift:1:15: note: Also imported here
/Users/admin/builder/spi-builder-workspace/Sources/SwiftKeychainKit/GenericPassword/GenericPassword+DeleteByReference.swift:1:15: note: Also imported here
/Users/admin/builder/spi-builder-workspace/Sources/SwiftKeychainKit/GenericPassword/GenericPassword+Get.swift:1:15: note: Also imported here
/Users/admin/builder/spi-builder-workspace/Sources/SwiftKeychainKit/GenericPassword/GenericPassword+GetByReference.swift:2:15: note: Also imported here
/Users/admin/builder/spi-builder-workspace/Sources/SwiftKeychainKit/GenericPassword/GenericPassword+Query.swift:2:15: note: Also imported here
/Users/admin/builder/spi-builder-workspace/Sources/SwiftKeychainKit/GenericPassword/GenericPassword+QueryBuilder.swift:2:17: note: Also imported here
/Users/admin/builder/spi-builder-workspace/Sources/SwiftKeychainKit/GenericPassword/GenericPassword+Update.swift:1:15: note: Also imported here
/Users/admin/builder/spi-builder-workspace/Sources/SwiftKeychainKit/GenericPassword/GenericPassword+UpdateByReference.swift:1:15: note: Also imported here
/Users/admin/builder/spi-builder-workspace/Sources/SwiftKeychainKit/Identities/Identities+Add.swift:2:15: note: Also imported here
/Users/admin/builder/spi-builder-workspace/Sources/SwiftKeychainKit/Identities/Identities+Attributes.swift:2:15: note: Also imported here
/Users/admin/builder/spi-builder-workspace/Sources/SwiftKeychainKit/Identities/Identities+AttributesByReference.swift:1:15: note: Also imported here
/Users/admin/builder/spi-builder-workspace/Sources/SwiftKeychainKit/Identities/Identities+Delete.swift:1:15: note: Also imported here
/Users/admin/builder/spi-builder-workspace/Sources/SwiftKeychainKit/Identities/Identities+DeleteByReference.swift:1:15: note: Also imported here
/Users/admin/builder/spi-builder-workspace/Sources/SwiftKeychainKit/Identities/Identities+GetByReference.swift:1:15: note: Also imported here
/Users/admin/builder/spi-builder-workspace/Sources/SwiftKeychainKit/Identities/Identities+Query.swift:1:15: note: Also imported here
/Users/admin/builder/spi-builder-workspace/Sources/SwiftKeychainKit/Identities/Identities+QueryBuilder.swift:2:17: note: Also imported here
/Users/admin/builder/spi-builder-workspace/Sources/SwiftKeychainKit/Identities/Identities+QueryOne.swift:1:15: note: Also imported here
/Users/admin/builder/spi-builder-workspace/Sources/SwiftKeychainKit/InternetPassword/InternetPassword+Add.swift:1:15: note: Also imported here
/Users/admin/builder/spi-builder-workspace/Sources/SwiftKeychainKit/InternetPassword/InternetPassword+Attributes.swift:1:15: note: Also imported here
/Users/admin/builder/spi-builder-workspace/Sources/SwiftKeychainKit/InternetPassword/InternetPassword+AttributesByReference.swift:1:15: note: Also imported here
/Users/admin/builder/spi-builder-workspace/Sources/SwiftKeychainKit/InternetPassword/InternetPassword+Delete.swift:1:15: note: Also imported here
/Users/admin/builder/spi-builder-workspace/Sources/SwiftKeychainKit/InternetPassword/InternetPassword+DeleteByReference.swift:1:15: note: Also imported here
/Users/admin/builder/spi-builder-workspace/Sources/SwiftKeychainKit/InternetPassword/InternetPassword+GetByReference.swift:2:15: note: Also imported here
/Users/admin/builder/spi-builder-workspace/Sources/SwiftKeychainKit/InternetPassword/InternetPassword+Query.swift:2:15: note: Also imported here
/Users/admin/builder/spi-builder-workspace/Sources/SwiftKeychainKit/InternetPassword/InternetPassword+QueryBuilder.swift:2:17: note: Also imported here
/Users/admin/builder/spi-builder-workspace/Sources/SwiftKeychainKit/InternetPassword/InternetPassword+QueryOne.swift:1:15: note: Also imported here
/Users/admin/builder/spi-builder-workspace/Sources/SwiftKeychainKit/InternetPassword/InternetPassword+Update.swift:1:15: note: Also imported here
/Users/admin/builder/spi-builder-workspace/Sources/SwiftKeychainKit/InternetPassword/InternetPassword+UpdateByReference.swift:1:15: note: Also imported here
/Users/admin/builder/spi-builder-workspace/Sources/SwiftKeychainKit/ItemAttributes/Keychain+QueryItemAttributes.swift:2:17: note: Also imported here
/Users/admin/builder/spi-builder-workspace/Sources/SwiftKeychainKit/ItemReference/ItemReference+QueryBuilder.swift:2:17: note: Also imported here
/Users/admin/builder/spi-builder-workspace/Sources/SwiftKeychainKit/Keys/Keys+Add.swift:2:15: note: Also imported here
/Users/admin/builder/spi-builder-workspace/Sources/SwiftKeychainKit/Keys/Keys+Attributes.swift:2:15: note: Also imported here
/Users/admin/builder/spi-builder-workspace/Sources/SwiftKeychainKit/Keys/Keys+AttributesByReference.swift:1:15: note: Also imported here
/Users/admin/builder/spi-builder-workspace/Sources/SwiftKeychainKit/Keys/Keys+Delete.swift:2:15: note: Also imported here
/Users/admin/builder/spi-builder-workspace/Sources/SwiftKeychainKit/Keys/Keys+DeleteByReference.swift:1:15: note: Also imported here
/Users/admin/builder/spi-builder-workspace/Sources/SwiftKeychainKit/Keys/Keys+GetByReference.swift:1:15: note: Also imported here
/Users/admin/builder/spi-builder-workspace/Sources/SwiftKeychainKit/Keys/Keys+Query.swift:2:15: note: Also imported here
/Users/admin/builder/spi-builder-workspace/Sources/SwiftKeychainKit/Keys/Keys+QueryBuilder.swift:2:17: note: Also imported here
/Users/admin/builder/spi-builder-workspace/Sources/SwiftKeychainKit/Keys/Keys+QueryOne.swift:1:15: note: Also imported here
/Users/admin/builder/spi-builder-workspace/Sources/SwiftKeychainKit/Queries/LAContext+Queries.swift:1:17: note: Also imported here
/Users/admin/builder/spi-builder-workspace/Sources/SwiftKeychainKit/SecureEnclaveKeys/SecureEnclaveKeys+Attributes.swift:2:15: note: Also imported here
/Users/admin/builder/spi-builder-workspace/Sources/SwiftKeychainKit/SecureEnclaveKeys/SecureEnclaveKeys+Delete.swift:1:15: note: Also imported here
/Users/admin/builder/spi-builder-workspace/Sources/SwiftKeychainKit/SecureEnclaveKeys/SecureEnclaveKeys+Generate.swift:2:15: note: Also imported here
/Users/admin/builder/spi-builder-workspace/Sources/SwiftKeychainKit/SecureEnclaveKeys/SecureEnclaveKeys+Query.swift:1:15: note: Also imported here
/Users/admin/builder/spi-builder-workspace/Sources/SwiftKeychainKit/SecureEnclaveKeys/SecureEnclaveKeys+QueryBuilder.swift:2:17: note: Also imported here
/Users/admin/builder/spi-builder-workspace/Sources/SwiftKeychainKit/AccessControl/AccessControl+LAContext.swift:1:15: note: A dependency of main module 'SwiftKeychainKit'
public import LocalAuthentication
^ (in target 'SwiftKeychainKit' from project 'SwiftKeychainKit')
/Users/admin/builder/spi-builder-workspace/Sources/SwiftKeychainKit/Certificates/Certificates+Add.swift:1:15: note: Also imported here
public import LocalAuthentication
^ (in target 'SwiftKeychainKit' from project 'SwiftKeychainKit')
/Users/admin/builder/spi-builder-workspace/Sources/SwiftKeychainKit/Certificates/Certificates+Attributes.swift:2:15: note: Also imported here
public import LocalAuthentication
^ (in target 'SwiftKeychainKit' from project 'SwiftKeychainKit')
/Users/admin/builder/spi-builder-workspace/Sources/SwiftKeychainKit/Certificates/Certificates+AttributesByReference.swift:1:15: note: Also imported here
public import LocalAuthentication
^ (in target 'SwiftKeychainKit' from project 'SwiftKeychainKit')
/Users/admin/builder/spi-builder-workspace/Sources/SwiftKeychainKit/Certificates/Certificates+Delete.swift:2:15: note: Also imported here
public import LocalAuthentication
^ (in target 'SwiftKeychainKit' from project 'SwiftKeychainKit')
/Users/admin/builder/spi-builder-workspace/Sources/SwiftKeychainKit/Certificates/Certificates+DeleteByReference.swift:1:15: note: Also imported here
public import LocalAuthentication
^ (in target 'SwiftKeychainKit' from project 'SwiftKeychainKit')
/Users/admin/builder/spi-builder-workspace/Sources/SwiftKeychainKit/Certificates/Certificates+GetByReference.swift:1:15: note: Also imported here
public import LocalAuthentication
^ (in target 'SwiftKeychainKit' from project 'SwiftKeychainKit')
/Users/admin/builder/spi-builder-workspace/Sources/SwiftKeychainKit/Certificates/Certificates+Query.swift:1:15: note: Also imported here
public import LocalAuthentication
^ (in target 'SwiftKeychainKit' from project 'SwiftKeychainKit')
/Users/admin/builder/spi-builder-workspace/Sources/SwiftKeychainKit/Certificates/Certificates+QueryBuilder.swift:2:17: note: Also imported here
internal import LocalAuthentication
^ (in target 'SwiftKeychainKit' from project 'SwiftKeychainKit')
/Users/admin/builder/spi-builder-workspace/Sources/SwiftKeychainKit/Certificates/Certificates+QueryOne.swift:1:15: note: Also imported here
public import LocalAuthentication
^ (in target 'SwiftKeychainKit' from project 'SwiftKeychainKit')
/Users/admin/builder/spi-builder-workspace/Sources/SwiftKeychainKit/CryptoKit/CryptoKit+GenericPasswordConvertible.swift:3:15: note: Also imported here
public import LocalAuthentication
^ (in target 'SwiftKeychainKit' from project 'SwiftKeychainKit')
/Users/admin/builder/spi-builder-workspace/Sources/SwiftKeychainKit/GenericPassword/GenericPassword+Add.swift:1:15: note: Also imported here
public import LocalAuthentication
^ (in target 'SwiftKeychainKit' from project 'SwiftKeychainKit')
/Users/admin/builder/spi-builder-workspace/Sources/SwiftKeychainKit/GenericPassword/GenericPassword+Attributes.swift:2:15: note: Also imported here
public import LocalAuthentication
^ (in target 'SwiftKeychainKit' from project 'SwiftKeychainKit')
/Users/admin/builder/spi-builder-workspace/Sources/SwiftKeychainKit/GenericPassword/GenericPassword+AttributesByReference.swift:1:15: note: Also imported here
public import LocalAuthentication
^ (in target 'SwiftKeychainKit' from project 'SwiftKeychainKit')
/Users/admin/builder/spi-builder-workspace/Sources/SwiftKeychainKit/GenericPassword/GenericPassword+Delete.swift:1:15: note: Also imported here
public import LocalAuthentication
^ (in target 'SwiftKeychainKit' from project 'SwiftKeychainKit')
/Users/admin/builder/spi-builder-workspace/Sources/SwiftKeychainKit/GenericPassword/GenericPassword+DeleteByReference.swift:1:15: note: Also imported here
public import LocalAuthentication
^ (in target 'SwiftKeychainKit' from project 'SwiftKeychainKit')
/Users/admin/builder/spi-builder-workspace/Sources/SwiftKeychainKit/GenericPassword/GenericPassword+Get.swift:1:15: note: Also imported here
public import LocalAuthentication
^ (in target 'SwiftKeychainKit' from project 'SwiftKeychainKit')
/Users/admin/builder/spi-builder-workspace/Sources/SwiftKeychainKit/GenericPassword/GenericPassword+GetByReference.swift:2:15: note: Also imported here
public import LocalAuthentication
^ (in target 'SwiftKeychainKit' from project 'SwiftKeychainKit')
/Users/admin/builder/spi-builder-workspace/Sources/SwiftKeychainKit/GenericPassword/GenericPassword+Query.swift:2:15: note: Also imported here
public import LocalAuthentication
^ (in target 'SwiftKeychainKit' from project 'SwiftKeychainKit')
/Users/admin/builder/spi-builder-workspace/Sources/SwiftKeychainKit/GenericPassword/GenericPassword+QueryBuilder.swift:2:17: note: Also imported here
internal import LocalAuthentication
^ (in target 'SwiftKeychainKit' from project 'SwiftKeychainKit')
/Users/admin/builder/spi-builder-workspace/Sources/SwiftKeychainKit/GenericPassword/GenericPassword+Update.swift:1:15: note: Also imported here
public import LocalAuthentication
^ (in target 'SwiftKeychainKit' from project 'SwiftKeychainKit')
/Users/admin/builder/spi-builder-workspace/Sources/SwiftKeychainKit/GenericPassword/GenericPassword+UpdateByReference.swift:1:15: note: Also imported here
public import LocalAuthentication
^ (in target 'SwiftKeychainKit' from project 'SwiftKeychainKit')
/Users/admin/builder/spi-builder-workspace/Sources/SwiftKeychainKit/Identities/Identities+Add.swift:2:15: note: Also imported here
public import LocalAuthentication
^ (in target 'SwiftKeychainKit' from project 'SwiftKeychainKit')
/Users/admin/builder/spi-builder-workspace/Sources/SwiftKeychainKit/Identities/Identities+Attributes.swift:2:15: note: Also imported here
public import LocalAuthentication
^ (in target 'SwiftKeychainKit' from project 'SwiftKeychainKit')
/Users/admin/builder/spi-builder-workspace/Sources/SwiftKeychainKit/Identities/Identities+AttributesByReference.swift:1:15: note: Also imported here
public import LocalAuthentication
^ (in target 'SwiftKeychainKit' from project 'SwiftKeychainKit')
/Users/admin/builder/spi-builder-workspace/Sources/SwiftKeychainKit/Identities/Identities+Delete.swift:1:15: note: Also imported here
public import LocalAuthentication
^ (in target 'SwiftKeychainKit' from project 'SwiftKeychainKit')
/Users/admin/builder/spi-builder-workspace/Sources/SwiftKeychainKit/Identities/Identities+DeleteByReference.swift:1:15: note: Also imported here
public import LocalAuthentication
^ (in target 'SwiftKeychainKit' from project 'SwiftKeychainKit')
/Users/admin/builder/spi-builder-workspace/Sources/SwiftKeychainKit/Identities/Identities+GetByReference.swift:1:15: note: Also imported here
public import LocalAuthentication
^ (in target 'SwiftKeychainKit' from project 'SwiftKeychainKit')
/Users/admin/builder/spi-builder-workspace/Sources/SwiftKeychainKit/Identities/Identities+Query.swift:1:15: note: Also imported here
public import LocalAuthentication
^ (in target 'SwiftKeychainKit' from project 'SwiftKeychainKit')
/Users/admin/builder/spi-builder-workspace/Sources/SwiftKeychainKit/Identities/Identities+QueryBuilder.swift:2:17: note: Also imported here
internal import LocalAuthentication
^ (in target 'SwiftKeychainKit' from project 'SwiftKeychainKit')
/Users/admin/builder/spi-builder-workspace/Sources/SwiftKeychainKit/Identities/Identities+QueryOne.swift:1:15: note: Also imported here
public import LocalAuthentication
^ (in target 'SwiftKeychainKit' from project 'SwiftKeychainKit')
/Users/admin/builder/spi-builder-workspace/Sources/SwiftKeychainKit/InternetPassword/InternetPassword+Add.swift:1:15: note: Also imported here
public import LocalAuthentication
^ (in target 'SwiftKeychainKit' from project 'SwiftKeychainKit')
/Users/admin/builder/spi-builder-workspace/Sources/SwiftKeychainKit/InternetPassword/InternetPassword+Attributes.swift:1:15: note: Also imported here
public import LocalAuthentication
^ (in target 'SwiftKeychainKit' from project 'SwiftKeychainKit')
/Users/admin/builder/spi-builder-workspace/Sources/SwiftKeychainKit/InternetPassword/InternetPassword+AttributesByReference.swift:1:15: note: Also imported here
public import LocalAuthentication
^ (in target 'SwiftKeychainKit' from project 'SwiftKeychainKit')
/Users/admin/builder/spi-builder-workspace/Sources/SwiftKeychainKit/InternetPassword/InternetPassword+Delete.swift:1:15: note: Also imported here
public import LocalAuthentication
^ (in target 'SwiftKeychainKit' from project 'SwiftKeychainKit')
/Users/admin/builder/spi-builder-workspace/Sources/SwiftKeychainKit/InternetPassword/InternetPassword+DeleteByReference.swift:1:15: note: Also imported here
public import LocalAuthentication
^ (in target 'SwiftKeychainKit' from project 'SwiftKeychainKit')
/Users/admin/builder/spi-builder-workspace/Sources/SwiftKeychainKit/InternetPassword/InternetPassword+GetByReference.swift:2:15: note: Also imported here
public import LocalAuthentication
^ (in target 'SwiftKeychainKit' from project 'SwiftKeychainKit')
/Users/admin/builder/spi-builder-workspace/Sources/SwiftKeychainKit/InternetPassword/InternetPassword+Query.swift:2:15: note: Also imported here
public import LocalAuthentication
^ (in target 'SwiftKeychainKit' from project 'SwiftKeychainKit')
/Users/admin/builder/spi-builder-workspace/Sources/SwiftKeychainKit/InternetPassword/InternetPassword+QueryBuilder.swift:2:17: note: Also imported here
internal import LocalAuthentication
^ (in target 'SwiftKeychainKit' from project 'SwiftKeychainKit')
/Users/admin/builder/spi-builder-workspace/Sources/SwiftKeychainKit/InternetPassword/InternetPassword+QueryOne.swift:1:15: note: Also imported here
public import LocalAuthentication
^ (in target 'SwiftKeychainKit' from project 'SwiftKeychainKit')
/Users/admin/builder/spi-builder-workspace/Sources/SwiftKeychainKit/InternetPassword/InternetPassword+Update.swift:1:15: note: Also imported here
public import LocalAuthentication
^ (in target 'SwiftKeychainKit' from project 'SwiftKeychainKit')
/Users/admin/builder/spi-builder-workspace/Sources/SwiftKeychainKit/InternetPassword/InternetPassword+UpdateByReference.swift:1:15: note: Also imported here
public import LocalAuthentication
^ (in target 'SwiftKeychainKit' from project 'SwiftKeychainKit')
/Users/admin/builder/spi-builder-workspace/Sources/SwiftKeychainKit/ItemAttributes/Keychain+QueryItemAttributes.swift:2:17: note: Also imported here
internal import LocalAuthentication
^ (in target 'SwiftKeychainKit' from project 'SwiftKeychainKit')
/Users/admin/builder/spi-builder-workspace/Sources/SwiftKeychainKit/ItemReference/ItemReference+QueryBuilder.swift:2:17: note: Also imported here
internal import LocalAuthentication
^ (in target 'SwiftKeychainKit' from project 'SwiftKeychainKit')
/Users/admin/builder/spi-builder-workspace/Sources/SwiftKeychainKit/Keys/Keys+Add.swift:2:15: note: Also imported here
public import LocalAuthentication
^ (in target 'SwiftKeychainKit' from project 'SwiftKeychainKit')
/Users/admin/builder/spi-builder-workspace/Sources/SwiftKeychainKit/Keys/Keys+Attributes.swift:2:15: note: Also imported here
public import LocalAuthentication
^ (in target 'SwiftKeychainKit' from project 'SwiftKeychainKit')
/Users/admin/builder/spi-builder-workspace/Sources/SwiftKeychainKit/Keys/Keys+AttributesByReference.swift:1:15: note: Also imported here
public import LocalAuthentication
^ (in target 'SwiftKeychainKit' from project 'SwiftKeychainKit')
/Users/admin/builder/spi-builder-workspace/Sources/SwiftKeychainKit/Keys/Keys+Delete.swift:2:15: note: Also imported here
public import LocalAuthentication
^ (in target 'SwiftKeychainKit' from project 'SwiftKeychainKit')
/Users/admin/builder/spi-builder-workspace/Sources/SwiftKeychainKit/Keys/Keys+DeleteByReference.swift:1:15: note: Also imported here
public import LocalAuthentication
^ (in target 'SwiftKeychainKit' from project 'SwiftKeychainKit')
/Users/admin/builder/spi-builder-workspace/Sources/SwiftKeychainKit/Keys/Keys+GetByReference.swift:1:15: note: Also imported here
public import LocalAuthentication
^ (in target 'SwiftKeychainKit' from project 'SwiftKeychainKit')
/Users/admin/builder/spi-builder-workspace/Sources/SwiftKeychainKit/Keys/Keys+Query.swift:2:15: note: Also imported here
public import LocalAuthentication
^ (in target 'SwiftKeychainKit' from project 'SwiftKeychainKit')
/Users/admin/builder/spi-builder-workspace/Sources/SwiftKeychainKit/Keys/Keys+QueryBuilder.swift:2:17: note: Also imported here
internal import LocalAuthentication
^ (in target 'SwiftKeychainKit' from project 'SwiftKeychainKit')
/Users/admin/builder/spi-builder-workspace/Sources/SwiftKeychainKit/Keys/Keys+QueryOne.swift:1:15: note: Also imported here
public import LocalAuthentication
^ (in target 'SwiftKeychainKit' from project 'SwiftKeychainKit')
/Users/admin/builder/spi-builder-workspace/Sources/SwiftKeychainKit/Queries/LAContext+Queries.swift:1:17: note: Also imported here
internal import LocalAuthentication
^ (in target 'SwiftKeychainKit' from project 'SwiftKeychainKit')
/Users/admin/builder/spi-builder-workspace/Sources/SwiftKeychainKit/SecureEnclaveKeys/SecureEnclaveKeys+Attributes.swift:2:15: note: Also imported here
public import LocalAuthentication
^ (in target 'SwiftKeychainKit' from project 'SwiftKeychainKit')
/Users/admin/builder/spi-builder-workspace/Sources/SwiftKeychainKit/SecureEnclaveKeys/SecureEnclaveKeys+Delete.swift:1:15: note: Also imported here
public import LocalAuthentication
^ (in target 'SwiftKeychainKit' from project 'SwiftKeychainKit')
/Users/admin/builder/spi-builder-workspace/Sources/SwiftKeychainKit/SecureEnclaveKeys/SecureEnclaveKeys+Generate.swift:2:15: note: Also imported here
public import LocalAuthentication
^ (in target 'SwiftKeychainKit' from project 'SwiftKeychainKit')
/Users/admin/builder/spi-builder-workspace/Sources/SwiftKeychainKit/SecureEnclaveKeys/SecureEnclaveKeys+Query.swift:1:15: note: Also imported here
public import LocalAuthentication
^ (in target 'SwiftKeychainKit' from project 'SwiftKeychainKit')
/Users/admin/builder/spi-builder-workspace/Sources/SwiftKeychainKit/SecureEnclaveKeys/SecureEnclaveKeys+QueryBuilder.swift:2:17: note: Also imported here
internal import LocalAuthentication
^ (in target 'SwiftKeychainKit' from project 'SwiftKeychainKit')
PruneExplicitPrecompiledModules /Users/admin/builder/spi-builder-workspace/.derivedData/Build/Intermediates.noindex/ExplicitPrecompiledModules
PruneExplicitPrecompiledModules /Users/admin/builder/spi-builder-workspace/.derivedData/SDKExplicitPrecompiledModules
PruneExplicitPrecompiledModules /Users/admin/builder/spi-builder-workspace/.derivedData/Build/Intermediates.noindex/SwiftExplicitPrecompiledModules
2026-09-24 06:52:51.591 xcodebuild[1007:6027] [MT] IDERunDestination: Supported platforms for the buildables in the current scheme is empty.
** BUILD FAILED **
The following build commands failed:
SwiftDriver SwiftKeychainKit normal arm64 com.apple.xcode.tools.swift.compiler (in target 'SwiftKeychainKit' from project 'SwiftKeychainKit')
Building workspace SwiftKeychainKit with scheme SwiftKeychainKit
(2 failures)
BUILD FAILURE 6.4 tvOS