Build Information
Failed to build GoogleMapsUtils, reference v7.1.1 (24ef38), with Swift 6.1 for Linux on 29 Sep 2026 13:46:21 UTC.
Build Command
bash -c docker run --pull=always --rm -v "checkouts-54344845-0":/host -w "$PWD" -e JAVA_HOME="/root/.sdkman/candidates/java/current" -e SPI_BUILD="1" -e SPI_PROCESSING="1" registry.gitlab.com/saguaro1/spi-images:basic-6.1-latest swift build --triple x86_64-unknown-linux-gnu 2>&1Build Log
========================================
RunAll
========================================
Builder version: 5.1.0
Interrupt handler set up.
========================================
Checkout
========================================
Clone URL: https://github.com/googlemaps/google-maps-ios-utils.git
Reference: v7.1.1
Initialized empty Git repository in /host/spi-builder-workspace/.git/
hint: Using 'master' as the name for the initial branch. This default branch name
hint: is subject to change. To configure the initial branch name to use in all
hint: of your new repositories, which will suppress this warning, call:
hint:
hint: git config --global init.defaultBranch <name>
hint:
hint: Names commonly chosen instead of 'master' are 'main', 'trunk' and
hint: 'development'. The just-created branch can be renamed via this command:
hint:
hint: git branch -m <name>
From https://github.com/googlemaps/google-maps-ios-utils
* tag v7.1.1 -> FETCH_HEAD
HEAD is now at 24ef386 chore(main): release 7.1.1 (#579)
Cloned https://github.com/googlemaps/google-maps-ios-utils.git
Revision (git rev-parse @):
24ef3862c20115c4993225d99e7308d5e0f41662
SUCCESS checkout https://github.com/googlemaps/google-maps-ios-utils.git at v7.1.1
========================================
Build
========================================
Selected platform: linux
Swift version: 6.1
Building package at path: $PWD
https://github.com/googlemaps/google-maps-ios-utils.git
https://github.com/googlemaps/google-maps-ios-utils.git
WARNING: environment variable SUPPRESS_SWIFT_6_FLAGS is not set
Running build ...
bash -c docker run --pull=always --rm -v "checkouts-54344845-0":/host -w "$PWD" -e JAVA_HOME="/root/.sdkman/candidates/java/current" -e SPI_BUILD="1" -e SPI_PROCESSING="1" registry.gitlab.com/saguaro1/spi-images:basic-6.1-latest swift build --triple x86_64-unknown-linux-gnu -Xswiftc -Xfrontend -Xswiftc -stats-output-dir -Xswiftc -Xfrontend -Xswiftc .stats -Xswiftc -strict-concurrency=complete -Xswiftc -enable-upcoming-feature -Xswiftc StrictConcurrency -Xswiftc -enable-upcoming-feature -Xswiftc DisableOutwardActorInference -Xswiftc -enable-upcoming-feature -Xswiftc GlobalActorIsolatedTypesUsability -Xswiftc -enable-upcoming-feature -Xswiftc InferSendableFromCaptures 2>&1
basic-6.1-latest: Pulling from saguaro1/spi-images
Digest: sha256:bebe373f64586285d153a73cebf57004d534988a7110464fd581e50dd24c756b
Status: Image is up to date for registry.gitlab.com/saguaro1/spi-images:basic-6.1-latest
Fetching https://github.com/erikdoe/ocmock.git
[1/10914] Fetching ocmock
Fetched https://github.com/erikdoe/ocmock.git from cache (0.90s)
Fetching https://github.com/googlemaps/ios-maps-sdk
[1/1209] Fetching ios-maps-sdk
Fetched https://github.com/googlemaps/ios-maps-sdk from cache (0.77s)
Computing version for https://github.com/googlemaps/ios-maps-sdk
Computed https://github.com/googlemaps/ios-maps-sdk at 10.15.0 (1.03s)
Creating working copy for https://github.com/googlemaps/ios-maps-sdk
Working copy of https://github.com/googlemaps/ios-maps-sdk resolved at 10.15.0
Creating working copy for https://github.com/erikdoe/ocmock.git
Working copy of https://github.com/erikdoe/ocmock.git resolved at fe1661a3efed11831a6452f4b1a0c5e6ddc08c3d
Downloading binary artifact https://dl.google.com/geosdk/swiftpm/10.15.0/GoogleMaps_3p.xcframework.zip
[1354/1354] Downloading https://dl.google.com/geosdk/swiftpm/10.15.0/GoogleMaps_3p.xcframework.zip
Downloaded https://dl.google.com/geosdk/swiftpm/10.15.0/GoogleMaps_3p.xcframework.zip (1.79s)
warning: 'spi-builder-workspace': ignoring target 'GoogleMapsUtilsObjCTests' in package 'spi-builder-workspace'; C language in tests is not yet supported
Building for debugging...
In file included from /host/spi-builder-workspace/Sources/GoogleMapsUtilsObjC/include/GMUGeometryRenderer.m:16:
/host/spi-builder-workspace/Sources/GoogleMapsUtilsObjC/include/GMUGeometryRenderer.h:16:9: fatal error: 'Foundation/Foundation.h' file not found
16 | #import <Foundation/Foundation.h>
| ^~~~~~~~~~~~~~~~~~~~~~~~~
1 error generated.
[0/35] Compiling GMUGeometryRenderer.m
In file included from /host/spi-builder-workspace/Sources/GoogleMapsUtilsObjC/include/GMUGroundOverlay.m:16:
/host/spi-builder-workspace/Sources/GoogleMapsUtilsObjC/include/GMUGroundOverlay.h:16:9: fatal error: 'CoreLocation/CoreLocation.h' file not found
16 | #import <CoreLocation/CoreLocation.h>
| ^~~~~~~~~~~~~~~~~~~~~~~~~~~~~
1 error generated.
[0/35] Compiling GMUGroundOverlay.m
In file included from /host/spi-builder-workspace/Sources/GoogleMapsUtilsObjC/include/GMUGeometryCollection.m:16:
/host/spi-builder-workspace/Sources/GoogleMapsUtilsObjC/include/GMUGeometryCollection.h:16:9: fatal error: 'Foundation/Foundation.h' file not found
16 | #import <Foundation/Foundation.h>
| ^~~~~~~~~~~~~~~~~~~~~~~~~
1 error generated.
[0/35] Compiling GMUGeometryCollection.m
/host/spi-builder-workspace/Sources/GoogleMapsUtilsObjC/include/GMUHeatmapTileLayer.m:17:2: error: "This file requires ARC support."
17 | #error "This file requires ARC support."
| ^
In file included from /host/spi-builder-workspace/Sources/GoogleMapsUtilsObjC/include/GMUHeatmapTileLayer.m:20:
/host/spi-builder-workspace/Sources/GoogleMapsUtilsObjC/include/GMUHeatmapTileLayer.h:16:9: fatal error: 'GoogleMaps/GoogleMaps.h' file not found
16 | #import <GoogleMaps/GoogleMaps.h>
| ^~~~~~~~~~~~~~~~~~~~~~~~~
2 errors generated.
[0/35] Compiling GMUHeatmapTileLayer.m
In file included from /host/spi-builder-workspace/Sources/GoogleMapsUtilsObjC/include/GMUKMLParser.m:16:
/host/spi-builder-workspace/Sources/GoogleMapsUtilsObjC/include/GMUKMLParser.h:16:9: fatal error: 'CoreLocation/CoreLocation.h' file not found
16 | #import <CoreLocation/CoreLocation.h>
| ^~~~~~~~~~~~~~~~~~~~~~~~~~~~~
1 error generated.
[0/35] Compiling GMUKMLParser.m
[0/35] Compiling GMUFeature.m
[0/35] Compiling GMUGridBasedClusterAlgorithm.m
In file included from /host/spi-builder-workspace/Sources/GoogleMapsUtilsObjC/include/GMUGeoJSONParser.m:16:
/host/spi-builder-workspace/Sources/GoogleMapsUtilsObjC/include/GMUGeoJSONParser.h:16:9: fatal error: 'Foundation/Foundation.h' file not found
16 | #import <Foundation/Foundation.h>
| ^~~~~~~~~~~~~~~~~~~~~~~~~
1 error generated.
[0/35] Compiling GMUGeoJSONParser.m
Running build ...
bash -c docker run --pull=always --rm -v "checkouts-54344845-0":/host -w "$PWD" -e JAVA_HOME="/root/.sdkman/candidates/java/current" -e SPI_BUILD="1" -e SPI_PROCESSING="1" registry.gitlab.com/saguaro1/spi-images:basic-6.1-latest swift build --triple x86_64-unknown-linux-gnu 2>&1
basic-6.1-latest: Pulling from saguaro1/spi-images
Digest: sha256:bebe373f64586285d153a73cebf57004d534988a7110464fd581e50dd24c756b
Status: Image is up to date for registry.gitlab.com/saguaro1/spi-images:basic-6.1-latest
warning: 'spi-builder-workspace': ignoring target 'GoogleMapsUtilsObjCTests' in package 'spi-builder-workspace'; C language in tests is not yet supported
[0/1] Planning build
Building for debugging...
/host/spi-builder-workspace/Sources/GoogleMapsUtilsObjC/include/GMUWrappingDictionaryKey.m:17:2: error: "This file requires ARC support."
17 | #error "This file requires ARC support."
| ^
In file included from /host/spi-builder-workspace/Sources/GoogleMapsUtilsObjC/include/GMUWrappingDictionaryKey.m:20:
/host/spi-builder-workspace/Sources/GoogleMapsUtilsObjC/include/GMUWrappingDictionaryKey.h:16:9: fatal error: 'Foundation/Foundation.h' file not found
16 | #import <Foundation/Foundation.h>
| ^~~~~~~~~~~~~~~~~~~~~~~~~
2 errors generated.
[0/35] Compiling GMUWrappingDictionaryKey.m
/host/spi-builder-workspace/Sources/GoogleMapsUtilsObjC/include/GQTPointQuadTree.m:17:2: error: "This file requires ARC support."
17 | #error "This file requires ARC support."
| ^
In file included from /host/spi-builder-workspace/Sources/GoogleMapsUtilsObjC/include/GQTPointQuadTree.m:20:
/host/spi-builder-workspace/Sources/GoogleMapsUtilsObjC/include/GQTPointQuadTree.h:16:9: fatal error: 'Foundation/Foundation.h' file not found
16 | #import <Foundation/Foundation.h>
| ^~~~~~~~~~~~~~~~~~~~~~~~~
2 errors generated.
[0/35] Compiling GQTPointQuadTree.m
[0/35] Compiling GMUVersion.m
/host/spi-builder-workspace/Sources/GoogleMapsUtilsObjC/include/GMUWeightedLatLng.m:17:2: error: "This file requires ARC support."
17 | #error "This file requires ARC support."
| ^
In file included from /host/spi-builder-workspace/Sources/GoogleMapsUtilsObjC/include/GMUWeightedLatLng.m:20:
In file included from /host/spi-builder-workspace/Sources/GoogleMapsUtilsObjC/include/GMUWeightedLatLng.h:16:
/host/spi-builder-workspace/Sources/GoogleMapsUtilsObjC/include/GQTPointQuadTreeItem.h:16:9: fatal error: 'Foundation/Foundation.h' file not found
16 | #import <Foundation/Foundation.h>
| ^~~~~~~~~~~~~~~~~~~~~~~~~
2 errors generated.
[0/35] Compiling GMUWeightedLatLng.m
[0/35] Compiling GMUTestClusterItem.m
In file included from /host/spi-builder-workspace/Tests/GoogleMapsUtilsTestsHelper/include/GMUObjectiveCTestHelper.m:16:
/host/spi-builder-workspace/Tests/GoogleMapsUtilsTestsHelper/include/GMUObjectiveCTestHelper.h:16:9: fatal error: 'Foundation/Foundation.h' file not found
16 | #import <Foundation/Foundation.h>
| ^~~~~~~~~~~~~~~~~~~~~~~~~
1 error generated.
[0/35] Compiling GMUObjectiveCTestHelper.m
/host/spi-builder-workspace/Sources/GoogleMapsUtilsObjC/include/GQTPointQuadTreeChild.m:17:2: error: "This file requires ARC support."
17 | #error "This file requires ARC support."
| ^
In file included from /host/spi-builder-workspace/Sources/GoogleMapsUtilsObjC/include/GQTPointQuadTreeChild.m:20:
/host/spi-builder-workspace/Sources/GoogleMapsUtilsObjC/include/GQTPointQuadTreeChild.h:16:9: fatal error: 'Foundation/Foundation.h' file not found
16 | #import <Foundation/Foundation.h>
| ^~~~~~~~~~~~~~~~~~~~~~~~~
2 errors generated.
[0/35] Compiling GQTPointQuadTreeChild.m
[0/35] Write swift-version-24593BA9C3E375BF.txt
BUILD FAILURE 6.1 linux