The Swift Package Index logo.Swift Package Index

Build Information

Failed to build RichString, reference master (9ec876), with Swift 6.1 for Linux on 19 Jul 2026 02:32:05 UTC.

Build Command

bash -c docker run --pull=always --rm -v "checkouts-54344844-3":/host -w "$PWD" -e JAVA_HOME="/root/.sdkman/candidates/java/current" -e SPI_BUILD="1" -e SPI_PROCESSING="1" registry.gitlab.com/saguaro1/spi-images:basic-6.1-latest swift build --triple x86_64-unknown-linux-gnu 2>&1

Build Log

========================================
RunAll
========================================
Builder version: 333316120c8b89ed7d21f1b34865290794301d91
Interrupt handler set up.
========================================
Checkout
========================================
Clone URL: https://github.com/svdo/swift-RichString.git
Reference: master
Initialized empty Git repository in /host/spi-builder-workspace/.git/
hint: Using 'master' as the name for the initial branch. This default branch name
hint: is subject to change. To configure the initial branch name to use in all
hint: of your new repositories, which will suppress this warning, call:
hint:
hint: 	git config --global init.defaultBranch <name>
hint:
hint: Names commonly chosen instead of 'master' are 'main', 'trunk' and
hint: 'development'. The just-created branch can be renamed via this command:
hint:
hint: 	git branch -m <name>
From https://github.com/svdo/swift-RichString
 * branch            master     -> FETCH_HEAD
 * [new branch]      master     -> origin/master
HEAD is now at 9ec8765 Add archival notice to README
Cloned https://github.com/svdo/swift-RichString.git
Revision (git rev-parse @):
9ec876504c53fe56af2b3a239a0e8d65594b3b49
SUCCESS checkout https://github.com/svdo/swift-RichString.git at master
========================================
Build
========================================
Selected platform:         linux
Swift version:             6.1
Building package at path:  $PWD
https://github.com/svdo/swift-RichString.git
https://github.com/svdo/swift-RichString.git
WARNING: environment variable SUPPRESS_SWIFT_6_FLAGS is not set
Running build ...
bash -c docker run --pull=always --rm -v "checkouts-54344844-3":/host -w "$PWD" -e JAVA_HOME="/root/.sdkman/candidates/java/current" -e SPI_BUILD="1" -e SPI_PROCESSING="1" registry.gitlab.com/saguaro1/spi-images:basic-6.1-latest swift build --triple x86_64-unknown-linux-gnu -Xswiftc -Xfrontend -Xswiftc -stats-output-dir -Xswiftc -Xfrontend -Xswiftc .stats -Xswiftc -strict-concurrency=complete -Xswiftc -enable-upcoming-feature -Xswiftc StrictConcurrency -Xswiftc -enable-upcoming-feature -Xswiftc DisableOutwardActorInference -Xswiftc -enable-upcoming-feature -Xswiftc GlobalActorIsolatedTypesUsability -Xswiftc -enable-upcoming-feature -Xswiftc InferSendableFromCaptures 2>&1
basic-6.1-latest: Pulling from saguaro1/spi-images
Digest: sha256:0f094b998e61bb35b7a666f42e392cfb12929ea8fa9160622b1badd8b73d5c87
Status: Image is up to date for registry.gitlab.com/saguaro1/spi-images:basic-6.1-latest
Fetching https://github.com/Quick/Nimble.git
Fetching https://github.com/Quick/Quick.git
[1/14906] Fetching quick
[14907/34878] Fetching quick, nimble
Fetched https://github.com/Quick/Quick.git from cache (1.04s)
Fetched https://github.com/Quick/Nimble.git from cache (1.05s)
Computing version for https://github.com/Quick/Quick.git
Computed https://github.com/Quick/Quick.git at 1.3.4 (1.29s)
Computing version for https://github.com/Quick/Nimble.git
Computed https://github.com/Quick/Nimble.git at 7.3.4 (0.25s)
Creating working copy for https://github.com/Quick/Quick.git
Working copy of https://github.com/Quick/Quick.git resolved at 1.3.4
Creating working copy for https://github.com/Quick/Nimble.git
Working copy of https://github.com/Quick/Nimble.git resolved at 7.3.4
warning: 'spi-builder-workspace': Invalid Exclude '/host/spi-builder-workspace/RichString/RichString/tvOS': File not found.
warning: 'spi-builder-workspace': Invalid Exclude '/host/spi-builder-workspace/RichString/RichString/iOS': File not found.
warning: 'spi-builder-workspace': Invalid Exclude '/host/spi-builder-workspace/RichString/RichString/watchOS': File not found.
warning: 'spi-builder-workspace': Invalid Exclude '/host/spi-builder-workspace/RichStringTests/RichStringTests/tvOS': File not found.
warning: 'spi-builder-workspace': Invalid Exclude '/host/spi-builder-workspace/RichStringTests/RichStringTests/watchOS': File not found.
warning: 'spi-builder-workspace': Invalid Exclude '/host/spi-builder-workspace/RichStringTests/RichStringTests/iOS': File not found.
Building for debugging...
[0/2] Write sources
[1/2] Write swift-version-24593BA9C3E375BF.txt
[3/9] Compiling RichString Font_PlatformDependent.swift
/host/spi-builder-workspace/RichString/NSAttributedString+Rich.swift:6:12: error: no such module 'AppKit'
  4 |
  5 | #if SWIFT_PACKAGE || os(macOS)
  6 |     import AppKit
    |            `- error: no such module 'AppKit'
  7 | #else
  8 |     import UIKit
[4/9] Compiling RichString Color_PlatformDependent.swift
/host/spi-builder-workspace/RichString/NSAttributedString+Rich.swift:6:12: error: no such module 'AppKit'
  4 |
  5 | #if SWIFT_PACKAGE || os(macOS)
  6 |     import AppKit
    |            `- error: no such module 'AppKit'
  7 | #else
  8 |     import UIKit
error: emit-module command failed with exit code 1 (use -v to see invocation)
[5/9] Emitting module RichString
/host/spi-builder-workspace/RichString/NSAttributedString+Rich.swift:6:12: error: no such module 'AppKit'
  4 |
  5 | #if SWIFT_PACKAGE || os(macOS)
  6 |     import AppKit
    |            `- error: no such module 'AppKit'
  7 | #else
  8 |     import UIKit
[6/9] Compiling RichString NSAttributedString+Rich.swift
/host/spi-builder-workspace/RichString/NSAttributedString+Rich.swift:6:12: error: no such module 'AppKit'
  4 |
  5 | #if SWIFT_PACKAGE || os(macOS)
  6 |     import AppKit
    |            `- error: no such module 'AppKit'
  7 | #else
  8 |     import UIKit
[7/9] Compiling RichString String+Rich.swift
/host/spi-builder-workspace/RichString/NSAttributedString+Rich.swift:6:12: error: no such module 'AppKit'
  4 |
  5 | #if SWIFT_PACKAGE || os(macOS)
  6 |     import AppKit
    |            `- error: no such module 'AppKit'
  7 | #else
  8 |     import UIKit
[8/9] Compiling RichString RichString.swift
/host/spi-builder-workspace/RichString/NSAttributedString+Rich.swift:6:12: error: no such module 'AppKit'
  4 |
  5 | #if SWIFT_PACKAGE || os(macOS)
  6 |     import AppKit
    |            `- error: no such module 'AppKit'
  7 | #else
  8 |     import UIKit
[9/9] Compiling RichString NSAttributedStringOperators.swift
/host/spi-builder-workspace/RichString/NSAttributedString+Rich.swift:6:12: error: no such module 'AppKit'
  4 |
  5 | #if SWIFT_PACKAGE || os(macOS)
  6 |     import AppKit
    |            `- error: no such module 'AppKit'
  7 | #else
  8 |     import UIKit
Running build ...
bash -c docker run --pull=always --rm -v "checkouts-54344844-3":/host -w "$PWD" -e JAVA_HOME="/root/.sdkman/candidates/java/current" -e SPI_BUILD="1" -e SPI_PROCESSING="1" registry.gitlab.com/saguaro1/spi-images:basic-6.1-latest swift build --triple x86_64-unknown-linux-gnu 2>&1
basic-6.1-latest: Pulling from saguaro1/spi-images
Digest: sha256:0f094b998e61bb35b7a666f42e392cfb12929ea8fa9160622b1badd8b73d5c87
Status: Image is up to date for registry.gitlab.com/saguaro1/spi-images:basic-6.1-latest
warning: 'spi-builder-workspace': Invalid Exclude '/host/spi-builder-workspace/RichString/RichString/watchOS': File not found.
warning: 'spi-builder-workspace': Invalid Exclude '/host/spi-builder-workspace/RichString/RichString/iOS': File not found.
warning: 'spi-builder-workspace': Invalid Exclude '/host/spi-builder-workspace/RichString/RichString/tvOS': File not found.
warning: 'spi-builder-workspace': Invalid Exclude '/host/spi-builder-workspace/RichStringTests/RichStringTests/tvOS': File not found.
warning: 'spi-builder-workspace': Invalid Exclude '/host/spi-builder-workspace/RichStringTests/RichStringTests/watchOS': File not found.
warning: 'spi-builder-workspace': Invalid Exclude '/host/spi-builder-workspace/RichStringTests/RichStringTests/iOS': File not found.
[0/1] Planning build
Building for debugging...
[0/1] Write swift-version-24593BA9C3E375BF.txt
[2/8] Compiling RichString RichString.swift
/host/spi-builder-workspace/RichString/NSAttributedString+Rich.swift:6:12: error: no such module 'AppKit'
  4 |
  5 | #if SWIFT_PACKAGE || os(macOS)
  6 |     import AppKit
    |            `- error: no such module 'AppKit'
  7 | #else
  8 |     import UIKit
[3/8] Compiling RichString NSAttributedStringOperators.swift
/host/spi-builder-workspace/RichString/NSAttributedString+Rich.swift:6:12: error: no such module 'AppKit'
  4 |
  5 | #if SWIFT_PACKAGE || os(macOS)
  6 |     import AppKit
    |            `- error: no such module 'AppKit'
  7 | #else
  8 |     import UIKit
[4/8] Compiling RichString String+Rich.swift
/host/spi-builder-workspace/RichString/NSAttributedString+Rich.swift:6:12: error: no such module 'AppKit'
  4 |
  5 | #if SWIFT_PACKAGE || os(macOS)
  6 |     import AppKit
    |            `- error: no such module 'AppKit'
  7 | #else
  8 |     import UIKit
[5/8] Compiling RichString NSAttributedString+Rich.swift
/host/spi-builder-workspace/RichString/NSAttributedString+Rich.swift:6:12: error: no such module 'AppKit'
  4 |
  5 | #if SWIFT_PACKAGE || os(macOS)
  6 |     import AppKit
    |            `- error: no such module 'AppKit'
  7 | #else
  8 |     import UIKit
error: emit-module command failed with exit code 1 (use -v to see invocation)
[6/8] Compiling RichString Color_PlatformDependent.swift
/host/spi-builder-workspace/RichString/NSAttributedString+Rich.swift:6:12: error: no such module 'AppKit'
  4 |
  5 | #if SWIFT_PACKAGE || os(macOS)
  6 |     import AppKit
    |            `- error: no such module 'AppKit'
  7 | #else
  8 |     import UIKit
[7/8] Emitting module RichString
/host/spi-builder-workspace/RichString/NSAttributedString+Rich.swift:6:12: error: no such module 'AppKit'
  4 |
  5 | #if SWIFT_PACKAGE || os(macOS)
  6 |     import AppKit
    |            `- error: no such module 'AppKit'
  7 | #else
  8 |     import UIKit
[8/8] Compiling RichString Font_PlatformDependent.swift
/host/spi-builder-workspace/RichString/NSAttributedString+Rich.swift:6:12: error: no such module 'AppKit'
  4 |
  5 | #if SWIFT_PACKAGE || os(macOS)
  6 |     import AppKit
    |            `- error: no such module 'AppKit'
  7 | #else
  8 |     import UIKit
BUILD FAILURE 6.1 linux