Build Information
Failed to build Diomede, reference 0.0.66 (836a57), with Swift 6.4 for Wasm on 21 Sep 2026 10:10:31 UTC.
Build Command
bash -c docker run --pull=always --rm -v "checkouts-54344843-1":/host -w "$PWD" -e JAVA_HOME="/root/.sdkman/candidates/java/current" -e SPI_BUILD="1" -e SPI_PROCESSING="1" registry.gitlab.com/saguaro1/spi-images:wasm-6.4-latest swift build --swift-sdk swift-6.4.x-DEVELOPMENT-SNAPSHOT-2026-09-04-a_wasm 2>&1Build Log
========================================
RunAll
========================================
Builder version: 5.1.0
Interrupt handler set up.
========================================
Checkout
========================================
Clone URL: https://github.com/kasei/diomede.git
Reference: 0.0.66
Initialized empty Git repository in /host/spi-builder-workspace/.git/
hint: Using 'master' as the name for the initial branch. This default branch name
hint: is subject to change. To configure the initial branch name to use in all
hint: of your new repositories, which will suppress this warning, call:
hint:
hint: git config --global init.defaultBranch <name>
hint:
hint: Names commonly chosen instead of 'master' are 'main', 'trunk' and
hint: 'development'. The just-created branch can be renamed via this command:
hint:
hint: git branch -m <name>
From https://github.com/kasei/diomede
* tag 0.0.66 -> FETCH_HEAD
HEAD is now at 836a57f Update to align with Xcode 16.1.
Cloned https://github.com/kasei/diomede.git
Revision (git rev-parse @):
836a57f10e722e6add58da6d3a2c1eae34b67a16
SUCCESS checkout https://github.com/kasei/diomede.git at 0.0.66
========================================
Build
========================================
Selected platform: wasm
Swift version: 6.4
Building package at path: $PWD
https://github.com/kasei/diomede.git
Running build ...
bash -c docker run --pull=always --rm -v "checkouts-54344843-1":/host -w "$PWD" -e JAVA_HOME="/root/.sdkman/candidates/java/current" -e SPI_BUILD="1" -e SPI_PROCESSING="1" registry.gitlab.com/saguaro1/spi-images:wasm-6.4-latest swift build --swift-sdk swift-6.4.x-DEVELOPMENT-SNAPSHOT-2026-09-04-a_wasm 2>&1
wasm-6.4-latest: Pulling from saguaro1/spi-images
Digest: sha256:4328fdb43c680d205c1d6761b1e3267aa38277eefdda9ddfb17b6a0f1a77857a
Status: Image is up to date for registry.gitlab.com/saguaro1/spi-images:wasm-6.4-latest
Fetching https://github.com/krzyzanowskim/CryptoSwift.git
Fetching https://github.com/kasei/swift-sparql-syntax.git
Fetching https://github.com/agisboye/CLMDB.git
[1/2568] Fetching swift-sparql-syntax
[1645/2613] Fetching swift-sparql-syntax, clmdb
Fetched https://github.com/agisboye/CLMDB.git (0.42s)
Fetched https://github.com/kasei/swift-sparql-syntax.git (0.45s)
[1/13439] Fetching cryptoswift
Fetched https://github.com/krzyzanowskim/CryptoSwift.git (1.26s)
Computing version for https://github.com/krzyzanowskim/CryptoSwift.git
Computed https://github.com/krzyzanowskim/CryptoSwift.git at 1.5.1 (1.45s)
Computing version for https://github.com/agisboye/CLMDB.git
Computed https://github.com/agisboye/CLMDB.git at 0.9.33 (0.17s)
Computing version for https://github.com/kasei/swift-sparql-syntax.git
Computed https://github.com/kasei/swift-sparql-syntax.git at 0.2.12 (0.17s)
Fetching https://github.com/kasei/swift-serd.git
[1/68] Fetching swift-serd
Fetched https://github.com/kasei/swift-serd.git (0.43s)
Computing version for https://github.com/kasei/swift-serd.git
Computed https://github.com/kasei/swift-serd.git at 0.0.4 (0.60s)
Creating working copy for https://github.com/kasei/swift-serd.git
Working copy of https://github.com/kasei/swift-serd.git resolved at 0.0.4
Creating working copy for https://github.com/kasei/swift-sparql-syntax.git
Working copy of https://github.com/kasei/swift-sparql-syntax.git resolved at 0.2.12
Creating working copy for https://github.com/agisboye/CLMDB.git
Working copy of https://github.com/agisboye/CLMDB.git resolved at 0.9.33
Creating working copy for https://github.com/krzyzanowskim/CryptoSwift.git
Working copy of https://github.com/krzyzanowskim/CryptoSwift.git resolved at 1.5.1
Building for debugging...
[Computing dependencies]
[Pre-planning 1 / 304]
[Creating build graph]
[56 / 96] SPARQLSyntax
In file included from /host/spi-builder-workspace/.build/checkouts/CLMDB/Sources/LMDB/mdb.c:71:
[1m/root/.swiftpm/swift-sdks/swift-6.4.x-DEVELOPMENT-SNAPSHOT-2026-09-04-a_wasm.artifactbundle/swift-6.4.x-DEVELOPMENT-SNAPSHOT-2026-09-04-a_wasm/wasm32-unknown-wasip1/WASI.sdk/include/wasm32-wasip1/sys/mman.h:2:2: [0m[0;1;31merror: [0m[1m"WASI lacks a true mmap; to enable minimal mmap emulation, compile with -D_WASI_EMULATED_MMAN and link with -lwasi-emulated-mman"[0m
2 | #error [0;32m"WASI lacks a true mmap; to enable minimal mmap emulation, \[0m
| [0;1;32m ^
[0mIn file included from /host/spi-builder-workspace/.build/checkouts/CLMDB/Sources/LMDB/mdb.c:138:
[1m/root/.swiftpm/swift-sdks/swift-6.4.x-DEVELOPMENT-SNAPSHOT-2026-09-04-a_wasm.artifactbundle/swift-6.4.x-DEVELOPMENT-SNAPSHOT-2026-09-04-a_wasm/wasm32-unknown-wasip1/WASI.sdk/include/wasm32-wasip1/signal.h:2:2: [0m[0;1;31merror: [0m[1m"wasm lacks signal support; to enable minimal signal emulation, compile with -D_WASI_EMULATED_SIGNAL and link with -lwasi-emulated-signal"[0m
2 | #error [0;32m"wasm lacks signal support; to enable minimal signal emulation, \[0m
| [0;1;32m ^
[0m[1m/host/spi-builder-workspace/.build/checkouts/CLMDB/Sources/LMDB/mdb.c:2574:8: [0m[0;1;31merror: [0m[1mcall to undeclared function 'msync'; ISO C99 and later do not support implicit function declarations [-Wimplicit-function-declaration][0m
2574 | [0;34mif[0m (MDB_MSYNC(env->me_map, env->me_mapsize, flags))[0m
| [0;1;32m ^
[0m[1m/host/spi-builder-workspace/.build/checkouts/CLMDB/Sources/LMDB/mdb.c:447:36: [0m[0;1;36mnote: [0mexpanded from macro 'MDB_MSYNC'[0m
447 | # define MDB_MSYNC(addr,len,flags) msync(addr,len,flags)[0m
| [0;1;32m ^
[0m[1m/host/spi-builder-workspace/.build/checkouts/CLMDB/Sources/LMDB/mdb.c:2574:8: [0m[0;1;36mnote: [0mdid you mean 'fsync'?[0m
[1m/host/spi-builder-workspace/.build/checkouts/CLMDB/Sources/LMDB/mdb.c:447:36: [0m[0;1;36mnote: [0mexpanded from macro 'MDB_MSYNC'[0m
447 | # define MDB_MSYNC(addr,len,flags) msync(addr,len,flags)[0m
| [0;1;32m ^
[0mIn file included from /host/spi-builder-workspace/.build/checkouts/CLMDB/Sources/LMDB/mdb.c:108:
[1m/root/.swiftpm/swift-sdks/swift-6.4.x-DEVELOPMENT-SNAPSHOT-2026-09-04-a_wasm.artifactbundle/swift-6.4.x-DEVELOPMENT-SNAPSHOT-2026-09-04-a_wasm/wasm32-unknown-wasip1/WASI.sdk/include/wasm32-wasip1/unistd.h:88:5: [0m[0;1;36mnote: [0m'fsync' declared here[0m
88 | [0;34mint[0m fsync([0;34mint[0m);[0m
| [0;1;32m ^
[0m[1m/host/spi-builder-workspace/.build/checkouts/CLMDB/Sources/LMDB/mdb.c:2679:11: [0m[0;1;31merror: [0m[1muse of undeclared identifier 'F_SETLK'[0m
2679 | Pidset = F_SETLK, Pidcheck = F_GETLK[0m
| [0;1;32m ^~~~~~~
[0m[1m/host/spi-builder-workspace/.build/checkouts/CLMDB/Sources/LMDB/mdb.c:2679:31: [0m[0;1;31merror: [0m[1muse of undeclared identifier 'F_GETLK'[0m
2679 | Pidset = F_SETLK, Pidcheck = F_GETLK[0m
| [0;1;32m ^~~~~~~
[0m[1m/host/spi-builder-workspace/.build/checkouts/CLMDB/Sources/LMDB/mdb.c:2712:22: [0m[0;1;31merror: [0m[1muse of undeclared identifier 'F_WRLCK'[0m
2712 | lock_info.l_type = F_WRLCK;[0m
| [0;1;32m ^~~~~~~
[0m[1m/host/spi-builder-workspace/.build/checkouts/CLMDB/Sources/LMDB/mdb.c:2717:14: [0m[0;1;31merror: [0m[1muse of undeclared identifier 'F_GETLK'[0m
2717 | [0;34mif[0m (op == F_GETLK && lock_info.l_type != F_UNLCK)[0m
| [0;1;32m ^~~~~~~
[0m[1m/host/spi-builder-workspace/.build/checkouts/CLMDB/Sources/LMDB/mdb.c:2717:45: [0m[0;1;31merror: [0m[1muse of undeclared identifier 'F_UNLCK'[0m
2717 | [0;34mif[0m (op == F_GETLK && lock_info.l_type != F_UNLCK)[0m
| [0;1;32m ^~~~~~~
[0m[1m/host/spi-builder-workspace/.build/checkouts/CLMDB/Sources/LMDB/mdb.c:3934:8: [0m[0;1;31merror: [0m[1mcall to undeclared function 'msync'; ISO C99 and later do not support implicit function declarations [-Wimplicit-function-declaration][0m
3934 | [0;34mif[0m (MDB_MSYNC(ptr, meta_size, rc)) {[0m
| [0;1;32m ^
[0m[1m/host/spi-builder-workspace/.build/checkouts/CLMDB/Sources/LMDB/mdb.c:447:36: [0m[0;1;36mnote: [0mexpanded from macro 'MDB_MSYNC'[0m
447 | # define MDB_MSYNC(addr,len,flags) msync(addr,len,flags)[0m
| [0;1;32m ^
[0m[1m/host/spi-builder-workspace/.build/checkouts/CLMDB/Sources/LMDB/mdb.c:4092:19: [0m[0;1;31merror: [0m[1muse of undeclared identifier 'MAP_SHARED'[0m
4092 | [0;34mint[0m mmap_flags = MAP_SHARED;[0m
| [0;1;32m ^~~~~~~~~~
[0m[1m/host/spi-builder-workspace/.build/checkouts/CLMDB/Sources/LMDB/mdb.c:4093:13: [0m[0;1;31merror: [0m[1muse of undeclared identifier 'PROT_READ'[0m
4093 | [0;34mint[0m prot = PROT_READ;[0m
| [0;1;32m ^~~~~~~~~
[0m[1m/host/spi-builder-workspace/.build/checkouts/CLMDB/Sources/LMDB/mdb.c:4099:11: [0m[0;1;31merror: [0m[1muse of undeclared identifier 'PROT_WRITE'[0m
4099 | prot |= PROT_WRITE;[0m
| [0;1;32m ^~~~~~~~~~
[0m[1m/host/spi-builder-workspace/.build/checkouts/CLMDB/Sources/LMDB/mdb.c:4103:16: [0m[0;1;31merror: [0m[1mcall to undeclared function 'mmap'; ISO C99 and later do not support implicit function declarations [-Wimplicit-function-declaration][0m
4103 | env->me_map = mmap(addr, env->me_mapsize, prot, mmap_flags,[0m
| [0;1;32m ^
[0m[1m/host/spi-builder-workspace/.build/checkouts/CLMDB/Sources/LMDB/mdb.c:4105:21: [0m[0;1;31merror: [0m[1muse of undeclared identifier 'MAP_FAILED'[0m
4105 | [0;34mif[0m (env->me_map == MAP_FAILED) {[0m
| [0;1;32m ^~~~~~~~~~
[0m[1m/host/spi-builder-workspace/.build/checkouts/CLMDB/Sources/LMDB/mdb.c:4158:3: [0m[0;1;31merror: [0m[1mcall to undeclared function 'munmap'; ISO C99 and later do not support implicit function declarations [-Wimplicit-function-declaration][0m
4158 | munmap(env->me_map, env->me_mapsize);[0m
| [0;1;32m ^
[0m[1m/host/spi-builder-workspace/.build/checkouts/CLMDB/Sources/LMDB/mdb.c:4662:22: [0m[0;1;31merror: [0m[1muse of undeclared identifier 'F_RDLCK'[0m
4662 | lock_info.l_type = F_RDLCK;[0m
| [0;1;32m ^~~~~~~
[0m[1m/host/spi-builder-workspace/.build/checkouts/CLMDB/Sources/LMDB/mdb.c:4666:35: [0m[0;1;31merror: [0m[1muse of undeclared identifier 'F_SETLK'[0m
4666 | [0;34mwhile[0m ((rc = fcntl(env->me_lfd, F_SETLK, &lock_info)) &&[0m
| [0;1;32m ^~~~~~~
[0m[1m/host/spi-builder-workspace/.build/checkouts/CLMDB/Sources/LMDB/mdb.c:4697:21: [0m[0;1;31merror: [0m[1muse of undeclared identifier 'F_WRLCK'[0m
4697 | lock_info.l_type = F_WRLCK;[0m
| [0;1;32m ^~~~~~~
[0m[1m/host/spi-builder-workspace/.build/checkouts/CLMDB/Sources/LMDB/mdb.c:4701:34: [0m[0;1;31merror: [0m[1muse of undeclared identifier 'F_SETLK'[0m
4701 | [0;34mwhile[0m ((rc = fcntl(env->me_lfd, F_SETLK, &lock_info)) &&[0m
| [0;1;32m ^~~~~~~
[0m[0;1;31mfatal error: [0m[1mtoo many errors emitted, stopping now [-ferror-limit=][0m
20 errors generated.
error: CompileC /host/spi-builder-workspace/.build/out/Intermediates.noindex/CLMDB.build/Debug-webassembly-wasm32/LMDB-t.build/Objects-normal/wasm32/mdb.o /host/spi-builder-workspace/.build/checkouts/CLMDB/Sources/LMDB/mdb.c normal wasm32 c com.apple.compilers.llvm.clang.1_0.compiler failed with a nonzero exit code. Command line: cd /host
Using response file: /host/spi-builder-workspace/.build/out/Intermediates.noindex/CLMDB.build/Debug-webassembly-wasm32/LMDB-t.build/Objects-normal/wasm32/9f65232cb83f8421e3a495a5062eba382369c975104ee97bafc405ab795bfc5e-common-args.resp
/usr/bin/clang -x c -target wasm32-unknown-wasip1 -fmessage-length\=0 -fdiagnostics-show-note-include-stack -fmacro-backtrace-limit\=0 -fcolor-diagnostics -Wno-trigraphs -Wno-missing-field-initializers -Wno-missing-prototypes -Wno-return-type -Wno-missing-braces -Wparentheses -Wswitch -Wno-unused-function -Wno-unused-label -Wno-unused-parameter -Wno-unused-variable -Wunused-value -Wno-empty-body -Wno-uninitialized -Wno-unknown-pragmas -w -Wno-shadow -Wno-four-char-constants -Wno-conversion -Wno-constant-conversion -Wno-int-conversion -Wno-bool-conversion -Wno-enum-conversion -Wno-float-conversion -Wno-non-literal-null-conversion -Wno-objc-literal-conversion -Wno-shorten-64-to-32 -Wpointer-sign -Wno-newline-eof -Wno-implicit-fallthrough -fstrict-aliasing -Wdeprecated-declarations -Wno-sign-conversion -Wno-infinite-recursion -Wno-comma -Wno-block-capture-autoreleasing -Wno-strict-prototypes -Wno-semicolon-before-method-body --sysroot /root/.swiftpm/swift-sdks/swift-6.4.x-DEVELOPMENT-SNAPSHOT-2026-09-04-a_wasm.artifactbundle/swift-6.4.x-DEVELOPMENT-SNAPSHOT-2026-09-04-a_wasm/wasm32-unknown-wasip1/WASI.sdk @/host/spi-builder-workspace/.build/out/Intermediates.noindex/CLMDB.build/Debug-webassembly-wasm32/LMDB-t.build/Objects-normal/wasm32/9f65232cb83f8421e3a495a5062eba382369c975104ee97bafc405ab795bfc5e-common-args.resp -MMD -MT dependencies -MF /host/spi-builder-workspace/.build/out/Intermediates.noindex/CLMDB.build/Debug-webassembly-wasm32/LMDB-t.build/Objects-normal/wasm32/mdb.d --serialize-diagnostics /host/spi-builder-workspace/.build/out/Intermediates.noindex/CLMDB.build/Debug-webassembly-wasm32/LMDB-t.build/Objects-normal/wasm32/mdb.dia -c /host/spi-builder-workspace/.build/checkouts/CLMDB/Sources/LMDB/mdb.c -o /host/spi-builder-workspace/.build/out/Intermediates.noindex/CLMDB.build/Debug-webassembly-wasm32/LMDB-t.build/Objects-normal/wasm32/mdb.o
error: Build failed
BUILD FAILURE 6.4 wasm