Build Information
Failed to build AveFontHelpers, reference 1.0.1 (8ab1b3), with Swift 6.4 for watchOS using Xcode 27.0 on 21 Sep 2026 09:02:47 UTC.
Build Command
env DEVELOPER_DIR=/Applications/Xcode-27.0.0-Release.Candidate.app xcrun xcodebuild -IDEClonedSourcePackagesDirPathOverride=$PWD/.dependencies -skipMacroValidation -skipPackagePluginValidation -derivedDataPath $PWD/.derivedData build -scheme AveFontHelpers -destination generic/platform=watchOSBuild Log
========================================
RunAll
========================================
Builder version: 5.1.0
Interrupt handler set up.
========================================
Checkout
========================================
Clone URL: https://github.com/AndreasVerhoeven/AveFontHelpers.git
Reference: 1.0.1
Initialized empty Git repository in /Users/admin/builder/spi-builder-workspace/.git/
From https://github.com/AndreasVerhoeven/AveFontHelpers
* tag 1.0.1 -> FETCH_HEAD
HEAD is now at 8ab1b31 Fixes an issue with double scaling
Cloned https://github.com/AndreasVerhoeven/AveFontHelpers.git
Revision (git rev-parse @):
8ab1b31cc588d5166e51cfafddef26988f42b610
SUCCESS checkout https://github.com/AndreasVerhoeven/AveFontHelpers.git at 1.0.1
========================================
Build
========================================
Selected platform: watchOS
Swift version: 6.4
Building package at path: $PWD
https://github.com/AndreasVerhoeven/AveFontHelpers.git
Command line invocation:
/Applications/Xcode-27.0.0-Release.Candidate.app/Contents/Developer/usr/bin/xcodebuild -IDEClonedSourcePackagesDirPathOverride=/Users/admin/builder/spi-builder-workspace/.dependencies -resolvePackageDependencies
Resolve Package Graph
Resolve Package Graph
Resolved source packages:
AveFontHelpers: /Users/admin/builder/spi-builder-workspace
resolved source packages: AveFontHelpers
2026-09-21 05:01:55.005 xcodebuild[529:3050] [MT] IDERunDestination: Supported platforms for the buildables in the current scheme is empty.
{
"dependencies" : [
],
"manifest_display_name" : "AveFontHelpers",
"name" : "AveFontHelpers",
"path" : "/Users/admin/builder/spi-builder-workspace",
"platforms" : [
{
"name" : "ios",
"version" : "13.0"
}
],
"products" : [
{
"name" : "AveFontHelpers",
"targets" : [
"AveFontHelpers"
],
"type" : {
"library" : [
"automatic"
]
}
}
],
"targets" : [
{
"c99name" : "AveFontHelpers",
"module_type" : "SwiftTarget",
"name" : "AveFontHelpers",
"path" : "Sources",
"product_memberships" : [
"AveFontHelpers"
],
"sources" : [
"Font+AdditionalProperties.swift",
"Font+Cache.swift",
"Font+ConvenenienceInits.swift",
"Font+TextStyles.swift",
"Font.swift",
"SymbolConfiguration.swift",
"UIFont+Helper.swift",
"UIFontWeight+Helper.swift",
"UIKit+FontHelpers.swift"
],
"type" : "library"
}
],
"tools_version" : "5.3"
}
{
"workspace" : {
"name" : "AveFontHelpers",
"schemes" : [
"AveFontHelpers"
]
}
}
2026-09-21 05:02:36.378 xcodebuild[651:4195] [MT] IDERunDestination: Supported platforms for the buildables in the current scheme is empty.
Running build ...
env DEVELOPER_DIR=/Applications/Xcode-27.0.0-Release.Candidate.app xcrun xcodebuild -IDEClonedSourcePackagesDirPathOverride=$PWD/.dependencies -skipMacroValidation -skipPackagePluginValidation -derivedDataPath $PWD/.derivedData build -scheme AveFontHelpers -destination generic/platform=watchOS
Command line invocation:
/Applications/Xcode-27.0.0-Release.Candidate.app/Contents/Developer/usr/bin/xcodebuild -IDEClonedSourcePackagesDirPathOverride=/Users/admin/builder/spi-builder-workspace/.dependencies -skipMacroValidation -skipPackagePluginValidation -derivedDataPath /Users/admin/builder/spi-builder-workspace/.derivedData build -scheme AveFontHelpers -destination generic/platform=watchOS
Resolve Package Graph
Resolved source packages:
AveFontHelpers: /Users/admin/builder/spi-builder-workspace
ComputePackagePrebuildTargetDependencyGraph
Prepare packages
CreateBuildRequest
SendProjectDescription
CreateBuildOperation
ComputeTargetDependencyGraph
note: Building targets in dependency order
note: Target dependency graph (2 targets)
Target 'AveFontHelpers-product' in project 'AveFontHelpers'
➜ Explicit dependency on target 'AveFontHelpers' in project 'AveFontHelpers'
Target 'AveFontHelpers' in project 'AveFontHelpers' (no dependencies)
GatherProvisioningInputs
CreateBuildDescription
ExecuteExternalTool /Applications/Xcode-27.0.0-Release.Candidate.app/Contents/Developer/Toolchains/XcodeDefault.xctoolchain/usr/bin/clang -v -E -dM -isysroot /Applications/Xcode-27.0.0-Release.Candidate.app/Contents/Developer/Platforms/WatchOS.platform/Developer/SDKs/WatchOS27.0.sdk -x c -c /dev/null
ExecuteExternalTool /Applications/Xcode-27.0.0-Release.Candidate.app/Contents/Developer/Toolchains/XcodeDefault.xctoolchain/usr/bin/swiftc --version
ExecuteExternalTool /Applications/Xcode-27.0.0-Release.Candidate.app/Contents/Developer/Toolchains/XcodeDefault.xctoolchain/usr/bin/ld -version_details
Build description signature: 4718575f7285db0b34156671b58f7342
Build description path: /Users/admin/builder/spi-builder-workspace/.derivedData/Build/Intermediates.noindex/XCBuildData/4718575f7285db0b34156671b58f7342.xcbuilddata
CreateBuildDirectory /Users/admin/builder/spi-builder-workspace/.derivedData/SDKExplicitPrecompiledModules
cd /Users/admin/builder/spi-builder-workspace/.swiftpm/xcode
builtin-create-build-directory /Users/admin/builder/spi-builder-workspace/.derivedData/SDKExplicitPrecompiledModules
CreateBuildDirectory /Users/admin/builder/spi-builder-workspace/.derivedData/ModuleCache.noindex
cd /Users/admin/builder/spi-builder-workspace/.swiftpm/xcode
builtin-create-build-directory /Users/admin/builder/spi-builder-workspace/.derivedData/ModuleCache.noindex
CreateBuildDirectory /Users/admin/builder/spi-builder-workspace/.derivedData/CompilationCache.noindex
cd /Users/admin/builder/spi-builder-workspace/.swiftpm/xcode
builtin-create-build-directory /Users/admin/builder/spi-builder-workspace/.derivedData/CompilationCache.noindex
ClangStatCache /Applications/Xcode-27.0.0-Release.Candidate.app/Contents/Developer/Toolchains/XcodeDefault.xctoolchain/usr/bin/clang-stat-cache /Applications/Xcode-27.0.0-Release.Candidate.app/Contents/Developer/Platforms/WatchOS.platform/Developer/SDKs/WatchOS27.0.sdk /Users/admin/builder/spi-builder-workspace/.derivedData/SDKStatCaches.noindex/watchos27.0-24R360-e829b21a6f8c9b70876ba0858053c04477534ef55a1706bf4c1112bbb242f0a2.sdkstatcache
cd /Users/admin/builder/spi-builder-workspace/.swiftpm/xcode
/Applications/Xcode-27.0.0-Release.Candidate.app/Contents/Developer/Toolchains/XcodeDefault.xctoolchain/usr/bin/clang-stat-cache /Applications/Xcode-27.0.0-Release.Candidate.app/Contents/Developer/Platforms/WatchOS.platform/Developer/SDKs/WatchOS27.0.sdk -o /Users/admin/builder/spi-builder-workspace/.derivedData/SDKStatCaches.noindex/watchos27.0-24R360-e829b21a6f8c9b70876ba0858053c04477534ef55a1706bf4c1112bbb242f0a2.sdkstatcache
CreateBuildDirectory /Users/admin/builder/spi-builder-workspace/.derivedData/Build/Products
cd /Users/admin/builder/spi-builder-workspace/.swiftpm/xcode
builtin-create-build-directory /Users/admin/builder/spi-builder-workspace/.derivedData/Build/Products
CreateBuildDirectory /Users/admin/builder/spi-builder-workspace/.derivedData/Build/Intermediates.noindex
cd /Users/admin/builder/spi-builder-workspace/.swiftpm/xcode
builtin-create-build-directory /Users/admin/builder/spi-builder-workspace/.derivedData/Build/Intermediates.noindex
CreateBuildDirectory /Users/admin/builder/spi-builder-workspace/.derivedData/Build/Intermediates.noindex/SwiftExplicitPrecompiledModules
cd /Users/admin/builder/spi-builder-workspace/.swiftpm/xcode
builtin-create-build-directory /Users/admin/builder/spi-builder-workspace/.derivedData/Build/Intermediates.noindex/SwiftExplicitPrecompiledModules
CreateBuildDirectory /Users/admin/builder/spi-builder-workspace/.derivedData/Build/Intermediates.noindex/PrecompiledHeaders
cd /Users/admin/builder/spi-builder-workspace/.swiftpm/xcode
builtin-create-build-directory /Users/admin/builder/spi-builder-workspace/.derivedData/Build/Intermediates.noindex/PrecompiledHeaders
CreateBuildDirectory /Users/admin/builder/spi-builder-workspace/.derivedData/Build/Intermediates.noindex/ExplicitPrecompiledModules
cd /Users/admin/builder/spi-builder-workspace/.swiftpm/xcode
builtin-create-build-directory /Users/admin/builder/spi-builder-workspace/.derivedData/Build/Intermediates.noindex/ExplicitPrecompiledModules
CreateBuildDirectory /Users/admin/builder/spi-builder-workspace/.derivedData/Build/Intermediates.noindex/EagerLinkingTBDs/Debug-watchos
cd /Users/admin/builder/spi-builder-workspace/.swiftpm/xcode
builtin-create-build-directory /Users/admin/builder/spi-builder-workspace/.derivedData/Build/Intermediates.noindex/EagerLinkingTBDs/Debug-watchos
CreateBuildDirectory /Users/admin/builder/spi-builder-workspace/.derivedData/Build/Products/Debug-watchos
cd /Users/admin/builder/spi-builder-workspace/.swiftpm/xcode
builtin-create-build-directory /Users/admin/builder/spi-builder-workspace/.derivedData/Build/Products/Debug-watchos
CreateBuildDirectory /Users/admin/builder/spi-builder-workspace/.derivedData/Build/Products/Debug-watchos/PackageFrameworks
cd /Users/admin/builder/spi-builder-workspace/.swiftpm/xcode
builtin-create-build-directory /Users/admin/builder/spi-builder-workspace/.derivedData/Build/Products/Debug-watchos/PackageFrameworks
WriteAuxiliaryFile /Users/admin/builder/spi-builder-workspace/.derivedData/Build/Intermediates.noindex/AveFontHelpers.build/Debug-watchos/AveFontHelpers-t.build/Objects-normal/arm64/AveFontHelpers.SwiftFileList (in target 'AveFontHelpers' from project 'AveFontHelpers')
cd /Users/admin/builder/spi-builder-workspace
write-file /Users/admin/builder/spi-builder-workspace/.derivedData/Build/Intermediates.noindex/AveFontHelpers.build/Debug-watchos/AveFontHelpers-t.build/Objects-normal/arm64/AveFontHelpers.SwiftFileList
WriteAuxiliaryFile /Users/admin/builder/spi-builder-workspace/.derivedData/Build/Intermediates.noindex/AveFontHelpers.build/Debug-watchos/AveFontHelpers-t.build/Objects-normal/arm64/AveFontHelpers.LinkFileList (in target 'AveFontHelpers' from project 'AveFontHelpers')
cd /Users/admin/builder/spi-builder-workspace
write-file /Users/admin/builder/spi-builder-workspace/.derivedData/Build/Intermediates.noindex/AveFontHelpers.build/Debug-watchos/AveFontHelpers-t.build/Objects-normal/arm64/AveFontHelpers.LinkFileList
WriteAuxiliaryFile /Users/admin/builder/spi-builder-workspace/.derivedData/Build/Intermediates.noindex/AveFontHelpers.build/Debug-watchos/AveFontHelpers-t.build/Objects-normal/arm64/AveFontHelpers.SwiftConstValuesFileList (in target 'AveFontHelpers' from project 'AveFontHelpers')
cd /Users/admin/builder/spi-builder-workspace
write-file /Users/admin/builder/spi-builder-workspace/.derivedData/Build/Intermediates.noindex/AveFontHelpers.build/Debug-watchos/AveFontHelpers-t.build/Objects-normal/arm64/AveFontHelpers.SwiftConstValuesFileList
WriteAuxiliaryFile /Users/admin/builder/spi-builder-workspace/.derivedData/Build/Intermediates.noindex/AveFontHelpers.build/Debug-watchos/AveFontHelpers-t.build/Objects-normal/arm64_32/AveFontHelpers.SwiftFileList (in target 'AveFontHelpers' from project 'AveFontHelpers')
cd /Users/admin/builder/spi-builder-workspace
write-file /Users/admin/builder/spi-builder-workspace/.derivedData/Build/Intermediates.noindex/AveFontHelpers.build/Debug-watchos/AveFontHelpers-t.build/Objects-normal/arm64_32/AveFontHelpers.SwiftFileList
WriteAuxiliaryFile /Users/admin/builder/spi-builder-workspace/.derivedData/Build/Intermediates.noindex/AveFontHelpers.build/Debug-watchos/AveFontHelpers-t.build/Objects-normal/arm64_32/AveFontHelpers.SwiftConstValuesFileList (in target 'AveFontHelpers' from project 'AveFontHelpers')
cd /Users/admin/builder/spi-builder-workspace
write-file /Users/admin/builder/spi-builder-workspace/.derivedData/Build/Intermediates.noindex/AveFontHelpers.build/Debug-watchos/AveFontHelpers-t.build/Objects-normal/arm64_32/AveFontHelpers.SwiftConstValuesFileList
WriteAuxiliaryFile /Users/admin/builder/spi-builder-workspace/.derivedData/Build/Intermediates.noindex/AveFontHelpers.build/Debug-watchos/AveFontHelpers-t.build/Objects-normal/arm64_32/AveFontHelpers-OutputFileMap.json (in target 'AveFontHelpers' from project 'AveFontHelpers')
cd /Users/admin/builder/spi-builder-workspace
write-file /Users/admin/builder/spi-builder-workspace/.derivedData/Build/Intermediates.noindex/AveFontHelpers.build/Debug-watchos/AveFontHelpers-t.build/Objects-normal/arm64_32/AveFontHelpers-OutputFileMap.json
WriteAuxiliaryFile /Users/admin/builder/spi-builder-workspace/.derivedData/Build/Intermediates.noindex/AveFontHelpers.build/Debug-watchos/AveFontHelpers-t.build/Objects-normal/arm64_32/AveFontHelpers.LinkFileList (in target 'AveFontHelpers' from project 'AveFontHelpers')
cd /Users/admin/builder/spi-builder-workspace
write-file /Users/admin/builder/spi-builder-workspace/.derivedData/Build/Intermediates.noindex/AveFontHelpers.build/Debug-watchos/AveFontHelpers-t.build/Objects-normal/arm64_32/AveFontHelpers.LinkFileList
WriteAuxiliaryFile /Users/admin/builder/spi-builder-workspace/.derivedData/Build/Intermediates.noindex/AveFontHelpers.build/Debug-watchos/AveFontHelpers-t.build/Objects-normal/arm64_32/AveFontHelpers_const_extract_protocols.json (in target 'AveFontHelpers' from project 'AveFontHelpers')
cd /Users/admin/builder/spi-builder-workspace
write-file /Users/admin/builder/spi-builder-workspace/.derivedData/Build/Intermediates.noindex/AveFontHelpers.build/Debug-watchos/AveFontHelpers-t.build/Objects-normal/arm64_32/AveFontHelpers_const_extract_protocols.json
WriteAuxiliaryFile /Users/admin/builder/spi-builder-workspace/.derivedData/Build/Intermediates.noindex/AveFontHelpers.build/Debug-watchos/AveFontHelpers-t.build/Objects-normal/arm64/AveFontHelpers_const_extract_protocols.json (in target 'AveFontHelpers' from project 'AveFontHelpers')
cd /Users/admin/builder/spi-builder-workspace
write-file /Users/admin/builder/spi-builder-workspace/.derivedData/Build/Intermediates.noindex/AveFontHelpers.build/Debug-watchos/AveFontHelpers-t.build/Objects-normal/arm64/AveFontHelpers_const_extract_protocols.json
WriteAuxiliaryFile /Users/admin/builder/spi-builder-workspace/.derivedData/Build/Intermediates.noindex/AveFontHelpers.build/Debug-watchos/AveFontHelpers-t.build/Objects-normal/arm64/AveFontHelpers-OutputFileMap.json (in target 'AveFontHelpers' from project 'AveFontHelpers')
cd /Users/admin/builder/spi-builder-workspace
write-file /Users/admin/builder/spi-builder-workspace/.derivedData/Build/Intermediates.noindex/AveFontHelpers.build/Debug-watchos/AveFontHelpers-t.build/Objects-normal/arm64/AveFontHelpers-OutputFileMap.json
WriteAuxiliaryFile /Users/admin/builder/spi-builder-workspace/.derivedData/Build/Intermediates.noindex/AveFontHelpers.build/Debug-watchos/AveFontHelpers-t.build/AveFontHelpers.modulemap (in target 'AveFontHelpers' from project 'AveFontHelpers')
cd /Users/admin/builder/spi-builder-workspace
write-file /Users/admin/builder/spi-builder-workspace/.derivedData/Build/Intermediates.noindex/AveFontHelpers.build/Debug-watchos/AveFontHelpers-t.build/AveFontHelpers.modulemap
WriteAuxiliaryFile /Users/admin/builder/spi-builder-workspace/.derivedData/Build/Intermediates.noindex/AveFontHelpers.build/Debug-watchos/AveFontHelpers-t.build/AveFontHelpers.DependencyStaticMetadataFileList (in target 'AveFontHelpers' from project 'AveFontHelpers')
cd /Users/admin/builder/spi-builder-workspace
write-file /Users/admin/builder/spi-builder-workspace/.derivedData/Build/Intermediates.noindex/AveFontHelpers.build/Debug-watchos/AveFontHelpers-t.build/AveFontHelpers.DependencyStaticMetadataFileList
WriteAuxiliaryFile /Users/admin/builder/spi-builder-workspace/.derivedData/Build/Intermediates.noindex/AveFontHelpers.build/Debug-watchos/AveFontHelpers-t.build/AveFontHelpers.DependencyMetadataFileList (in target 'AveFontHelpers' from project 'AveFontHelpers')
cd /Users/admin/builder/spi-builder-workspace
write-file /Users/admin/builder/spi-builder-workspace/.derivedData/Build/Intermediates.noindex/AveFontHelpers.build/Debug-watchos/AveFontHelpers-t.build/AveFontHelpers.DependencyMetadataFileList
Copy /Users/admin/builder/spi-builder-workspace/.derivedData/Build/Intermediates.noindex/GeneratedModuleMaps-watchos/AveFontHelpers.modulemap /Users/admin/builder/spi-builder-workspace/.derivedData/Build/Intermediates.noindex/AveFontHelpers.build/Debug-watchos/AveFontHelpers-t.build/AveFontHelpers.modulemap (in target 'AveFontHelpers' from project 'AveFontHelpers')
cd /Users/admin/builder/spi-builder-workspace
builtin-copy -exclude .DS_Store -exclude CVS -exclude .svn -exclude .git -exclude .hg -resolve-src-symlinks /Users/admin/builder/spi-builder-workspace/.derivedData/Build/Intermediates.noindex/AveFontHelpers.build/Debug-watchos/AveFontHelpers-t.build/AveFontHelpers.modulemap /Users/admin/builder/spi-builder-workspace/.derivedData/Build/Intermediates.noindex/GeneratedModuleMaps-watchos
SwiftDriver AveFontHelpers normal arm64_32 com.apple.xcode.tools.swift.compiler (in target 'AveFontHelpers' from project 'AveFontHelpers')
cd /Users/admin/builder/spi-builder-workspace/.swiftpm/xcode
builtin-SwiftDriver -- /Applications/Xcode-27.0.0-Release.Candidate.app/Contents/Developer/Toolchains/XcodeDefault.xctoolchain/usr/bin/swiftc -parse-as-library -module-name AveFontHelpers -Onone @/Users/admin/builder/spi-builder-workspace/.derivedData/Build/Intermediates.noindex/AveFontHelpers.build/Debug-watchos/AveFontHelpers-t.build/Objects-normal/arm64_32/AveFontHelpers.SwiftFileList -DSWIFT_PACKAGE -DDEBUG -DSWIFT_MODULE_RESOURCE_BUNDLE_UNAVAILABLE -DXcode -plugin-path /Applications/Xcode-27.0.0-Release.Candidate.app/Contents/Developer/Toolchains/XcodeDefault.xctoolchain/usr/lib/swift/host/plugins/testing -enable-experimental-feature DebugDescriptionMacro -sdk /Applications/Xcode-27.0.0-Release.Candidate.app/Contents/Developer/Platforms/WatchOS.platform/Developer/SDKs/WatchOS27.0.sdk -target arm64_32-apple-watchos9.0 -g -module-cache-path /Users/admin/builder/spi-builder-workspace/.derivedData/ModuleCache.noindex -Xfrontend -serialize-debugging-options -enable-testing -index-store-path /Users/admin/builder/spi-builder-workspace/.derivedData/Index.noindex/DataStore -Xcc -D_LIBCPP_HARDENING_MODE\=_LIBCPP_HARDENING_MODE_DEBUG -swift-version 5 -I /Users/admin/builder/spi-builder-workspace/.derivedData/Build/Products/Debug-watchos -Isystem /Applications/Xcode-27.0.0-Release.Candidate.app/Contents/Developer/Platforms/WatchOS.platform/Developer/usr/lib -F /Users/admin/builder/spi-builder-workspace/.derivedData/Build/Products/Debug-watchos -F /Applications/Xcode-27.0.0-Release.Candidate.app/Contents/Developer/Platforms/WatchOS.platform/Developer/Library/Frameworks -F /Applications/Xcode-27.0.0-Release.Candidate.app/Contents/Developer/Platforms/WatchOS.platform/Developer/SDKs/WatchOS27.0.sdk/Developer/Library/Frameworks -c -j10 -enable-batch-mode -incremental -Xcc -ivfsstatcache -Xcc /Users/admin/builder/spi-builder-workspace/.derivedData/SDKStatCaches.noindex/watchos27.0-24R360-e829b21a6f8c9b70876ba0858053c04477534ef55a1706bf4c1112bbb242f0a2.sdkstatcache -output-file-map /Users/admin/builder/spi-builder-workspace/.derivedData/Build/Intermediates.noindex/AveFontHelpers.build/Debug-watchos/AveFontHelpers-t.build/Objects-normal/arm64_32/AveFontHelpers-OutputFileMap.json -save-temps -no-color-diagnostics -explicit-module-build -module-cache-path /Users/admin/builder/spi-builder-workspace/.derivedData/Build/Intermediates.noindex/SwiftExplicitPrecompiledModules -clang-scanner-module-cache-path /Users/admin/builder/spi-builder-workspace/.derivedData/ModuleCache.noindex -sdk-module-cache-path /Users/admin/builder/spi-builder-workspace/.derivedData/SDKExplicitPrecompiledModules -emit-dependencies -emit-module -emit-module-path /Users/admin/builder/spi-builder-workspace/.derivedData/Build/Intermediates.noindex/AveFontHelpers.build/Debug-watchos/AveFontHelpers-t.build/Objects-normal/arm64_32/AveFontHelpers.swiftmodule -serialize-diagnostics -dependency-scan-serialize-diagnostics-path /Users/admin/builder/spi-builder-workspace/.derivedData/Build/Intermediates.noindex/AveFontHelpers.build/Debug-watchos/AveFontHelpers-t.build/Objects-normal/arm64_32/AveFontHelpers-dependency-scan.dia -validate-clang-modules-once -clang-build-session-file /Users/admin/builder/spi-builder-workspace/.derivedData/ModuleCache.noindex/Session.modulevalidation -Xcc -fmodules-prune-interval\=86400 -Xcc -fmodules-prune-after\=345600 -emit-const-values -const-gather-protocols-list /Users/admin/builder/spi-builder-workspace/.derivedData/Build/Intermediates.noindex/AveFontHelpers.build/Debug-watchos/AveFontHelpers-t.build/Objects-normal/arm64_32/AveFontHelpers_const_extract_protocols.json -Xcc -I/Users/admin/builder/spi-builder-workspace/.derivedData/Build/Products/Debug-watchos/include -Xcc -I/Users/admin/builder/spi-builder-workspace/.derivedData/Build/Intermediates.noindex/AveFontHelpers.build/Debug-watchos/AveFontHelpers-t.build/DerivedSources-normal/arm64_32 -Xcc -I/Users/admin/builder/spi-builder-workspace/.derivedData/Build/Intermediates.noindex/AveFontHelpers.build/Debug-watchos/AveFontHelpers-t.build/DerivedSources/arm64_32 -Xcc -I/Users/admin/builder/spi-builder-workspace/.derivedData/Build/Intermediates.noindex/AveFontHelpers.build/Debug-watchos/AveFontHelpers-t.build/DerivedSources -Xcc -DSWIFT_PACKAGE -Xcc -DDEBUG\=1 -emit-objc-header -emit-objc-header-path /Users/admin/builder/spi-builder-workspace/.derivedData/Build/Intermediates.noindex/AveFontHelpers.build/Debug-watchos/AveFontHelpers-t.build/Objects-normal/arm64_32/AveFontHelpers-Swift.h -working-directory /Users/admin/builder/spi-builder-workspace/.swiftpm/xcode -experimental-emit-module-separately -disable-cmo
SwiftDriver AveFontHelpers normal arm64 com.apple.xcode.tools.swift.compiler (in target 'AveFontHelpers' from project 'AveFontHelpers')
cd /Users/admin/builder/spi-builder-workspace/.swiftpm/xcode
builtin-SwiftDriver -- /Applications/Xcode-27.0.0-Release.Candidate.app/Contents/Developer/Toolchains/XcodeDefault.xctoolchain/usr/bin/swiftc -parse-as-library -module-name AveFontHelpers -Onone @/Users/admin/builder/spi-builder-workspace/.derivedData/Build/Intermediates.noindex/AveFontHelpers.build/Debug-watchos/AveFontHelpers-t.build/Objects-normal/arm64/AveFontHelpers.SwiftFileList -DSWIFT_PACKAGE -DDEBUG -DSWIFT_MODULE_RESOURCE_BUNDLE_UNAVAILABLE -DXcode -plugin-path /Applications/Xcode-27.0.0-Release.Candidate.app/Contents/Developer/Toolchains/XcodeDefault.xctoolchain/usr/lib/swift/host/plugins/testing -enable-experimental-feature DebugDescriptionMacro -sdk /Applications/Xcode-27.0.0-Release.Candidate.app/Contents/Developer/Platforms/WatchOS.platform/Developer/SDKs/WatchOS27.0.sdk -target arm64-apple-watchos9.0 -g -module-cache-path /Users/admin/builder/spi-builder-workspace/.derivedData/ModuleCache.noindex -Xfrontend -serialize-debugging-options -enable-testing -index-store-path /Users/admin/builder/spi-builder-workspace/.derivedData/Index.noindex/DataStore -Xcc -D_LIBCPP_HARDENING_MODE\=_LIBCPP_HARDENING_MODE_DEBUG -swift-version 5 -I /Users/admin/builder/spi-builder-workspace/.derivedData/Build/Products/Debug-watchos -Isystem /Applications/Xcode-27.0.0-Release.Candidate.app/Contents/Developer/Platforms/WatchOS.platform/Developer/usr/lib -F /Users/admin/builder/spi-builder-workspace/.derivedData/Build/Products/Debug-watchos -F /Applications/Xcode-27.0.0-Release.Candidate.app/Contents/Developer/Platforms/WatchOS.platform/Developer/Library/Frameworks -F /Applications/Xcode-27.0.0-Release.Candidate.app/Contents/Developer/Platforms/WatchOS.platform/Developer/SDKs/WatchOS27.0.sdk/Developer/Library/Frameworks -c -j10 -enable-batch-mode -incremental -Xcc -ivfsstatcache -Xcc /Users/admin/builder/spi-builder-workspace/.derivedData/SDKStatCaches.noindex/watchos27.0-24R360-e829b21a6f8c9b70876ba0858053c04477534ef55a1706bf4c1112bbb242f0a2.sdkstatcache -output-file-map /Users/admin/builder/spi-builder-workspace/.derivedData/Build/Intermediates.noindex/AveFontHelpers.build/Debug-watchos/AveFontHelpers-t.build/Objects-normal/arm64/AveFontHelpers-OutputFileMap.json -save-temps -no-color-diagnostics -explicit-module-build -module-cache-path /Users/admin/builder/spi-builder-workspace/.derivedData/Build/Intermediates.noindex/SwiftExplicitPrecompiledModules -clang-scanner-module-cache-path /Users/admin/builder/spi-builder-workspace/.derivedData/ModuleCache.noindex -sdk-module-cache-path /Users/admin/builder/spi-builder-workspace/.derivedData/SDKExplicitPrecompiledModules -emit-dependencies -emit-module -emit-module-path /Users/admin/builder/spi-builder-workspace/.derivedData/Build/Intermediates.noindex/AveFontHelpers.build/Debug-watchos/AveFontHelpers-t.build/Objects-normal/arm64/AveFontHelpers.swiftmodule -serialize-diagnostics -dependency-scan-serialize-diagnostics-path /Users/admin/builder/spi-builder-workspace/.derivedData/Build/Intermediates.noindex/AveFontHelpers.build/Debug-watchos/AveFontHelpers-t.build/Objects-normal/arm64/AveFontHelpers-dependency-scan.dia -validate-clang-modules-once -clang-build-session-file /Users/admin/builder/spi-builder-workspace/.derivedData/ModuleCache.noindex/Session.modulevalidation -Xcc -fmodules-prune-interval\=86400 -Xcc -fmodules-prune-after\=345600 -emit-const-values -const-gather-protocols-list /Users/admin/builder/spi-builder-workspace/.derivedData/Build/Intermediates.noindex/AveFontHelpers.build/Debug-watchos/AveFontHelpers-t.build/Objects-normal/arm64/AveFontHelpers_const_extract_protocols.json -Xcc -I/Users/admin/builder/spi-builder-workspace/.derivedData/Build/Products/Debug-watchos/include -Xcc -I/Users/admin/builder/spi-builder-workspace/.derivedData/Build/Intermediates.noindex/AveFontHelpers.build/Debug-watchos/AveFontHelpers-t.build/DerivedSources-normal/arm64 -Xcc -I/Users/admin/builder/spi-builder-workspace/.derivedData/Build/Intermediates.noindex/AveFontHelpers.build/Debug-watchos/AveFontHelpers-t.build/DerivedSources/arm64 -Xcc -I/Users/admin/builder/spi-builder-workspace/.derivedData/Build/Intermediates.noindex/AveFontHelpers.build/Debug-watchos/AveFontHelpers-t.build/DerivedSources -Xcc -DSWIFT_PACKAGE -Xcc -DDEBUG\=1 -emit-objc-header -emit-objc-header-path /Users/admin/builder/spi-builder-workspace/.derivedData/Build/Intermediates.noindex/AveFontHelpers.build/Debug-watchos/AveFontHelpers-t.build/Objects-normal/arm64/AveFontHelpers-Swift.h -working-directory /Users/admin/builder/spi-builder-workspace/.swiftpm/xcode -experimental-emit-module-separately -disable-cmo
SwiftExplicitDependencyGeneratePcm arm64 /Users/admin/builder/spi-builder-workspace/.derivedData/SDKExplicitPrecompiledModules/SwiftShims-4MXFZPV6FEB0XBYXCGPWAMQGL.pcm
SwiftExplicitDependencyGeneratePcm arm64 /Users/admin/builder/spi-builder-workspace/.derivedData/SDKExplicitPrecompiledModules/_Builtin_stdbool-83J96QSOFE9VX04AAS6310UAE.pcm
SwiftExplicitDependencyGeneratePcm arm64 /Users/admin/builder/spi-builder-workspace/.derivedData/SDKExplicitPrecompiledModules/_Builtin_stdarg-A7UU8LE6MP85SM26YO7PBZNUQ.pcm
SwiftExplicitDependencyGeneratePcm arm64 /Users/admin/builder/spi-builder-workspace/.derivedData/SDKExplicitPrecompiledModules/_SwiftConcurrencyShims-659N52XSKR5F0QSB880BH2FJR.pcm
SwiftExplicitDependencyGeneratePcm arm64 /Users/admin/builder/spi-builder-workspace/.derivedData/SDKExplicitPrecompiledModules/_Builtin_stddef-1FU30Y8SWFB7OUUHMJQH5J6FM.pcm
SwiftExplicitDependencyGeneratePcm arm64 /Users/admin/builder/spi-builder-workspace/.derivedData/SDKExplicitPrecompiledModules/_AvailabilityInternal-BUNV3UXM65NT37THI4W1AM0SF.pcm
SwiftExplicitDependencyGeneratePcm arm64 /Users/admin/builder/spi-builder-workspace/.derivedData/SDKExplicitPrecompiledModules/ptrcheck-AIF0NDOYZ8ORBNHQAQR5NNB8M.pcm
SwiftExplicitDependencyGeneratePcm arm64 /Users/admin/builder/spi-builder-workspace/.derivedData/SDKExplicitPrecompiledModules/_Builtin_float-C0CW5Q4HGBQYKE77TC42IAFB5.pcm
SwiftExplicitDependencyGeneratePcm arm64 /Users/admin/builder/spi-builder-workspace/.derivedData/SDKExplicitPrecompiledModules/ptrauth-3TZ9WJCGLYD25HQPWH4968ONX.pcm
SwiftExplicitDependencyGeneratePcm arm64 /Users/admin/builder/spi-builder-workspace/.derivedData/SDKExplicitPrecompiledModules/DeveloperToolsSupport-E7CNISCB36UE8XQ9IOHK9XDX1.pcm
SwiftExplicitDependencyGeneratePcm arm64_32 /Users/admin/builder/spi-builder-workspace/.derivedData/SDKExplicitPrecompiledModules/ptrcheck-7ELIH9BTIGVKX3UBITM9N72WD.pcm
SwiftExplicitDependencyGeneratePcm arm64_32 /Users/admin/builder/spi-builder-workspace/.derivedData/SDKExplicitPrecompiledModules/SwiftShims-9CQQGWTSNTN9EB5NSHDWUJICH.pcm
SwiftExplicitDependencyGeneratePcm arm64_32 /Users/admin/builder/spi-builder-workspace/.derivedData/SDKExplicitPrecompiledModules/_Builtin_stdbool-A967K8W8YUYEC9SN52KJ7OO88.pcm
SwiftExplicitDependencyGeneratePcm arm64_32 /Users/admin/builder/spi-builder-workspace/.derivedData/SDKExplicitPrecompiledModules/ptrauth-BFXF358ME5AK535N5A9Z766WU.pcm
SwiftExplicitDependencyGeneratePcm arm64_32 /Users/admin/builder/spi-builder-workspace/.derivedData/SDKExplicitPrecompiledModules/_Builtin_float-6KO8O3PEWRCA4WC6PPLOYO6WJ.pcm
SwiftExplicitDependencyGeneratePcm arm64_32 /Users/admin/builder/spi-builder-workspace/.derivedData/SDKExplicitPrecompiledModules/_AvailabilityInternal-244WAN3Z1QBT7PIA64EZEFY1R.pcm
SwiftExplicitDependencyGeneratePcm arm64_32 /Users/admin/builder/spi-builder-workspace/.derivedData/SDKExplicitPrecompiledModules/_Builtin_stddef-H44EFHQX6XSS5MZ7QP6YJZ76.pcm
SwiftExplicitDependencyGeneratePcm arm64_32 /Users/admin/builder/spi-builder-workspace/.derivedData/SDKExplicitPrecompiledModules/DeveloperToolsSupport-DZU5G1OCMNWU0AQRULIFHUJ1Z.pcm
SwiftExplicitDependencyGeneratePcm arm64_32 /Users/admin/builder/spi-builder-workspace/.derivedData/SDKExplicitPrecompiledModules/_SwiftConcurrencyShims-6RTBPQ03V7BM9SPRK8SUE055H.pcm
SwiftExplicitDependencyGeneratePcm arm64_32 /Users/admin/builder/spi-builder-workspace/.derivedData/SDKExplicitPrecompiledModules/_Builtin_stdarg-D305JG44A2WPI6CJY37X3QJE8.pcm
SwiftExplicitDependencyGeneratePcm arm64 /Users/admin/builder/spi-builder-workspace/.derivedData/SDKExplicitPrecompiledModules/_DarwinFoundation1-7SPX3MD0HMP55E4OLNCPNDQ53.pcm
SwiftExplicitDependencyGeneratePcm arm64_32 /Users/admin/builder/spi-builder-workspace/.derivedData/SDKExplicitPrecompiledModules/_DarwinFoundation1-2GWF9RFMPLQW4PDHS3NARVI3G.pcm
SwiftExplicitDependencyGeneratePcm arm64 /Users/admin/builder/spi-builder-workspace/.derivedData/SDKExplicitPrecompiledModules/_Builtin_limits-9GWPA2B0H20DYUNYHYCWKABJG.pcm
SwiftExplicitDependencyGeneratePcm arm64 /Users/admin/builder/spi-builder-workspace/.derivedData/SDKExplicitPrecompiledModules/_DarwinFoundation2-D0XAPJU49S5E9XMKYOFGSTB1Q.pcm
SwiftExplicitDependencyGeneratePcm arm64_32 /Users/admin/builder/spi-builder-workspace/.derivedData/SDKExplicitPrecompiledModules/_DarwinFoundation2-9MY8GOSYRO0M9MKNXF6D3MBNK.pcm
SwiftExplicitDependencyGeneratePcm arm64_32 /Users/admin/builder/spi-builder-workspace/.derivedData/SDKExplicitPrecompiledModules/_Builtin_limits-3VKBU2AFTD65PAJZ5CJ3LHFM2.pcm
SwiftExplicitDependencyGeneratePcm arm64 /Users/admin/builder/spi-builder-workspace/.derivedData/SDKExplicitPrecompiledModules/sys_types-2KXQLI78OUCDP779AE68GZJ2.pcm
SwiftExplicitDependencyGeneratePcm arm64 /Users/admin/builder/spi-builder-workspace/.derivedData/SDKExplicitPrecompiledModules/_Builtin_tgmath-8NQ96OZ0YHXEC24JI95P01UF8.pcm
SwiftExplicitDependencyGeneratePcm arm64 /Users/admin/builder/spi-builder-workspace/.derivedData/SDKExplicitPrecompiledModules/_Builtin_stdint-8XMILLJZEGRN2XG7XZUXZ5RLX.pcm
SwiftExplicitDependencyGeneratePcm arm64 /Users/admin/builder/spi-builder-workspace/.derivedData/SDKExplicitPrecompiledModules/string_h-E6PRXK75PHIPCZFWOFCQ3QBMK.pcm
SwiftExplicitDependencyGeneratePcm arm64_32 /Users/admin/builder/spi-builder-workspace/.derivedData/SDKExplicitPrecompiledModules/_Builtin_tgmath-23PGCKURCQILXMK0MYZRYDCOU.pcm
SwiftExplicitDependencyGeneratePcm arm64_32 /Users/admin/builder/spi-builder-workspace/.derivedData/SDKExplicitPrecompiledModules/sys_types-8TLLMW08ZJWDGIIPKOYFGHHZW.pcm
SwiftExplicitDependencyGeneratePcm arm64_32 /Users/admin/builder/spi-builder-workspace/.derivedData/SDKExplicitPrecompiledModules/_Builtin_stdint-1HMXWI3V0V4TXHRWZOMZGZ80Y.pcm
SwiftExplicitDependencyGeneratePcm arm64_32 /Users/admin/builder/spi-builder-workspace/.derivedData/SDKExplicitPrecompiledModules/string_h-BFVLUQUSBZWYMLCU9QI7VZALW.pcm
SwiftExplicitDependencyGeneratePcm arm64 /Users/admin/builder/spi-builder-workspace/.derivedData/SDKExplicitPrecompiledModules/_DarwinFoundation3-B97LRG0E9GON2NUE65TVG81HU.pcm
SwiftExplicitDependencyGeneratePcm arm64 /Users/admin/builder/spi-builder-workspace/.derivedData/SDKExplicitPrecompiledModules/_Builtin_stdatomic-7JEFA3KBJJJN6TKJWY3OG1VG5.pcm
SwiftExplicitDependencyGeneratePcm arm64 /Users/admin/builder/spi-builder-workspace/.derivedData/SDKExplicitPrecompiledModules/_Builtin_intrinsics-75960HIPCIYA06IUW8FIIPQT.pcm
SwiftExplicitDependencyGeneratePcm arm64_32 /Users/admin/builder/spi-builder-workspace/.derivedData/SDKExplicitPrecompiledModules/_DarwinFoundation3-3DUTYQDQSD9HUAAVY947NMWOI.pcm
SwiftExplicitDependencyGeneratePcm arm64_32 /Users/admin/builder/spi-builder-workspace/.derivedData/SDKExplicitPrecompiledModules/_Builtin_intrinsics-196IIAKDQVU42DLOZP9OQCV76.pcm
SwiftExplicitDependencyGeneratePcm arm64_32 /Users/admin/builder/spi-builder-workspace/.derivedData/SDKExplicitPrecompiledModules/_Builtin_stdatomic-1TY035TURL76BF2U98PZPPZRX.pcm
SwiftExplicitDependencyGeneratePcm arm64 /Users/admin/builder/spi-builder-workspace/.derivedData/SDKExplicitPrecompiledModules/_Builtin_inttypes-3UQSCM7WNM9EK4HZML8TY5J3D.pcm
SwiftExplicitDependencyGeneratePcm arm64_32 /Users/admin/builder/spi-builder-workspace/.derivedData/SDKExplicitPrecompiledModules/_Builtin_inttypes-D2KPCR4PEX9AQA33NGLUT5SBR.pcm
SwiftExplicitDependencyGeneratePcm arm64 /Users/admin/builder/spi-builder-workspace/.derivedData/SDKExplicitPrecompiledModules/Darwin-3984OXKFNSPE77NT743WK8SEX.pcm
SwiftExplicitDependencyGeneratePcm arm64_32 /Users/admin/builder/spi-builder-workspace/.derivedData/SDKExplicitPrecompiledModules/Darwin-3FVT1SKLN2ZQ5RVOABMTQBB34.pcm
SwiftExplicitDependencyGeneratePcm arm64 /Users/admin/builder/spi-builder-workspace/.derivedData/SDKExplicitPrecompiledModules/simd-EH08NODU6574T74ZKU61VP9BW.pcm
SwiftExplicitDependencyGeneratePcm arm64_32 /Users/admin/builder/spi-builder-workspace/.derivedData/SDKExplicitPrecompiledModules/simd-21UNWYOBUZI1LVSQ99S1XBLMO.pcm
SwiftExplicitDependencyGeneratePcm arm64 /Users/admin/builder/spi-builder-workspace/.derivedData/SDKExplicitPrecompiledModules/MachO-2U90NNSAQILBNBPS1SA4F8TYP.pcm
SwiftExplicitDependencyGeneratePcm arm64 /Users/admin/builder/spi-builder-workspace/.derivedData/SDKExplicitPrecompiledModules/ObjectiveC-72IVD3VS2RS8Q28D9PIMY0KQP.pcm
SwiftExplicitDependencyGeneratePcm arm64_32 /Users/admin/builder/spi-builder-workspace/.derivedData/SDKExplicitPrecompiledModules/MachO-56838ZJ0NC1EBAJ0O6O8QMPDX.pcm
SwiftExplicitDependencyGeneratePcm arm64_32 /Users/admin/builder/spi-builder-workspace/.derivedData/SDKExplicitPrecompiledModules/ObjectiveC-6IJNELR2E80E7LUKESVCP2KET.pcm
SwiftExplicitDependencyGeneratePcm arm64 /Users/admin/builder/spi-builder-workspace/.derivedData/SDKExplicitPrecompiledModules/os_object-3SDKD7F87FTZ26OON37DRYT6O.pcm
SwiftExplicitDependencyGeneratePcm arm64_32 /Users/admin/builder/spi-builder-workspace/.derivedData/SDKExplicitPrecompiledModules/os_object-5YWTC6L4756IWSTPGXS5NM0D0.pcm
SwiftExplicitDependencyGeneratePcm arm64 /Users/admin/builder/spi-builder-workspace/.derivedData/SDKExplicitPrecompiledModules/os_workgroup-89GG5G7YC2D0ZTK6AZXXQ20DH.pcm
SwiftExplicitDependencyGeneratePcm arm64_32 /Users/admin/builder/spi-builder-workspace/.derivedData/SDKExplicitPrecompiledModules/os_workgroup-5JHTPDMNBUNHLJI8LPHKQK1JK.pcm
SwiftExplicitDependencyGeneratePcm arm64 /Users/admin/builder/spi-builder-workspace/.derivedData/SDKExplicitPrecompiledModules/Spatial-44FJGYXFAT2AQAW9Z6T7YS02U.pcm
SwiftExplicitDependencyGeneratePcm arm64 /Users/admin/builder/spi-builder-workspace/.derivedData/SDKExplicitPrecompiledModules/Dispatch-1NLJOVAK60XP0DUB05XA59EIM.pcm
SwiftExplicitDependencyGeneratePcm arm64_32 /Users/admin/builder/spi-builder-workspace/.derivedData/SDKExplicitPrecompiledModules/Dispatch-2P62F1T4XV63S4P99TUDTOK2Q.pcm
SwiftExplicitDependencyGeneratePcm arm64_32 /Users/admin/builder/spi-builder-workspace/.derivedData/SDKExplicitPrecompiledModules/Spatial-CWVWNML3T0NXVHZDKVLD3X1YZ.pcm
SwiftExplicitDependencyGeneratePcm arm64 /Users/admin/builder/spi-builder-workspace/.derivedData/SDKExplicitPrecompiledModules/XPC-40DR0X1DHKGCV4J1IOLFS8MOU.pcm
SwiftExplicitDependencyGeneratePcm arm64 /Users/admin/builder/spi-builder-workspace/.derivedData/SDKExplicitPrecompiledModules/CoreFoundation-8T2L24YC5NU7WO6WQJWRY7W08.pcm
SwiftExplicitDependencyGeneratePcm arm64_32 /Users/admin/builder/spi-builder-workspace/.derivedData/SDKExplicitPrecompiledModules/CoreFoundation-8E6Y4BA3EXYKUGJ24GT9LGV3N.pcm
SwiftExplicitDependencyGeneratePcm arm64_32 /Users/admin/builder/spi-builder-workspace/.derivedData/SDKExplicitPrecompiledModules/XPC-81Y45QFY96XYYFCW2GT6FY8S4.pcm
SwiftExplicitDependencyGeneratePcm arm64 /Users/admin/builder/spi-builder-workspace/.derivedData/SDKExplicitPrecompiledModules/os-5DIL6Z9LFIGLMZAHM7X2T5435.pcm
SwiftExplicitDependencyGeneratePcm arm64_32 /Users/admin/builder/spi-builder-workspace/.derivedData/SDKExplicitPrecompiledModules/os-E5IGB442IA6SBB25TTCOLK2OC.pcm
SwiftExplicitDependencyGeneratePcm arm64_32 /Users/admin/builder/spi-builder-workspace/.derivedData/SDKExplicitPrecompiledModules/CoreGraphics-9FDXYX6BKBUT6TJ2VF819E7T5.pcm
SwiftExplicitDependencyGeneratePcm arm64_32 /Users/admin/builder/spi-builder-workspace/.derivedData/SDKExplicitPrecompiledModules/Security-D7TOWF88VWF67TB9HAFP5UWB1.pcm
SwiftExplicitDependencyGeneratePcm arm64 /Users/admin/builder/spi-builder-workspace/.derivedData/SDKExplicitPrecompiledModules/Security-6RZ6YBRU8WCUHRFFRVUK5WKMM.pcm
SwiftExplicitDependencyGeneratePcm arm64 /Users/admin/builder/spi-builder-workspace/.derivedData/SDKExplicitPrecompiledModules/CoreGraphics-DWNZ73GEH98SBJXZ7DEXB420K.pcm
SwiftExplicitDependencyGeneratePcm arm64 /Users/admin/builder/spi-builder-workspace/.derivedData/SDKExplicitPrecompiledModules/Foundation-DLBKUSGXN8QHAT8W0OARR9S8A.pcm
SwiftExplicitDependencyGeneratePcm arm64_32 /Users/admin/builder/spi-builder-workspace/.derivedData/SDKExplicitPrecompiledModules/Foundation-BJ2VQGI3OGR34500MEQ1VKHPH.pcm
SwiftExplicitDependencyGeneratePcm arm64_32 /Users/admin/builder/spi-builder-workspace/.derivedData/SDKExplicitPrecompiledModules/CoreText-C9X2REPZN2V5BSU4G80FCETDR.pcm
SwiftExplicitDependencyGeneratePcm arm64_32 /Users/admin/builder/spi-builder-workspace/.derivedData/SDKExplicitPrecompiledModules/CoreVideo-2P8HI0403J99LBDPKNFJ5D4DL.pcm
SwiftExplicitDependencyGeneratePcm arm64 /Users/admin/builder/spi-builder-workspace/.derivedData/SDKExplicitPrecompiledModules/CoreText-970YJN6NIYGK1316L35Z0O8QT.pcm
SwiftExplicitDependencyGeneratePcm arm64 /Users/admin/builder/spi-builder-workspace/.derivedData/SDKExplicitPrecompiledModules/CoreVideo-8MRR5MNWUOAW2DBPGUQ8FKK4.pcm
SwiftExplicitDependencyGeneratePcm arm64 /Users/admin/builder/spi-builder-workspace/.derivedData/SDKExplicitPrecompiledModules/_LocationEssentials-5ZZDGDXB6HLQUC72SJW7YJ7MK.pcm
SwiftExplicitDependencyGeneratePcm arm64 /Users/admin/builder/spi-builder-workspace/.derivedData/SDKExplicitPrecompiledModules/UniformTypeIdentifiers-8L08Q8DQJV8C4AW84YVGFGTRN.pcm
SwiftExplicitDependencyGeneratePcm arm64 /Users/admin/builder/spi-builder-workspace/.derivedData/SDKExplicitPrecompiledModules/UserNotifications-ARAH8MEQ0C2L0FBO39HITJMAO.pcm
SwiftExplicitDependencyGeneratePcm arm64 /Users/admin/builder/spi-builder-workspace/.derivedData/SDKExplicitPrecompiledModules/DataDetection-7BNVI1SZW5ISQL5SX4WL2X7I5.pcm
SwiftExplicitDependencyGeneratePcm arm64 /Users/admin/builder/spi-builder-workspace/.derivedData/SDKExplicitPrecompiledModules/UIUtilities-IR7RNW23VAUKYI9MLCS9NL9A.pcm
SwiftExplicitDependencyGeneratePcm arm64 /Users/admin/builder/spi-builder-workspace/.derivedData/SDKExplicitPrecompiledModules/Accessibility-27QMG6ZQ1NKYTNBYFPM1XKNFC.pcm
SwiftExplicitDependencyGeneratePcm arm64 /Users/admin/builder/spi-builder-workspace/.derivedData/SDKExplicitPrecompiledModules/CoreTransferable-9PPG3SLJ55T4LITIFYX2M0NOZ.pcm
SwiftExplicitDependencyGeneratePcm arm64 /Users/admin/builder/spi-builder-workspace/.derivedData/SDKExplicitPrecompiledModules/QuartzCore-94KFMWNOU7ZLUZNB4T5DLZC9D.pcm
SwiftExplicitDependencyGeneratePcm arm64 /Users/admin/builder/spi-builder-workspace/.derivedData/SDKExplicitPrecompiledModules/Symbols-3EFABTJ9L5PQDJ7RQCYQWEJMM.pcm
SwiftExplicitDependencyGeneratePcm arm64 /Users/admin/builder/spi-builder-workspace/.derivedData/SDKExplicitPrecompiledModules/OSLog-B7VGO357Y3GJG35TST7DKDSI3.pcm
SwiftExplicitDependencyGeneratePcm arm64_32 /Users/admin/builder/spi-builder-workspace/.derivedData/SDKExplicitPrecompiledModules/UniformTypeIdentifiers-CJZ3NTHPSBH4XWX5EVOG56UZS.pcm
SwiftExplicitDependencyGeneratePcm arm64_32 /Users/admin/builder/spi-builder-workspace/.derivedData/SDKExplicitPrecompiledModules/QuartzCore-6375NPYACK5NYVHPMC1QQ8MC2.pcm
SwiftExplicitDependencyGeneratePcm arm64_32 /Users/admin/builder/spi-builder-workspace/.derivedData/SDKExplicitPrecompiledModules/_LocationEssentials-AQ1OL9QKC3LQLY5CNSRM1HB53.pcm
SwiftExplicitDependencyGeneratePcm arm64_32 /Users/admin/builder/spi-builder-workspace/.derivedData/SDKExplicitPrecompiledModules/Accessibility-F385OMZ5GYBUY5O4QAJB4NRII.pcm
SwiftExplicitDependencyGeneratePcm arm64_32 /Users/admin/builder/spi-builder-workspace/.derivedData/SDKExplicitPrecompiledModules/UIUtilities-9YFVNIMRC5HRVOIARNWHP1E3H.pcm
SwiftExplicitDependencyGeneratePcm arm64_32 /Users/admin/builder/spi-builder-workspace/.derivedData/SDKExplicitPrecompiledModules/CoreTransferable-5D4IR6X37682FPHJ5CBPTKQV6.pcm
SwiftExplicitDependencyGeneratePcm arm64_32 /Users/admin/builder/spi-builder-workspace/.derivedData/SDKExplicitPrecompiledModules/UserNotifications-6TBN8TEAKO014N1T2QD926XED.pcm
SwiftExplicitDependencyGeneratePcm arm64_32 /Users/admin/builder/spi-builder-workspace/.derivedData/SDKExplicitPrecompiledModules/DataDetection-U9BF7WHFVA6BZGFXXXP272PS.pcm
SwiftExplicitDependencyGeneratePcm arm64_32 /Users/admin/builder/spi-builder-workspace/.derivedData/SDKExplicitPrecompiledModules/Symbols-1H97WMG76HU94F5VGJR19PXFY.pcm
SwiftExplicitDependencyGeneratePcm arm64 /Users/admin/builder/spi-builder-workspace/.derivedData/SDKExplicitPrecompiledModules/CoreLocation-ACKJ9K7ABI14F97Y46Y6SRR17.pcm
SwiftExplicitDependencyGeneratePcm arm64 /Users/admin/builder/spi-builder-workspace/.derivedData/SDKExplicitPrecompiledModules/SwiftUICore-C1DST1IX2Z0PTH5SJJZ1IULRB.pcm
SwiftExplicitDependencyGeneratePcm arm64_32 /Users/admin/builder/spi-builder-workspace/.derivedData/SDKExplicitPrecompiledModules/CoreLocation-8XU5YMYM4P11RQMYCQAG65ITK.pcm
SwiftExplicitDependencyGeneratePcm arm64_32 /Users/admin/builder/spi-builder-workspace/.derivedData/SDKExplicitPrecompiledModules/OSLog-D9AVFY0KWO7RVBIQ73CBIJVCN.pcm
SwiftExplicitDependencyGeneratePcm arm64_32 /Users/admin/builder/spi-builder-workspace/.derivedData/SDKExplicitPrecompiledModules/SwiftUICore-3Q7WLRD8MR9R3NGIPUBQCP6F6.pcm
SwiftExplicitDependencyGeneratePcm arm64 /Users/admin/builder/spi-builder-workspace/.derivedData/SDKExplicitPrecompiledModules/CoreMotion-6RD5K48QT1F4L9CATNFD2O7YB.pcm
SwiftExplicitDependencyGeneratePcm arm64_32 /Users/admin/builder/spi-builder-workspace/.derivedData/SDKExplicitPrecompiledModules/CoreMotion-1XGTVTE5PP32UHME8AC63TL6.pcm
SwiftExplicitDependencyGeneratePcm arm64 /Users/admin/builder/spi-builder-workspace/.derivedData/SDKExplicitPrecompiledModules/UIKit-27R3P1YMV4C6JLDT661G3MRIA.pcm
SwiftExplicitDependencyGeneratePcm arm64_32 /Users/admin/builder/spi-builder-workspace/.derivedData/SDKExplicitPrecompiledModules/UIKit-6PPV7YPZ89CZPHYAP072QH8B6.pcm
SwiftCompile normal arm64 Compiling\ UIKit+FontHelpers.swift /Users/admin/builder/spi-builder-workspace/Sources/UIKit+FontHelpers.swift (in target 'AveFontHelpers' from project 'AveFontHelpers')
SwiftCompile normal arm64 /Users/admin/builder/spi-builder-workspace/Sources/UIKit+FontHelpers.swift (in target 'AveFontHelpers' from project 'AveFontHelpers')
cd /Users/admin/builder/spi-builder-workspace/.swiftpm/xcode
builtin-SwiftPerFileCompile UIKit+FontHelpers.swift
/Users/admin/builder/spi-builder-workspace/Sources/UIKit+FontHelpers.swift:14:18: error: 'UILabel' is unavailable in watchOS
12 | }
13 |
14 | public extension UILabel {
| `- error: 'UILabel' is unavailable in watchOS
15 | convenience init(text: String? = nil, font: Font, color: UIColor? = nil, alignment: NSTextAlignment = .natural, numberOfLines: Int = 0) {
16 | self.init()
/Applications/Xcode-27.0.0-Release.Candidate.app/Contents/Developer/Platforms/WatchOS.platform/Developer/SDKs/WatchOS27.0.sdk/System/Library/Frameworks/UIKit.framework/Headers/UILabel.h:33:12: note: 'UILabel' has been explicitly marked unavailable here
31 |
32 | UIKIT_EXTERN API_AVAILABLE(ios(2.0)) API_UNAVAILABLE(watchos) NS_SWIFT_UI_ACTOR
33 | @interface UILabel : UIView <NSCoding, UIContentSizeCategoryAdjusting, UILetterformAwareAdjusting>
| `- note: 'UILabel' has been explicitly marked unavailable here
34 |
35 | @property(nullable, nonatomic,copy) NSString *text; // default is nil
/Users/admin/builder/spi-builder-workspace/Sources/UIKit+FontHelpers.swift:30:18: error: 'UITextView' is unavailable in watchOS
28 | }
29 |
30 | public extension UITextView {
| `- error: 'UITextView' is unavailable in watchOS
31 | convenience init(text: String? = nil, font: Font, color: UIColor? = nil, alignment: NSTextAlignment = .natural, isScrollEnabled: Bool = false) {
32 | self.init()
/Applications/Xcode-27.0.0-Release.Candidate.app/Contents/Developer/Platforms/WatchOS.platform/Developer/SDKs/WatchOS27.0.sdk/System/Library/Frameworks/UIKit.framework/Headers/UITextView.h:223:12: note: 'UITextView' has been explicitly marked unavailable here
221 |
222 | UIKIT_EXTERN API_AVAILABLE(ios(2.0)) API_UNAVAILABLE(watchos) NS_SWIFT_UI_ACTOR
223 | @interface UITextView : UIScrollView <UITextInput, UIContentSizeCategoryAdjusting, UILetterformAwareAdjusting, NSTextViewportLayoutControllerDelegate>
| `- note: 'UITextView' has been explicitly marked unavailable here
224 |
225 | @property(nullable,nonatomic,weak) id<UITextViewDelegate> delegate;
/Users/admin/builder/spi-builder-workspace/Sources/UIKit+FontHelpers.swift:46:59: error: 'UIButton' is unavailable in watchOS
44 |
45 | public extension UIButton {
46 | convenience init(title: String? = nil, font: Font, type: UIButton.ButtonType) {
| `- error: 'UIButton' is unavailable in watchOS
47 | self.init(type: type)
48 | self.setTitle(title, for: .normal)
/Applications/Xcode-27.0.0-Release.Candidate.app/Contents/Developer/Platforms/WatchOS.platform/Developer/SDKs/WatchOS27.0.sdk/System/Library/Frameworks/UIKit.framework/Headers/UIButton.h:49:12: note: 'UIButton' has been explicitly marked unavailable here
47 |
48 | UIKIT_EXTERN API_AVAILABLE(ios(2.0)) API_UNAVAILABLE(watchos) NS_SWIFT_UI_ACTOR
49 | @interface UIButton : UIControl <NSCoding>
| `- note: 'UIButton' has been explicitly marked unavailable here
50 |
51 | - (instancetype)initWithFrame:(CGRect)frame NS_DESIGNATED_INITIALIZER;
/Users/admin/builder/spi-builder-workspace/Sources/UIKit+FontHelpers.swift:45:18: error: 'UIButton' is unavailable in watchOS
43 | }
44 |
45 | public extension UIButton {
| `- error: 'UIButton' is unavailable in watchOS
46 | convenience init(title: String? = nil, font: Font, type: UIButton.ButtonType) {
47 | self.init(type: type)
/Applications/Xcode-27.0.0-Release.Candidate.app/Contents/Developer/Platforms/WatchOS.platform/Developer/SDKs/WatchOS27.0.sdk/System/Library/Frameworks/UIKit.framework/Headers/UIButton.h:49:12: note: 'UIButton' has been explicitly marked unavailable here
47 |
48 | UIKIT_EXTERN API_AVAILABLE(ios(2.0)) API_UNAVAILABLE(watchos) NS_SWIFT_UI_ACTOR
49 | @interface UIButton : UIControl <NSCoding>
| `- note: 'UIButton' has been explicitly marked unavailable here
50 |
51 | - (instancetype)initWithFrame:(CGRect)frame NS_DESIGNATED_INITIALIZER;
/Users/admin/builder/spi-builder-workspace/Sources/UIKit+FontHelpers.swift:16:8: error: 'init()' is unavailable in watchOS
14 | public extension UILabel {
15 | convenience init(text: String? = nil, font: Font, color: UIColor? = nil, alignment: NSTextAlignment = .natural, numberOfLines: Int = 0) {
16 | self.init()
| `- error: 'init()' is unavailable in watchOS
17 | self.font = .from(font)
18 | color.map { self.textColor = $0 }
/Applications/Xcode-27.0.0-Release.Candidate.app/Contents/Developer/Platforms/WatchOS.platform/Developer/SDKs/WatchOS27.0.sdk/System/Library/Frameworks/UIKit.framework/Headers/UIView.h:158:1: note: 'init()' has been explicitly marked unavailable here
156 | - (instancetype)initWithFrame:(CGRect)frame NS_DESIGNATED_INITIALIZER;
157 | - (nullable instancetype)initWithCoder:(NSCoder *)coder NS_DESIGNATED_INITIALIZER;
158 | - (instancetype)init API_AVAILABLE(ios(2.0), tvos(9.0), visionos(1.0)) API_UNAVAILABLE(watchos);
| `- note: 'init()' has been explicitly marked unavailable here
159 |
160 | @property(nonatomic,getter=isUserInteractionEnabled) BOOL userInteractionEnabled; // default is YES. if set to NO, user events (touch, keys) are ignored and removed from the event queue.
SwiftEmitModule normal arm64 Emitting\ module\ for\ AveFontHelpers (in target 'AveFontHelpers' from project 'AveFontHelpers')
/Users/admin/builder/spi-builder-workspace/Sources/Font+Cache.swift:34:28: error: 'UIContentSizeCategory' is unavailable in watchOS
32 | fileprivate final class CacheKey: NSObject {
33 | let font: Font
34 | let contentSizeCategory: UIContentSizeCategory
| `- error: 'UIContentSizeCategory' is unavailable in watchOS
35 |
36 | init(font: Font, contentSizeCategory: UIContentSizeCategory) {
/Applications/Xcode-27.0.0-Release.Candidate.app/Contents/Developer/Platforms/WatchOS.platform/Developer/SDKs/WatchOS27.0.sdk/System/Library/Frameworks/UIKit.framework/Headers/UIContentSizeCategory.h:14:20: note: 'UIContentSizeCategory' has been explicitly marked unavailable here
12 | NS_HEADER_AUDIT_BEGIN(nullability, sendability)
13 |
14 | typedef NSString * UIContentSizeCategory NS_TYPED_ENUM API_AVAILABLE(ios(7.0)) API_UNAVAILABLE(watchos);
| `- note: 'UIContentSizeCategory' has been explicitly marked unavailable here
15 |
16 | // Content size category constants
/Users/admin/builder/spi-builder-workspace/Sources/Font+Cache.swift:36:41: error: 'UIContentSizeCategory' is unavailable in watchOS
34 | let contentSizeCategory: UIContentSizeCategory
35 |
36 | init(font: Font, contentSizeCategory: UIContentSizeCategory) {
| `- error: 'UIContentSizeCategory' is unavailable in watchOS
37 | self.font = font
38 | self.contentSizeCategory = contentSizeCategory
/Applications/Xcode-27.0.0-Release.Candidate.app/Contents/Developer/Platforms/WatchOS.platform/Developer/SDKs/WatchOS27.0.sdk/System/Library/Frameworks/UIKit.framework/Headers/UIContentSizeCategory.h:14:20: note: 'UIContentSizeCategory' has been explicitly marked unavailable here
12 | NS_HEADER_AUDIT_BEGIN(nullability, sendability)
13 |
14 | typedef NSString * UIContentSizeCategory NS_TYPED_ENUM API_AVAILABLE(ios(7.0)) API_UNAVAILABLE(watchos);
| `- note: 'UIContentSizeCategory' has been explicitly marked unavailable here
15 |
16 | // Content size category constants
/Users/admin/builder/spi-builder-workspace/Sources/UIFont+Helper.swift:19:91: error: 'UIContentSizeCategory' is unavailable in watchOS
17 | var semibold: UIFont { withWeight(.semibold) }
18 |
19 | static func preferredFont(forTextStyle textStyle: UIFont.TextStyle, contentSizeCategory: UIContentSizeCategory) -> UIFont {
| `- error: 'UIContentSizeCategory' is unavailable in watchOS
20 | var font: UIFont? = nil
21 | UITraitCollection(traitsFrom: [.current, UITraitCollection(preferredContentSizeCategory: .large)]).performAsCurrent {
/Applications/Xcode-27.0.0-Release.Candidate.app/Contents/Developer/Platforms/WatchOS.platform/Developer/SDKs/WatchOS27.0.sdk/System/Library/Frameworks/UIKit.framework/Headers/UIContentSizeCategory.h:14:20: note: 'UIContentSizeCategory' has been explicitly marked unavailable here
12 | NS_HEADER_AUDIT_BEGIN(nullability, sendability)
13 |
14 | typedef NSString * UIContentSizeCategory NS_TYPED_ENUM API_AVAILABLE(ios(7.0)) API_UNAVAILABLE(watchos);
| `- note: 'UIContentSizeCategory' has been explicitly marked unavailable here
15 |
16 | // Content size category constants
/Users/admin/builder/spi-builder-workspace/Sources/UIKit+FontHelpers.swift:14:18: error: 'UILabel' is unavailable in watchOS
12 | }
13 |
14 | public extension UILabel {
| `- error: 'UILabel' is unavailable in watchOS
15 | convenience init(text: String? = nil, font: Font, color: UIColor? = nil, alignment: NSTextAlignment = .natural, numberOfLines: Int = 0) {
16 | self.init()
/Applications/Xcode-27.0.0-Release.Candidate.app/Contents/Developer/Platforms/WatchOS.platform/Developer/SDKs/WatchOS27.0.sdk/System/Library/Frameworks/UIKit.framework/Headers/UILabel.h:33:12: note: 'UILabel' has been explicitly marked unavailable here
31 |
32 | UIKIT_EXTERN API_AVAILABLE(ios(2.0)) API_UNAVAILABLE(watchos) NS_SWIFT_UI_ACTOR
33 | @interface UILabel : UIView <NSCoding, UIContentSizeCategoryAdjusting, UILetterformAwareAdjusting>
| `- note: 'UILabel' has been explicitly marked unavailable here
34 |
35 | @property(nullable, nonatomic,copy) NSString *text; // default is nil
/Users/admin/builder/spi-builder-workspace/Sources/UIKit+FontHelpers.swift:30:18: error: 'UITextView' is unavailable in watchOS
28 | }
29 |
30 | public extension UITextView {
| `- error: 'UITextView' is unavailable in watchOS
31 | convenience init(text: String? = nil, font: Font, color: UIColor? = nil, alignment: NSTextAlignment = .natural, isScrollEnabled: Bool = false) {
32 | self.init()
/Applications/Xcode-27.0.0-Release.Candidate.app/Contents/Developer/Platforms/WatchOS.platform/Developer/SDKs/WatchOS27.0.sdk/System/Library/Frameworks/UIKit.framework/Headers/UITextView.h:223:12: note: 'UITextView' has been explicitly marked unavailable here
221 |
222 | UIKIT_EXTERN API_AVAILABLE(ios(2.0)) API_UNAVAILABLE(watchos) NS_SWIFT_UI_ACTOR
223 | @interface UITextView : UIScrollView <UITextInput, UIContentSizeCategoryAdjusting, UILetterformAwareAdjusting, NSTextViewportLayoutControllerDelegate>
| `- note: 'UITextView' has been explicitly marked unavailable here
224 |
225 | @property(nullable,nonatomic,weak) id<UITextViewDelegate> delegate;
/Users/admin/builder/spi-builder-workspace/Sources/UIKit+FontHelpers.swift:46:59: error: 'UIButton' is unavailable in watchOS
44 |
45 | public extension UIButton {
46 | convenience init(title: String? = nil, font: Font, type: UIButton.ButtonType) {
| `- error: 'UIButton' is unavailable in watchOS
47 | self.init(type: type)
48 | self.setTitle(title, for: .normal)
/Applications/Xcode-27.0.0-Release.Candidate.app/Contents/Developer/Platforms/WatchOS.platform/Developer/SDKs/WatchOS27.0.sdk/System/Library/Frameworks/UIKit.framework/Headers/UIButton.h:49:12: note: 'UIButton' has been explicitly marked unavailable here
47 |
48 | UIKIT_EXTERN API_AVAILABLE(ios(2.0)) API_UNAVAILABLE(watchos) NS_SWIFT_UI_ACTOR
49 | @interface UIButton : UIControl <NSCoding>
| `- note: 'UIButton' has been explicitly marked unavailable here
50 |
51 | - (instancetype)initWithFrame:(CGRect)frame NS_DESIGNATED_INITIALIZER;
/Users/admin/builder/spi-builder-workspace/Sources/UIKit+FontHelpers.swift:45:18: error: 'UIButton' is unavailable in watchOS
43 | }
44 |
45 | public extension UIButton {
| `- error: 'UIButton' is unavailable in watchOS
46 | convenience init(title: String? = nil, font: Font, type: UIButton.ButtonType) {
47 | self.init(type: type)
/Applications/Xcode-27.0.0-Release.Candidate.app/Contents/Developer/Platforms/WatchOS.platform/Developer/SDKs/WatchOS27.0.sdk/System/Library/Frameworks/UIKit.framework/Headers/UIButton.h:49:12: note: 'UIButton' has been explicitly marked unavailable here
47 |
48 | UIKIT_EXTERN API_AVAILABLE(ios(2.0)) API_UNAVAILABLE(watchos) NS_SWIFT_UI_ACTOR
49 | @interface UIButton : UIControl <NSCoding>
| `- note: 'UIButton' has been explicitly marked unavailable here
50 |
51 | - (instancetype)initWithFrame:(CGRect)frame NS_DESIGNATED_INITIALIZER;
Failed frontend command:
/Applications/Xcode-27.0.0-Release.Candidate.app/Contents/Developer/Toolchains/XcodeDefault.xctoolchain/usr/bin/swift-frontend -frontend -emit-module -experimental-skip-non-inlinable-function-bodies-without-types /Users/admin/builder/spi-builder-workspace/Sources/Font+AdditionalProperties.swift /Users/admin/builder/spi-builder-workspace/Sources/Font+Cache.swift /Users/admin/builder/spi-builder-workspace/Sources/Font+ConvenenienceInits.swift /Users/admin/builder/spi-builder-workspace/Sources/Font+TextStyles.swift /Users/admin/builder/spi-builder-workspace/Sources/Font.swift /Users/admin/builder/spi-builder-workspace/Sources/SymbolConfiguration.swift /Users/admin/builder/spi-builder-workspace/Sources/UIFont+Helper.swift /Users/admin/builder/spi-builder-workspace/Sources/UIFontWeight+Helper.swift /Users/admin/builder/spi-builder-workspace/Sources/UIKit+FontHelpers.swift -target arm64-apple-watchos9.0 -disable-cross-import-overlay-search -load-resolved-plugin /Applications/Xcode-27.0.0-Release.Candidate.app/Contents/Developer/Platforms/WatchOS.platform/Developer/usr/lib/swift/host/plugins/libFoundationMacros.dylib\#/Applications/Xcode-27.0.0-Release.Candidate.app/Contents/Developer/Platforms/WatchOS.platform/Developer/usr/bin/swift-plugin-server\#FoundationMacros -load-resolved-plugin /Applications/Xcode-27.0.0-Release.Candidate.app/Contents/Developer/Platforms/WatchOS.platform/Developer/usr/lib/swift/host/plugins/libObservationMacros.dylib\#/Applications/Xcode-27.0.0-Release.Candidate.app/Contents/Developer/Platforms/WatchOS.platform/Developer/usr/bin/swift-plugin-server\#ObservationMacros -load-resolved-plugin /Applications/Xcode-27.0.0-Release.Candidate.app/Contents/Developer/Platforms/WatchOS.platform/Developer/usr/lib/swift/host/plugins/libSwiftMacros.dylib\#/Applications/Xcode-27.0.0-Release.Candidate.app/Contents/Developer/Platforms/WatchOS.platform/Developer/usr/bin/swift-plugin-server\#SwiftMacros -load-resolved-plugin /Applications/Xcode-27.0.0-Release.Candidate.app/Contents/Developer/Platforms/WatchOS.platform/Developer/usr/lib/swift/host/plugins/libSwiftUIMacros.dylib\#/Applications/Xcode-27.0.0-Release.Candidate.app/Contents/Developer/Platforms/WatchOS.platform/Developer/usr/bin/swift-plugin-server\#SwiftUIMacros -disable-implicit-swift-modules -Xcc -fno-implicit-modules -Xcc -fno-implicit-module-maps -explicit-swift-module-map-file /Users/admin/builder/spi-builder-workspace/.derivedData/Build/Intermediates.noindex/AveFontHelpers.build/Debug-watchos/AveFontHelpers-t.build/Objects-normal/arm64/AveFontHelpers-dependencies-2.json -Xllvm -aarch64-use-tbi -enable-objc-interop -stack-check -sdk /Applications/Xcode-27.0.0-Release.Candidate.app/Contents/Developer/Platforms/WatchOS.platform/Developer/SDKs/WatchOS27.0.sdk -I /Users/admin/builder/spi-builder-workspace/.derivedData/Build/Products/Debug-watchos -Isystem /Applications/Xcode-27.0.0-Release.Candidate.app/Contents/Developer/Platforms/WatchOS.platform/Developer/usr/lib -F /Users/admin/builder/spi-builder-workspace/.derivedData/Build/Products/Debug-watchos -F /Applications/Xcode-27.0.0-Release.Candidate.app/Contents/Developer/Platforms/WatchOS.platform/Developer/Library/Frameworks -F /Applications/Xcode-27.0.0-Release.Candidate.app/Contents/Developer/Platforms/WatchOS.platform/Developer/SDKs/WatchOS27.0.sdk/Developer/Library/Frameworks -module-cache-path /Users/admin/builder/spi-builder-workspace/.derivedData/Build/Intermediates.noindex/SwiftExplicitPrecompiledModules -no-color-diagnostics -Xcc -fno-color-diagnostics -enable-testing -g -debug-info-format\=dwarf -dwarf-version\=4 -swift-version 5 -Onone -D SWIFT_PACKAGE -D DEBUG -D SWIFT_MODULE_RESOURCE_BUNDLE_UNAVAILABLE -D Xcode -serialize-debugging-options -enable-experimental-feature DebugDescriptionMacro -empty-abi-descriptor -validate-clang-modules-once -clang-build-session-file /Users/admin/builder/spi-builder-workspace/.derivedData/ModuleCache.noindex/Session.modulevalidation -Xcc -working-directory -Xcc /Users/admin/builder/spi-builder-workspace/.swiftpm/xcode -enable-anonymous-context-mangled-names -file-compilation-dir /Users/admin/builder/spi-builder-workspace/.swiftpm/xcode -Xcc -D_LIBCPP_HARDENING_MODE\=_LIBCPP_HARDENING_MODE_DEBUG -Xcc -ivfsstatcache -Xcc /Users/admin/builder/spi-builder-workspace/.derivedData/SDKStatCaches.noindex/watchos27.0-24R360-e829b21a6f8c9b70876ba0858053c04477534ef55a1706bf4c1112bbb242f0a2.sdkstatcache -Xcc -fmodules-prune-interval\=86400 -Xcc -fmodules-prune-after\=345600 -Xcc -I/Users/admin/builder/spi-builder-workspace/.derivedData/Build/Products/Debug-watchos/include -Xcc -I/Users/admin/builder/spi-builder-workspace/.derivedData/Build/Intermediates.noindex/AveFontHelpers.build/Debug-watchos/AveFontHelpers-t.build/DerivedSources-normal/arm64 -Xcc -I/Users/admin/builder/spi-builder-workspace/.derivedData/Build/Intermediates.noindex/AveFontHelpers.build/Debug-watchos/AveFontHelpers-t.build/DerivedSources/arm64 -Xcc -I/Users/admin/builder/spi-builder-workspace/.derivedData/Build/Intermediates.noindex/AveFontHelpers.build/Debug-watchos/AveFontHelpers-t.build/DerivedSources -Xcc -DSWIFT_PACKAGE -Xcc -DDEBUG\=1 -no-auto-bridging-header-chaining -module-name AveFontHelpers -const-gather-protocols-file /Users/admin/builder/spi-builder-workspace/.derivedData/Build/Intermediates.noindex/AveFontHelpers.build/Debug-watchos/AveFontHelpers-t.build/Objects-normal/arm64/AveFontHelpers_const_extract_protocols.json -disable-clang-spi -clang-target arm64-apple-watchos27.0 -target-sdk-version 27.0 -target-sdk-name watchos27.0 -in-process-plugin-server-path /Applications/Xcode-27.0.0-Release.Candidate.app/Contents/Developer/Toolchains/XcodeDefault.xctoolchain/usr/lib/swift/host/libSwiftInProcPluginServer.dylib -emit-module-doc-path /Users/admin/builder/spi-builder-workspace/.derivedData/Build/Intermediates.noindex/AveFontHelpers.build/Debug-watchos/AveFontHelpers-t.build/Objects-normal/arm64/AveFontHelpers.swiftdoc -emit-module-source-info-path /Users/admin/builder/spi-builder-workspace/.derivedData/Build/Intermediates.noindex/AveFontHelpers.build/Debug-watchos/AveFontHelpers-t.build/Objects-normal/arm64/AveFontHelpers.swiftsourceinfo -emit-objc-header-path /Users/admin/builder/spi-builder-workspace/.derivedData/Build/Intermediates.noindex/AveFontHelpers.build/Debug-watchos/AveFontHelpers-t.build/Objects-normal/arm64/AveFontHelpers-Swift.h -serialize-diagnostics-path /Users/admin/builder/spi-builder-workspace/.derivedData/Build/Intermediates.noindex/AveFontHelpers.build/Debug-watchos/AveFontHelpers-t.build/Objects-normal/arm64/AveFontHelpers-primary-emit-module.dia -emit-dependencies-path /Users/admin/builder/spi-builder-workspace/.derivedData/Build/Intermediates.noindex/AveFontHelpers.build/Debug-watchos/AveFontHelpers-t.build/Objects-normal/arm64/AveFontHelpers-primary-emit-module.d -parse-as-library -o /Users/admin/builder/spi-builder-workspace/.derivedData/Build/Intermediates.noindex/AveFontHelpers.build/Debug-watchos/AveFontHelpers-t.build/Objects-normal/arm64/AveFontHelpers.swiftmodule -emit-abi-descriptor-path /Users/admin/builder/spi-builder-workspace/.derivedData/Build/Intermediates.noindex/AveFontHelpers.build/Debug-watchos/AveFontHelpers-t.build/Objects-normal/arm64/AveFontHelpers.abi.json
SwiftCompile normal arm64 (in target 'AveFontHelpers' from project 'AveFontHelpers')
cd /Users/admin/builder/spi-builder-workspace/.swiftpm/xcode
SwiftCompile normal arm64 Compiling\ Font+TextStyles.swift /Users/admin/builder/spi-builder-workspace/Sources/Font+TextStyles.swift (in target 'AveFontHelpers' from project 'AveFontHelpers')
SwiftCompile normal arm64 /Users/admin/builder/spi-builder-workspace/Sources/Font+TextStyles.swift (in target 'AveFontHelpers' from project 'AveFontHelpers')
cd /Users/admin/builder/spi-builder-workspace/.swiftpm/xcode
builtin-SwiftPerFileCompile Font+TextStyles.swift
SwiftCompile normal arm64 Compiling\ Font.swift /Users/admin/builder/spi-builder-workspace/Sources/Font.swift (in target 'AveFontHelpers' from project 'AveFontHelpers')
SwiftCompile normal arm64 /Users/admin/builder/spi-builder-workspace/Sources/Font.swift (in target 'AveFontHelpers' from project 'AveFontHelpers')
cd /Users/admin/builder/spi-builder-workspace/.swiftpm/xcode
builtin-SwiftPerFileCompile Font.swift
SwiftCompile normal arm64 Compiling\ Font+ConvenenienceInits.swift /Users/admin/builder/spi-builder-workspace/Sources/Font+ConvenenienceInits.swift (in target 'AveFontHelpers' from project 'AveFontHelpers')
SwiftCompile normal arm64 /Users/admin/builder/spi-builder-workspace/Sources/Font+ConvenenienceInits.swift (in target 'AveFontHelpers' from project 'AveFontHelpers')
cd /Users/admin/builder/spi-builder-workspace/.swiftpm/xcode
builtin-SwiftPerFileCompile Font+ConvenenienceInits.swift
SwiftCompile normal arm64 Compiling\ UIFont+Helper.swift /Users/admin/builder/spi-builder-workspace/Sources/UIFont+Helper.swift (in target 'AveFontHelpers' from project 'AveFontHelpers')
/Users/admin/builder/spi-builder-workspace/Sources/UIFont+Helper.swift:19:91: error: 'UIContentSizeCategory' is unavailable in watchOS
17 | var semibold: UIFont { withWeight(.semibold) }
18 |
19 | static func preferredFont(forTextStyle textStyle: UIFont.TextStyle, contentSizeCategory: UIContentSizeCategory) -> UIFont {
| `- error: 'UIContentSizeCategory' is unavailable in watchOS
20 | var font: UIFont? = nil
21 | UITraitCollection(traitsFrom: [.current, UITraitCollection(preferredContentSizeCategory: .large)]).performAsCurrent {
/Applications/Xcode-27.0.0-Release.Candidate.app/Contents/Developer/Platforms/WatchOS.platform/Developer/SDKs/WatchOS27.0.sdk/System/Library/Frameworks/UIKit.framework/Headers/UIContentSizeCategory.h:14:20: note: 'UIContentSizeCategory' has been explicitly marked unavailable here
12 | NS_HEADER_AUDIT_BEGIN(nullability, sendability)
13 |
14 | typedef NSString * UIContentSizeCategory NS_TYPED_ENUM API_AVAILABLE(ios(7.0)) API_UNAVAILABLE(watchos);
| `- note: 'UIContentSizeCategory' has been explicitly marked unavailable here
15 |
16 | // Content size category constants
/Users/admin/builder/spi-builder-workspace/Sources/UIFont+Helper.swift:21:3: error: 'UITraitCollection' is unavailable in watchOS
19 | static func preferredFont(forTextStyle textStyle: UIFont.TextStyle, contentSizeCategory: UIContentSizeCategory) -> UIFont {
20 | var font: UIFont? = nil
21 | UITraitCollection(traitsFrom: [.current, UITraitCollection(preferredContentSizeCategory: .large)]).performAsCurrent {
| `- error: 'UITraitCollection' is unavailable in watchOS
22 | font = UIFont.preferredFont(forTextStyle: textStyle, compatibleWith: .current)
23 | }
/Applications/Xcode-27.0.0-Release.Candidate.app/Contents/Developer/Platforms/WatchOS.platform/Developer/SDKs/WatchOS27.0.sdk/System/Library/Frameworks/UIKit.framework/Headers/UITraitCollection.h:23:12: note: 'UITraitCollection' has been explicitly marked unavailable here
21 |
22 | UIKIT_EXTERN API_AVAILABLE(ios(8.0)) API_UNAVAILABLE(watchos) NS_SWIFT_SENDABLE
23 | @interface UITraitCollection : NSObject <NSCopying, NSSecureCoding>
| `- note: 'UITraitCollection' has been explicitly marked unavailable here
24 |
25 | - (instancetype)init NS_DESIGNATED_INITIALIZER;
/Users/admin/builder/spi-builder-workspace/Sources/UIFont+Helper.swift:21:35: error: 'current' is unavailable in watchOS
19 | static func preferredFont(forTextStyle textStyle: UIFont.TextStyle, contentSizeCategory: UIContentSizeCategory) -> UIFont {
20 | var font: UIFont? = nil
21 | UITraitCollection(traitsFrom: [.current, UITraitCollection(preferredContentSizeCategory: .large)]).performAsCurrent {
| `- error: 'current' is unavailable in watchOS
22 | font = UIFont.preferredFont(forTextStyle: textStyle, compatibleWith: .current)
23 | }
/Applications/Xcode-27.0.0-Release.Candidate.app/Contents/Developer/Platforms/WatchOS.platform/Developer/SDKs/WatchOS27.0.sdk/System/Library/Frameworks/UIKit.framework/Headers/UITraitCollection.h:263:57: note: 'current' has been explicitly marked unavailable here
261 | * This is a thread-local property, so it may be changed on non-main threads without affecting the main thread.
262 | */
263 | @property (class, nonatomic, strong) UITraitCollection *currentTraitCollection API_AVAILABLE(ios(13.0), tvos(13.0)) API_UNAVAILABLE(watchos);
| `- note: 'current' has been explicitly marked unavailable here
264 |
265 | /* Sets `UITraitCollection.currentTraitCollection` to this trait collection, performs the given actions,
/Users/admin/builder/spi-builder-workspace/Sources/UIFont+Helper.swift:21:44: error: 'UITraitCollection' is unavailable in watchOS
19 | static func preferredFont(forTextStyle textStyle: UIFont.TextStyle, contentSizeCategory: UIContentSizeCategory) -> UIFont {
20 | var font: UIFont? = nil
21 | UITraitCollection(traitsFrom: [.current, UITraitCollection(preferredContentSizeCategory: .large)]).performAsCurrent {
| `- error: 'UITraitCollection' is unavailable in watchOS
22 | font = UIFont.preferredFont(forTextStyle: textStyle, compatibleWith: .current)
23 | }
/Applications/Xcode-27.0.0-Release.Candidate.app/Contents/Developer/Platforms/WatchOS.platform/Developer/SDKs/WatchOS27.0.sdk/System/Library/Frameworks/UIKit.framework/Headers/UITraitCollection.h:23:12: note: 'UITraitCollection' has been explicitly marked unavailable here
21 |
22 | UIKIT_EXTERN API_AVAILABLE(ios(8.0)) API_UNAVAILABLE(watchos) NS_SWIFT_SENDABLE
23 | @interface UITraitCollection : NSObject <NSCopying, NSSecureCoding>
| `- note: 'UITraitCollection' has been explicitly marked unavailable here
24 |
25 | - (instancetype)init NS_DESIGNATED_INITIALIZER;
/Users/admin/builder/spi-builder-workspace/Sources/UIFont+Helper.swift:21:44: error: 'init(preferredContentSizeCategory:)' is unavailable in watchOS
19 | static func preferredFont(forTextStyle textStyle: UIFont.TextStyle, contentSizeCategory: UIContentSizeCategory) -> UIFont {
20 | var font: UIFont? = nil
21 | UITraitCollection(traitsFrom: [.current, UITraitCollection(preferredContentSizeCategory: .large)]).performAsCurrent {
| `- error: 'init(preferredContentSizeCategory:)' is unavailable in watchOS
22 | font = UIFont.preferredFont(forTextStyle: textStyle, compatibleWith: .current)
23 | }
/Applications/Xcode-27.0.0-Release.Candidate.app/Contents/Developer/Platforms/WatchOS.platform/Developer/SDKs/WatchOS27.0.sdk/System/Library/Frameworks/UIKit.framework/Headers/UITraitCollection.h:59:1: note: 'init(preferredContentSizeCategory:)' has been explicitly marked unavailable here
57 | @property (nonatomic, readonly) UIForceTouchCapability forceTouchCapability API_AVAILABLE(ios(9.0)); // unspecified: UIForceTouchCapabilityUnknown
58 |
59 | + (UITraitCollection *)traitCollectionWithPreferredContentSizeCategory:(UIContentSizeCategory)preferredContentSizeCategory API_AVAILABLE(ios(10.0)) API_UNAVAILABLE(watchos);
| `- note: 'init(preferredContentSizeCategory:)' has been explicitly marked unavailable here
60 | @property (nonatomic, copy, readonly) UIContentSizeCategory preferredContentSizeCategory API_AVAILABLE(ios(10.0)) API_UNAVAILABLE(watchos); // unspecified: UIContentSizeCategoryUnspecified
61 |
/Users/admin/builder/spi-builder-workspace/Sources/UIFont+Helper.swift:21:93: error: 'large' is unavailable in watchOS
19 | static func preferredFont(forTextStyle textStyle: UIFont.TextStyle, contentSizeCategory: UIContentSizeCategory) -> UIFont {
20 | var font: UIFont? = nil
21 | UITraitCollection(traitsFrom: [.current, UITraitCollection(preferredContentSizeCategory: .large)]).performAsCurrent {
| `- error: 'large' is unavailable in watchOS
22 | font = UIFont.preferredFont(forTextStyle: textStyle, compatibleWith: .current)
23 | }
/Applications/Xcode-27.0.0-Release.Candidate.app/Contents/Developer/Platforms/WatchOS.platform/Developer/SDKs/WatchOS27.0.sdk/System/Library/Frameworks/UIKit.framework/Headers/UIContentSizeCategory.h:22:42: note: 'large' has been explicitly marked unavailable here
20 | UIKIT_EXTERN UIContentSizeCategory const UIContentSizeCategorySmall API_AVAILABLE(ios(7.0)) API_UNAVAILABLE(watchos);
21 | UIKIT_EXTERN UIContentSizeCategory const UIContentSizeCategoryMedium API_AVAILABLE(ios(7.0)) API_UNAVAILABLE(watchos);
22 | UIKIT_EXTERN UIContentSizeCategory const UIContentSizeCategoryLarge API_AVAILABLE(ios(7.0)) API_UNAVAILABLE(watchos);
| `- note: 'large' has been explicitly marked unavailable here
23 | UIKIT_EXTERN UIContentSizeCategory const UIContentSizeCategoryExtraLarge API_AVAILABLE(ios(7.0)) API_UNAVAILABLE(watchos);
24 | UIKIT_EXTERN UIContentSizeCategory const UIContentSizeCategoryExtraExtraLarge API_AVAILABLE(ios(7.0)) API_UNAVAILABLE(watchos);
/Users/admin/builder/spi-builder-workspace/Sources/UIFont+Helper.swift:21:102: error: 'performAsCurrent' is unavailable in watchOS
19 | static func preferredFont(forTextStyle textStyle: UIFont.TextStyle, contentSizeCategory: UIContentSizeCategory) -> UIFont {
20 | var font: UIFont? = nil
21 | UITraitCollection(traitsFrom: [.current, UITraitCollection(preferredContentSizeCategory: .large)]).performAsCurrent {
| `- error: 'performAsCurrent' is unavailable in watchOS
22 | font = UIFont.preferredFont(forTextStyle: textStyle, compatibleWith: .current)
23 | }
/Applications/Xcode-27.0.0-Release.Candidate.app/Contents/Developer/Platforms/WatchOS.platform/Developer/SDKs/WatchOS27.0.sdk/System/Library/Frameworks/UIKit.framework/Headers/UITraitCollection.h:270:1: note: 'performAsCurrent' has been explicitly marked unavailable here
268 | * without affecting the main thread.
269 | */
270 | - (void)performAsCurrentTraitCollection:(void (NS_NOESCAPE ^)(void))actions API_AVAILABLE(ios(13.0), tvos(13.0)) API_UNAVAILABLE(watchos);
| `- note: 'performAsCurrent' has been explicitly marked unavailable here
271 |
272 | @end
/Users/admin/builder/spi-builder-workspace/Sources/UIFont+Helper.swift:22:18: error: 'preferredFont(forTextStyle:compatibleWith:)' is unavailable in watchOS
20 | var font: UIFont? = nil
21 | UITraitCollection(traitsFrom: [.current, UITraitCollection(preferredContentSizeCategory: .large)]).performAsCurrent {
22 | font = UIFont.preferredFont(forTextStyle: textStyle, compatibleWith: .current)
| `- error: 'preferredFont(forTextStyle:compatibleWith:)' is unavailable in watchOS
23 | }
24 |
/Applications/Xcode-27.0.0-Release.Candidate.app/Contents/Developer/Platforms/WatchOS.platform/Developer/SDKs/WatchOS27.0.sdk/System/Library/Frameworks/UIKit.framework/Headers/UIFont.h:25:1: note: 'preferredFont(forTextStyle:compatibleWith:)' has been explicitly marked unavailable here
23 | + (UIFont *)preferredFontForTextStyle:(UIFontTextStyle)style API_AVAILABLE(ios(7.0), watchos(2.0));
24 | // Returns an instance of the font associated with the text style and scaled appropriately for the content size category defined in the trait collection.
25 | + (UIFont *)preferredFontForTextStyle:(UIFontTextStyle)style compatibleWithTraitCollection:(nullable UITraitCollection *)traitCollection API_AVAILABLE(ios(10.0)) API_UNAVAILABLE(watchos);
| `- note: 'preferredFont(forTextStyle:compatibleWith:)' has been explicitly marked unavailable here
26 |
27 | // Returns a font using CSS name matching semantics.
SwiftCompile normal arm64 /Users/admin/builder/spi-builder-workspace/Sources/UIFont+Helper.swift (in target 'AveFontHelpers' from project 'AveFontHelpers')
cd /Users/admin/builder/spi-builder-workspace/.swiftpm/xcode
builtin-SwiftPerFileCompile UIFont+Helper.swift
SwiftCompile normal arm64 Compiling\ UIFontWeight+Helper.swift /Users/admin/builder/spi-builder-workspace/Sources/UIFontWeight+Helper.swift (in target 'AveFontHelpers' from project 'AveFontHelpers')
SwiftCompile normal arm64 /Users/admin/builder/spi-builder-workspace/Sources/UIFontWeight+Helper.swift (in target 'AveFontHelpers' from project 'AveFontHelpers')
cd /Users/admin/builder/spi-builder-workspace/.swiftpm/xcode
builtin-SwiftPerFileCompile UIFontWeight+Helper.swift
SwiftCompile normal arm64 Compiling\ Font+Cache.swift /Users/admin/builder/spi-builder-workspace/Sources/Font+Cache.swift (in target 'AveFontHelpers' from project 'AveFontHelpers')
SwiftCompile normal arm64 /Users/admin/builder/spi-builder-workspace/Sources/Font+Cache.swift (in target 'AveFontHelpers' from project 'AveFontHelpers')
cd /Users/admin/builder/spi-builder-workspace/.swiftpm/xcode
builtin-SwiftPerFileCompile Font+Cache.swift
/Users/admin/builder/spi-builder-workspace/Sources/Font+Cache.swift:34:28: error: 'UIContentSizeCategory' is unavailable in watchOS
32 | fileprivate final class CacheKey: NSObject {
33 | let font: Font
34 | let contentSizeCategory: UIContentSizeCategory
| `- error: 'UIContentSizeCategory' is unavailable in watchOS
35 |
36 | init(font: Font, contentSizeCategory: UIContentSizeCategory) {
/Applications/Xcode-27.0.0-Release.Candidate.app/Contents/Developer/Platforms/WatchOS.platform/Developer/SDKs/WatchOS27.0.sdk/System/Library/Frameworks/UIKit.framework/Headers/UIContentSizeCategory.h:14:20: note: 'UIContentSizeCategory' has been explicitly marked unavailable here
12 | NS_HEADER_AUDIT_BEGIN(nullability, sendability)
13 |
14 | typedef NSString * UIContentSizeCategory NS_TYPED_ENUM API_AVAILABLE(ios(7.0)) API_UNAVAILABLE(watchos);
| `- note: 'UIContentSizeCategory' has been explicitly marked unavailable here
15 |
16 | // Content size category constants
/Users/admin/builder/spi-builder-workspace/Sources/Font+Cache.swift:36:41: error: 'UIContentSizeCategory' is unavailable in watchOS
34 | let contentSizeCategory: UIContentSizeCategory
35 |
36 | init(font: Font, contentSizeCategory: UIContentSizeCategory) {
| `- error: 'UIContentSizeCategory' is unavailable in watchOS
37 | self.font = font
38 | self.contentSizeCategory = contentSizeCategory
/Applications/Xcode-27.0.0-Release.Candidate.app/Contents/Developer/Platforms/WatchOS.platform/Developer/SDKs/WatchOS27.0.sdk/System/Library/Frameworks/UIKit.framework/Headers/UIContentSizeCategory.h:14:20: note: 'UIContentSizeCategory' has been explicitly marked unavailable here
12 | NS_HEADER_AUDIT_BEGIN(nullability, sendability)
13 |
14 | typedef NSString * UIContentSizeCategory NS_TYPED_ENUM API_AVAILABLE(ios(7.0)) API_UNAVAILABLE(watchos);
| `- note: 'UIContentSizeCategory' has been explicitly marked unavailable here
15 |
16 | // Content size category constants
/Users/admin/builder/spi-builder-workspace/Sources/Font+Cache.swift:19:55: error: 'UITraitCollection' is unavailable in watchOS
17 |
18 | let cache = Self.cache
19 | let key = CacheKey(font: self, contentSizeCategory: UITraitCollection.current.preferredContentSizeCategory)
| `- error: 'UITraitCollection' is unavailable in watchOS
20 | if let cachedFont = cache.object(forKey: key) {
21 | return cachedFont
/Applications/Xcode-27.0.0-Release.Candidate.app/Contents/Developer/Platforms/WatchOS.platform/Developer/SDKs/WatchOS27.0.sdk/System/Library/Frameworks/UIKit.framework/Headers/UITraitCollection.h:23:12: note: 'UITraitCollection' has been explicitly marked unavailable here
21 |
22 | UIKIT_EXTERN API_AVAILABLE(ios(8.0)) API_UNAVAILABLE(watchos) NS_SWIFT_SENDABLE
23 | @interface UITraitCollection : NSObject <NSCopying, NSSecureCoding>
| `- note: 'UITraitCollection' has been explicitly marked unavailable here
24 |
25 | - (instancetype)init NS_DESIGNATED_INITIALIZER;
/Users/admin/builder/spi-builder-workspace/Sources/Font+Cache.swift:19:73: error: 'current' is unavailable in watchOS
17 |
18 | let cache = Self.cache
19 | let key = CacheKey(font: self, contentSizeCategory: UITraitCollection.current.preferredContentSizeCategory)
| `- error: 'current' is unavailable in watchOS
20 | if let cachedFont = cache.object(forKey: key) {
21 | return cachedFont
/Applications/Xcode-27.0.0-Release.Candidate.app/Contents/Developer/Platforms/WatchOS.platform/Developer/SDKs/WatchOS27.0.sdk/System/Library/Frameworks/UIKit.framework/Headers/UITraitCollection.h:263:57: note: 'current' has been explicitly marked unavailable here
261 | * This is a thread-local property, so it may be changed on non-main threads without affecting the main thread.
262 | */
263 | @property (class, nonatomic, strong) UITraitCollection *currentTraitCollection API_AVAILABLE(ios(13.0), tvos(13.0)) API_UNAVAILABLE(watchos);
| `- note: 'current' has been explicitly marked unavailable here
264 |
265 | /* Sets `UITraitCollection.currentTraitCollection` to this trait collection, performs the given actions,
SwiftCompile normal arm64 Compiling\ Font+AdditionalProperties.swift /Users/admin/builder/spi-builder-workspace/Sources/Font+AdditionalProperties.swift (in target 'AveFontHelpers' from project 'AveFontHelpers')
SwiftCompile normal arm64 /Users/admin/builder/spi-builder-workspace/Sources/Font+AdditionalProperties.swift (in target 'AveFontHelpers' from project 'AveFontHelpers')
cd /Users/admin/builder/spi-builder-workspace/.swiftpm/xcode
builtin-SwiftPerFileCompile Font+AdditionalProperties.swift
SwiftCompile normal arm64 Compiling\ SymbolConfiguration.swift /Users/admin/builder/spi-builder-workspace/Sources/SymbolConfiguration.swift (in target 'AveFontHelpers' from project 'AveFontHelpers')
SwiftCompile normal arm64 /Users/admin/builder/spi-builder-workspace/Sources/SymbolConfiguration.swift (in target 'AveFontHelpers' from project 'AveFontHelpers')
cd /Users/admin/builder/spi-builder-workspace/.swiftpm/xcode
builtin-SwiftPerFileCompile SymbolConfiguration.swift
SwiftEmitModule normal arm64_32 Emitting\ module\ for\ AveFontHelpers (in target 'AveFontHelpers' from project 'AveFontHelpers')
SwiftCompile normal arm64_32 (in target 'AveFontHelpers' from project 'AveFontHelpers')
cd /Users/admin/builder/spi-builder-workspace/.swiftpm/xcode
PruneExplicitPrecompiledModules /Users/admin/builder/spi-builder-workspace/.derivedData/Build/Intermediates.noindex/ExplicitPrecompiledModules
PruneExplicitPrecompiledModules /Users/admin/builder/spi-builder-workspace/.derivedData/Build/Intermediates.noindex/SwiftExplicitPrecompiledModules
PruneExplicitPrecompiledModules /Users/admin/builder/spi-builder-workspace/.derivedData/SDKExplicitPrecompiledModules
2026-09-21 05:02:37.993 xcodebuild[652:4240] [MT] IDERunDestination: Supported platforms for the buildables in the current scheme is empty.
** BUILD FAILED **
The following build commands failed:
SwiftEmitModule normal arm64 Emitting\ module\ for\ AveFontHelpers (in target 'AveFontHelpers' from project 'AveFontHelpers')
SwiftCompile normal arm64 (in target 'AveFontHelpers' from project 'AveFontHelpers')
Building workspace AveFontHelpers with scheme AveFontHelpers
(3 failures)
Command line invocation:
/Applications/Xcode-27.0.0-Release.Candidate.app/Contents/Developer/usr/bin/xcodebuild -IDEClonedSourcePackagesDirPathOverride=/Users/admin/builder/spi-builder-workspace/.dependencies -resolvePackageDependencies
Resolve Package Graph
Resolved source packages:
AveFontHelpers: /Users/admin/builder/spi-builder-workspace
resolved source packages: AveFontHelpers
2026-09-21 05:02:44.193 xcodebuild[779:4740] [MT] IDERunDestination: Supported platforms for the buildables in the current scheme is empty.
{
"dependencies" : [
],
"manifest_display_name" : "AveFontHelpers",
"name" : "AveFontHelpers",
"path" : "/Users/admin/builder/spi-builder-workspace",
"platforms" : [
{
"name" : "ios",
"version" : "13.0"
}
],
"products" : [
{
"name" : "AveFontHelpers",
"targets" : [
"AveFontHelpers"
],
"type" : {
"library" : [
"automatic"
]
}
}
],
"targets" : [
{
"c99name" : "AveFontHelpers",
"module_type" : "SwiftTarget",
"name" : "AveFontHelpers",
"path" : "Sources",
"product_memberships" : [
"AveFontHelpers"
],
"sources" : [
"Font+AdditionalProperties.swift",
"Font+Cache.swift",
"Font+ConvenenienceInits.swift",
"Font+TextStyles.swift",
"Font.swift",
"SymbolConfiguration.swift",
"UIFont+Helper.swift",
"UIFontWeight+Helper.swift",
"UIKit+FontHelpers.swift"
],
"type" : "library"
}
],
"tools_version" : "5.3"
}
{
"workspace" : {
"name" : "AveFontHelpers",
"schemes" : [
"AveFontHelpers"
]
}
}
2026-09-21 05:02:45.407 xcodebuild[787:4804] [MT] IDERunDestination: Supported platforms for the buildables in the current scheme is empty.
Running build ...
env DEVELOPER_DIR=/Applications/Xcode-27.0.0-Release.Candidate.app xcrun xcodebuild -IDEClonedSourcePackagesDirPathOverride=$PWD/.dependencies -skipMacroValidation -skipPackagePluginValidation -derivedDataPath $PWD/.derivedData build -scheme AveFontHelpers -destination generic/platform=watchOS
Command line invocation:
/Applications/Xcode-27.0.0-Release.Candidate.app/Contents/Developer/usr/bin/xcodebuild -IDEClonedSourcePackagesDirPathOverride=/Users/admin/builder/spi-builder-workspace/.dependencies -skipMacroValidation -skipPackagePluginValidation -derivedDataPath /Users/admin/builder/spi-builder-workspace/.derivedData build -scheme AveFontHelpers -destination generic/platform=watchOS
Resolve Package Graph
Resolved source packages:
AveFontHelpers: /Users/admin/builder/spi-builder-workspace
ComputePackagePrebuildTargetDependencyGraph
Prepare packages
CreateBuildRequest
SendProjectDescription
CreateBuildOperation
ComputeTargetDependencyGraph
note: Building targets in dependency order
note: Target dependency graph (2 targets)
Target 'AveFontHelpers-product' in project 'AveFontHelpers'
➜ Explicit dependency on target 'AveFontHelpers' in project 'AveFontHelpers'
Target 'AveFontHelpers' in project 'AveFontHelpers' (no dependencies)
GatherProvisioningInputs
CreateBuildDescription
ClangStatCache /Applications/Xcode-27.0.0-Release.Candidate.app/Contents/Developer/Toolchains/XcodeDefault.xctoolchain/usr/bin/clang-stat-cache /Applications/Xcode-27.0.0-Release.Candidate.app/Contents/Developer/Platforms/WatchOS.platform/Developer/SDKs/WatchOS27.0.sdk /Users/admin/builder/spi-builder-workspace/.derivedData/SDKStatCaches.noindex/watchos27.0-24R360-e829b21a6f8c9b70876ba0858053c04477534ef55a1706bf4c1112bbb242f0a2.sdkstatcache
cd /Users/admin/builder/spi-builder-workspace/.swiftpm/xcode
/Applications/Xcode-27.0.0-Release.Candidate.app/Contents/Developer/Toolchains/XcodeDefault.xctoolchain/usr/bin/clang-stat-cache /Applications/Xcode-27.0.0-Release.Candidate.app/Contents/Developer/Platforms/WatchOS.platform/Developer/SDKs/WatchOS27.0.sdk -o /Users/admin/builder/spi-builder-workspace/.derivedData/SDKStatCaches.noindex/watchos27.0-24R360-e829b21a6f8c9b70876ba0858053c04477534ef55a1706bf4c1112bbb242f0a2.sdkstatcache
SwiftDriver AveFontHelpers normal arm64 com.apple.xcode.tools.swift.compiler (in target 'AveFontHelpers' from project 'AveFontHelpers')
cd /Users/admin/builder/spi-builder-workspace/.swiftpm/xcode
builtin-SwiftDriver -- /Applications/Xcode-27.0.0-Release.Candidate.app/Contents/Developer/Toolchains/XcodeDefault.xctoolchain/usr/bin/swiftc -parse-as-library -module-name AveFontHelpers -Onone @/Users/admin/builder/spi-builder-workspace/.derivedData/Build/Intermediates.noindex/AveFontHelpers.build/Debug-watchos/AveFontHelpers-t.build/Objects-normal/arm64/AveFontHelpers.SwiftFileList -DSWIFT_PACKAGE -DDEBUG -DSWIFT_MODULE_RESOURCE_BUNDLE_UNAVAILABLE -DXcode -plugin-path /Applications/Xcode-27.0.0-Release.Candidate.app/Contents/Developer/Toolchains/XcodeDefault.xctoolchain/usr/lib/swift/host/plugins/testing -enable-experimental-feature DebugDescriptionMacro -sdk /Applications/Xcode-27.0.0-Release.Candidate.app/Contents/Developer/Platforms/WatchOS.platform/Developer/SDKs/WatchOS27.0.sdk -target arm64-apple-watchos9.0 -g -module-cache-path /Users/admin/builder/spi-builder-workspace/.derivedData/ModuleCache.noindex -Xfrontend -serialize-debugging-options -enable-testing -index-store-path /Users/admin/builder/spi-builder-workspace/.derivedData/Index.noindex/DataStore -Xcc -D_LIBCPP_HARDENING_MODE\=_LIBCPP_HARDENING_MODE_DEBUG -swift-version 5 -I /Users/admin/builder/spi-builder-workspace/.derivedData/Build/Products/Debug-watchos -Isystem /Applications/Xcode-27.0.0-Release.Candidate.app/Contents/Developer/Platforms/WatchOS.platform/Developer/usr/lib -F /Users/admin/builder/spi-builder-workspace/.derivedData/Build/Products/Debug-watchos -F /Applications/Xcode-27.0.0-Release.Candidate.app/Contents/Developer/Platforms/WatchOS.platform/Developer/Library/Frameworks -F /Applications/Xcode-27.0.0-Release.Candidate.app/Contents/Developer/Platforms/WatchOS.platform/Developer/SDKs/WatchOS27.0.sdk/Developer/Library/Frameworks -c -j10 -enable-batch-mode -incremental -Xcc -ivfsstatcache -Xcc /Users/admin/builder/spi-builder-workspace/.derivedData/SDKStatCaches.noindex/watchos27.0-24R360-e829b21a6f8c9b70876ba0858053c04477534ef55a1706bf4c1112bbb242f0a2.sdkstatcache -output-file-map /Users/admin/builder/spi-builder-workspace/.derivedData/Build/Intermediates.noindex/AveFontHelpers.build/Debug-watchos/AveFontHelpers-t.build/Objects-normal/arm64/AveFontHelpers-OutputFileMap.json -save-temps -no-color-diagnostics -explicit-module-build -module-cache-path /Users/admin/builder/spi-builder-workspace/.derivedData/Build/Intermediates.noindex/SwiftExplicitPrecompiledModules -clang-scanner-module-cache-path /Users/admin/builder/spi-builder-workspace/.derivedData/ModuleCache.noindex -sdk-module-cache-path /Users/admin/builder/spi-builder-workspace/.derivedData/SDKExplicitPrecompiledModules -emit-dependencies -emit-module -emit-module-path /Users/admin/builder/spi-builder-workspace/.derivedData/Build/Intermediates.noindex/AveFontHelpers.build/Debug-watchos/AveFontHelpers-t.build/Objects-normal/arm64/AveFontHelpers.swiftmodule -serialize-diagnostics -dependency-scan-serialize-diagnostics-path /Users/admin/builder/spi-builder-workspace/.derivedData/Build/Intermediates.noindex/AveFontHelpers.build/Debug-watchos/AveFontHelpers-t.build/Objects-normal/arm64/AveFontHelpers-dependency-scan.dia -validate-clang-modules-once -clang-build-session-file /Users/admin/builder/spi-builder-workspace/.derivedData/ModuleCache.noindex/Session.modulevalidation -Xcc -fmodules-prune-interval\=86400 -Xcc -fmodules-prune-after\=345600 -emit-const-values -const-gather-protocols-list /Users/admin/builder/spi-builder-workspace/.derivedData/Build/Intermediates.noindex/AveFontHelpers.build/Debug-watchos/AveFontHelpers-t.build/Objects-normal/arm64/AveFontHelpers_const_extract_protocols.json -Xcc -I/Users/admin/builder/spi-builder-workspace/.derivedData/Build/Products/Debug-watchos/include -Xcc -I/Users/admin/builder/spi-builder-workspace/.derivedData/Build/Intermediates.noindex/AveFontHelpers.build/Debug-watchos/AveFontHelpers-t.build/DerivedSources-normal/arm64 -Xcc -I/Users/admin/builder/spi-builder-workspace/.derivedData/Build/Intermediates.noindex/AveFontHelpers.build/Debug-watchos/AveFontHelpers-t.build/DerivedSources/arm64 -Xcc -I/Users/admin/builder/spi-builder-workspace/.derivedData/Build/Intermediates.noindex/AveFontHelpers.build/Debug-watchos/AveFontHelpers-t.build/DerivedSources -Xcc -DSWIFT_PACKAGE -Xcc -DDEBUG\=1 -emit-objc-header -emit-objc-header-path /Users/admin/builder/spi-builder-workspace/.derivedData/Build/Intermediates.noindex/AveFontHelpers.build/Debug-watchos/AveFontHelpers-t.build/Objects-normal/arm64/AveFontHelpers-Swift.h -working-directory /Users/admin/builder/spi-builder-workspace/.swiftpm/xcode -experimental-emit-module-separately -disable-cmo
SwiftDriver AveFontHelpers normal arm64_32 com.apple.xcode.tools.swift.compiler (in target 'AveFontHelpers' from project 'AveFontHelpers')
cd /Users/admin/builder/spi-builder-workspace/.swiftpm/xcode
builtin-SwiftDriver -- /Applications/Xcode-27.0.0-Release.Candidate.app/Contents/Developer/Toolchains/XcodeDefault.xctoolchain/usr/bin/swiftc -parse-as-library -module-name AveFontHelpers -Onone @/Users/admin/builder/spi-builder-workspace/.derivedData/Build/Intermediates.noindex/AveFontHelpers.build/Debug-watchos/AveFontHelpers-t.build/Objects-normal/arm64_32/AveFontHelpers.SwiftFileList -DSWIFT_PACKAGE -DDEBUG -DSWIFT_MODULE_RESOURCE_BUNDLE_UNAVAILABLE -DXcode -plugin-path /Applications/Xcode-27.0.0-Release.Candidate.app/Contents/Developer/Toolchains/XcodeDefault.xctoolchain/usr/lib/swift/host/plugins/testing -enable-experimental-feature DebugDescriptionMacro -sdk /Applications/Xcode-27.0.0-Release.Candidate.app/Contents/Developer/Platforms/WatchOS.platform/Developer/SDKs/WatchOS27.0.sdk -target arm64_32-apple-watchos9.0 -g -module-cache-path /Users/admin/builder/spi-builder-workspace/.derivedData/ModuleCache.noindex -Xfrontend -serialize-debugging-options -enable-testing -index-store-path /Users/admin/builder/spi-builder-workspace/.derivedData/Index.noindex/DataStore -Xcc -D_LIBCPP_HARDENING_MODE\=_LIBCPP_HARDENING_MODE_DEBUG -swift-version 5 -I /Users/admin/builder/spi-builder-workspace/.derivedData/Build/Products/Debug-watchos -Isystem /Applications/Xcode-27.0.0-Release.Candidate.app/Contents/Developer/Platforms/WatchOS.platform/Developer/usr/lib -F /Users/admin/builder/spi-builder-workspace/.derivedData/Build/Products/Debug-watchos -F /Applications/Xcode-27.0.0-Release.Candidate.app/Contents/Developer/Platforms/WatchOS.platform/Developer/Library/Frameworks -F /Applications/Xcode-27.0.0-Release.Candidate.app/Contents/Developer/Platforms/WatchOS.platform/Developer/SDKs/WatchOS27.0.sdk/Developer/Library/Frameworks -c -j10 -enable-batch-mode -incremental -Xcc -ivfsstatcache -Xcc /Users/admin/builder/spi-builder-workspace/.derivedData/SDKStatCaches.noindex/watchos27.0-24R360-e829b21a6f8c9b70876ba0858053c04477534ef55a1706bf4c1112bbb242f0a2.sdkstatcache -output-file-map /Users/admin/builder/spi-builder-workspace/.derivedData/Build/Intermediates.noindex/AveFontHelpers.build/Debug-watchos/AveFontHelpers-t.build/Objects-normal/arm64_32/AveFontHelpers-OutputFileMap.json -save-temps -no-color-diagnostics -explicit-module-build -module-cache-path /Users/admin/builder/spi-builder-workspace/.derivedData/Build/Intermediates.noindex/SwiftExplicitPrecompiledModules -clang-scanner-module-cache-path /Users/admin/builder/spi-builder-workspace/.derivedData/ModuleCache.noindex -sdk-module-cache-path /Users/admin/builder/spi-builder-workspace/.derivedData/SDKExplicitPrecompiledModules -emit-dependencies -emit-module -emit-module-path /Users/admin/builder/spi-builder-workspace/.derivedData/Build/Intermediates.noindex/AveFontHelpers.build/Debug-watchos/AveFontHelpers-t.build/Objects-normal/arm64_32/AveFontHelpers.swiftmodule -serialize-diagnostics -dependency-scan-serialize-diagnostics-path /Users/admin/builder/spi-builder-workspace/.derivedData/Build/Intermediates.noindex/AveFontHelpers.build/Debug-watchos/AveFontHelpers-t.build/Objects-normal/arm64_32/AveFontHelpers-dependency-scan.dia -validate-clang-modules-once -clang-build-session-file /Users/admin/builder/spi-builder-workspace/.derivedData/ModuleCache.noindex/Session.modulevalidation -Xcc -fmodules-prune-interval\=86400 -Xcc -fmodules-prune-after\=345600 -emit-const-values -const-gather-protocols-list /Users/admin/builder/spi-builder-workspace/.derivedData/Build/Intermediates.noindex/AveFontHelpers.build/Debug-watchos/AveFontHelpers-t.build/Objects-normal/arm64_32/AveFontHelpers_const_extract_protocols.json -Xcc -I/Users/admin/builder/spi-builder-workspace/.derivedData/Build/Products/Debug-watchos/include -Xcc -I/Users/admin/builder/spi-builder-workspace/.derivedData/Build/Intermediates.noindex/AveFontHelpers.build/Debug-watchos/AveFontHelpers-t.build/DerivedSources-normal/arm64_32 -Xcc -I/Users/admin/builder/spi-builder-workspace/.derivedData/Build/Intermediates.noindex/AveFontHelpers.build/Debug-watchos/AveFontHelpers-t.build/DerivedSources/arm64_32 -Xcc -I/Users/admin/builder/spi-builder-workspace/.derivedData/Build/Intermediates.noindex/AveFontHelpers.build/Debug-watchos/AveFontHelpers-t.build/DerivedSources -Xcc -DSWIFT_PACKAGE -Xcc -DDEBUG\=1 -emit-objc-header -emit-objc-header-path /Users/admin/builder/spi-builder-workspace/.derivedData/Build/Intermediates.noindex/AveFontHelpers.build/Debug-watchos/AveFontHelpers-t.build/Objects-normal/arm64_32/AveFontHelpers-Swift.h -working-directory /Users/admin/builder/spi-builder-workspace/.swiftpm/xcode -experimental-emit-module-separately -disable-cmo
SwiftEmitModule normal arm64_32 Emitting\ module\ for\ AveFontHelpers (in target 'AveFontHelpers' from project 'AveFontHelpers')
/Users/admin/builder/spi-builder-workspace/Sources/Font+Cache.swift:34:28: error: 'UIContentSizeCategory' is unavailable in watchOS
32 | fileprivate final class CacheKey: NSObject {
33 | let font: Font
34 | let contentSizeCategory: UIContentSizeCategory
| `- error: 'UIContentSizeCategory' is unavailable in watchOS
35 |
36 | init(font: Font, contentSizeCategory: UIContentSizeCategory) {
/Applications/Xcode-27.0.0-Release.Candidate.app/Contents/Developer/Platforms/WatchOS.platform/Developer/SDKs/WatchOS27.0.sdk/System/Library/Frameworks/UIKit.framework/Headers/UIContentSizeCategory.h:14:20: note: 'UIContentSizeCategory' has been explicitly marked unavailable here
12 | NS_HEADER_AUDIT_BEGIN(nullability, sendability)
13 |
14 | typedef NSString * UIContentSizeCategory NS_TYPED_ENUM API_AVAILABLE(ios(7.0)) API_UNAVAILABLE(watchos);
| `- note: 'UIContentSizeCategory' has been explicitly marked unavailable here
15 |
16 | // Content size category constants
/Users/admin/builder/spi-builder-workspace/Sources/Font+Cache.swift:36:41: error: 'UIContentSizeCategory' is unavailable in watchOS
34 | let contentSizeCategory: UIContentSizeCategory
35 |
36 | init(font: Font, contentSizeCategory: UIContentSizeCategory) {
| `- error: 'UIContentSizeCategory' is unavailable in watchOS
37 | self.font = font
38 | self.contentSizeCategory = contentSizeCategory
/Applications/Xcode-27.0.0-Release.Candidate.app/Contents/Developer/Platforms/WatchOS.platform/Developer/SDKs/WatchOS27.0.sdk/System/Library/Frameworks/UIKit.framework/Headers/UIContentSizeCategory.h:14:20: note: 'UIContentSizeCategory' has been explicitly marked unavailable here
12 | NS_HEADER_AUDIT_BEGIN(nullability, sendability)
13 |
14 | typedef NSString * UIContentSizeCategory NS_TYPED_ENUM API_AVAILABLE(ios(7.0)) API_UNAVAILABLE(watchos);
| `- note: 'UIContentSizeCategory' has been explicitly marked unavailable here
15 |
16 | // Content size category constants
/Users/admin/builder/spi-builder-workspace/Sources/UIFont+Helper.swift:19:91: error: 'UIContentSizeCategory' is unavailable in watchOS
17 | var semibold: UIFont { withWeight(.semibold) }
18 |
19 | static func preferredFont(forTextStyle textStyle: UIFont.TextStyle, contentSizeCategory: UIContentSizeCategory) -> UIFont {
| `- error: 'UIContentSizeCategory' is unavailable in watchOS
20 | var font: UIFont? = nil
21 | UITraitCollection(traitsFrom: [.current, UITraitCollection(preferredContentSizeCategory: .large)]).performAsCurrent {
/Applications/Xcode-27.0.0-Release.Candidate.app/Contents/Developer/Platforms/WatchOS.platform/Developer/SDKs/WatchOS27.0.sdk/System/Library/Frameworks/UIKit.framework/Headers/UIContentSizeCategory.h:14:20: note: 'UIContentSizeCategory' has been explicitly marked unavailable here
12 | NS_HEADER_AUDIT_BEGIN(nullability, sendability)
13 |
14 | typedef NSString * UIContentSizeCategory NS_TYPED_ENUM API_AVAILABLE(ios(7.0)) API_UNAVAILABLE(watchos);
| `- note: 'UIContentSizeCategory' has been explicitly marked unavailable here
15 |
16 | // Content size category constants
/Users/admin/builder/spi-builder-workspace/Sources/UIKit+FontHelpers.swift:14:18: error: 'UILabel' is unavailable in watchOS
12 | }
13 |
14 | public extension UILabel {
| `- error: 'UILabel' is unavailable in watchOS
15 | convenience init(text: String? = nil, font: Font, color: UIColor? = nil, alignment: NSTextAlignment = .natural, numberOfLines: Int = 0) {
16 | self.init()
/Applications/Xcode-27.0.0-Release.Candidate.app/Contents/Developer/Platforms/WatchOS.platform/Developer/SDKs/WatchOS27.0.sdk/System/Library/Frameworks/UIKit.framework/Headers/UILabel.h:33:12: note: 'UILabel' has been explicitly marked unavailable here
31 |
32 | UIKIT_EXTERN API_AVAILABLE(ios(2.0)) API_UNAVAILABLE(watchos) NS_SWIFT_UI_ACTOR
33 | @interface UILabel : UIView <NSCoding, UIContentSizeCategoryAdjusting, UILetterformAwareAdjusting>
| `- note: 'UILabel' has been explicitly marked unavailable here
34 |
35 | @property(nullable, nonatomic,copy) NSString *text; // default is nil
/Users/admin/builder/spi-builder-workspace/Sources/UIKit+FontHelpers.swift:30:18: error: 'UITextView' is unavailable in watchOS
28 | }
29 |
30 | public extension UITextView {
| `- error: 'UITextView' is unavailable in watchOS
31 | convenience init(text: String? = nil, font: Font, color: UIColor? = nil, alignment: NSTextAlignment = .natural, isScrollEnabled: Bool = false) {
32 | self.init()
/Applications/Xcode-27.0.0-Release.Candidate.app/Contents/Developer/Platforms/WatchOS.platform/Developer/SDKs/WatchOS27.0.sdk/System/Library/Frameworks/UIKit.framework/Headers/UITextView.h:223:12: note: 'UITextView' has been explicitly marked unavailable here
221 |
222 | UIKIT_EXTERN API_AVAILABLE(ios(2.0)) API_UNAVAILABLE(watchos) NS_SWIFT_UI_ACTOR
223 | @interface UITextView : UIScrollView <UITextInput, UIContentSizeCategoryAdjusting, UILetterformAwareAdjusting, NSTextViewportLayoutControllerDelegate>
| `- note: 'UITextView' has been explicitly marked unavailable here
224 |
225 | @property(nullable,nonatomic,weak) id<UITextViewDelegate> delegate;
/Users/admin/builder/spi-builder-workspace/Sources/UIKit+FontHelpers.swift:46:59: error: 'UIButton' is unavailable in watchOS
44 |
45 | public extension UIButton {
46 | convenience init(title: String? = nil, font: Font, type: UIButton.ButtonType) {
| `- error: 'UIButton' is unavailable in watchOS
47 | self.init(type: type)
48 | self.setTitle(title, for: .normal)
/Applications/Xcode-27.0.0-Release.Candidate.app/Contents/Developer/Platforms/WatchOS.platform/Developer/SDKs/WatchOS27.0.sdk/System/Library/Frameworks/UIKit.framework/Headers/UIButton.h:49:12: note: 'UIButton' has been explicitly marked unavailable here
47 |
48 | UIKIT_EXTERN API_AVAILABLE(ios(2.0)) API_UNAVAILABLE(watchos) NS_SWIFT_UI_ACTOR
49 | @interface UIButton : UIControl <NSCoding>
| `- note: 'UIButton' has been explicitly marked unavailable here
50 |
51 | - (instancetype)initWithFrame:(CGRect)frame NS_DESIGNATED_INITIALIZER;
/Users/admin/builder/spi-builder-workspace/Sources/UIKit+FontHelpers.swift:45:18: error: 'UIButton' is unavailable in watchOS
43 | }
44 |
45 | public extension UIButton {
| `- error: 'UIButton' is unavailable in watchOS
46 | convenience init(title: String? = nil, font: Font, type: UIButton.ButtonType) {
47 | self.init(type: type)
/Applications/Xcode-27.0.0-Release.Candidate.app/Contents/Developer/Platforms/WatchOS.platform/Developer/SDKs/WatchOS27.0.sdk/System/Library/Frameworks/UIKit.framework/Headers/UIButton.h:49:12: note: 'UIButton' has been explicitly marked unavailable here
47 |
48 | UIKIT_EXTERN API_AVAILABLE(ios(2.0)) API_UNAVAILABLE(watchos) NS_SWIFT_UI_ACTOR
49 | @interface UIButton : UIControl <NSCoding>
| `- note: 'UIButton' has been explicitly marked unavailable here
50 |
51 | - (instancetype)initWithFrame:(CGRect)frame NS_DESIGNATED_INITIALIZER;
Failed frontend command:
SwiftCompile normal arm64_32 (in target 'AveFontHelpers' from project 'AveFontHelpers')
cd /Users/admin/builder/spi-builder-workspace/.swiftpm/xcode
/Applications/Xcode-27.0.0-Release.Candidate.app/Contents/Developer/Toolchains/XcodeDefault.xctoolchain/usr/bin/swift-frontend -frontend -emit-module -experimental-skip-non-inlinable-function-bodies-without-types /Users/admin/builder/spi-builder-workspace/Sources/Font+AdditionalProperties.swift /Users/admin/builder/spi-builder-workspace/Sources/Font+Cache.swift /Users/admin/builder/spi-builder-workspace/Sources/Font+ConvenenienceInits.swift /Users/admin/builder/spi-builder-workspace/Sources/Font+TextStyles.swift /Users/admin/builder/spi-builder-workspace/Sources/Font.swift /Users/admin/builder/spi-builder-workspace/Sources/SymbolConfiguration.swift /Users/admin/builder/spi-builder-workspace/Sources/UIFont+Helper.swift /Users/admin/builder/spi-builder-workspace/Sources/UIFontWeight+Helper.swift /Users/admin/builder/spi-builder-workspace/Sources/UIKit+FontHelpers.swift -target arm64_32-apple-watchos9.0 -disable-cross-import-overlay-search -load-resolved-plugin /Applications/Xcode-27.0.0-Release.Candidate.app/Contents/Developer/Platforms/WatchOS.platform/Developer/usr/lib/swift/host/plugins/libFoundationMacros.dylib\#/Applications/Xcode-27.0.0-Release.Candidate.app/Contents/Developer/Platforms/WatchOS.platform/Developer/usr/bin/swift-plugin-server\#FoundationMacros -load-resolved-plugin /Applications/Xcode-27.0.0-Release.Candidate.app/Contents/Developer/Platforms/WatchOS.platform/Developer/usr/lib/swift/host/plugins/libObservationMacros.dylib\#/Applications/Xcode-27.0.0-Release.Candidate.app/Contents/Developer/Platforms/WatchOS.platform/Developer/usr/bin/swift-plugin-server\#ObservationMacros -load-resolved-plugin /Applications/Xcode-27.0.0-Release.Candidate.app/Contents/Developer/Platforms/WatchOS.platform/Developer/usr/lib/swift/host/plugins/libSwiftMacros.dylib\#/Applications/Xcode-27.0.0-Release.Candidate.app/Contents/Developer/Platforms/WatchOS.platform/Developer/usr/bin/swift-plugin-server\#SwiftMacros -load-resolved-plugin /Applications/Xcode-27.0.0-Release.Candidate.app/Contents/Developer/Platforms/WatchOS.platform/Developer/usr/lib/swift/host/plugins/libSwiftUIMacros.dylib\#/Applications/Xcode-27.0.0-Release.Candidate.app/Contents/Developer/Platforms/WatchOS.platform/Developer/usr/bin/swift-plugin-server\#SwiftUIMacros -disable-implicit-swift-modules -Xcc -fno-implicit-modules -Xcc -fno-implicit-module-maps -explicit-swift-module-map-file /Users/admin/builder/spi-builder-workspace/.derivedData/Build/Intermediates.noindex/AveFontHelpers.build/Debug-watchos/AveFontHelpers-t.build/Objects-normal/arm64_32/AveFontHelpers-dependencies-1.json -enable-objc-interop -sdk /Applications/Xcode-27.0.0-Release.Candidate.app/Contents/Developer/Platforms/WatchOS.platform/Developer/SDKs/WatchOS27.0.sdk -I /Users/admin/builder/spi-builder-workspace/.derivedData/Build/Products/Debug-watchos -Isystem /Applications/Xcode-27.0.0-Release.Candidate.app/Contents/Developer/Platforms/WatchOS.platform/Developer/usr/lib -F /Users/admin/builder/spi-builder-workspace/.derivedData/Build/Products/Debug-watchos -F /Applications/Xcode-27.0.0-Release.Candidate.app/Contents/Developer/Platforms/WatchOS.platform/Developer/Library/Frameworks -F /Applications/Xcode-27.0.0-Release.Candidate.app/Contents/Developer/Platforms/WatchOS.platform/Developer/SDKs/WatchOS27.0.sdk/Developer/Library/Frameworks -module-cache-path /Users/admin/builder/spi-builder-workspace/.derivedData/Build/Intermediates.noindex/SwiftExplicitPrecompiledModules -no-color-diagnostics -Xcc -fno-color-diagnostics -enable-testing -g -debug-info-format\=dwarf -dwarf-version\=4 -swift-version 5 -Onone -D SWIFT_PACKAGE -D DEBUG -D SWIFT_MODULE_RESOURCE_BUNDLE_UNAVAILABLE -D Xcode -serialize-debugging-options -enable-experimental-feature DebugDescriptionMacro -empty-abi-descriptor -validate-clang-modules-once -clang-build-session-file /Users/admin/builder/spi-builder-workspace/.derivedData/ModuleCache.noindex/Session.modulevalidation -Xcc -working-directory -Xcc /Users/admin/builder/spi-builder-workspace/.swiftpm/xcode -enable-anonymous-context-mangled-names -file-compilation-dir /Users/admin/builder/spi-builder-workspace/.swiftpm/xcode -Xcc -D_LIBCPP_HARDENING_MODE\=_LIBCPP_HARDENING_MODE_DEBUG -Xcc -ivfsstatcache -Xcc /Users/admin/builder/spi-builder-workspace/.derivedData/SDKStatCaches.noindex/watchos27.0-24R360-e829b21a6f8c9b70876ba0858053c04477534ef55a1706bf4c1112bbb242f0a2.sdkstatcache -Xcc -fmodules-prune-interval\=86400 -Xcc -fmodules-prune-after\=345600 -Xcc -I/Users/admin/builder/spi-builder-workspace/.derivedData/Build/Products/Debug-watchos/include -Xcc -I/Users/admin/builder/spi-builder-workspace/.derivedData/Build/Intermediates.noindex/AveFontHelpers.build/Debug-watchos/AveFontHelpers-t.build/DerivedSources-normal/arm64_32 -Xcc -I/Users/admin/builder/spi-builder-workspace/.derivedData/Build/Intermediates.noindex/AveFontHelpers.build/Debug-watchos/AveFontHelpers-t.build/DerivedSources/arm64_32 -Xcc -I/Users/admin/builder/spi-builder-workspace/.derivedData/Build/Intermediates.noindex/AveFontHelpers.build/Debug-watchos/AveFontHelpers-t.build/DerivedSources -Xcc -DSWIFT_PACKAGE -Xcc -DDEBUG\=1 -no-auto-bridging-header-chaining -module-name AveFontHelpers -const-gather-protocols-file /Users/admin/builder/spi-builder-workspace/.derivedData/Build/Intermediates.noindex/AveFontHelpers.build/Debug-watchos/AveFontHelpers-t.build/Objects-normal/arm64_32/AveFontHelpers_const_extract_protocols.json -disable-clang-spi -clang-target arm64_32-apple-watchos27.0 -target-sdk-version 27.0 -target-sdk-name watchos27.0 -in-process-plugin-server-path /Applications/Xcode-27.0.0-Release.Candidate.app/Contents/Developer/Toolchains/XcodeDefault.xctoolchain/usr/lib/swift/host/libSwiftInProcPluginServer.dylib -emit-module-doc-path /Users/admin/builder/spi-builder-workspace/.derivedData/Build/Intermediates.noindex/AveFontHelpers.build/Debug-watchos/AveFontHelpers-t.build/Objects-normal/arm64_32/AveFontHelpers.swiftdoc -emit-module-source-info-path /Users/admin/builder/spi-builder-workspace/.derivedData/Build/Intermediates.noindex/AveFontHelpers.build/Debug-watchos/AveFontHelpers-t.build/Objects-normal/arm64_32/AveFontHelpers.swiftsourceinfo -emit-objc-header-path /Users/admin/builder/spi-builder-workspace/.derivedData/Build/Intermediates.noindex/AveFontHelpers.build/Debug-watchos/AveFontHelpers-t.build/Objects-normal/arm64_32/AveFontHelpers-Swift.h -serialize-diagnostics-path /Users/admin/builder/spi-builder-workspace/.derivedData/Build/Intermediates.noindex/AveFontHelpers.build/Debug-watchos/AveFontHelpers-t.build/Objects-normal/arm64_32/AveFontHelpers-primary-emit-module.dia -emit-dependencies-path /Users/admin/builder/spi-builder-workspace/.derivedData/Build/Intermediates.noindex/AveFontHelpers.build/Debug-watchos/AveFontHelpers-t.build/Objects-normal/arm64_32/AveFontHelpers-primary-emit-module.d -parse-as-library -o /Users/admin/builder/spi-builder-workspace/.derivedData/Build/Intermediates.noindex/AveFontHelpers.build/Debug-watchos/AveFontHelpers-t.build/Objects-normal/arm64_32/AveFontHelpers.swiftmodule -emit-abi-descriptor-path /Users/admin/builder/spi-builder-workspace/.derivedData/Build/Intermediates.noindex/AveFontHelpers.build/Debug-watchos/AveFontHelpers-t.build/Objects-normal/arm64_32/AveFontHelpers.abi.json
SwiftCompile normal arm64_32 Compiling\ Font+AdditionalProperties.swift /Users/admin/builder/spi-builder-workspace/Sources/Font+AdditionalProperties.swift (in target 'AveFontHelpers' from project 'AveFontHelpers')
SwiftCompile normal arm64_32 /Users/admin/builder/spi-builder-workspace/Sources/Font+AdditionalProperties.swift (in target 'AveFontHelpers' from project 'AveFontHelpers')
cd /Users/admin/builder/spi-builder-workspace/.swiftpm/xcode
builtin-SwiftPerFileCompile Font+AdditionalProperties.swift
SwiftCompile normal arm64_32 Compiling\ Font+TextStyles.swift /Users/admin/builder/spi-builder-workspace/Sources/Font+TextStyles.swift (in target 'AveFontHelpers' from project 'AveFontHelpers')
SwiftCompile normal arm64_32 /Users/admin/builder/spi-builder-workspace/Sources/Font+TextStyles.swift (in target 'AveFontHelpers' from project 'AveFontHelpers')
cd /Users/admin/builder/spi-builder-workspace/.swiftpm/xcode
builtin-SwiftPerFileCompile Font+TextStyles.swift
SwiftCompile normal arm64_32 Compiling\ UIFont+Helper.swift /Users/admin/builder/spi-builder-workspace/Sources/UIFont+Helper.swift (in target 'AveFontHelpers' from project 'AveFontHelpers')
/Users/admin/builder/spi-builder-workspace/Sources/UIFont+Helper.swift:19:91: error: 'UIContentSizeCategory' is unavailable in watchOS
17 | var semibold: UIFont { withWeight(.semibold) }
18 |
19 | static func preferredFont(forTextStyle textStyle: UIFont.TextStyle, contentSizeCategory: UIContentSizeCategory) -> UIFont {
| `- error: 'UIContentSizeCategory' is unavailable in watchOS
20 | var font: UIFont? = nil
21 | UITraitCollection(traitsFrom: [.current, UITraitCollection(preferredContentSizeCategory: .large)]).performAsCurrent {
/Applications/Xcode-27.0.0-Release.Candidate.app/Contents/Developer/Platforms/WatchOS.platform/Developer/SDKs/WatchOS27.0.sdk/System/Library/Frameworks/UIKit.framework/Headers/UIContentSizeCategory.h:14:20: note: 'UIContentSizeCategory' has been explicitly marked unavailable here
12 | NS_HEADER_AUDIT_BEGIN(nullability, sendability)
13 |
14 | typedef NSString * UIContentSizeCategory NS_TYPED_ENUM API_AVAILABLE(ios(7.0)) API_UNAVAILABLE(watchos);
| `- note: 'UIContentSizeCategory' has been explicitly marked unavailable here
15 |
16 | // Content size category constants
/Users/admin/builder/spi-builder-workspace/Sources/UIFont+Helper.swift:21:3: error: 'UITraitCollection' is unavailable in watchOS
19 | static func preferredFont(forTextStyle textStyle: UIFont.TextStyle, contentSizeCategory: UIContentSizeCategory) -> UIFont {
20 | var font: UIFont? = nil
21 | UITraitCollection(traitsFrom: [.current, UITraitCollection(preferredContentSizeCategory: .large)]).performAsCurrent {
| `- error: 'UITraitCollection' is unavailable in watchOS
22 | font = UIFont.preferredFont(forTextStyle: textStyle, compatibleWith: .current)
23 | }
/Applications/Xcode-27.0.0-Release.Candidate.app/Contents/Developer/Platforms/WatchOS.platform/Developer/SDKs/WatchOS27.0.sdk/System/Library/Frameworks/UIKit.framework/Headers/UITraitCollection.h:23:12: note: 'UITraitCollection' has been explicitly marked unavailable here
21 |
22 | UIKIT_EXTERN API_AVAILABLE(ios(8.0)) API_UNAVAILABLE(watchos) NS_SWIFT_SENDABLE
23 | @interface UITraitCollection : NSObject <NSCopying, NSSecureCoding>
| `- note: 'UITraitCollection' has been explicitly marked unavailable here
24 |
25 | - (instancetype)init NS_DESIGNATED_INITIALIZER;
/Users/admin/builder/spi-builder-workspace/Sources/UIFont+Helper.swift:21:35: error: 'current' is unavailable in watchOS
19 | static func preferredFont(forTextStyle textStyle: UIFont.TextStyle, contentSizeCategory: UIContentSizeCategory) -> UIFont {
20 | var font: UIFont? = nil
21 | UITraitCollection(traitsFrom: [.current, UITraitCollection(preferredContentSizeCategory: .large)]).performAsCurrent {
| `- error: 'current' is unavailable in watchOS
22 | font = UIFont.preferredFont(forTextStyle: textStyle, compatibleWith: .current)
23 | }
/Applications/Xcode-27.0.0-Release.Candidate.app/Contents/Developer/Platforms/WatchOS.platform/Developer/SDKs/WatchOS27.0.sdk/System/Library/Frameworks/UIKit.framework/Headers/UITraitCollection.h:263:57: note: 'current' has been explicitly marked unavailable here
261 | * This is a thread-local property, so it may be changed on non-main threads without affecting the main thread.
262 | */
263 | @property (class, nonatomic, strong) UITraitCollection *currentTraitCollection API_AVAILABLE(ios(13.0), tvos(13.0)) API_UNAVAILABLE(watchos);
| `- note: 'current' has been explicitly marked unavailable here
264 |
265 | /* Sets `UITraitCollection.currentTraitCollection` to this trait collection, performs the given actions,
/Users/admin/builder/spi-builder-workspace/Sources/UIFont+Helper.swift:21:44: error: 'UITraitCollection' is unavailable in watchOS
19 | static func preferredFont(forTextStyle textStyle: UIFont.TextStyle, contentSizeCategory: UIContentSizeCategory) -> UIFont {
20 | var font: UIFont? = nil
21 | UITraitCollection(traitsFrom: [.current, UITraitCollection(preferredContentSizeCategory: .large)]).performAsCurrent {
| `- error: 'UITraitCollection' is unavailable in watchOS
22 | font = UIFont.preferredFont(forTextStyle: textStyle, compatibleWith: .current)
23 | }
/Applications/Xcode-27.0.0-Release.Candidate.app/Contents/Developer/Platforms/WatchOS.platform/Developer/SDKs/WatchOS27.0.sdk/System/Library/Frameworks/UIKit.framework/Headers/UITraitCollection.h:23:12: note: 'UITraitCollection' has been explicitly marked unavailable here
21 |
22 | UIKIT_EXTERN API_AVAILABLE(ios(8.0)) API_UNAVAILABLE(watchos) NS_SWIFT_SENDABLE
23 | @interface UITraitCollection : NSObject <NSCopying, NSSecureCoding>
| `- note: 'UITraitCollection' has been explicitly marked unavailable here
24 |
25 | - (instancetype)init NS_DESIGNATED_INITIALIZER;
/Users/admin/builder/spi-builder-workspace/Sources/UIFont+Helper.swift:21:44: error: 'init(preferredContentSizeCategory:)' is unavailable in watchOS
19 | static func preferredFont(forTextStyle textStyle: UIFont.TextStyle, contentSizeCategory: UIContentSizeCategory) -> UIFont {
20 | var font: UIFont? = nil
21 | UITraitCollection(traitsFrom: [.current, UITraitCollection(preferredContentSizeCategory: .large)]).performAsCurrent {
| `- error: 'init(preferredContentSizeCategory:)' is unavailable in watchOS
22 | font = UIFont.preferredFont(forTextStyle: textStyle, compatibleWith: .current)
23 | }
/Applications/Xcode-27.0.0-Release.Candidate.app/Contents/Developer/Platforms/WatchOS.platform/Developer/SDKs/WatchOS27.0.sdk/System/Library/Frameworks/UIKit.framework/Headers/UITraitCollection.h:59:1: note: 'init(preferredContentSizeCategory:)' has been explicitly marked unavailable here
57 | @property (nonatomic, readonly) UIForceTouchCapability forceTouchCapability API_AVAILABLE(ios(9.0)); // unspecified: UIForceTouchCapabilityUnknown
58 |
59 | + (UITraitCollection *)traitCollectionWithPreferredContentSizeCategory:(UIContentSizeCategory)preferredContentSizeCategory API_AVAILABLE(ios(10.0)) API_UNAVAILABLE(watchos);
| `- note: 'init(preferredContentSizeCategory:)' has been explicitly marked unavailable here
60 | @property (nonatomic, copy, readonly) UIContentSizeCategory preferredContentSizeCategory API_AVAILABLE(ios(10.0)) API_UNAVAILABLE(watchos); // unspecified: UIContentSizeCategoryUnspecified
61 |
/Users/admin/builder/spi-builder-workspace/Sources/UIFont+Helper.swift:21:93: error: 'large' is unavailable in watchOS
19 | static func preferredFont(forTextStyle textStyle: UIFont.TextStyle, contentSizeCategory: UIContentSizeCategory) -> UIFont {
20 | var font: UIFont? = nil
21 | UITraitCollection(traitsFrom: [.current, UITraitCollection(preferredContentSizeCategory: .large)]).performAsCurrent {
| `- error: 'large' is unavailable in watchOS
22 | font = UIFont.preferredFont(forTextStyle: textStyle, compatibleWith: .current)
23 | }
/Applications/Xcode-27.0.0-Release.Candidate.app/Contents/Developer/Platforms/WatchOS.platform/Developer/SDKs/WatchOS27.0.sdk/System/Library/Frameworks/UIKit.framework/Headers/UIContentSizeCategory.h:22:42: note: 'large' has been explicitly marked unavailable here
20 | UIKIT_EXTERN UIContentSizeCategory const UIContentSizeCategorySmall API_AVAILABLE(ios(7.0)) API_UNAVAILABLE(watchos);
21 | UIKIT_EXTERN UIContentSizeCategory const UIContentSizeCategoryMedium API_AVAILABLE(ios(7.0)) API_UNAVAILABLE(watchos);
22 | UIKIT_EXTERN UIContentSizeCategory const UIContentSizeCategoryLarge API_AVAILABLE(ios(7.0)) API_UNAVAILABLE(watchos);
| `- note: 'large' has been explicitly marked unavailable here
23 | UIKIT_EXTERN UIContentSizeCategory const UIContentSizeCategoryExtraLarge API_AVAILABLE(ios(7.0)) API_UNAVAILABLE(watchos);
24 | UIKIT_EXTERN UIContentSizeCategory const UIContentSizeCategoryExtraExtraLarge API_AVAILABLE(ios(7.0)) API_UNAVAILABLE(watchos);
/Users/admin/builder/spi-builder-workspace/Sources/UIFont+Helper.swift:21:102: error: 'performAsCurrent' is unavailable in watchOS
19 | static func preferredFont(forTextStyle textStyle: UIFont.TextStyle, contentSizeCategory: UIContentSizeCategory) -> UIFont {
20 | var font: UIFont? = nil
21 | UITraitCollection(traitsFrom: [.current, UITraitCollection(preferredContentSizeCategory: .large)]).performAsCurrent {
| `- error: 'performAsCurrent' is unavailable in watchOS
22 | font = UIFont.preferredFont(forTextStyle: textStyle, compatibleWith: .current)
23 | }
/Applications/Xcode-27.0.0-Release.Candidate.app/Contents/Developer/Platforms/WatchOS.platform/Developer/SDKs/WatchOS27.0.sdk/System/Library/Frameworks/UIKit.framework/Headers/UITraitCollection.h:270:1: note: 'performAsCurrent' has been explicitly marked unavailable here
268 | * without affecting the main thread.
269 | */
270 | - (void)performAsCurrentTraitCollection:(void (NS_NOESCAPE ^)(void))actions API_AVAILABLE(ios(13.0), tvos(13.0)) API_UNAVAILABLE(watchos);
| `- note: 'performAsCurrent' has been explicitly marked unavailable here
271 |
272 | @end
/Users/admin/builder/spi-builder-workspace/Sources/UIFont+Helper.swift:22:18: error: 'preferredFont(forTextStyle:compatibleWith:)' is unavailable in watchOS
20 | var font: UIFont? = nil
21 | UITraitCollection(traitsFrom: [.current, UITraitCollection(preferredContentSizeCategory: .large)]).performAsCurrent {
22 | font = UIFont.preferredFont(forTextStyle: textStyle, compatibleWith: .current)
| `- error: 'preferredFont(forTextStyle:compatibleWith:)' is unavailable in watchOS
23 | }
24 |
/Applications/Xcode-27.0.0-Release.Candidate.app/Contents/Developer/Platforms/WatchOS.platform/Developer/SDKs/WatchOS27.0.sdk/System/Library/Frameworks/UIKit.framework/Headers/UIFont.h:25:1: note: 'preferredFont(forTextStyle:compatibleWith:)' has been explicitly marked unavailable here
23 | + (UIFont *)preferredFontForTextStyle:(UIFontTextStyle)style API_AVAILABLE(ios(7.0), watchos(2.0));
24 | // Returns an instance of the font associated with the text style and scaled appropriately for the content size category defined in the trait collection.
25 | + (UIFont *)preferredFontForTextStyle:(UIFontTextStyle)style compatibleWithTraitCollection:(nullable UITraitCollection *)traitCollection API_AVAILABLE(ios(10.0)) API_UNAVAILABLE(watchos);
| `- note: 'preferredFont(forTextStyle:compatibleWith:)' has been explicitly marked unavailable here
26 |
27 | // Returns a font using CSS name matching semantics.
SwiftCompile normal arm64_32 /Users/admin/builder/spi-builder-workspace/Sources/UIFont+Helper.swift (in target 'AveFontHelpers' from project 'AveFontHelpers')
cd /Users/admin/builder/spi-builder-workspace/.swiftpm/xcode
builtin-SwiftPerFileCompile UIFont+Helper.swift
SwiftCompile normal arm64 Compiling\ Font+AdditionalProperties.swift /Users/admin/builder/spi-builder-workspace/Sources/Font+AdditionalProperties.swift (in target 'AveFontHelpers' from project 'AveFontHelpers')
SwiftCompile normal arm64 /Users/admin/builder/spi-builder-workspace/Sources/Font+AdditionalProperties.swift (in target 'AveFontHelpers' from project 'AveFontHelpers')
cd /Users/admin/builder/spi-builder-workspace/.swiftpm/xcode
builtin-SwiftPerFileCompile Font+AdditionalProperties.swift
SwiftCompile normal arm64_32 Compiling\ UIFontWeight+Helper.swift /Users/admin/builder/spi-builder-workspace/Sources/UIFontWeight+Helper.swift (in target 'AveFontHelpers' from project 'AveFontHelpers')
SwiftCompile normal arm64_32 /Users/admin/builder/spi-builder-workspace/Sources/UIFontWeight+Helper.swift (in target 'AveFontHelpers' from project 'AveFontHelpers')
cd /Users/admin/builder/spi-builder-workspace/.swiftpm/xcode
builtin-SwiftPerFileCompile UIFontWeight+Helper.swift
SwiftCompile normal arm64 Compiling\ Font+Cache.swift /Users/admin/builder/spi-builder-workspace/Sources/Font+Cache.swift (in target 'AveFontHelpers' from project 'AveFontHelpers')
/Users/admin/builder/spi-builder-workspace/Sources/Font+Cache.swift:34:28: error: 'UIContentSizeCategory' is unavailable in watchOS
32 | fileprivate final class CacheKey: NSObject {
33 | let font: Font
34 | let contentSizeCategory: UIContentSizeCategory
| `- error: 'UIContentSizeCategory' is unavailable in watchOS
35 |
36 | init(font: Font, contentSizeCategory: UIContentSizeCategory) {
/Applications/Xcode-27.0.0-Release.Candidate.app/Contents/Developer/Platforms/WatchOS.platform/Developer/SDKs/WatchOS27.0.sdk/System/Library/Frameworks/UIKit.framework/Headers/UIContentSizeCategory.h:14:20: note: 'UIContentSizeCategory' has been explicitly marked unavailable here
12 | NS_HEADER_AUDIT_BEGIN(nullability, sendability)
13 |
14 | typedef NSString * UIContentSizeCategory NS_TYPED_ENUM API_AVAILABLE(ios(7.0)) API_UNAVAILABLE(watchos);
| `- note: 'UIContentSizeCategory' has been explicitly marked unavailable here
15 |
16 | // Content size category constants
/Users/admin/builder/spi-builder-workspace/Sources/Font+Cache.swift:36:41: error: 'UIContentSizeCategory' is unavailable in watchOS
34 | let contentSizeCategory: UIContentSizeCategory
35 |
36 | init(font: Font, contentSizeCategory: UIContentSizeCategory) {
| `- error: 'UIContentSizeCategory' is unavailable in watchOS
37 | self.font = font
38 | self.contentSizeCategory = contentSizeCategory
/Applications/Xcode-27.0.0-Release.Candidate.app/Contents/Developer/Platforms/WatchOS.platform/Developer/SDKs/WatchOS27.0.sdk/System/Library/Frameworks/UIKit.framework/Headers/UIContentSizeCategory.h:14:20: note: 'UIContentSizeCategory' has been explicitly marked unavailable here
12 | NS_HEADER_AUDIT_BEGIN(nullability, sendability)
13 |
14 | typedef NSString * UIContentSizeCategory NS_TYPED_ENUM API_AVAILABLE(ios(7.0)) API_UNAVAILABLE(watchos);
| `- note: 'UIContentSizeCategory' has been explicitly marked unavailable here
15 |
16 | // Content size category constants
/Users/admin/builder/spi-builder-workspace/Sources/Font+Cache.swift:19:55: error: 'UITraitCollection' is unavailable in watchOS
17 |
18 | let cache = Self.cache
19 | let key = CacheKey(font: self, contentSizeCategory: UITraitCollection.current.preferredContentSizeCategory)
| `- error: 'UITraitCollection' is unavailable in watchOS
20 | if let cachedFont = cache.object(forKey: key) {
21 | return cachedFont
/Applications/Xcode-27.0.0-Release.Candidate.app/Contents/Developer/Platforms/WatchOS.platform/Developer/SDKs/WatchOS27.0.sdk/System/Library/Frameworks/UIKit.framework/Headers/UITraitCollection.h:23:12: note: 'UITraitCollection' has been explicitly marked unavailable here
21 |
22 | UIKIT_EXTERN API_AVAILABLE(ios(8.0)) API_UNAVAILABLE(watchos) NS_SWIFT_SENDABLE
23 | @interface UITraitCollection : NSObject <NSCopying, NSSecureCoding>
| `- note: 'UITraitCollection' has been explicitly marked unavailable here
24 |
25 | - (instancetype)init NS_DESIGNATED_INITIALIZER;
/Users/admin/builder/spi-builder-workspace/Sources/Font+Cache.swift:19:73: error: 'current' is unavailable in watchOS
17 |
18 | let cache = Self.cache
19 | let key = CacheKey(font: self, contentSizeCategory: UITraitCollection.current.preferredContentSizeCategory)
| `- error: 'current' is unavailable in watchOS
20 | if let cachedFont = cache.object(forKey: key) {
21 | return cachedFont
/Applications/Xcode-27.0.0-Release.Candidate.app/Contents/Developer/Platforms/WatchOS.platform/Developer/SDKs/WatchOS27.0.sdk/System/Library/Frameworks/UIKit.framework/Headers/UITraitCollection.h:263:57: note: 'current' has been explicitly marked unavailable here
261 | * This is a thread-local property, so it may be changed on non-main threads without affecting the main thread.
262 | */
263 | @property (class, nonatomic, strong) UITraitCollection *currentTraitCollection API_AVAILABLE(ios(13.0), tvos(13.0)) API_UNAVAILABLE(watchos);
| `- note: 'current' has been explicitly marked unavailable here
264 |
265 | /* Sets `UITraitCollection.currentTraitCollection` to this trait collection, performs the given actions,
SwiftCompile normal arm64 /Users/admin/builder/spi-builder-workspace/Sources/Font+Cache.swift (in target 'AveFontHelpers' from project 'AveFontHelpers')
cd /Users/admin/builder/spi-builder-workspace/.swiftpm/xcode
builtin-SwiftPerFileCompile Font+Cache.swift
SwiftCompile normal arm64 Compiling\ Font+ConvenenienceInits.swift /Users/admin/builder/spi-builder-workspace/Sources/Font+ConvenenienceInits.swift (in target 'AveFontHelpers' from project 'AveFontHelpers')
SwiftCompile normal arm64 /Users/admin/builder/spi-builder-workspace/Sources/Font+ConvenenienceInits.swift (in target 'AveFontHelpers' from project 'AveFontHelpers')
cd /Users/admin/builder/spi-builder-workspace/.swiftpm/xcode
builtin-SwiftPerFileCompile Font+ConvenenienceInits.swift
SwiftCompile normal arm64_32 Compiling\ Font+Cache.swift /Users/admin/builder/spi-builder-workspace/Sources/Font+Cache.swift (in target 'AveFontHelpers' from project 'AveFontHelpers')
/Users/admin/builder/spi-builder-workspace/Sources/Font+Cache.swift:34:28: error: 'UIContentSizeCategory' is unavailable in watchOS
32 | fileprivate final class CacheKey: NSObject {
33 | let font: Font
34 | let contentSizeCategory: UIContentSizeCategory
| `- error: 'UIContentSizeCategory' is unavailable in watchOS
35 |
36 | init(font: Font, contentSizeCategory: UIContentSizeCategory) {
/Applications/Xcode-27.0.0-Release.Candidate.app/Contents/Developer/Platforms/WatchOS.platform/Developer/SDKs/WatchOS27.0.sdk/System/Library/Frameworks/UIKit.framework/Headers/UIContentSizeCategory.h:14:20: note: 'UIContentSizeCategory' has been explicitly marked unavailable here
12 | NS_HEADER_AUDIT_BEGIN(nullability, sendability)
13 |
14 | typedef NSString * UIContentSizeCategory NS_TYPED_ENUM API_AVAILABLE(ios(7.0)) API_UNAVAILABLE(watchos);
| `- note: 'UIContentSizeCategory' has been explicitly marked unavailable here
15 |
16 | // Content size category constants
/Users/admin/builder/spi-builder-workspace/Sources/Font+Cache.swift:36:41: error: 'UIContentSizeCategory' is unavailable in watchOS
34 | let contentSizeCategory: UIContentSizeCategory
35 |
36 | init(font: Font, contentSizeCategory: UIContentSizeCategory) {
| `- error: 'UIContentSizeCategory' is unavailable in watchOS
37 | self.font = font
38 | self.contentSizeCategory = contentSizeCategory
/Applications/Xcode-27.0.0-Release.Candidate.app/Contents/Developer/Platforms/WatchOS.platform/Developer/SDKs/WatchOS27.0.sdk/System/Library/Frameworks/UIKit.framework/Headers/UIContentSizeCategory.h:14:20: note: 'UIContentSizeCategory' has been explicitly marked unavailable here
12 | NS_HEADER_AUDIT_BEGIN(nullability, sendability)
13 |
14 | typedef NSString * UIContentSizeCategory NS_TYPED_ENUM API_AVAILABLE(ios(7.0)) API_UNAVAILABLE(watchos);
| `- note: 'UIContentSizeCategory' has been explicitly marked unavailable here
15 |
16 | // Content size category constants
/Users/admin/builder/spi-builder-workspace/Sources/Font+Cache.swift:19:55: error: 'UITraitCollection' is unavailable in watchOS
17 |
18 | let cache = Self.cache
19 | let key = CacheKey(font: self, contentSizeCategory: UITraitCollection.current.preferredContentSizeCategory)
| `- error: 'UITraitCollection' is unavailable in watchOS
20 | if let cachedFont = cache.object(forKey: key) {
21 | return cachedFont
/Applications/Xcode-27.0.0-Release.Candidate.app/Contents/Developer/Platforms/WatchOS.platform/Developer/SDKs/WatchOS27.0.sdk/System/Library/Frameworks/UIKit.framework/Headers/UITraitCollection.h:23:12: note: 'UITraitCollection' has been explicitly marked unavailable here
21 |
22 | UIKIT_EXTERN API_AVAILABLE(ios(8.0)) API_UNAVAILABLE(watchos) NS_SWIFT_SENDABLE
23 | @interface UITraitCollection : NSObject <NSCopying, NSSecureCoding>
| `- note: 'UITraitCollection' has been explicitly marked unavailable here
24 |
25 | - (instancetype)init NS_DESIGNATED_INITIALIZER;
/Users/admin/builder/spi-builder-workspace/Sources/Font+Cache.swift:19:73: error: 'current' is unavailable in watchOS
17 |
18 | let cache = Self.cache
19 | let key = CacheKey(font: self, contentSizeCategory: UITraitCollection.current.preferredContentSizeCategory)
| `- error: 'current' is unavailable in watchOS
20 | if let cachedFont = cache.object(forKey: key) {
21 | return cachedFont
/Applications/Xcode-27.0.0-Release.Candidate.app/Contents/Developer/Platforms/WatchOS.platform/Developer/SDKs/WatchOS27.0.sdk/System/Library/Frameworks/UIKit.framework/Headers/UITraitCollection.h:263:57: note: 'current' has been explicitly marked unavailable here
261 | * This is a thread-local property, so it may be changed on non-main threads without affecting the main thread.
262 | */
263 | @property (class, nonatomic, strong) UITraitCollection *currentTraitCollection API_AVAILABLE(ios(13.0), tvos(13.0)) API_UNAVAILABLE(watchos);
| `- note: 'current' has been explicitly marked unavailable here
264 |
265 | /* Sets `UITraitCollection.currentTraitCollection` to this trait collection, performs the given actions,
SwiftCompile normal arm64_32 /Users/admin/builder/spi-builder-workspace/Sources/Font+Cache.swift (in target 'AveFontHelpers' from project 'AveFontHelpers')
cd /Users/admin/builder/spi-builder-workspace/.swiftpm/xcode
builtin-SwiftPerFileCompile Font+Cache.swift
SwiftCompile normal arm64_32 Compiling\ UIKit+FontHelpers.swift /Users/admin/builder/spi-builder-workspace/Sources/UIKit+FontHelpers.swift (in target 'AveFontHelpers' from project 'AveFontHelpers')
/Users/admin/builder/spi-builder-workspace/Sources/UIKit+FontHelpers.swift:14:18: error: 'UILabel' is unavailable in watchOS
12 | }
13 |
14 | public extension UILabel {
| `- error: 'UILabel' is unavailable in watchOS
15 | convenience init(text: String? = nil, font: Font, color: UIColor? = nil, alignment: NSTextAlignment = .natural, numberOfLines: Int = 0) {
16 | self.init()
/Applications/Xcode-27.0.0-Release.Candidate.app/Contents/Developer/Platforms/WatchOS.platform/Developer/SDKs/WatchOS27.0.sdk/System/Library/Frameworks/UIKit.framework/Headers/UILabel.h:33:12: note: 'UILabel' has been explicitly marked unavailable here
31 |
32 | UIKIT_EXTERN API_AVAILABLE(ios(2.0)) API_UNAVAILABLE(watchos) NS_SWIFT_UI_ACTOR
33 | @interface UILabel : UIView <NSCoding, UIContentSizeCategoryAdjusting, UILetterformAwareAdjusting>
| `- note: 'UILabel' has been explicitly marked unavailable here
34 |
35 | @property(nullable, nonatomic,copy) NSString *text; // default is nil
/Users/admin/builder/spi-builder-workspace/Sources/UIKit+FontHelpers.swift:30:18: error: 'UITextView' is unavailable in watchOS
28 | }
29 |
30 | public extension UITextView {
| `- error: 'UITextView' is unavailable in watchOS
31 | convenience init(text: String? = nil, font: Font, color: UIColor? = nil, alignment: NSTextAlignment = .natural, isScrollEnabled: Bool = false) {
32 | self.init()
/Applications/Xcode-27.0.0-Release.Candidate.app/Contents/Developer/Platforms/WatchOS.platform/Developer/SDKs/WatchOS27.0.sdk/System/Library/Frameworks/UIKit.framework/Headers/UITextView.h:223:12: note: 'UITextView' has been explicitly marked unavailable here
221 |
222 | UIKIT_EXTERN API_AVAILABLE(ios(2.0)) API_UNAVAILABLE(watchos) NS_SWIFT_UI_ACTOR
223 | @interface UITextView : UIScrollView <UITextInput, UIContentSizeCategoryAdjusting, UILetterformAwareAdjusting, NSTextViewportLayoutControllerDelegate>
| `- note: 'UITextView' has been explicitly marked unavailable here
224 |
225 | @property(nullable,nonatomic,weak) id<UITextViewDelegate> delegate;
/Users/admin/builder/spi-builder-workspace/Sources/UIKit+FontHelpers.swift:46:59: error: 'UIButton' is unavailable in watchOS
44 |
45 | public extension UIButton {
46 | convenience init(title: String? = nil, font: Font, type: UIButton.ButtonType) {
| `- error: 'UIButton' is unavailable in watchOS
47 | self.init(type: type)
48 | self.setTitle(title, for: .normal)
/Applications/Xcode-27.0.0-Release.Candidate.app/Contents/Developer/Platforms/WatchOS.platform/Developer/SDKs/WatchOS27.0.sdk/System/Library/Frameworks/UIKit.framework/Headers/UIButton.h:49:12: note: 'UIButton' has been explicitly marked unavailable here
47 |
48 | UIKIT_EXTERN API_AVAILABLE(ios(2.0)) API_UNAVAILABLE(watchos) NS_SWIFT_UI_ACTOR
49 | @interface UIButton : UIControl <NSCoding>
| `- note: 'UIButton' has been explicitly marked unavailable here
50 |
51 | - (instancetype)initWithFrame:(CGRect)frame NS_DESIGNATED_INITIALIZER;
/Users/admin/builder/spi-builder-workspace/Sources/UIKit+FontHelpers.swift:45:18: error: 'UIButton' is unavailable in watchOS
43 | }
44 |
45 | public extension UIButton {
| `- error: 'UIButton' is unavailable in watchOS
46 | convenience init(title: String? = nil, font: Font, type: UIButton.ButtonType) {
47 | self.init(type: type)
/Applications/Xcode-27.0.0-Release.Candidate.app/Contents/Developer/Platforms/WatchOS.platform/Developer/SDKs/WatchOS27.0.sdk/System/Library/Frameworks/UIKit.framework/Headers/UIButton.h:49:12: note: 'UIButton' has been explicitly marked unavailable here
47 |
48 | UIKIT_EXTERN API_AVAILABLE(ios(2.0)) API_UNAVAILABLE(watchos) NS_SWIFT_UI_ACTOR
49 | @interface UIButton : UIControl <NSCoding>
| `- note: 'UIButton' has been explicitly marked unavailable here
50 |
51 | - (instancetype)initWithFrame:(CGRect)frame NS_DESIGNATED_INITIALIZER;
/Users/admin/builder/spi-builder-workspace/Sources/UIKit+FontHelpers.swift:16:8: error: 'init()' is unavailable in watchOS
14 | public extension UILabel {
15 | convenience init(text: String? = nil, font: Font, color: UIColor? = nil, alignment: NSTextAlignment = .natural, numberOfLines: Int = 0) {
16 | self.init()
| `- error: 'init()' is unavailable in watchOS
17 | self.font = .from(font)
18 | color.map { self.textColor = $0 }
/Applications/Xcode-27.0.0-Release.Candidate.app/Contents/Developer/Platforms/WatchOS.platform/Developer/SDKs/WatchOS27.0.sdk/System/Library/Frameworks/UIKit.framework/Headers/UIView.h:158:1: note: 'init()' has been explicitly marked unavailable here
156 | - (instancetype)initWithFrame:(CGRect)frame NS_DESIGNATED_INITIALIZER;
157 | - (nullable instancetype)initWithCoder:(NSCoder *)coder NS_DESIGNATED_INITIALIZER;
158 | - (instancetype)init API_AVAILABLE(ios(2.0), tvos(9.0), visionos(1.0)) API_UNAVAILABLE(watchos);
| `- note: 'init()' has been explicitly marked unavailable here
159 |
160 | @property(nonatomic,getter=isUserInteractionEnabled) BOOL userInteractionEnabled; // default is YES. if set to NO, user events (touch, keys) are ignored and removed from the event queue.
SwiftCompile normal arm64_32 /Users/admin/builder/spi-builder-workspace/Sources/UIKit+FontHelpers.swift (in target 'AveFontHelpers' from project 'AveFontHelpers')
cd /Users/admin/builder/spi-builder-workspace/.swiftpm/xcode
builtin-SwiftPerFileCompile UIKit+FontHelpers.swift
SwiftEmitModule normal arm64 Emitting\ module\ for\ AveFontHelpers (in target 'AveFontHelpers' from project 'AveFontHelpers')
SwiftCompile normal arm64 (in target 'AveFontHelpers' from project 'AveFontHelpers')
cd /Users/admin/builder/spi-builder-workspace/.swiftpm/xcode
PruneExplicitPrecompiledModules /Users/admin/builder/spi-builder-workspace/.derivedData/Build/Intermediates.noindex/SwiftExplicitPrecompiledModules
PruneExplicitPrecompiledModules /Users/admin/builder/spi-builder-workspace/.derivedData/Build/Intermediates.noindex/ExplicitPrecompiledModules
PruneExplicitPrecompiledModules /Users/admin/builder/spi-builder-workspace/.derivedData/SDKExplicitPrecompiledModules
2026-09-21 05:02:46.350 xcodebuild[788:4827] [MT] IDERunDestination: Supported platforms for the buildables in the current scheme is empty.
** BUILD FAILED **
The following build commands failed:
SwiftCompile normal arm64_32 (in target 'AveFontHelpers' from project 'AveFontHelpers')
SwiftEmitModule normal arm64_32 Emitting\ module\ for\ AveFontHelpers (in target 'AveFontHelpers' from project 'AveFontHelpers')
Building workspace AveFontHelpers with scheme AveFontHelpers
(3 failures)
BUILD FAILURE 6.4 watchOS