Build Information
Failed to build swiftui-list-support, reference main (9fa3c7), with Swift 6.4 for tvOS using Xcode 27.0 on 23 Sep 2026 06:56:42 UTC.
Build Command
env DEVELOPER_DIR=/Applications/Xcode-27.0.0-Release.Candidate.app xcrun xcodebuild -IDEClonedSourcePackagesDirPathOverride=$PWD/.dependencies -skipMacroValidation -skipPackagePluginValidation -derivedDataPath $PWD/.derivedData build -scheme swiftui-list-support-Package -destination generic/platform=tvOSBuild Log
cd /Users/admin/builder/spi-builder-workspace/.swiftpm/xcode
builtin-SwiftPerFileCompile PlatformView.swift
SwiftCompile normal arm64 /Users/admin/builder/spi-builder-workspace/.dependencies/checkouts/swiftui-introspect/Sources/PlatformViewVersion.swift (in target 'SwiftUIIntrospect' from project 'swiftui-introspect')
cd /Users/admin/builder/spi-builder-workspace/.swiftpm/xcode
builtin-SwiftPerFileCompile PlatformViewVersion.swift
SwiftDriverJobDiscovery normal arm64 Compiling swift_dynamic_list.swift (in target 'DynamicList' from project 'swiftui-list-support')
SwiftCompile normal arm64 Compiling\ List.swift,\ ListCell.swift,\ ListWithBorderedStyle.swift,\ ListWithGroupedStyle.swift,\ ListWithInsetGroupedStyle.swift,\ ListWithInsetStyle.swift /Users/admin/builder/spi-builder-workspace/.dependencies/checkouts/swiftui-introspect/Sources/ViewTypes/List.swift /Users/admin/builder/spi-builder-workspace/.dependencies/checkouts/swiftui-introspect/Sources/ViewTypes/ListCell.swift /Users/admin/builder/spi-builder-workspace/.dependencies/checkouts/swiftui-introspect/Sources/ViewTypes/ListWithBorderedStyle.swift /Users/admin/builder/spi-builder-workspace/.dependencies/checkouts/swiftui-introspect/Sources/ViewTypes/ListWithGroupedStyle.swift /Users/admin/builder/spi-builder-workspace/.dependencies/checkouts/swiftui-introspect/Sources/ViewTypes/ListWithInsetGroupedStyle.swift /Users/admin/builder/spi-builder-workspace/.dependencies/checkouts/swiftui-introspect/Sources/ViewTypes/ListWithInsetStyle.swift (in target 'SwiftUIIntrospect' from project 'swiftui-introspect')
SwiftCompile normal arm64 /Users/admin/builder/spi-builder-workspace/.dependencies/checkouts/swiftui-introspect/Sources/ViewTypes/List.swift (in target 'SwiftUIIntrospect' from project 'swiftui-introspect')
cd /Users/admin/builder/spi-builder-workspace/.swiftpm/xcode
builtin-SwiftPerFileCompile List.swift
SwiftCompile normal arm64 /Users/admin/builder/spi-builder-workspace/.dependencies/checkouts/swiftui-introspect/Sources/ViewTypes/ListCell.swift (in target 'SwiftUIIntrospect' from project 'swiftui-introspect')
cd /Users/admin/builder/spi-builder-workspace/.swiftpm/xcode
builtin-SwiftPerFileCompile ListCell.swift
SwiftCompile normal arm64 /Users/admin/builder/spi-builder-workspace/.dependencies/checkouts/swiftui-introspect/Sources/ViewTypes/ListWithBorderedStyle.swift (in target 'SwiftUIIntrospect' from project 'swiftui-introspect')
cd /Users/admin/builder/spi-builder-workspace/.swiftpm/xcode
builtin-SwiftPerFileCompile ListWithBorderedStyle.swift
SwiftCompile normal arm64 /Users/admin/builder/spi-builder-workspace/.dependencies/checkouts/swiftui-introspect/Sources/ViewTypes/ListWithGroupedStyle.swift (in target 'SwiftUIIntrospect' from project 'swiftui-introspect')
cd /Users/admin/builder/spi-builder-workspace/.swiftpm/xcode
builtin-SwiftPerFileCompile ListWithGroupedStyle.swift
SwiftCompile normal arm64 /Users/admin/builder/spi-builder-workspace/.dependencies/checkouts/swiftui-introspect/Sources/ViewTypes/ListWithInsetGroupedStyle.swift (in target 'SwiftUIIntrospect' from project 'swiftui-introspect')
cd /Users/admin/builder/spi-builder-workspace/.swiftpm/xcode
builtin-SwiftPerFileCompile ListWithInsetGroupedStyle.swift
SwiftCompile normal arm64 /Users/admin/builder/spi-builder-workspace/.dependencies/checkouts/swiftui-introspect/Sources/ViewTypes/ListWithInsetStyle.swift (in target 'SwiftUIIntrospect' from project 'swiftui-introspect')
cd /Users/admin/builder/spi-builder-workspace/.swiftpm/xcode
builtin-SwiftPerFileCompile ListWithInsetStyle.swift
SwiftDriverJobDiscovery normal arm64 Emitting module for SwiftUIIntrospect (in target 'SwiftUIIntrospect' from project 'swiftui-introspect')
SwiftDriver\ Compilation\ Requirements SwiftUIIntrospect normal arm64 com.apple.xcode.tools.swift.compiler (in target 'SwiftUIIntrospect' from project 'swiftui-introspect')
cd /Users/admin/builder/spi-builder-workspace/.swiftpm/xcode
builtin-Swift-Compilation-Requirements -- /Applications/Xcode-27.0.0-Release.Candidate.app/Contents/Developer/Toolchains/XcodeDefault.xctoolchain/usr/bin/swiftc -parse-as-library -module-name SwiftUIIntrospect -Onone @/Users/admin/builder/spi-builder-workspace/.derivedData/Build/Intermediates.noindex/swiftui-introspect.build/Debug-appletvos/SwiftUIIntrospect-t.build/Objects-normal/arm64/SwiftUIIntrospect.SwiftFileList -DSWIFT_PACKAGE -DDEBUG -DSWIFT_MODULE_RESOURCE_BUNDLE_UNAVAILABLE -DXcode -enable-upcoming-feature ExistentialAny -enable-upcoming-feature ImmutableWeakCaptures -enable-upcoming-feature InferIsolatedConformances -enable-upcoming-feature InternalImportsByDefault -enable-upcoming-feature MemberImportVisibility -enable-upcoming-feature NonisolatedNonsendingByDefault -plugin-path /Applications/Xcode-27.0.0-Release.Candidate.app/Contents/Developer/Toolchains/XcodeDefault.xctoolchain/usr/lib/swift/host/plugins/testing -enable-experimental-feature DebugDescriptionMacro -sdk /Applications/Xcode-27.0.0-Release.Candidate.app/Contents/Developer/Platforms/AppleTVOS.platform/Developer/SDKs/AppleTVOS27.0.sdk -target arm64-apple-tvos15.0 -g -module-cache-path /Users/admin/builder/spi-builder-workspace/.derivedData/ModuleCache.noindex -Xfrontend -serialize-debugging-options -profile-coverage-mapping -profile-generate -enable-testing -suppress-warnings -index-store-path /Users/admin/builder/spi-builder-workspace/.derivedData/Index.noindex/DataStore -Xcc -D_LIBCPP_HARDENING_MODE\=_LIBCPP_HARDENING_MODE_DEBUG -swift-version 6 -I /Users/admin/builder/spi-builder-workspace/.derivedData/Build/Products/Debug-appletvos -Isystem /Applications/Xcode-27.0.0-Release.Candidate.app/Contents/Developer/Platforms/AppleTVOS.platform/Developer/usr/lib -F /Users/admin/builder/spi-builder-workspace/.derivedData/Build/Products/Debug-appletvos -F /Applications/Xcode-27.0.0-Release.Candidate.app/Contents/Developer/Platforms/AppleTVOS.platform/Developer/Library/Frameworks -F /Applications/Xcode-27.0.0-Release.Candidate.app/Contents/Developer/Platforms/AppleTVOS.platform/Developer/SDKs/AppleTVOS27.0.sdk/Developer/Library/Frameworks -c -j10 -enable-batch-mode -incremental -Xcc -ivfsstatcache -Xcc /Users/admin/builder/spi-builder-workspace/.derivedData/SDKStatCaches.noindex/appletvos27.0-24J360-e829b21a6f8c9b70876ba0858053c044b32bfd8d43560033f8d89884cdb90028.sdkstatcache -output-file-map /Users/admin/builder/spi-builder-workspace/.derivedData/Build/Intermediates.noindex/swiftui-introspect.build/Debug-appletvos/SwiftUIIntrospect-t.build/Objects-normal/arm64/SwiftUIIntrospect-OutputFileMap.json -save-temps -no-color-diagnostics -explicit-module-build -module-cache-path /Users/admin/builder/spi-builder-workspace/.derivedData/Build/Intermediates.noindex/SwiftExplicitPrecompiledModules -clang-scanner-module-cache-path /Users/admin/builder/spi-builder-workspace/.derivedData/ModuleCache.noindex -sdk-module-cache-path /Users/admin/builder/spi-builder-workspace/.derivedData/SDKExplicitPrecompiledModules -emit-dependencies -emit-module -emit-module-path /Users/admin/builder/spi-builder-workspace/.derivedData/Build/Intermediates.noindex/swiftui-introspect.build/Debug-appletvos/SwiftUIIntrospect-t.build/Objects-normal/arm64/SwiftUIIntrospect.swiftmodule -serialize-diagnostics -dependency-scan-serialize-diagnostics-path /Users/admin/builder/spi-builder-workspace/.derivedData/Build/Intermediates.noindex/swiftui-introspect.build/Debug-appletvos/SwiftUIIntrospect-t.build/Objects-normal/arm64/SwiftUIIntrospect-dependency-scan.dia -user-module-version 27.0.0 -validate-clang-modules-once -clang-build-session-file /Users/admin/builder/spi-builder-workspace/.derivedData/ModuleCache.noindex/Session.modulevalidation -Xcc -fmodules-prune-interval\=86400 -Xcc -fmodules-prune-after\=345600 -package-name swiftui_introspect -emit-const-values -const-gather-protocols-list /Users/admin/builder/spi-builder-workspace/.derivedData/Build/Intermediates.noindex/swiftui-introspect.build/Debug-appletvos/SwiftUIIntrospect-t.build/Objects-normal/arm64/SwiftUIIntrospect_const_extract_protocols.json -Xcc -I/Users/admin/builder/spi-builder-workspace/.derivedData/Build/Products/Debug-appletvos/include -Xcc -I/Users/admin/builder/spi-builder-workspace/.derivedData/Build/Intermediates.noindex/swiftui-introspect.build/Debug-appletvos/SwiftUIIntrospect-t.build/DerivedSources-normal/arm64 -Xcc -I/Users/admin/builder/spi-builder-workspace/.derivedData/Build/Intermediates.noindex/swiftui-introspect.build/Debug-appletvos/SwiftUIIntrospect-t.build/DerivedSources/arm64 -Xcc -I/Users/admin/builder/spi-builder-workspace/.derivedData/Build/Intermediates.noindex/swiftui-introspect.build/Debug-appletvos/SwiftUIIntrospect-t.build/DerivedSources -Xcc -DSWIFT_PACKAGE -Xcc -DDEBUG\=1 -emit-objc-header -emit-objc-header-path /Users/admin/builder/spi-builder-workspace/.derivedData/Build/Intermediates.noindex/swiftui-introspect.build/Debug-appletvos/SwiftUIIntrospect-t.build/Objects-normal/arm64/SwiftUIIntrospect-Swift.h -working-directory /Users/admin/builder/spi-builder-workspace/.swiftpm/xcode -experimental-emit-module-separately -disable-cmo
SwiftDriverJobDiscovery normal arm64 Compiling TextField.swift, TextFieldWithVerticalAxis.swift, Toggle.swift, ToggleWithButtonStyle.swift, ToggleWithCheckboxStyle.swift, ToggleWithSwitchStyle.swift (in target 'SwiftUIIntrospect' from project 'swiftui-introspect')
SwiftCompile normal arm64 Compiling\ ListWithSidebarStyle.swift,\ Map.swift,\ NavigationSplitView.swift,\ NavigationStack.swift,\ NavigationViewWithColumnsStyle.swift,\ NavigationViewWithStackStyle.swift /Users/admin/builder/spi-builder-workspace/.dependencies/checkouts/swiftui-introspect/Sources/ViewTypes/ListWithSidebarStyle.swift /Users/admin/builder/spi-builder-workspace/.dependencies/checkouts/swiftui-introspect/Sources/ViewTypes/Map.swift /Users/admin/builder/spi-builder-workspace/.dependencies/checkouts/swiftui-introspect/Sources/ViewTypes/NavigationSplitView.swift /Users/admin/builder/spi-builder-workspace/.dependencies/checkouts/swiftui-introspect/Sources/ViewTypes/NavigationStack.swift /Users/admin/builder/spi-builder-workspace/.dependencies/checkouts/swiftui-introspect/Sources/ViewTypes/NavigationViewWithColumnsStyle.swift /Users/admin/builder/spi-builder-workspace/.dependencies/checkouts/swiftui-introspect/Sources/ViewTypes/NavigationViewWithStackStyle.swift (in target 'SwiftUIIntrospect' from project 'swiftui-introspect')
SwiftCompile normal arm64 /Users/admin/builder/spi-builder-workspace/.dependencies/checkouts/swiftui-introspect/Sources/ViewTypes/ListWithSidebarStyle.swift (in target 'SwiftUIIntrospect' from project 'swiftui-introspect')
cd /Users/admin/builder/spi-builder-workspace/.swiftpm/xcode
builtin-SwiftPerFileCompile ListWithSidebarStyle.swift
SwiftCompile normal arm64 /Users/admin/builder/spi-builder-workspace/.dependencies/checkouts/swiftui-introspect/Sources/ViewTypes/Map.swift (in target 'SwiftUIIntrospect' from project 'swiftui-introspect')
cd /Users/admin/builder/spi-builder-workspace/.swiftpm/xcode
builtin-SwiftPerFileCompile Map.swift
SwiftCompile normal arm64 /Users/admin/builder/spi-builder-workspace/.dependencies/checkouts/swiftui-introspect/Sources/ViewTypes/NavigationSplitView.swift (in target 'SwiftUIIntrospect' from project 'swiftui-introspect')
cd /Users/admin/builder/spi-builder-workspace/.swiftpm/xcode
builtin-SwiftPerFileCompile NavigationSplitView.swift
SwiftCompile normal arm64 /Users/admin/builder/spi-builder-workspace/.dependencies/checkouts/swiftui-introspect/Sources/ViewTypes/NavigationStack.swift (in target 'SwiftUIIntrospect' from project 'swiftui-introspect')
cd /Users/admin/builder/spi-builder-workspace/.swiftpm/xcode
builtin-SwiftPerFileCompile NavigationStack.swift
SwiftCompile normal arm64 /Users/admin/builder/spi-builder-workspace/.dependencies/checkouts/swiftui-introspect/Sources/ViewTypes/NavigationViewWithColumnsStyle.swift (in target 'SwiftUIIntrospect' from project 'swiftui-introspect')
cd /Users/admin/builder/spi-builder-workspace/.swiftpm/xcode
builtin-SwiftPerFileCompile NavigationViewWithColumnsStyle.swift
SwiftCompile normal arm64 /Users/admin/builder/spi-builder-workspace/.dependencies/checkouts/swiftui-introspect/Sources/ViewTypes/NavigationViewWithStackStyle.swift (in target 'SwiftUIIntrospect' from project 'swiftui-introspect')
cd /Users/admin/builder/spi-builder-workspace/.swiftpm/xcode
builtin-SwiftPerFileCompile NavigationViewWithStackStyle.swift
SwiftMergeGeneratedHeaders /Users/admin/builder/spi-builder-workspace/.derivedData/Build/Intermediates.noindex/GeneratedModuleMaps-appletvos/SwiftUIIntrospect-Swift.h /Users/admin/builder/spi-builder-workspace/.derivedData/Build/Intermediates.noindex/swiftui-introspect.build/Debug-appletvos/SwiftUIIntrospect-t.build/Objects-normal/arm64/SwiftUIIntrospect-Swift.h (in target 'SwiftUIIntrospect' from project 'swiftui-introspect')
cd /Users/admin/builder/spi-builder-workspace/.dependencies/checkouts/swiftui-introspect
builtin-swiftHeaderTool -arch arm64 /Users/admin/builder/spi-builder-workspace/.derivedData/Build/Intermediates.noindex/swiftui-introspect.build/Debug-appletvos/SwiftUIIntrospect-t.build/Objects-normal/arm64/SwiftUIIntrospect-Swift.h -o /Users/admin/builder/spi-builder-workspace/.derivedData/Build/Intermediates.noindex/GeneratedModuleMaps-appletvos/SwiftUIIntrospect-Swift.h
SwiftDriverJobDiscovery normal arm64 Compiling List.swift, ListCell.swift, ListWithBorderedStyle.swift, ListWithGroupedStyle.swift, ListWithInsetGroupedStyle.swift, ListWithInsetStyle.swift (in target 'SwiftUIIntrospect' from project 'swiftui-introspect')
Copy /Users/admin/builder/spi-builder-workspace/.derivedData/Build/Products/Debug-appletvos/SwiftUIIntrospect.swiftmodule/arm64-apple-tvos.swiftmodule /Users/admin/builder/spi-builder-workspace/.derivedData/Build/Intermediates.noindex/swiftui-introspect.build/Debug-appletvos/SwiftUIIntrospect-t.build/Objects-normal/arm64/SwiftUIIntrospect.swiftmodule (in target 'SwiftUIIntrospect' from project 'swiftui-introspect')
cd /Users/admin/builder/spi-builder-workspace/.dependencies/checkouts/swiftui-introspect
builtin-copy -exclude .DS_Store -exclude CVS -exclude .svn -exclude .git -exclude .hg -resolve-src-symlinks -rename /Users/admin/builder/spi-builder-workspace/.derivedData/Build/Intermediates.noindex/swiftui-introspect.build/Debug-appletvos/SwiftUIIntrospect-t.build/Objects-normal/arm64/SwiftUIIntrospect.swiftmodule /Users/admin/builder/spi-builder-workspace/.derivedData/Build/Products/Debug-appletvos/SwiftUIIntrospect.swiftmodule/arm64-apple-tvos.swiftmodule
Copy /Users/admin/builder/spi-builder-workspace/.derivedData/Build/Products/Debug-appletvos/SwiftUIIntrospect.swiftmodule/arm64-apple-tvos.swiftdoc /Users/admin/builder/spi-builder-workspace/.derivedData/Build/Intermediates.noindex/swiftui-introspect.build/Debug-appletvos/SwiftUIIntrospect-t.build/Objects-normal/arm64/SwiftUIIntrospect.swiftdoc (in target 'SwiftUIIntrospect' from project 'swiftui-introspect')
cd /Users/admin/builder/spi-builder-workspace/.dependencies/checkouts/swiftui-introspect
builtin-copy -exclude .DS_Store -exclude CVS -exclude .svn -exclude .git -exclude .hg -resolve-src-symlinks -rename /Users/admin/builder/spi-builder-workspace/.derivedData/Build/Intermediates.noindex/swiftui-introspect.build/Debug-appletvos/SwiftUIIntrospect-t.build/Objects-normal/arm64/SwiftUIIntrospect.swiftdoc /Users/admin/builder/spi-builder-workspace/.derivedData/Build/Products/Debug-appletvos/SwiftUIIntrospect.swiftmodule/arm64-apple-tvos.swiftdoc
Copy /Users/admin/builder/spi-builder-workspace/.derivedData/Build/Products/Debug-appletvos/SwiftUIIntrospect.swiftmodule/arm64-apple-tvos.abi.json /Users/admin/builder/spi-builder-workspace/.derivedData/Build/Intermediates.noindex/swiftui-introspect.build/Debug-appletvos/SwiftUIIntrospect-t.build/Objects-normal/arm64/SwiftUIIntrospect.abi.json (in target 'SwiftUIIntrospect' from project 'swiftui-introspect')
cd /Users/admin/builder/spi-builder-workspace/.dependencies/checkouts/swiftui-introspect
builtin-copy -exclude .DS_Store -exclude CVS -exclude .svn -exclude .git -exclude .hg -resolve-src-symlinks -rename /Users/admin/builder/spi-builder-workspace/.derivedData/Build/Intermediates.noindex/swiftui-introspect.build/Debug-appletvos/SwiftUIIntrospect-t.build/Objects-normal/arm64/SwiftUIIntrospect.abi.json /Users/admin/builder/spi-builder-workspace/.derivedData/Build/Products/Debug-appletvos/SwiftUIIntrospect.swiftmodule/arm64-apple-tvos.abi.json
SwiftDriverJobDiscovery normal arm64 Compiling Introspect.swift, IntrospectableViewType.swift, IntrospectionSelector.swift, IntrospectionView.swift, PlatformVersion.swift, PlatformView.swift, PlatformViewVersion.swift (in target 'SwiftUIIntrospect' from project 'swiftui-introspect')
Copy /Users/admin/builder/spi-builder-workspace/.derivedData/Build/Products/Debug-appletvos/SwiftUIIntrospect.swiftmodule/Project/arm64-apple-tvos.swiftsourceinfo /Users/admin/builder/spi-builder-workspace/.derivedData/Build/Intermediates.noindex/swiftui-introspect.build/Debug-appletvos/SwiftUIIntrospect-t.build/Objects-normal/arm64/SwiftUIIntrospect.swiftsourceinfo (in target 'SwiftUIIntrospect' from project 'swiftui-introspect')
cd /Users/admin/builder/spi-builder-workspace/.dependencies/checkouts/swiftui-introspect
builtin-copy -exclude .DS_Store -exclude CVS -exclude .svn -exclude .git -exclude .hg -resolve-src-symlinks -rename /Users/admin/builder/spi-builder-workspace/.derivedData/Build/Intermediates.noindex/swiftui-introspect.build/Debug-appletvos/SwiftUIIntrospect-t.build/Objects-normal/arm64/SwiftUIIntrospect.swiftsourceinfo /Users/admin/builder/spi-builder-workspace/.derivedData/Build/Products/Debug-appletvos/SwiftUIIntrospect.swiftmodule/Project/arm64-apple-tvos.swiftsourceinfo
SwiftCompile normal arm64 Compiling\ Utils.swift,\ Button.swift,\ ColorPicker.swift,\ DatePicker.swift,\ DatePickerWithCompactStyle.swift,\ DatePickerWithFieldStyle.swift /Users/admin/builder/spi-builder-workspace/.dependencies/checkouts/swiftui-introspect/Sources/Utils.swift /Users/admin/builder/spi-builder-workspace/.dependencies/checkouts/swiftui-introspect/Sources/ViewTypes/Button.swift /Users/admin/builder/spi-builder-workspace/.dependencies/checkouts/swiftui-introspect/Sources/ViewTypes/ColorPicker.swift /Users/admin/builder/spi-builder-workspace/.dependencies/checkouts/swiftui-introspect/Sources/ViewTypes/DatePicker.swift /Users/admin/builder/spi-builder-workspace/.dependencies/checkouts/swiftui-introspect/Sources/ViewTypes/DatePickerWithCompactStyle.swift /Users/admin/builder/spi-builder-workspace/.dependencies/checkouts/swiftui-introspect/Sources/ViewTypes/DatePickerWithFieldStyle.swift (in target 'SwiftUIIntrospect' from project 'swiftui-introspect')
SwiftCompile normal arm64 /Users/admin/builder/spi-builder-workspace/.dependencies/checkouts/swiftui-introspect/Sources/Utils.swift (in target 'SwiftUIIntrospect' from project 'swiftui-introspect')
cd /Users/admin/builder/spi-builder-workspace/.swiftpm/xcode
builtin-SwiftPerFileCompile Utils.swift
SwiftCompile normal arm64 /Users/admin/builder/spi-builder-workspace/.dependencies/checkouts/swiftui-introspect/Sources/ViewTypes/Button.swift (in target 'SwiftUIIntrospect' from project 'swiftui-introspect')
cd /Users/admin/builder/spi-builder-workspace/.swiftpm/xcode
builtin-SwiftPerFileCompile Button.swift
SwiftCompile normal arm64 /Users/admin/builder/spi-builder-workspace/.dependencies/checkouts/swiftui-introspect/Sources/ViewTypes/ColorPicker.swift (in target 'SwiftUIIntrospect' from project 'swiftui-introspect')
cd /Users/admin/builder/spi-builder-workspace/.swiftpm/xcode
builtin-SwiftPerFileCompile ColorPicker.swift
SwiftCompile normal arm64 /Users/admin/builder/spi-builder-workspace/.dependencies/checkouts/swiftui-introspect/Sources/ViewTypes/DatePicker.swift (in target 'SwiftUIIntrospect' from project 'swiftui-introspect')
cd /Users/admin/builder/spi-builder-workspace/.swiftpm/xcode
builtin-SwiftPerFileCompile DatePicker.swift
SwiftCompile normal arm64 /Users/admin/builder/spi-builder-workspace/.dependencies/checkouts/swiftui-introspect/Sources/ViewTypes/DatePickerWithCompactStyle.swift (in target 'SwiftUIIntrospect' from project 'swiftui-introspect')
cd /Users/admin/builder/spi-builder-workspace/.swiftpm/xcode
builtin-SwiftPerFileCompile DatePickerWithCompactStyle.swift
SwiftCompile normal arm64 /Users/admin/builder/spi-builder-workspace/.dependencies/checkouts/swiftui-introspect/Sources/ViewTypes/DatePickerWithFieldStyle.swift (in target 'SwiftUIIntrospect' from project 'swiftui-introspect')
cd /Users/admin/builder/spi-builder-workspace/.swiftpm/xcode
builtin-SwiftPerFileCompile DatePickerWithFieldStyle.swift
SwiftCompile normal arm64 Compiling\ PageControl.swift,\ PickerWithMenuStyle.swift,\ PickerWithSegmentedStyle.swift,\ PickerWithWheelStyle.swift,\ Popover.swift,\ ProgressViewWithCircularStyle.swift /Users/admin/builder/spi-builder-workspace/.dependencies/checkouts/swiftui-introspect/Sources/ViewTypes/PageControl.swift /Users/admin/builder/spi-builder-workspace/.dependencies/checkouts/swiftui-introspect/Sources/ViewTypes/PickerWithMenuStyle.swift /Users/admin/builder/spi-builder-workspace/.dependencies/checkouts/swiftui-introspect/Sources/ViewTypes/PickerWithSegmentedStyle.swift /Users/admin/builder/spi-builder-workspace/.dependencies/checkouts/swiftui-introspect/Sources/ViewTypes/PickerWithWheelStyle.swift /Users/admin/builder/spi-builder-workspace/.dependencies/checkouts/swiftui-introspect/Sources/ViewTypes/Popover.swift /Users/admin/builder/spi-builder-workspace/.dependencies/checkouts/swiftui-introspect/Sources/ViewTypes/ProgressViewWithCircularStyle.swift (in target 'SwiftUIIntrospect' from project 'swiftui-introspect')
SwiftCompile normal arm64 /Users/admin/builder/spi-builder-workspace/.dependencies/checkouts/swiftui-introspect/Sources/ViewTypes/PageControl.swift (in target 'SwiftUIIntrospect' from project 'swiftui-introspect')
cd /Users/admin/builder/spi-builder-workspace/.swiftpm/xcode
builtin-SwiftPerFileCompile PageControl.swift
SwiftCompile normal arm64 /Users/admin/builder/spi-builder-workspace/.dependencies/checkouts/swiftui-introspect/Sources/ViewTypes/PickerWithMenuStyle.swift (in target 'SwiftUIIntrospect' from project 'swiftui-introspect')
cd /Users/admin/builder/spi-builder-workspace/.swiftpm/xcode
builtin-SwiftPerFileCompile PickerWithMenuStyle.swift
SwiftCompile normal arm64 /Users/admin/builder/spi-builder-workspace/.dependencies/checkouts/swiftui-introspect/Sources/ViewTypes/PickerWithSegmentedStyle.swift (in target 'SwiftUIIntrospect' from project 'swiftui-introspect')
cd /Users/admin/builder/spi-builder-workspace/.swiftpm/xcode
builtin-SwiftPerFileCompile PickerWithSegmentedStyle.swift
SwiftCompile normal arm64 /Users/admin/builder/spi-builder-workspace/.dependencies/checkouts/swiftui-introspect/Sources/ViewTypes/PickerWithWheelStyle.swift (in target 'SwiftUIIntrospect' from project 'swiftui-introspect')
cd /Users/admin/builder/spi-builder-workspace/.swiftpm/xcode
builtin-SwiftPerFileCompile PickerWithWheelStyle.swift
SwiftCompile normal arm64 /Users/admin/builder/spi-builder-workspace/.dependencies/checkouts/swiftui-introspect/Sources/ViewTypes/Popover.swift (in target 'SwiftUIIntrospect' from project 'swiftui-introspect')
cd /Users/admin/builder/spi-builder-workspace/.swiftpm/xcode
builtin-SwiftPerFileCompile Popover.swift
SwiftCompile normal arm64 /Users/admin/builder/spi-builder-workspace/.dependencies/checkouts/swiftui-introspect/Sources/ViewTypes/ProgressViewWithCircularStyle.swift (in target 'SwiftUIIntrospect' from project 'swiftui-introspect')
cd /Users/admin/builder/spi-builder-workspace/.swiftpm/xcode
builtin-SwiftPerFileCompile ProgressViewWithCircularStyle.swift
SwiftDriverJobDiscovery normal arm64 Compiling VersatileCell.swift (in target 'DynamicList' from project 'swiftui-list-support')
SwiftCompile normal arm64 Compiling\ DatePickerWithGraphicalStyle.swift,\ DatePickerWithStepperFieldStyle.swift,\ DatePickerWithWheelStyle.swift,\ Form.swift,\ FormWithGroupedStyle.swift,\ FullScreenCover.swift /Users/admin/builder/spi-builder-workspace/.dependencies/checkouts/swiftui-introspect/Sources/ViewTypes/DatePickerWithGraphicalStyle.swift /Users/admin/builder/spi-builder-workspace/.dependencies/checkouts/swiftui-introspect/Sources/ViewTypes/DatePickerWithStepperFieldStyle.swift /Users/admin/builder/spi-builder-workspace/.dependencies/checkouts/swiftui-introspect/Sources/ViewTypes/DatePickerWithWheelStyle.swift /Users/admin/builder/spi-builder-workspace/.dependencies/checkouts/swiftui-introspect/Sources/ViewTypes/Form.swift /Users/admin/builder/spi-builder-workspace/.dependencies/checkouts/swiftui-introspect/Sources/ViewTypes/FormWithGroupedStyle.swift /Users/admin/builder/spi-builder-workspace/.dependencies/checkouts/swiftui-introspect/Sources/ViewTypes/FullScreenCover.swift (in target 'SwiftUIIntrospect' from project 'swiftui-introspect')
SwiftCompile normal arm64 /Users/admin/builder/spi-builder-workspace/.dependencies/checkouts/swiftui-introspect/Sources/ViewTypes/DatePickerWithGraphicalStyle.swift (in target 'SwiftUIIntrospect' from project 'swiftui-introspect')
cd /Users/admin/builder/spi-builder-workspace/.swiftpm/xcode
builtin-SwiftPerFileCompile DatePickerWithGraphicalStyle.swift
SwiftCompile normal arm64 /Users/admin/builder/spi-builder-workspace/.dependencies/checkouts/swiftui-introspect/Sources/ViewTypes/DatePickerWithStepperFieldStyle.swift (in target 'SwiftUIIntrospect' from project 'swiftui-introspect')
cd /Users/admin/builder/spi-builder-workspace/.swiftpm/xcode
builtin-SwiftPerFileCompile DatePickerWithStepperFieldStyle.swift
SwiftCompile normal arm64 /Users/admin/builder/spi-builder-workspace/.dependencies/checkouts/swiftui-introspect/Sources/ViewTypes/DatePickerWithWheelStyle.swift (in target 'SwiftUIIntrospect' from project 'swiftui-introspect')
cd /Users/admin/builder/spi-builder-workspace/.swiftpm/xcode
builtin-SwiftPerFileCompile DatePickerWithWheelStyle.swift
SwiftCompile normal arm64 /Users/admin/builder/spi-builder-workspace/.dependencies/checkouts/swiftui-introspect/Sources/ViewTypes/Form.swift (in target 'SwiftUIIntrospect' from project 'swiftui-introspect')
cd /Users/admin/builder/spi-builder-workspace/.swiftpm/xcode
builtin-SwiftPerFileCompile Form.swift
SwiftCompile normal arm64 /Users/admin/builder/spi-builder-workspace/.dependencies/checkouts/swiftui-introspect/Sources/ViewTypes/FormWithGroupedStyle.swift (in target 'SwiftUIIntrospect' from project 'swiftui-introspect')
cd /Users/admin/builder/spi-builder-workspace/.swiftpm/xcode
builtin-SwiftPerFileCompile FormWithGroupedStyle.swift
SwiftCompile normal arm64 /Users/admin/builder/spi-builder-workspace/.dependencies/checkouts/swiftui-introspect/Sources/ViewTypes/FullScreenCover.swift (in target 'SwiftUIIntrospect' from project 'swiftui-introspect')
cd /Users/admin/builder/spi-builder-workspace/.swiftpm/xcode
builtin-SwiftPerFileCompile FullScreenCover.swift
SwiftCompile normal arm64 Compiling\ Slider.swift,\ Stepper.swift,\ TabView.swift,\ TabViewWithPageStyle.swift,\ Table.swift,\ TextEditor.swift /Users/admin/builder/spi-builder-workspace/.dependencies/checkouts/swiftui-introspect/Sources/ViewTypes/Slider.swift /Users/admin/builder/spi-builder-workspace/.dependencies/checkouts/swiftui-introspect/Sources/ViewTypes/Stepper.swift /Users/admin/builder/spi-builder-workspace/.dependencies/checkouts/swiftui-introspect/Sources/ViewTypes/TabView.swift /Users/admin/builder/spi-builder-workspace/.dependencies/checkouts/swiftui-introspect/Sources/ViewTypes/TabViewWithPageStyle.swift /Users/admin/builder/spi-builder-workspace/.dependencies/checkouts/swiftui-introspect/Sources/ViewTypes/Table.swift /Users/admin/builder/spi-builder-workspace/.dependencies/checkouts/swiftui-introspect/Sources/ViewTypes/TextEditor.swift (in target 'SwiftUIIntrospect' from project 'swiftui-introspect')
SwiftCompile normal arm64 /Users/admin/builder/spi-builder-workspace/.dependencies/checkouts/swiftui-introspect/Sources/ViewTypes/Slider.swift (in target 'SwiftUIIntrospect' from project 'swiftui-introspect')
cd /Users/admin/builder/spi-builder-workspace/.swiftpm/xcode
builtin-SwiftPerFileCompile Slider.swift
SwiftCompile normal arm64 /Users/admin/builder/spi-builder-workspace/.dependencies/checkouts/swiftui-introspect/Sources/ViewTypes/Stepper.swift (in target 'SwiftUIIntrospect' from project 'swiftui-introspect')
cd /Users/admin/builder/spi-builder-workspace/.swiftpm/xcode
builtin-SwiftPerFileCompile Stepper.swift
SwiftCompile normal arm64 /Users/admin/builder/spi-builder-workspace/.dependencies/checkouts/swiftui-introspect/Sources/ViewTypes/TabView.swift (in target 'SwiftUIIntrospect' from project 'swiftui-introspect')
cd /Users/admin/builder/spi-builder-workspace/.swiftpm/xcode
builtin-SwiftPerFileCompile TabView.swift
SwiftCompile normal arm64 /Users/admin/builder/spi-builder-workspace/.dependencies/checkouts/swiftui-introspect/Sources/ViewTypes/TabViewWithPageStyle.swift (in target 'SwiftUIIntrospect' from project 'swiftui-introspect')
cd /Users/admin/builder/spi-builder-workspace/.swiftpm/xcode
builtin-SwiftPerFileCompile TabViewWithPageStyle.swift
SwiftCompile normal arm64 /Users/admin/builder/spi-builder-workspace/.dependencies/checkouts/swiftui-introspect/Sources/ViewTypes/Table.swift (in target 'SwiftUIIntrospect' from project 'swiftui-introspect')
cd /Users/admin/builder/spi-builder-workspace/.swiftpm/xcode
builtin-SwiftPerFileCompile Table.swift
SwiftCompile normal arm64 /Users/admin/builder/spi-builder-workspace/.dependencies/checkouts/swiftui-introspect/Sources/ViewTypes/TextEditor.swift (in target 'SwiftUIIntrospect' from project 'swiftui-introspect')
cd /Users/admin/builder/spi-builder-workspace/.swiftpm/xcode
builtin-SwiftPerFileCompile TextEditor.swift
SwiftDriverJobDiscovery normal arm64 Compiling ProgressViewWithLinearStyle.swift, ScrollView.swift, SearchField.swift, SecureField.swift, Sheet.swift, SignInWithAppleButton.swift (in target 'SwiftUIIntrospect' from project 'swiftui-introspect')
SwiftDriverJobDiscovery normal arm64 Compiling IndexedCollection.swift (in target 'IndexedCollection' from project 'swift-indexed-collection')
SwiftDriver\ Compilation IndexedCollection normal arm64 com.apple.xcode.tools.swift.compiler (in target 'IndexedCollection' from project 'swift-indexed-collection')
cd /Users/admin/builder/spi-builder-workspace/.swiftpm/xcode
builtin-Swift-Compilation -- /Applications/Xcode-27.0.0-Release.Candidate.app/Contents/Developer/Toolchains/XcodeDefault.xctoolchain/usr/bin/swiftc -parse-as-library -module-name IndexedCollection -Onone @/Users/admin/builder/spi-builder-workspace/.derivedData/Build/Intermediates.noindex/swift-indexed-collection.build/Debug-appletvos/IndexedCollection-t.build/Objects-normal/arm64/IndexedCollection.SwiftFileList -DSWIFT_PACKAGE -DDEBUG -DSWIFT_MODULE_RESOURCE_BUNDLE_UNAVAILABLE -DXcode -plugin-path /Applications/Xcode-27.0.0-Release.Candidate.app/Contents/Developer/Toolchains/XcodeDefault.xctoolchain/usr/lib/swift/host/plugins/testing -enable-experimental-feature DebugDescriptionMacro -sdk /Applications/Xcode-27.0.0-Release.Candidate.app/Contents/Developer/Platforms/AppleTVOS.platform/Developer/SDKs/AppleTVOS27.0.sdk -target arm64-apple-tvos15.0 -g -module-cache-path /Users/admin/builder/spi-builder-workspace/.derivedData/ModuleCache.noindex -Xfrontend -serialize-debugging-options -profile-coverage-mapping -profile-generate -enable-testing -suppress-warnings -index-store-path /Users/admin/builder/spi-builder-workspace/.derivedData/Index.noindex/DataStore -Xcc -D_LIBCPP_HARDENING_MODE\=_LIBCPP_HARDENING_MODE_DEBUG -swift-version 5 -I /Users/admin/builder/spi-builder-workspace/.derivedData/Build/Products/Debug-appletvos -Isystem /Applications/Xcode-27.0.0-Release.Candidate.app/Contents/Developer/Platforms/AppleTVOS.platform/Developer/usr/lib -F /Users/admin/builder/spi-builder-workspace/.derivedData/Build/Products/Debug-appletvos -F /Applications/Xcode-27.0.0-Release.Candidate.app/Contents/Developer/Platforms/AppleTVOS.platform/Developer/Library/Frameworks -F /Applications/Xcode-27.0.0-Release.Candidate.app/Contents/Developer/Platforms/AppleTVOS.platform/Developer/SDKs/AppleTVOS27.0.sdk/Developer/Library/Frameworks -c -j10 -enable-batch-mode -incremental -Xcc -ivfsstatcache -Xcc /Users/admin/builder/spi-builder-workspace/.derivedData/SDKStatCaches.noindex/appletvos27.0-24J360-e829b21a6f8c9b70876ba0858053c044b32bfd8d43560033f8d89884cdb90028.sdkstatcache -output-file-map /Users/admin/builder/spi-builder-workspace/.derivedData/Build/Intermediates.noindex/swift-indexed-collection.build/Debug-appletvos/IndexedCollection-t.build/Objects-normal/arm64/IndexedCollection-OutputFileMap.json -save-temps -no-color-diagnostics -explicit-module-build -module-cache-path /Users/admin/builder/spi-builder-workspace/.derivedData/Build/Intermediates.noindex/SwiftExplicitPrecompiledModules -clang-scanner-module-cache-path /Users/admin/builder/spi-builder-workspace/.derivedData/ModuleCache.noindex -sdk-module-cache-path /Users/admin/builder/spi-builder-workspace/.derivedData/SDKExplicitPrecompiledModules -emit-dependencies -emit-module -emit-module-path /Users/admin/builder/spi-builder-workspace/.derivedData/Build/Intermediates.noindex/swift-indexed-collection.build/Debug-appletvos/IndexedCollection-t.build/Objects-normal/arm64/IndexedCollection.swiftmodule -serialize-diagnostics -dependency-scan-serialize-diagnostics-path /Users/admin/builder/spi-builder-workspace/.derivedData/Build/Intermediates.noindex/swift-indexed-collection.build/Debug-appletvos/IndexedCollection-t.build/Objects-normal/arm64/IndexedCollection-dependency-scan.dia -validate-clang-modules-once -clang-build-session-file /Users/admin/builder/spi-builder-workspace/.derivedData/ModuleCache.noindex/Session.modulevalidation -Xcc -fmodules-prune-interval\=86400 -Xcc -fmodules-prune-after\=345600 -package-name swift_indexed_collection -emit-const-values -const-gather-protocols-list /Users/admin/builder/spi-builder-workspace/.derivedData/Build/Intermediates.noindex/swift-indexed-collection.build/Debug-appletvos/IndexedCollection-t.build/Objects-normal/arm64/IndexedCollection_const_extract_protocols.json -Xcc -I/Users/admin/builder/spi-builder-workspace/.derivedData/Build/Products/Debug-appletvos/include -Xcc -I/Users/admin/builder/spi-builder-workspace/.derivedData/Build/Intermediates.noindex/swift-indexed-collection.build/Debug-appletvos/IndexedCollection-t.build/DerivedSources-normal/arm64 -Xcc -I/Users/admin/builder/spi-builder-workspace/.derivedData/Build/Intermediates.noindex/swift-indexed-collection.build/Debug-appletvos/IndexedCollection-t.build/DerivedSources/arm64 -Xcc -I/Users/admin/builder/spi-builder-workspace/.derivedData/Build/Intermediates.noindex/swift-indexed-collection.build/Debug-appletvos/IndexedCollection-t.build/DerivedSources -Xcc -DSWIFT_PACKAGE -Xcc -DDEBUG\=1 -emit-objc-header -emit-objc-header-path /Users/admin/builder/spi-builder-workspace/.derivedData/Build/Intermediates.noindex/swift-indexed-collection.build/Debug-appletvos/IndexedCollection-t.build/Objects-normal/arm64/IndexedCollection-Swift.h -working-directory /Users/admin/builder/spi-builder-workspace/.swiftpm/xcode -experimental-emit-module-separately -disable-cmo
SwiftCompile normal arm64 Compiling\ CustomContentConfiguration.swift /Users/admin/builder/spi-builder-workspace/Sources/DynamicList/CustomContentConfiguration.swift (in target 'DynamicList' from project 'swiftui-list-support')
SwiftCompile normal arm64 /Users/admin/builder/spi-builder-workspace/Sources/DynamicList/CustomContentConfiguration.swift (in target 'DynamicList' from project 'swiftui-list-support')
cd /Users/admin/builder/spi-builder-workspace/.swiftpm/xcode
builtin-SwiftPerFileCompile CustomContentConfiguration.swift
SwiftCompile normal arm64 Compiling\ ContentPagingTrigger.swift /Users/admin/builder/spi-builder-workspace/Sources/DynamicList/ContentPagingTrigger.swift (in target 'DynamicList' from project 'swiftui-list-support')
SwiftCompile normal arm64 /Users/admin/builder/spi-builder-workspace/Sources/DynamicList/ContentPagingTrigger.swift (in target 'DynamicList' from project 'swiftui-list-support')
cd /Users/admin/builder/spi-builder-workspace/.swiftpm/xcode
builtin-SwiftPerFileCompile ContentPagingTrigger.swift
SwiftDriverJobDiscovery normal arm64 Compiling StickyHeader.swift (in target 'StickyHeader' from project 'swiftui-list-support')
SwiftDriver\ Compilation StickyHeader normal arm64 com.apple.xcode.tools.swift.compiler (in target 'StickyHeader' from project 'swiftui-list-support')
cd /Users/admin/builder/spi-builder-workspace/.swiftpm/xcode
builtin-Swift-Compilation -- /Applications/Xcode-27.0.0-Release.Candidate.app/Contents/Developer/Toolchains/XcodeDefault.xctoolchain/usr/bin/swiftc -parse-as-library -module-name StickyHeader -Onone @/Users/admin/builder/spi-builder-workspace/.derivedData/Build/Intermediates.noindex/swiftui-list-support.build/Debug-appletvos/StickyHeader-t.build/Objects-normal/arm64/StickyHeader.SwiftFileList -DSWIFT_PACKAGE -DDEBUG -DSWIFT_MODULE_RESOURCE_BUNDLE_UNAVAILABLE -DXcode -plugin-path /Applications/Xcode-27.0.0-Release.Candidate.app/Contents/Developer/Toolchains/XcodeDefault.xctoolchain/usr/lib/swift/host/plugins/testing -enable-experimental-feature DebugDescriptionMacro -sdk /Applications/Xcode-27.0.0-Release.Candidate.app/Contents/Developer/Platforms/AppleTVOS.platform/Developer/SDKs/AppleTVOS27.0.sdk -target arm64-apple-tvos17.0 -g -module-cache-path /Users/admin/builder/spi-builder-workspace/.derivedData/ModuleCache.noindex -Xfrontend -serialize-debugging-options -profile-coverage-mapping -profile-generate -enable-testing -index-store-path /Users/admin/builder/spi-builder-workspace/.derivedData/Index.noindex/DataStore -Xcc -D_LIBCPP_HARDENING_MODE\=_LIBCPP_HARDENING_MODE_DEBUG -swift-version 6 -I /Users/admin/builder/spi-builder-workspace/.derivedData/Build/Products/Debug-appletvos -Isystem /Applications/Xcode-27.0.0-Release.Candidate.app/Contents/Developer/Platforms/AppleTVOS.platform/Developer/usr/lib -F /Users/admin/builder/spi-builder-workspace/.derivedData/Build/Products/Debug-appletvos -F /Applications/Xcode-27.0.0-Release.Candidate.app/Contents/Developer/Platforms/AppleTVOS.platform/Developer/Library/Frameworks -F /Applications/Xcode-27.0.0-Release.Candidate.app/Contents/Developer/Platforms/AppleTVOS.platform/Developer/SDKs/AppleTVOS27.0.sdk/Developer/Library/Frameworks -c -j10 -enable-batch-mode -incremental -Xcc -ivfsstatcache -Xcc /Users/admin/builder/spi-builder-workspace/.derivedData/SDKStatCaches.noindex/appletvos27.0-24J360-e829b21a6f8c9b70876ba0858053c044b32bfd8d43560033f8d89884cdb90028.sdkstatcache -output-file-map /Users/admin/builder/spi-builder-workspace/.derivedData/Build/Intermediates.noindex/swiftui-list-support.build/Debug-appletvos/StickyHeader-t.build/Objects-normal/arm64/StickyHeader-OutputFileMap.json -save-temps -no-color-diagnostics -explicit-module-build -module-cache-path /Users/admin/builder/spi-builder-workspace/.derivedData/Build/Intermediates.noindex/SwiftExplicitPrecompiledModules -clang-scanner-module-cache-path /Users/admin/builder/spi-builder-workspace/.derivedData/ModuleCache.noindex -sdk-module-cache-path /Users/admin/builder/spi-builder-workspace/.derivedData/SDKExplicitPrecompiledModules -emit-dependencies -emit-module -emit-module-path /Users/admin/builder/spi-builder-workspace/.derivedData/Build/Intermediates.noindex/swiftui-list-support.build/Debug-appletvos/StickyHeader-t.build/Objects-normal/arm64/StickyHeader.swiftmodule -serialize-diagnostics -dependency-scan-serialize-diagnostics-path /Users/admin/builder/spi-builder-workspace/.derivedData/Build/Intermediates.noindex/swiftui-list-support.build/Debug-appletvos/StickyHeader-t.build/Objects-normal/arm64/StickyHeader-dependency-scan.dia -validate-clang-modules-once -clang-build-session-file /Users/admin/builder/spi-builder-workspace/.derivedData/ModuleCache.noindex/Session.modulevalidation -Xcc -fmodules-prune-interval\=86400 -Xcc -fmodules-prune-after\=345600 -package-name spi_builder_workspace -emit-const-values -const-gather-protocols-list /Users/admin/builder/spi-builder-workspace/.derivedData/Build/Intermediates.noindex/swiftui-list-support.build/Debug-appletvos/StickyHeader-t.build/Objects-normal/arm64/StickyHeader_const_extract_protocols.json -Xcc -I/Users/admin/builder/spi-builder-workspace/.derivedData/Build/Products/Debug-appletvos/include -Xcc -I/Users/admin/builder/spi-builder-workspace/.derivedData/Build/Intermediates.noindex/swiftui-list-support.build/Debug-appletvos/StickyHeader-t.build/DerivedSources-normal/arm64 -Xcc -I/Users/admin/builder/spi-builder-workspace/.derivedData/Build/Intermediates.noindex/swiftui-list-support.build/Debug-appletvos/StickyHeader-t.build/DerivedSources/arm64 -Xcc -I/Users/admin/builder/spi-builder-workspace/.derivedData/Build/Intermediates.noindex/swiftui-list-support.build/Debug-appletvos/StickyHeader-t.build/DerivedSources -Xcc -DSWIFT_PACKAGE -Xcc -DDEBUG\=1 -emit-objc-header -emit-objc-header-path /Users/admin/builder/spi-builder-workspace/.derivedData/Build/Intermediates.noindex/swiftui-list-support.build/Debug-appletvos/StickyHeader-t.build/Objects-normal/arm64/StickyHeader-Swift.h -working-directory /Users/admin/builder/spi-builder-workspace/.swiftpm/xcode -experimental-emit-module-separately -disable-cmo
SwiftDriverJobDiscovery normal arm64 Compiling RefreshControl.swift (in target 'PullingControl' from project 'swiftui-list-support')
SwiftCompile normal arm64 Compiling\ NSDiffableDataSourceSnapshot+Unique.swift /Users/admin/builder/spi-builder-workspace/Sources/DynamicList/NSDiffableDataSourceSnapshot+Unique.swift (in target 'DynamicList' from project 'swiftui-list-support')
SwiftCompile normal arm64 /Users/admin/builder/spi-builder-workspace/Sources/DynamicList/NSDiffableDataSourceSnapshot+Unique.swift (in target 'DynamicList' from project 'swiftui-list-support')
cd /Users/admin/builder/spi-builder-workspace/.swiftpm/xcode
builtin-SwiftPerFileCompile NSDiffableDataSourceSnapshot+Unique.swift
SwiftCompile normal arm64 Compiling\ Log.swift /Users/admin/builder/spi-builder-workspace/Sources/DynamicList/Log.swift (in target 'DynamicList' from project 'swiftui-list-support')
SwiftCompile normal arm64 /Users/admin/builder/spi-builder-workspace/Sources/DynamicList/Log.swift (in target 'DynamicList' from project 'swiftui-list-support')
cd /Users/admin/builder/spi-builder-workspace/.swiftpm/xcode
builtin-SwiftPerFileCompile Log.swift
SwiftDriverJobDiscovery normal arm64 Compiling PullingControl.swift (in target 'PullingControl' from project 'swiftui-list-support')
SwiftDriver\ Compilation PullingControl normal arm64 com.apple.xcode.tools.swift.compiler (in target 'PullingControl' from project 'swiftui-list-support')
cd /Users/admin/builder/spi-builder-workspace/.swiftpm/xcode
builtin-Swift-Compilation -- /Applications/Xcode-27.0.0-Release.Candidate.app/Contents/Developer/Toolchains/XcodeDefault.xctoolchain/usr/bin/swiftc -parse-as-library -module-name PullingControl -Onone @/Users/admin/builder/spi-builder-workspace/.derivedData/Build/Intermediates.noindex/swiftui-list-support.build/Debug-appletvos/PullingControl-t.build/Objects-normal/arm64/PullingControl.SwiftFileList -DSWIFT_PACKAGE -DDEBUG -DSWIFT_MODULE_RESOURCE_BUNDLE_UNAVAILABLE -DXcode -plugin-path /Applications/Xcode-27.0.0-Release.Candidate.app/Contents/Developer/Toolchains/XcodeDefault.xctoolchain/usr/lib/swift/host/plugins/testing -enable-experimental-feature DebugDescriptionMacro -sdk /Applications/Xcode-27.0.0-Release.Candidate.app/Contents/Developer/Platforms/AppleTVOS.platform/Developer/SDKs/AppleTVOS27.0.sdk -target arm64-apple-tvos17.0 -g -module-cache-path /Users/admin/builder/spi-builder-workspace/.derivedData/ModuleCache.noindex -Xfrontend -serialize-debugging-options -profile-coverage-mapping -profile-generate -enable-testing -index-store-path /Users/admin/builder/spi-builder-workspace/.derivedData/Index.noindex/DataStore -Xcc -D_LIBCPP_HARDENING_MODE\=_LIBCPP_HARDENING_MODE_DEBUG -swift-version 6 -I /Users/admin/builder/spi-builder-workspace/.derivedData/Build/Products/Debug-appletvos -Isystem /Applications/Xcode-27.0.0-Release.Candidate.app/Contents/Developer/Platforms/AppleTVOS.platform/Developer/usr/lib -F /Users/admin/builder/spi-builder-workspace/.derivedData/Build/Products/Debug-appletvos -F /Applications/Xcode-27.0.0-Release.Candidate.app/Contents/Developer/Platforms/AppleTVOS.platform/Developer/Library/Frameworks -F /Applications/Xcode-27.0.0-Release.Candidate.app/Contents/Developer/Platforms/AppleTVOS.platform/Developer/SDKs/AppleTVOS27.0.sdk/Developer/Library/Frameworks -c -j10 -enable-batch-mode -incremental -Xcc -ivfsstatcache -Xcc /Users/admin/builder/spi-builder-workspace/.derivedData/SDKStatCaches.noindex/appletvos27.0-24J360-e829b21a6f8c9b70876ba0858053c044b32bfd8d43560033f8d89884cdb90028.sdkstatcache -output-file-map /Users/admin/builder/spi-builder-workspace/.derivedData/Build/Intermediates.noindex/swiftui-list-support.build/Debug-appletvos/PullingControl-t.build/Objects-normal/arm64/PullingControl-OutputFileMap.json -save-temps -no-color-diagnostics -explicit-module-build -module-cache-path /Users/admin/builder/spi-builder-workspace/.derivedData/Build/Intermediates.noindex/SwiftExplicitPrecompiledModules -clang-scanner-module-cache-path /Users/admin/builder/spi-builder-workspace/.derivedData/ModuleCache.noindex -sdk-module-cache-path /Users/admin/builder/spi-builder-workspace/.derivedData/SDKExplicitPrecompiledModules -emit-dependencies -emit-module -emit-module-path /Users/admin/builder/spi-builder-workspace/.derivedData/Build/Intermediates.noindex/swiftui-list-support.build/Debug-appletvos/PullingControl-t.build/Objects-normal/arm64/PullingControl.swiftmodule -serialize-diagnostics -dependency-scan-serialize-diagnostics-path /Users/admin/builder/spi-builder-workspace/.derivedData/Build/Intermediates.noindex/swiftui-list-support.build/Debug-appletvos/PullingControl-t.build/Objects-normal/arm64/PullingControl-dependency-scan.dia -validate-clang-modules-once -clang-build-session-file /Users/admin/builder/spi-builder-workspace/.derivedData/ModuleCache.noindex/Session.modulevalidation -Xcc -fmodules-prune-interval\=86400 -Xcc -fmodules-prune-after\=345600 -package-name spi_builder_workspace -emit-const-values -const-gather-protocols-list /Users/admin/builder/spi-builder-workspace/.derivedData/Build/Intermediates.noindex/swiftui-list-support.build/Debug-appletvos/PullingControl-t.build/Objects-normal/arm64/PullingControl_const_extract_protocols.json -Xcc -I/Users/admin/builder/spi-builder-workspace/.derivedData/Build/Products/Debug-appletvos/include -Xcc -I/Users/admin/builder/spi-builder-workspace/.derivedData/Build/Intermediates.noindex/swiftui-list-support.build/Debug-appletvos/PullingControl-t.build/DerivedSources-normal/arm64 -Xcc -I/Users/admin/builder/spi-builder-workspace/.derivedData/Build/Intermediates.noindex/swiftui-list-support.build/Debug-appletvos/PullingControl-t.build/DerivedSources/arm64 -Xcc -I/Users/admin/builder/spi-builder-workspace/.derivedData/Build/Intermediates.noindex/swiftui-list-support.build/Debug-appletvos/PullingControl-t.build/DerivedSources -Xcc -DSWIFT_PACKAGE -Xcc -DDEBUG\=1 -emit-objc-header -emit-objc-header-path /Users/admin/builder/spi-builder-workspace/.derivedData/Build/Intermediates.noindex/swiftui-list-support.build/Debug-appletvos/PullingControl-t.build/Objects-normal/arm64/PullingControl-Swift.h -working-directory /Users/admin/builder/spi-builder-workspace/.swiftpm/xcode -experimental-emit-module-separately -disable-cmo
SwiftDriverJobDiscovery normal arm64 Compiling CustomContentConfiguration.swift (in target 'DynamicList' from project 'swiftui-list-support')
SwiftCompile normal arm64 Compiling\ DynamicList.swift /Users/admin/builder/spi-builder-workspace/Sources/DynamicList/DynamicList.swift (in target 'DynamicList' from project 'swiftui-list-support')
/Users/admin/builder/spi-builder-workspace/Sources/DynamicList/DynamicList.swift:208:41: warning: 'horizontal(layoutSize:subitem:count:)' was deprecated in tvOS 16.0 [#DeprecatedDeclaration]
206 | )
207 |
208 | let group = NSCollectionLayoutGroup.horizontal(
| `- warning: 'horizontal(layoutSize:subitem:count:)' was deprecated in tvOS 16.0 [#DeprecatedDeclaration]
209 | layoutSize: NSCollectionLayoutSize(
210 | widthDimension: .fractionalWidth(1.0),
[#DeprecatedDeclaration]: <https://docs.swift.org/compiler/documentation/diagnostics/deprecated-declaration>
SwiftCompile normal arm64 /Users/admin/builder/spi-builder-workspace/Sources/DynamicList/DynamicList.swift (in target 'DynamicList' from project 'swiftui-list-support')
cd /Users/admin/builder/spi-builder-workspace/.swiftpm/xcode
builtin-SwiftPerFileCompile DynamicList.swift
SwiftCompile normal arm64 Compiling\ DynamicListView.swift /Users/admin/builder/spi-builder-workspace/Sources/DynamicList/DynamicListView.swift (in target 'DynamicList' from project 'swiftui-list-support')
SwiftCompile normal arm64 /Users/admin/builder/spi-builder-workspace/Sources/DynamicList/DynamicListView.swift (in target 'DynamicList' from project 'swiftui-list-support')
cd /Users/admin/builder/spi-builder-workspace/.swiftpm/xcode
builtin-SwiftPerFileCompile DynamicListView.swift
SwiftDriverJobDiscovery normal arm64 Compiling Utils.swift, Button.swift, ColorPicker.swift, DatePicker.swift, DatePickerWithCompactStyle.swift, DatePickerWithFieldStyle.swift (in target 'SwiftUIIntrospect' from project 'swiftui-introspect')
SwiftDriverJobDiscovery normal arm64 Compiling Log.swift (in target 'DynamicList' from project 'swiftui-list-support')
Ld /Users/admin/builder/spi-builder-workspace/.derivedData/Build/Products/Debug-appletvos/StickyHeader.o normal (in target 'StickyHeader' from project 'swiftui-list-support')
cd /Users/admin/builder/spi-builder-workspace
/Applications/Xcode-27.0.0-Release.Candidate.app/Contents/Developer/Toolchains/XcodeDefault.xctoolchain/usr/bin/clang -Xlinker -reproducible -target arm64-apple-tvos17.0 -r -isysroot /Applications/Xcode-27.0.0-Release.Candidate.app/Contents/Developer/Platforms/AppleTVOS.platform/Developer/SDKs/AppleTVOS27.0.sdk -O0 -Xlinker -no_warn_duplicate_libraries -F/Users/admin/builder/spi-builder-workspace/.derivedData/Build/Intermediates.noindex/EagerLinkingTBDs/Debug-appletvos -F/Users/admin/builder/spi-builder-workspace/.derivedData/Build/Products/Debug-appletvos -iframework /Applications/Xcode-27.0.0-Release.Candidate.app/Contents/Developer/Platforms/AppleTVOS.platform/Developer/Library/Frameworks -iframework /Applications/Xcode-27.0.0-Release.Candidate.app/Contents/Developer/Platforms/AppleTVOS.platform/Developer/SDKs/AppleTVOS27.0.sdk/Developer/Library/Frameworks -filelist /Users/admin/builder/spi-builder-workspace/.derivedData/Build/Intermediates.noindex/swiftui-list-support.build/Debug-appletvos/StickyHeader-t.build/Objects-normal/arm64/StickyHeader.LinkFileList -nostdlib -Xlinker -object_path_lto -Xlinker /Users/admin/builder/spi-builder-workspace/.derivedData/Build/Intermediates.noindex/swiftui-list-support.build/Debug-appletvos/StickyHeader-t.build/Objects-normal/arm64/StickyHeader_lto.o -Xlinker -no_deduplicate -Xlinker -debug_variant -Xlinker -dependency_info -Xlinker /Users/admin/builder/spi-builder-workspace/.derivedData/Build/Intermediates.noindex/swiftui-list-support.build/Debug-appletvos/StickyHeader-t.build/Objects-normal/arm64/StickyHeader_dependency_info.dat -fobjc-link-runtime -L/Applications/Xcode-27.0.0-Release.Candidate.app/Contents/Developer/Toolchains/XcodeDefault.xctoolchain/usr/lib/swift/appletvos -L/usr/lib/swift -Xlinker -add_ast_path -Xlinker /Users/admin/builder/spi-builder-workspace/.derivedData/Build/Intermediates.noindex/swiftui-list-support.build/Debug-appletvos/StickyHeader-t.build/Objects-normal/arm64/StickyHeader.swiftmodule -o /Users/admin/builder/spi-builder-workspace/.derivedData/Build/Products/Debug-appletvos/StickyHeader.o
SwiftDriverJobDiscovery normal arm64 Compiling NSDiffableDataSourceSnapshot+Unique.swift (in target 'DynamicList' from project 'swiftui-list-support')
Ld /Users/admin/builder/spi-builder-workspace/.derivedData/Build/Products/Debug-appletvos/PullingControl.o normal (in target 'PullingControl' from project 'swiftui-list-support')
cd /Users/admin/builder/spi-builder-workspace
/Applications/Xcode-27.0.0-Release.Candidate.app/Contents/Developer/Toolchains/XcodeDefault.xctoolchain/usr/bin/clang -Xlinker -reproducible -target arm64-apple-tvos17.0 -r -isysroot /Applications/Xcode-27.0.0-Release.Candidate.app/Contents/Developer/Platforms/AppleTVOS.platform/Developer/SDKs/AppleTVOS27.0.sdk -O0 -Xlinker -no_warn_duplicate_libraries -F/Users/admin/builder/spi-builder-workspace/.derivedData/Build/Intermediates.noindex/EagerLinkingTBDs/Debug-appletvos -F/Users/admin/builder/spi-builder-workspace/.derivedData/Build/Products/Debug-appletvos -iframework /Applications/Xcode-27.0.0-Release.Candidate.app/Contents/Developer/Platforms/AppleTVOS.platform/Developer/Library/Frameworks -iframework /Applications/Xcode-27.0.0-Release.Candidate.app/Contents/Developer/Platforms/AppleTVOS.platform/Developer/SDKs/AppleTVOS27.0.sdk/Developer/Library/Frameworks -filelist /Users/admin/builder/spi-builder-workspace/.derivedData/Build/Intermediates.noindex/swiftui-list-support.build/Debug-appletvos/PullingControl-t.build/Objects-normal/arm64/PullingControl.LinkFileList -nostdlib -Xlinker -object_path_lto -Xlinker /Users/admin/builder/spi-builder-workspace/.derivedData/Build/Intermediates.noindex/swiftui-list-support.build/Debug-appletvos/PullingControl-t.build/Objects-normal/arm64/PullingControl_lto.o -Xlinker -no_deduplicate -Xlinker -debug_variant -Xlinker -dependency_info -Xlinker /Users/admin/builder/spi-builder-workspace/.derivedData/Build/Intermediates.noindex/swiftui-list-support.build/Debug-appletvos/PullingControl-t.build/Objects-normal/arm64/PullingControl_dependency_info.dat -fobjc-link-runtime -L/Applications/Xcode-27.0.0-Release.Candidate.app/Contents/Developer/Toolchains/XcodeDefault.xctoolchain/usr/lib/swift/appletvos -L/usr/lib/swift -Xlinker -add_ast_path -Xlinker /Users/admin/builder/spi-builder-workspace/.derivedData/Build/Intermediates.noindex/swiftui-list-support.build/Debug-appletvos/PullingControl-t.build/Objects-normal/arm64/PullingControl.swiftmodule -o /Users/admin/builder/spi-builder-workspace/.derivedData/Build/Products/Debug-appletvos/PullingControl.o
Ld /Users/admin/builder/spi-builder-workspace/.derivedData/Build/Products/Debug-appletvos/IndexedCollection.o normal (in target 'IndexedCollection' from project 'swift-indexed-collection')
cd /Users/admin/builder/spi-builder-workspace/.dependencies/checkouts/swift-indexed-collection
/Applications/Xcode-27.0.0-Release.Candidate.app/Contents/Developer/Toolchains/XcodeDefault.xctoolchain/usr/bin/clang -Xlinker -reproducible -target arm64-apple-tvos15.0 -r -isysroot /Applications/Xcode-27.0.0-Release.Candidate.app/Contents/Developer/Platforms/AppleTVOS.platform/Developer/SDKs/AppleTVOS27.0.sdk -O0 -w -Xlinker -no_warn_duplicate_libraries -F/Users/admin/builder/spi-builder-workspace/.derivedData/Build/Intermediates.noindex/EagerLinkingTBDs/Debug-appletvos -F/Users/admin/builder/spi-builder-workspace/.derivedData/Build/Products/Debug-appletvos -iframework /Applications/Xcode-27.0.0-Release.Candidate.app/Contents/Developer/Platforms/AppleTVOS.platform/Developer/Library/Frameworks -iframework /Applications/Xcode-27.0.0-Release.Candidate.app/Contents/Developer/Platforms/AppleTVOS.platform/Developer/SDKs/AppleTVOS27.0.sdk/Developer/Library/Frameworks -filelist /Users/admin/builder/spi-builder-workspace/.derivedData/Build/Intermediates.noindex/swift-indexed-collection.build/Debug-appletvos/IndexedCollection-t.build/Objects-normal/arm64/IndexedCollection.LinkFileList -nostdlib -Xlinker -object_path_lto -Xlinker /Users/admin/builder/spi-builder-workspace/.derivedData/Build/Intermediates.noindex/swift-indexed-collection.build/Debug-appletvos/IndexedCollection-t.build/Objects-normal/arm64/IndexedCollection_lto.o -Xlinker -no_deduplicate -Xlinker -debug_variant -Xlinker -dependency_info -Xlinker /Users/admin/builder/spi-builder-workspace/.derivedData/Build/Intermediates.noindex/swift-indexed-collection.build/Debug-appletvos/IndexedCollection-t.build/Objects-normal/arm64/IndexedCollection_dependency_info.dat -fobjc-link-runtime -L/Applications/Xcode-27.0.0-Release.Candidate.app/Contents/Developer/Toolchains/XcodeDefault.xctoolchain/usr/lib/swift/appletvos -L/usr/lib/swift -Xlinker -add_ast_path -Xlinker /Users/admin/builder/spi-builder-workspace/.derivedData/Build/Intermediates.noindex/swift-indexed-collection.build/Debug-appletvos/IndexedCollection-t.build/Objects-normal/arm64/IndexedCollection.swiftmodule -o /Users/admin/builder/spi-builder-workspace/.derivedData/Build/Products/Debug-appletvos/IndexedCollection.o
ExtractAppIntentsMetadata (in target 'StickyHeader' from project 'swiftui-list-support')
cd /Users/admin/builder/spi-builder-workspace
/Applications/Xcode-27.0.0-Release.Candidate.app/Contents/Developer/Toolchains/XcodeDefault.xctoolchain/usr/bin/appintentsmetadataprocessor --toolchain-dir /var/run/com.apple.security.cryptexd/mnt/com.apple.MobileAsset.MetalToolchain-v27.1.266.1.rZ9Uqv/Metal.xctoolchain --module-name StickyHeader --sdk-root /Applications/Xcode-27.0.0-Release.Candidate.app/Contents/Developer/Platforms/AppleTVOS.platform/Developer/SDKs/AppleTVOS27.0.sdk --xcode-version 27A266a --platform-family tvOS --deployment-target 17.0 --bundle-identifier spi-builder-workspace.StickyHeader --output /Users/admin/builder/spi-builder-workspace/.derivedData/Build/Products/Debug-appletvos/StickyHeader.appintents --target-triple arm64-apple-tvos17.0 --binary-file /Users/admin/builder/spi-builder-workspace/.derivedData/Build/Products/Debug-appletvos/StickyHeader.o --dependency-file /Users/admin/builder/spi-builder-workspace/.derivedData/Build/Intermediates.noindex/swiftui-list-support.build/Debug-appletvos/StickyHeader-t.build/Objects-normal/arm64/StickyHeader_dependency_info.dat --stringsdata-file /Users/admin/builder/spi-builder-workspace/.derivedData/Build/Intermediates.noindex/swiftui-list-support.build/Debug-appletvos/StickyHeader-t.build/Objects-normal/arm64/ExtractedAppShortcutsMetadata.stringsdata --source-file-list /Users/admin/builder/spi-builder-workspace/.derivedData/Build/Intermediates.noindex/swiftui-list-support.build/Debug-appletvos/StickyHeader-t.build/Objects-normal/arm64/StickyHeader.SwiftFileList --metadata-file-list /Users/admin/builder/spi-builder-workspace/.derivedData/Build/Intermediates.noindex/swiftui-list-support.build/Debug-appletvos/StickyHeader-t.build/StickyHeader.DependencyMetadataFileList --static-metadata-file-list /Users/admin/builder/spi-builder-workspace/.derivedData/Build/Intermediates.noindex/swiftui-list-support.build/Debug-appletvos/StickyHeader-t.build/StickyHeader.DependencyStaticMetadataFileList --swift-const-vals-list /Users/admin/builder/spi-builder-workspace/.derivedData/Build/Intermediates.noindex/swiftui-list-support.build/Debug-appletvos/StickyHeader-t.build/Objects-normal/arm64/StickyHeader.SwiftConstValuesFileList --force --compile-time-extraction --deployment-aware-processing --no-app-shortcuts-localization
2026-09-23 02:56:35.688 appintentsmetadataprocessor[986:5537] Starting appintentsmetadataprocessor export
2026-09-23 02:56:35.819 appintentsmetadataprocessor[986:5537] Extracted no relevant App Intents symbols, skipping writing output
ExtractAppIntentsMetadata (in target 'PullingControl' from project 'swiftui-list-support')
cd /Users/admin/builder/spi-builder-workspace
/Applications/Xcode-27.0.0-Release.Candidate.app/Contents/Developer/Toolchains/XcodeDefault.xctoolchain/usr/bin/appintentsmetadataprocessor --toolchain-dir /var/run/com.apple.security.cryptexd/mnt/com.apple.MobileAsset.MetalToolchain-v27.1.266.1.rZ9Uqv/Metal.xctoolchain --module-name PullingControl --sdk-root /Applications/Xcode-27.0.0-Release.Candidate.app/Contents/Developer/Platforms/AppleTVOS.platform/Developer/SDKs/AppleTVOS27.0.sdk --xcode-version 27A266a --platform-family tvOS --deployment-target 17.0 --bundle-identifier spi-builder-workspace.PullingControl --output /Users/admin/builder/spi-builder-workspace/.derivedData/Build/Products/Debug-appletvos/PullingControl.appintents --target-triple arm64-apple-tvos17.0 --binary-file /Users/admin/builder/spi-builder-workspace/.derivedData/Build/Products/Debug-appletvos/PullingControl.o --dependency-file /Users/admin/builder/spi-builder-workspace/.derivedData/Build/Intermediates.noindex/swiftui-list-support.build/Debug-appletvos/PullingControl-t.build/Objects-normal/arm64/PullingControl_dependency_info.dat --stringsdata-file /Users/admin/builder/spi-builder-workspace/.derivedData/Build/Intermediates.noindex/swiftui-list-support.build/Debug-appletvos/PullingControl-t.build/Objects-normal/arm64/ExtractedAppShortcutsMetadata.stringsdata --source-file-list /Users/admin/builder/spi-builder-workspace/.derivedData/Build/Intermediates.noindex/swiftui-list-support.build/Debug-appletvos/PullingControl-t.build/Objects-normal/arm64/PullingControl.SwiftFileList --metadata-file-list /Users/admin/builder/spi-builder-workspace/.derivedData/Build/Intermediates.noindex/swiftui-list-support.build/Debug-appletvos/PullingControl-t.build/PullingControl.DependencyMetadataFileList --static-metadata-file-list /Users/admin/builder/spi-builder-workspace/.derivedData/Build/Intermediates.noindex/swiftui-list-support.build/Debug-appletvos/PullingControl-t.build/PullingControl.DependencyStaticMetadataFileList --swift-const-vals-list /Users/admin/builder/spi-builder-workspace/.derivedData/Build/Intermediates.noindex/swiftui-list-support.build/Debug-appletvos/PullingControl-t.build/Objects-normal/arm64/PullingControl.SwiftConstValuesFileList --force --compile-time-extraction --deployment-aware-processing --no-app-shortcuts-localization
2026-09-23 02:56:35.688 appintentsmetadataprocessor[988:5549] Starting appintentsmetadataprocessor export
2026-09-23 02:56:35.819 appintentsmetadataprocessor[988:5549] Extracted no relevant App Intents symbols, skipping writing output
SwiftDriver SelectableForEach normal arm64 com.apple.xcode.tools.swift.compiler (in target 'SelectableForEach' from project 'swiftui-list-support')
cd /Users/admin/builder/spi-builder-workspace/.swiftpm/xcode
builtin-SwiftDriver -- /Applications/Xcode-27.0.0-Release.Candidate.app/Contents/Developer/Toolchains/XcodeDefault.xctoolchain/usr/bin/swiftc -parse-as-library -module-name SelectableForEach -Onone @/Users/admin/builder/spi-builder-workspace/.derivedData/Build/Intermediates.noindex/swiftui-list-support.build/Debug-appletvos/SelectableForEach-t.build/Objects-normal/arm64/SelectableForEach.SwiftFileList -DSWIFT_PACKAGE -DDEBUG -DSWIFT_MODULE_RESOURCE_BUNDLE_UNAVAILABLE -DXcode -plugin-path /Applications/Xcode-27.0.0-Release.Candidate.app/Contents/Developer/Toolchains/XcodeDefault.xctoolchain/usr/lib/swift/host/plugins/testing -enable-experimental-feature DebugDescriptionMacro -sdk /Applications/Xcode-27.0.0-Release.Candidate.app/Contents/Developer/Platforms/AppleTVOS.platform/Developer/SDKs/AppleTVOS27.0.sdk -target arm64-apple-tvos17.0 -g -module-cache-path /Users/admin/builder/spi-builder-workspace/.derivedData/ModuleCache.noindex -Xfrontend -serialize-debugging-options -profile-coverage-mapping -profile-generate -enable-testing -index-store-path /Users/admin/builder/spi-builder-workspace/.derivedData/Index.noindex/DataStore -Xcc -D_LIBCPP_HARDENING_MODE\=_LIBCPP_HARDENING_MODE_DEBUG -swift-version 6 -I /Users/admin/builder/spi-builder-workspace/.derivedData/Build/Products/Debug-appletvos -Isystem /Applications/Xcode-27.0.0-Release.Candidate.app/Contents/Developer/Platforms/AppleTVOS.platform/Developer/usr/lib -F /Users/admin/builder/spi-builder-workspace/.derivedData/Build/Products/Debug-appletvos/PackageFrameworks -F /Users/admin/builder/spi-builder-workspace/.derivedData/Build/Products/Debug-appletvos -F /Applications/Xcode-27.0.0-Release.Candidate.app/Contents/Developer/Platforms/AppleTVOS.platform/Developer/Library/Frameworks -F /Applications/Xcode-27.0.0-Release.Candidate.app/Contents/Developer/Platforms/AppleTVOS.platform/Developer/SDKs/AppleTVOS27.0.sdk/Developer/Library/Frameworks -c -j10 -enable-batch-mode -incremental -Xcc -ivfsstatcache -Xcc /Users/admin/builder/spi-builder-workspace/.derivedData/SDKStatCaches.noindex/appletvos27.0-24J360-e829b21a6f8c9b70876ba0858053c044b32bfd8d43560033f8d89884cdb90028.sdkstatcache -output-file-map /Users/admin/builder/spi-builder-workspace/.derivedData/Build/Intermediates.noindex/swiftui-list-support.build/Debug-appletvos/SelectableForEach-t.build/Objects-normal/arm64/SelectableForEach-OutputFileMap.json -save-temps -no-color-diagnostics -explicit-module-build -module-cache-path /Users/admin/builder/spi-builder-workspace/.derivedData/Build/Intermediates.noindex/SwiftExplicitPrecompiledModules -clang-scanner-module-cache-path /Users/admin/builder/spi-builder-workspace/.derivedData/ModuleCache.noindex -sdk-module-cache-path /Users/admin/builder/spi-builder-workspace/.derivedData/SDKExplicitPrecompiledModules -emit-dependencies -emit-module -emit-module-path /Users/admin/builder/spi-builder-workspace/.derivedData/Build/Intermediates.noindex/swiftui-list-support.build/Debug-appletvos/SelectableForEach-t.build/Objects-normal/arm64/SelectableForEach.swiftmodule -serialize-diagnostics -dependency-scan-serialize-diagnostics-path /Users/admin/builder/spi-builder-workspace/.derivedData/Build/Intermediates.noindex/swiftui-list-support.build/Debug-appletvos/SelectableForEach-t.build/Objects-normal/arm64/SelectableForEach-dependency-scan.dia -validate-clang-modules-once -clang-build-session-file /Users/admin/builder/spi-builder-workspace/.derivedData/ModuleCache.noindex/Session.modulevalidation -Xcc -fmodules-prune-interval\=86400 -Xcc -fmodules-prune-after\=345600 -package-name spi_builder_workspace -emit-const-values -const-gather-protocols-list /Users/admin/builder/spi-builder-workspace/.derivedData/Build/Intermediates.noindex/swiftui-list-support.build/Debug-appletvos/SelectableForEach-t.build/Objects-normal/arm64/SelectableForEach_const_extract_protocols.json -Xcc -I/Users/admin/builder/spi-builder-workspace/.derivedData/Build/Products/Debug-appletvos/include -Xcc -I/Users/admin/builder/spi-builder-workspace/.derivedData/Build/Intermediates.noindex/swiftui-list-support.build/Debug-appletvos/SelectableForEach-t.build/DerivedSources-normal/arm64 -Xcc -I/Users/admin/builder/spi-builder-workspace/.derivedData/Build/Intermediates.noindex/swiftui-list-support.build/Debug-appletvos/SelectableForEach-t.build/DerivedSources/arm64 -Xcc -I/Users/admin/builder/spi-builder-workspace/.derivedData/Build/Intermediates.noindex/swiftui-list-support.build/Debug-appletvos/SelectableForEach-t.build/DerivedSources -Xcc -DSWIFT_PACKAGE -Xcc -DDEBUG\=1 -emit-objc-header -emit-objc-header-path /Users/admin/builder/spi-builder-workspace/.derivedData/Build/Intermediates.noindex/swiftui-list-support.build/Debug-appletvos/SelectableForEach-t.build/Objects-normal/arm64/SelectableForEach-Swift.h -working-directory /Users/admin/builder/spi-builder-workspace/.swiftpm/xcode -experimental-emit-module-separately -disable-cmo
SwiftDriverJobDiscovery normal arm64 Compiling VideoPlayer.swift, View.swift, ViewController.swift, WebView.swift, Window.swift, Weak.swift (in target 'SwiftUIIntrospect' from project 'swiftui-introspect')
SwiftDriverJobDiscovery normal arm64 Compiling ContentPagingTrigger.swift (in target 'DynamicList' from project 'swiftui-list-support')
ExtractAppIntentsMetadata (in target 'IndexedCollection' from project 'swift-indexed-collection')
cd /Users/admin/builder/spi-builder-workspace/.dependencies/checkouts/swift-indexed-collection
/Applications/Xcode-27.0.0-Release.Candidate.app/Contents/Developer/Toolchains/XcodeDefault.xctoolchain/usr/bin/appintentsmetadataprocessor --toolchain-dir /var/run/com.apple.security.cryptexd/mnt/com.apple.MobileAsset.MetalToolchain-v27.1.266.1.rZ9Uqv/Metal.xctoolchain --module-name IndexedCollection --sdk-root /Applications/Xcode-27.0.0-Release.Candidate.app/Contents/Developer/Platforms/AppleTVOS.platform/Developer/SDKs/AppleTVOS27.0.sdk --xcode-version 27A266a --platform-family tvOS --deployment-target 15.0 --bundle-identifier swift-indexed-collection.IndexedCollection --output /Users/admin/builder/spi-builder-workspace/.derivedData/Build/Products/Debug-appletvos/IndexedCollection.appintents --target-triple arm64-apple-tvos15.0 --binary-file /Users/admin/builder/spi-builder-workspace/.derivedData/Build/Products/Debug-appletvos/IndexedCollection.o --dependency-file /Users/admin/builder/spi-builder-workspace/.derivedData/Build/Intermediates.noindex/swift-indexed-collection.build/Debug-appletvos/IndexedCollection-t.build/Objects-normal/arm64/IndexedCollection_dependency_info.dat --stringsdata-file /Users/admin/builder/spi-builder-workspace/.derivedData/Build/Intermediates.noindex/swift-indexed-collection.build/Debug-appletvos/IndexedCollection-t.build/Objects-normal/arm64/ExtractedAppShortcutsMetadata.stringsdata --source-file-list /Users/admin/builder/spi-builder-workspace/.derivedData/Build/Intermediates.noindex/swift-indexed-collection.build/Debug-appletvos/IndexedCollection-t.build/Objects-normal/arm64/IndexedCollection.SwiftFileList --metadata-file-list /Users/admin/builder/spi-builder-workspace/.derivedData/Build/Intermediates.noindex/swift-indexed-collection.build/Debug-appletvos/IndexedCollection-t.build/IndexedCollection.DependencyMetadataFileList --static-metadata-file-list /Users/admin/builder/spi-builder-workspace/.derivedData/Build/Intermediates.noindex/swift-indexed-collection.build/Debug-appletvos/IndexedCollection-t.build/IndexedCollection.DependencyStaticMetadataFileList --swift-const-vals-list /Users/admin/builder/spi-builder-workspace/.derivedData/Build/Intermediates.noindex/swift-indexed-collection.build/Debug-appletvos/IndexedCollection-t.build/Objects-normal/arm64/IndexedCollection.SwiftConstValuesFileList --force --compile-time-extraction --deployment-aware-processing --no-app-shortcuts-localization
2026-09-23 02:56:35.739 appintentsmetadataprocessor[989:5555] Starting appintentsmetadataprocessor export
2026-09-23 02:56:35.833 appintentsmetadataprocessor[989:5555] Extracted no relevant App Intents symbols, skipping writing output
SwiftDriver ScrollTracking normal arm64 com.apple.xcode.tools.swift.compiler (in target 'ScrollTracking' from project 'swiftui-list-support')
cd /Users/admin/builder/spi-builder-workspace/.swiftpm/xcode
builtin-SwiftDriver -- /Applications/Xcode-27.0.0-Release.Candidate.app/Contents/Developer/Toolchains/XcodeDefault.xctoolchain/usr/bin/swiftc -parse-as-library -module-name ScrollTracking -Onone @/Users/admin/builder/spi-builder-workspace/.derivedData/Build/Intermediates.noindex/swiftui-list-support.build/Debug-appletvos/ScrollTracking-t.build/Objects-normal/arm64/ScrollTracking.SwiftFileList -DSWIFT_PACKAGE -DDEBUG -DSWIFT_MODULE_RESOURCE_BUNDLE_UNAVAILABLE -DXcode -plugin-path /Applications/Xcode-27.0.0-Release.Candidate.app/Contents/Developer/Toolchains/XcodeDefault.xctoolchain/usr/lib/swift/host/plugins/testing -enable-experimental-feature DebugDescriptionMacro -sdk /Applications/Xcode-27.0.0-Release.Candidate.app/Contents/Developer/Platforms/AppleTVOS.platform/Developer/SDKs/AppleTVOS27.0.sdk -target arm64-apple-tvos17.0 -g -module-cache-path /Users/admin/builder/spi-builder-workspace/.derivedData/ModuleCache.noindex -Xfrontend -serialize-debugging-options -profile-coverage-mapping -profile-generate -enable-testing -index-store-path /Users/admin/builder/spi-builder-workspace/.derivedData/Index.noindex/DataStore -Xcc -D_LIBCPP_HARDENING_MODE\=_LIBCPP_HARDENING_MODE_DEBUG -swift-version 6 -I /Users/admin/builder/spi-builder-workspace/.derivedData/Build/Products/Debug-appletvos -Isystem /Applications/Xcode-27.0.0-Release.Candidate.app/Contents/Developer/Platforms/AppleTVOS.platform/Developer/usr/lib -F /Users/admin/builder/spi-builder-workspace/.derivedData/Build/Products/Debug-appletvos/PackageFrameworks -F /Users/admin/builder/spi-builder-workspace/.derivedData/Build/Products/Debug-appletvos -F /Applications/Xcode-27.0.0-Release.Candidate.app/Contents/Developer/Platforms/AppleTVOS.platform/Developer/Library/Frameworks -F /Applications/Xcode-27.0.0-Release.Candidate.app/Contents/Developer/Platforms/AppleTVOS.platform/Developer/SDKs/AppleTVOS27.0.sdk/Developer/Library/Frameworks -c -j10 -enable-batch-mode -incremental -Xcc -ivfsstatcache -Xcc /Users/admin/builder/spi-builder-workspace/.derivedData/SDKStatCaches.noindex/appletvos27.0-24J360-e829b21a6f8c9b70876ba0858053c044b32bfd8d43560033f8d89884cdb90028.sdkstatcache -output-file-map /Users/admin/builder/spi-builder-workspace/.derivedData/Build/Intermediates.noindex/swiftui-list-support.build/Debug-appletvos/ScrollTracking-t.build/Objects-normal/arm64/ScrollTracking-OutputFileMap.json -save-temps -no-color-diagnostics -explicit-module-build -module-cache-path /Users/admin/builder/spi-builder-workspace/.derivedData/Build/Intermediates.noindex/SwiftExplicitPrecompiledModules -clang-scanner-module-cache-path /Users/admin/builder/spi-builder-workspace/.derivedData/ModuleCache.noindex -sdk-module-cache-path /Users/admin/builder/spi-builder-workspace/.derivedData/SDKExplicitPrecompiledModules -emit-dependencies -emit-module -emit-module-path /Users/admin/builder/spi-builder-workspace/.derivedData/Build/Intermediates.noindex/swiftui-list-support.build/Debug-appletvos/ScrollTracking-t.build/Objects-normal/arm64/ScrollTracking.swiftmodule -serialize-diagnostics -dependency-scan-serialize-diagnostics-path /Users/admin/builder/spi-builder-workspace/.derivedData/Build/Intermediates.noindex/swiftui-list-support.build/Debug-appletvos/ScrollTracking-t.build/Objects-normal/arm64/ScrollTracking-dependency-scan.dia -validate-clang-modules-once -clang-build-session-file /Users/admin/builder/spi-builder-workspace/.derivedData/ModuleCache.noindex/Session.modulevalidation -Xcc -fmodules-prune-interval\=86400 -Xcc -fmodules-prune-after\=345600 -package-name spi_builder_workspace -emit-const-values -const-gather-protocols-list /Users/admin/builder/spi-builder-workspace/.derivedData/Build/Intermediates.noindex/swiftui-list-support.build/Debug-appletvos/ScrollTracking-t.build/Objects-normal/arm64/ScrollTracking_const_extract_protocols.json -Xcc -I/Users/admin/builder/spi-builder-workspace/.derivedData/Build/Products/Debug-appletvos/include -Xcc -I/Users/admin/builder/spi-builder-workspace/.derivedData/Build/Intermediates.noindex/swiftui-list-support.build/Debug-appletvos/ScrollTracking-t.build/DerivedSources-normal/arm64 -Xcc -I/Users/admin/builder/spi-builder-workspace/.derivedData/Build/Intermediates.noindex/swiftui-list-support.build/Debug-appletvos/ScrollTracking-t.build/DerivedSources/arm64 -Xcc -I/Users/admin/builder/spi-builder-workspace/.derivedData/Build/Intermediates.noindex/swiftui-list-support.build/Debug-appletvos/ScrollTracking-t.build/DerivedSources -Xcc -DSWIFT_PACKAGE -Xcc -DDEBUG\=1 -emit-objc-header -emit-objc-header-path /Users/admin/builder/spi-builder-workspace/.derivedData/Build/Intermediates.noindex/swiftui-list-support.build/Debug-appletvos/ScrollTracking-t.build/Objects-normal/arm64/ScrollTracking-Swift.h -working-directory /Users/admin/builder/spi-builder-workspace/.swiftpm/xcode -experimental-emit-module-separately -disable-cmo
SwiftDriverJobDiscovery normal arm64 Compiling Slider.swift, Stepper.swift, TabView.swift, TabViewWithPageStyle.swift, Table.swift, TextEditor.swift (in target 'SwiftUIIntrospect' from project 'swiftui-introspect')
SwiftDriverJobDiscovery normal arm64 Compiling DatePickerWithGraphicalStyle.swift, DatePickerWithStepperFieldStyle.swift, DatePickerWithWheelStyle.swift, Form.swift, FormWithGroupedStyle.swift, FullScreenCover.swift (in target 'SwiftUIIntrospect' from project 'swiftui-introspect')
SwiftDriverJobDiscovery normal arm64 Compiling PageControl.swift, PickerWithMenuStyle.swift, PickerWithSegmentedStyle.swift, PickerWithWheelStyle.swift, Popover.swift, ProgressViewWithCircularStyle.swift (in target 'SwiftUIIntrospect' from project 'swiftui-introspect')
SwiftDriverJobDiscovery normal arm64 Compiling DynamicList.swift (in target 'DynamicList' from project 'swiftui-list-support')
SwiftEmitModule normal arm64 Emitting\ module\ for\ SelectableForEach (in target 'SelectableForEach' from project 'swiftui-list-support')
SwiftCompile normal arm64 (in target 'SelectableForEach' from project 'swiftui-list-support')
cd /Users/admin/builder/spi-builder-workspace/.swiftpm/xcode
/Users/admin/builder/spi-builder-workspace/Sources/SelectableForEach/PreviewSupport.swift:20:18: warning: 'collectionView_isSelected' is deprecated: renamed to 'selectableForEach_isSelected' [#DeprecatedDeclaration]
18 |
19 | @Environment(\.isEnabled) var isEnabled
20 | @Environment(\.collectionView_isSelected) var isSelected
| |- warning: 'collectionView_isSelected' is deprecated: renamed to 'selectableForEach_isSelected' [#DeprecatedDeclaration]
| `- note: use 'selectableForEach_isSelected' instead
21 | @Environment(\.collectionView_updateSelection) var updateSelection
22 |
/Users/admin/builder/spi-builder-workspace/Sources/SelectableForEach/PreviewSupport.swift:21:18: warning: 'collectionView_updateSelection' is deprecated: renamed to 'selectableForEach_updateSelection' [#DeprecatedDeclaration]
19 | @Environment(\.isEnabled) var isEnabled
20 | @Environment(\.collectionView_isSelected) var isSelected
21 | @Environment(\.collectionView_updateSelection) var updateSelection
| |- warning: 'collectionView_updateSelection' is deprecated: renamed to 'selectableForEach_updateSelection' [#DeprecatedDeclaration]
| `- note: use 'selectableForEach_updateSelection' instead
22 |
23 | let index: Int
[#DeprecatedDeclaration]: <https://docs.swift.org/compiler/documentation/diagnostics/deprecated-declaration>
SwiftCompile normal arm64 Compiling\ SelectionState.swift /Users/admin/builder/spi-builder-workspace/Sources/SelectableForEach/SelectionState.swift (in target 'SelectableForEach' from project 'swiftui-list-support')
SwiftCompile normal arm64 /Users/admin/builder/spi-builder-workspace/Sources/SelectableForEach/SelectionState.swift (in target 'SelectableForEach' from project 'swiftui-list-support')
cd /Users/admin/builder/spi-builder-workspace/.swiftpm/xcode
builtin-SwiftPerFileCompile SelectionState.swift
/Users/admin/builder/spi-builder-workspace/Sources/SelectableForEach/SelectionState.swift:31:22: warning: 'collectionView_isSelected' is deprecated: renamed to 'selectableForEach_isSelected' [#DeprecatedDeclaration]
29 | return body
30 | .disabled(isDisabled)
31 | .environment(\.collectionView_isSelected, isSelected)
| |- warning: 'collectionView_isSelected' is deprecated: renamed to 'selectableForEach_isSelected' [#DeprecatedDeclaration]
| `- note: use 'selectableForEach_isSelected' instead
32 | .environment(
33 | \.collectionView_updateSelection,
/Users/admin/builder/spi-builder-workspace/Sources/SelectableForEach/SelectionState.swift:33:11: warning: 'collectionView_updateSelection' is deprecated: renamed to 'selectableForEach_updateSelection' [#DeprecatedDeclaration]
31 | .environment(\.collectionView_isSelected, isSelected)
32 | .environment(
33 | \.collectionView_updateSelection,
| |- warning: 'collectionView_updateSelection' is deprecated: renamed to 'selectableForEach_updateSelection' [#DeprecatedDeclaration]
| `- note: use 'selectableForEach_updateSelection' instead
34 | .init(handler: { isSelected in
35 | self.update(isSelected: isSelected, for: identifier)
[#DeprecatedDeclaration]: <https://docs.swift.org/compiler/documentation/diagnostics/deprecated-declaration>
SwiftCompile normal arm64 Compiling\ SelectableForEach.swift /Users/admin/builder/spi-builder-workspace/Sources/SelectableForEach/SelectableForEach.swift (in target 'SelectableForEach' from project 'swiftui-list-support')
SwiftCompile normal arm64 /Users/admin/builder/spi-builder-workspace/Sources/SelectableForEach/SelectableForEach.swift (in target 'SelectableForEach' from project 'swiftui-list-support')
cd /Users/admin/builder/spi-builder-workspace/.swiftpm/xcode
builtin-SwiftPerFileCompile SelectableForEach.swift
/Users/admin/builder/spi-builder-workspace/Sources/SelectableForEach/SelectableForEach.swift:68:16: warning: 'collectionView_isSelected' is deprecated: renamed to 'selectableForEach_isSelected' [#DeprecatedDeclaration]
66 |
67 | public var selectableForEach_isSelected: Bool {
68 | get { self.collectionView_isSelected }
| |- warning: 'collectionView_isSelected' is deprecated: renamed to 'selectableForEach_isSelected' [#DeprecatedDeclaration]
| `- note: use 'selectableForEach_isSelected' instead
69 | set { self.collectionView_isSelected = newValue }
70 | }
/Users/admin/builder/spi-builder-workspace/Sources/SelectableForEach/SelectableForEach.swift:69:16: warning: 'collectionView_isSelected' is deprecated: renamed to 'selectableForEach_isSelected' [#DeprecatedDeclaration]
67 | public var selectableForEach_isSelected: Bool {
68 | get { self.collectionView_isSelected }
69 | set { self.collectionView_isSelected = newValue }
| |- warning: 'collectionView_isSelected' is deprecated: renamed to 'selectableForEach_isSelected' [#DeprecatedDeclaration]
| `- note: use 'selectableForEach_isSelected' instead
70 | }
71 | }
/Users/admin/builder/spi-builder-workspace/Sources/SelectableForEach/SelectableForEach.swift:82:16: warning: 'collectionView_updateSelection' is deprecated: renamed to 'selectableForEach_updateSelection' [#DeprecatedDeclaration]
80 |
81 | public var selectableForEach_updateSelection: UpdateSelectionAction {
82 | get { self.collectionView_updateSelection }
| |- warning: 'collectionView_updateSelection' is deprecated: renamed to 'selectableForEach_updateSelection' [#DeprecatedDeclaration]
| `- note: use 'selectableForEach_updateSelection' instead
83 | set { self.collectionView_updateSelection = newValue }
84 | }
/Users/admin/builder/spi-builder-workspace/Sources/SelectableForEach/SelectableForEach.swift:83:16: warning: 'collectionView_updateSelection' is deprecated: renamed to 'selectableForEach_updateSelection' [#DeprecatedDeclaration]
81 | public var selectableForEach_updateSelection: UpdateSelectionAction {
82 | get { self.collectionView_updateSelection }
83 | set { self.collectionView_updateSelection = newValue }
| |- warning: 'collectionView_updateSelection' is deprecated: renamed to 'selectableForEach_updateSelection' [#DeprecatedDeclaration]
| `- note: use 'selectableForEach_updateSelection' instead
84 | }
85 | }
[#DeprecatedDeclaration]: <https://docs.swift.org/compiler/documentation/diagnostics/deprecated-declaration>
SwiftCompile normal arm64 Compiling\ PreviewSupport.swift /Users/admin/builder/spi-builder-workspace/Sources/SelectableForEach/PreviewSupport.swift (in target 'SelectableForEach' from project 'swiftui-list-support')
SwiftCompile normal arm64 /Users/admin/builder/spi-builder-workspace/Sources/SelectableForEach/PreviewSupport.swift (in target 'SelectableForEach' from project 'swiftui-list-support')
cd /Users/admin/builder/spi-builder-workspace/.swiftpm/xcode
builtin-SwiftPerFileCompile PreviewSupport.swift
/Users/admin/builder/spi-builder-workspace/Sources/SelectableForEach/PreviewSupport.swift:20:18: warning: 'collectionView_isSelected' is deprecated: renamed to 'selectableForEach_isSelected' [#DeprecatedDeclaration]
18 |
19 | @Environment(\.isEnabled) var isEnabled
20 | @Environment(\.collectionView_isSelected) var isSelected
| |- warning: 'collectionView_isSelected' is deprecated: renamed to 'selectableForEach_isSelected' [#DeprecatedDeclaration]
| `- note: use 'selectableForEach_isSelected' instead
21 | @Environment(\.collectionView_updateSelection) var updateSelection
22 |
/Users/admin/builder/spi-builder-workspace/Sources/SelectableForEach/PreviewSupport.swift:21:18: warning: 'collectionView_updateSelection' is deprecated: renamed to 'selectableForEach_updateSelection' [#DeprecatedDeclaration]
19 | @Environment(\.isEnabled) var isEnabled
20 | @Environment(\.collectionView_isSelected) var isSelected
21 | @Environment(\.collectionView_updateSelection) var updateSelection
| |- warning: 'collectionView_updateSelection' is deprecated: renamed to 'selectableForEach_updateSelection' [#DeprecatedDeclaration]
| `- note: use 'selectableForEach_updateSelection' instead
22 |
23 | let index: Int
[#DeprecatedDeclaration]: <https://docs.swift.org/compiler/documentation/diagnostics/deprecated-declaration>
SwiftDriverJobDiscovery normal arm64 Compiling ListWithSidebarStyle.swift, Map.swift, NavigationSplitView.swift, NavigationStack.swift, NavigationViewWithColumnsStyle.swift, NavigationViewWithStackStyle.swift (in target 'SwiftUIIntrospect' from project 'swiftui-introspect')
SwiftDriver\ Compilation SwiftUIIntrospect normal arm64 com.apple.xcode.tools.swift.compiler (in target 'SwiftUIIntrospect' from project 'swiftui-introspect')
cd /Users/admin/builder/spi-builder-workspace/.swiftpm/xcode
builtin-Swift-Compilation -- /Applications/Xcode-27.0.0-Release.Candidate.app/Contents/Developer/Toolchains/XcodeDefault.xctoolchain/usr/bin/swiftc -parse-as-library -module-name SwiftUIIntrospect -Onone @/Users/admin/builder/spi-builder-workspace/.derivedData/Build/Intermediates.noindex/swiftui-introspect.build/Debug-appletvos/SwiftUIIntrospect-t.build/Objects-normal/arm64/SwiftUIIntrospect.SwiftFileList -DSWIFT_PACKAGE -DDEBUG -DSWIFT_MODULE_RESOURCE_BUNDLE_UNAVAILABLE -DXcode -enable-upcoming-feature ExistentialAny -enable-upcoming-feature ImmutableWeakCaptures -enable-upcoming-feature InferIsolatedConformances -enable-upcoming-feature InternalImportsByDefault -enable-upcoming-feature MemberImportVisibility -enable-upcoming-feature NonisolatedNonsendingByDefault -plugin-path /Applications/Xcode-27.0.0-Release.Candidate.app/Contents/Developer/Toolchains/XcodeDefault.xctoolchain/usr/lib/swift/host/plugins/testing -enable-experimental-feature DebugDescriptionMacro -sdk /Applications/Xcode-27.0.0-Release.Candidate.app/Contents/Developer/Platforms/AppleTVOS.platform/Developer/SDKs/AppleTVOS27.0.sdk -target arm64-apple-tvos15.0 -g -module-cache-path /Users/admin/builder/spi-builder-workspace/.derivedData/ModuleCache.noindex -Xfrontend -serialize-debugging-options -profile-coverage-mapping -profile-generate -enable-testing -suppress-warnings -index-store-path /Users/admin/builder/spi-builder-workspace/.derivedData/Index.noindex/DataStore -Xcc -D_LIBCPP_HARDENING_MODE\=_LIBCPP_HARDENING_MODE_DEBUG -swift-version 6 -I /Users/admin/builder/spi-builder-workspace/.derivedData/Build/Products/Debug-appletvos -Isystem /Applications/Xcode-27.0.0-Release.Candidate.app/Contents/Developer/Platforms/AppleTVOS.platform/Developer/usr/lib -F /Users/admin/builder/spi-builder-workspace/.derivedData/Build/Products/Debug-appletvos -F /Applications/Xcode-27.0.0-Release.Candidate.app/Contents/Developer/Platforms/AppleTVOS.platform/Developer/Library/Frameworks -F /Applications/Xcode-27.0.0-Release.Candidate.app/Contents/Developer/Platforms/AppleTVOS.platform/Developer/SDKs/AppleTVOS27.0.sdk/Developer/Library/Frameworks -c -j10 -enable-batch-mode -incremental -Xcc -ivfsstatcache -Xcc /Users/admin/builder/spi-builder-workspace/.derivedData/SDKStatCaches.noindex/appletvos27.0-24J360-e829b21a6f8c9b70876ba0858053c044b32bfd8d43560033f8d89884cdb90028.sdkstatcache -output-file-map /Users/admin/builder/spi-builder-workspace/.derivedData/Build/Intermediates.noindex/swiftui-introspect.build/Debug-appletvos/SwiftUIIntrospect-t.build/Objects-normal/arm64/SwiftUIIntrospect-OutputFileMap.json -save-temps -no-color-diagnostics -explicit-module-build -module-cache-path /Users/admin/builder/spi-builder-workspace/.derivedData/Build/Intermediates.noindex/SwiftExplicitPrecompiledModules -clang-scanner-module-cache-path /Users/admin/builder/spi-builder-workspace/.derivedData/ModuleCache.noindex -sdk-module-cache-path /Users/admin/builder/spi-builder-workspace/.derivedData/SDKExplicitPrecompiledModules -emit-dependencies -emit-module -emit-module-path /Users/admin/builder/spi-builder-workspace/.derivedData/Build/Intermediates.noindex/swiftui-introspect.build/Debug-appletvos/SwiftUIIntrospect-t.build/Objects-normal/arm64/SwiftUIIntrospect.swiftmodule -serialize-diagnostics -dependency-scan-serialize-diagnostics-path /Users/admin/builder/spi-builder-workspace/.derivedData/Build/Intermediates.noindex/swiftui-introspect.build/Debug-appletvos/SwiftUIIntrospect-t.build/Objects-normal/arm64/SwiftUIIntrospect-dependency-scan.dia -user-module-version 27.0.0 -validate-clang-modules-once -clang-build-session-file /Users/admin/builder/spi-builder-workspace/.derivedData/ModuleCache.noindex/Session.modulevalidation -Xcc -fmodules-prune-interval\=86400 -Xcc -fmodules-prune-after\=345600 -package-name swiftui_introspect -emit-const-values -const-gather-protocols-list /Users/admin/builder/spi-builder-workspace/.derivedData/Build/Intermediates.noindex/swiftui-introspect.build/Debug-appletvos/SwiftUIIntrospect-t.build/Objects-normal/arm64/SwiftUIIntrospect_const_extract_protocols.json -Xcc -I/Users/admin/builder/spi-builder-workspace/.derivedData/Build/Products/Debug-appletvos/include -Xcc -I/Users/admin/builder/spi-builder-workspace/.derivedData/Build/Intermediates.noindex/swiftui-introspect.build/Debug-appletvos/SwiftUIIntrospect-t.build/DerivedSources-normal/arm64 -Xcc -I/Users/admin/builder/spi-builder-workspace/.derivedData/Build/Intermediates.noindex/swiftui-introspect.build/Debug-appletvos/SwiftUIIntrospect-t.build/DerivedSources/arm64 -Xcc -I/Users/admin/builder/spi-builder-workspace/.derivedData/Build/Intermediates.noindex/swiftui-introspect.build/Debug-appletvos/SwiftUIIntrospect-t.build/DerivedSources -Xcc -DSWIFT_PACKAGE -Xcc -DDEBUG\=1 -emit-objc-header -emit-objc-header-path /Users/admin/builder/spi-builder-workspace/.derivedData/Build/Intermediates.noindex/swiftui-introspect.build/Debug-appletvos/SwiftUIIntrospect-t.build/Objects-normal/arm64/SwiftUIIntrospect-Swift.h -working-directory /Users/admin/builder/spi-builder-workspace/.swiftpm/xcode -experimental-emit-module-separately -disable-cmo
Ld /Users/admin/builder/spi-builder-workspace/.derivedData/Build/Products/Debug-appletvos/SwiftUIIntrospect.o normal (in target 'SwiftUIIntrospect' from project 'swiftui-introspect')
cd /Users/admin/builder/spi-builder-workspace/.dependencies/checkouts/swiftui-introspect
/Applications/Xcode-27.0.0-Release.Candidate.app/Contents/Developer/Toolchains/XcodeDefault.xctoolchain/usr/bin/clang -Xlinker -reproducible -target arm64-apple-tvos15.0 -r -isysroot /Applications/Xcode-27.0.0-Release.Candidate.app/Contents/Developer/Platforms/AppleTVOS.platform/Developer/SDKs/AppleTVOS27.0.sdk -O0 -w -Xlinker -no_warn_duplicate_libraries -F/Users/admin/builder/spi-builder-workspace/.derivedData/Build/Intermediates.noindex/EagerLinkingTBDs/Debug-appletvos -F/Users/admin/builder/spi-builder-workspace/.derivedData/Build/Products/Debug-appletvos -iframework /Applications/Xcode-27.0.0-Release.Candidate.app/Contents/Developer/Platforms/AppleTVOS.platform/Developer/Library/Frameworks -iframework /Applications/Xcode-27.0.0-Release.Candidate.app/Contents/Developer/Platforms/AppleTVOS.platform/Developer/SDKs/AppleTVOS27.0.sdk/Developer/Library/Frameworks -filelist /Users/admin/builder/spi-builder-workspace/.derivedData/Build/Intermediates.noindex/swiftui-introspect.build/Debug-appletvos/SwiftUIIntrospect-t.build/Objects-normal/arm64/SwiftUIIntrospect.LinkFileList -nostdlib -Xlinker -object_path_lto -Xlinker /Users/admin/builder/spi-builder-workspace/.derivedData/Build/Intermediates.noindex/swiftui-introspect.build/Debug-appletvos/SwiftUIIntrospect-t.build/Objects-normal/arm64/SwiftUIIntrospect_lto.o -Xlinker -no_deduplicate -Xlinker -debug_variant -Xlinker -dependency_info -Xlinker /Users/admin/builder/spi-builder-workspace/.derivedData/Build/Intermediates.noindex/swiftui-introspect.build/Debug-appletvos/SwiftUIIntrospect-t.build/Objects-normal/arm64/SwiftUIIntrospect_dependency_info.dat -fobjc-link-runtime -L/Applications/Xcode-27.0.0-Release.Candidate.app/Contents/Developer/Toolchains/XcodeDefault.xctoolchain/usr/lib/swift/appletvos -L/usr/lib/swift -Xlinker -add_ast_path -Xlinker /Users/admin/builder/spi-builder-workspace/.derivedData/Build/Intermediates.noindex/swiftui-introspect.build/Debug-appletvos/SwiftUIIntrospect-t.build/Objects-normal/arm64/SwiftUIIntrospect.swiftmodule -o /Users/admin/builder/spi-builder-workspace/.derivedData/Build/Products/Debug-appletvos/SwiftUIIntrospect.o
SwiftDriverJobDiscovery normal arm64 Compiling DynamicListView.swift (in target 'DynamicList' from project 'swiftui-list-support')
SwiftDriver\ Compilation DynamicList normal arm64 com.apple.xcode.tools.swift.compiler (in target 'DynamicList' from project 'swiftui-list-support')
cd /Users/admin/builder/spi-builder-workspace/.swiftpm/xcode
builtin-Swift-Compilation -- /Applications/Xcode-27.0.0-Release.Candidate.app/Contents/Developer/Toolchains/XcodeDefault.xctoolchain/usr/bin/swiftc -parse-as-library -module-name DynamicList -Onone @/Users/admin/builder/spi-builder-workspace/.derivedData/Build/Intermediates.noindex/swiftui-list-support.build/Debug-appletvos/DynamicList-t.build/Objects-normal/arm64/DynamicList.SwiftFileList -DSWIFT_PACKAGE -DDEBUG -DSWIFT_MODULE_RESOURCE_BUNDLE_UNAVAILABLE -DXcode -plugin-path /Applications/Xcode-27.0.0-Release.Candidate.app/Contents/Developer/Toolchains/XcodeDefault.xctoolchain/usr/lib/swift/host/plugins/testing -enable-experimental-feature DebugDescriptionMacro -sdk /Applications/Xcode-27.0.0-Release.Candidate.app/Contents/Developer/Platforms/AppleTVOS.platform/Developer/SDKs/AppleTVOS27.0.sdk -target arm64-apple-tvos17.0 -g -module-cache-path /Users/admin/builder/spi-builder-workspace/.derivedData/ModuleCache.noindex -Xfrontend -serialize-debugging-options -profile-coverage-mapping -profile-generate -enable-testing -index-store-path /Users/admin/builder/spi-builder-workspace/.derivedData/Index.noindex/DataStore -Xcc -D_LIBCPP_HARDENING_MODE\=_LIBCPP_HARDENING_MODE_DEBUG -swift-version 6 -I /Users/admin/builder/spi-builder-workspace/.derivedData/Build/Products/Debug-appletvos -Isystem /Applications/Xcode-27.0.0-Release.Candidate.app/Contents/Developer/Platforms/AppleTVOS.platform/Developer/usr/lib -F /Users/admin/builder/spi-builder-workspace/.derivedData/Build/Products/Debug-appletvos -F /Applications/Xcode-27.0.0-Release.Candidate.app/Contents/Developer/Platforms/AppleTVOS.platform/Developer/Library/Frameworks -F /Applications/Xcode-27.0.0-Release.Candidate.app/Contents/Developer/Platforms/AppleTVOS.platform/Developer/SDKs/AppleTVOS27.0.sdk/Developer/Library/Frameworks -c -j10 -enable-batch-mode -incremental -Xcc -ivfsstatcache -Xcc /Users/admin/builder/spi-builder-workspace/.derivedData/SDKStatCaches.noindex/appletvos27.0-24J360-e829b21a6f8c9b70876ba0858053c044b32bfd8d43560033f8d89884cdb90028.sdkstatcache -output-file-map /Users/admin/builder/spi-builder-workspace/.derivedData/Build/Intermediates.noindex/swiftui-list-support.build/Debug-appletvos/DynamicList-t.build/Objects-normal/arm64/DynamicList-OutputFileMap.json -save-temps -no-color-diagnostics -explicit-module-build -module-cache-path /Users/admin/builder/spi-builder-workspace/.derivedData/Build/Intermediates.noindex/SwiftExplicitPrecompiledModules -clang-scanner-module-cache-path /Users/admin/builder/spi-builder-workspace/.derivedData/ModuleCache.noindex -sdk-module-cache-path /Users/admin/builder/spi-builder-workspace/.derivedData/SDKExplicitPrecompiledModules -emit-dependencies -emit-module -emit-module-path /Users/admin/builder/spi-builder-workspace/.derivedData/Build/Intermediates.noindex/swiftui-list-support.build/Debug-appletvos/DynamicList-t.build/Objects-normal/arm64/DynamicList.swiftmodule -serialize-diagnostics -dependency-scan-serialize-diagnostics-path /Users/admin/builder/spi-builder-workspace/.derivedData/Build/Intermediates.noindex/swiftui-list-support.build/Debug-appletvos/DynamicList-t.build/Objects-normal/arm64/DynamicList-dependency-scan.dia -validate-clang-modules-once -clang-build-session-file /Users/admin/builder/spi-builder-workspace/.derivedData/ModuleCache.noindex/Session.modulevalidation -Xcc -fmodules-prune-interval\=86400 -Xcc -fmodules-prune-after\=345600 -package-name spi_builder_workspace -emit-const-values -const-gather-protocols-list /Users/admin/builder/spi-builder-workspace/.derivedData/Build/Intermediates.noindex/swiftui-list-support.build/Debug-appletvos/DynamicList-t.build/Objects-normal/arm64/DynamicList_const_extract_protocols.json -Xcc -I/Users/admin/builder/spi-builder-workspace/.derivedData/Build/Products/Debug-appletvos/include -Xcc -I/Users/admin/builder/spi-builder-workspace/.derivedData/Build/Intermediates.noindex/swiftui-list-support.build/Debug-appletvos/DynamicList-t.build/DerivedSources-normal/arm64 -Xcc -I/Users/admin/builder/spi-builder-workspace/.derivedData/Build/Intermediates.noindex/swiftui-list-support.build/Debug-appletvos/DynamicList-t.build/DerivedSources/arm64 -Xcc -I/Users/admin/builder/spi-builder-workspace/.derivedData/Build/Intermediates.noindex/swiftui-list-support.build/Debug-appletvos/DynamicList-t.build/DerivedSources -Xcc -DSWIFT_PACKAGE -Xcc -DDEBUG\=1 -emit-objc-header -emit-objc-header-path /Users/admin/builder/spi-builder-workspace/.derivedData/Build/Intermediates.noindex/swiftui-list-support.build/Debug-appletvos/DynamicList-t.build/Objects-normal/arm64/DynamicList-Swift.h -working-directory /Users/admin/builder/spi-builder-workspace/.swiftpm/xcode -experimental-emit-module-separately -disable-cmo
Ld /Users/admin/builder/spi-builder-workspace/.derivedData/Build/Products/Debug-appletvos/DynamicList.o normal (in target 'DynamicList' from project 'swiftui-list-support')
cd /Users/admin/builder/spi-builder-workspace
/Applications/Xcode-27.0.0-Release.Candidate.app/Contents/Developer/Toolchains/XcodeDefault.xctoolchain/usr/bin/clang -Xlinker -reproducible -target arm64-apple-tvos17.0 -r -isysroot /Applications/Xcode-27.0.0-Release.Candidate.app/Contents/Developer/Platforms/AppleTVOS.platform/Developer/SDKs/AppleTVOS27.0.sdk -O0 -Xlinker -no_warn_duplicate_libraries -F/Users/admin/builder/spi-builder-workspace/.derivedData/Build/Intermediates.noindex/EagerLinkingTBDs/Debug-appletvos -F/Users/admin/builder/spi-builder-workspace/.derivedData/Build/Products/Debug-appletvos -iframework /Applications/Xcode-27.0.0-Release.Candidate.app/Contents/Developer/Platforms/AppleTVOS.platform/Developer/Library/Frameworks -iframework /Applications/Xcode-27.0.0-Release.Candidate.app/Contents/Developer/Platforms/AppleTVOS.platform/Developer/SDKs/AppleTVOS27.0.sdk/Developer/Library/Frameworks -filelist /Users/admin/builder/spi-builder-workspace/.derivedData/Build/Intermediates.noindex/swiftui-list-support.build/Debug-appletvos/DynamicList-t.build/Objects-normal/arm64/DynamicList.LinkFileList -nostdlib -Xlinker -object_path_lto -Xlinker /Users/admin/builder/spi-builder-workspace/.derivedData/Build/Intermediates.noindex/swiftui-list-support.build/Debug-appletvos/DynamicList-t.build/Objects-normal/arm64/DynamicList_lto.o -Xlinker -no_deduplicate -Xlinker -debug_variant -Xlinker -dependency_info -Xlinker /Users/admin/builder/spi-builder-workspace/.derivedData/Build/Intermediates.noindex/swiftui-list-support.build/Debug-appletvos/DynamicList-t.build/Objects-normal/arm64/DynamicList_dependency_info.dat -fobjc-link-runtime -L/Applications/Xcode-27.0.0-Release.Candidate.app/Contents/Developer/Toolchains/XcodeDefault.xctoolchain/usr/lib/swift/appletvos -L/usr/lib/swift -Xlinker -add_ast_path -Xlinker /Users/admin/builder/spi-builder-workspace/.derivedData/Build/Intermediates.noindex/swiftui-list-support.build/Debug-appletvos/DynamicList-t.build/Objects-normal/arm64/DynamicList.swiftmodule -o /Users/admin/builder/spi-builder-workspace/.derivedData/Build/Products/Debug-appletvos/DynamicList.o
ExtractAppIntentsMetadata (in target 'SwiftUIIntrospect' from project 'swiftui-introspect')
cd /Users/admin/builder/spi-builder-workspace/.dependencies/checkouts/swiftui-introspect
/Applications/Xcode-27.0.0-Release.Candidate.app/Contents/Developer/Toolchains/XcodeDefault.xctoolchain/usr/bin/appintentsmetadataprocessor --toolchain-dir /var/run/com.apple.security.cryptexd/mnt/com.apple.MobileAsset.MetalToolchain-v27.1.266.1.rZ9Uqv/Metal.xctoolchain --module-name SwiftUIIntrospect --sdk-root /Applications/Xcode-27.0.0-Release.Candidate.app/Contents/Developer/Platforms/AppleTVOS.platform/Developer/SDKs/AppleTVOS27.0.sdk --xcode-version 27A266a --platform-family tvOS --deployment-target 15.0 --bundle-identifier swiftui-introspect.SwiftUIIntrospect --output /Users/admin/builder/spi-builder-workspace/.derivedData/Build/Products/Debug-appletvos/SwiftUIIntrospect.appintents --target-triple arm64-apple-tvos15.0 --binary-file /Users/admin/builder/spi-builder-workspace/.derivedData/Build/Products/Debug-appletvos/SwiftUIIntrospect.o --dependency-file /Users/admin/builder/spi-builder-workspace/.derivedData/Build/Intermediates.noindex/swiftui-introspect.build/Debug-appletvos/SwiftUIIntrospect-t.build/Objects-normal/arm64/SwiftUIIntrospect_dependency_info.dat --stringsdata-file /Users/admin/builder/spi-builder-workspace/.derivedData/Build/Intermediates.noindex/swiftui-introspect.build/Debug-appletvos/SwiftUIIntrospect-t.build/Objects-normal/arm64/ExtractedAppShortcutsMetadata.stringsdata --source-file-list /Users/admin/builder/spi-builder-workspace/.derivedData/Build/Intermediates.noindex/swiftui-introspect.build/Debug-appletvos/SwiftUIIntrospect-t.build/Objects-normal/arm64/SwiftUIIntrospect.SwiftFileList --metadata-file-list /Users/admin/builder/spi-builder-workspace/.derivedData/Build/Intermediates.noindex/swiftui-introspect.build/Debug-appletvos/SwiftUIIntrospect-t.build/SwiftUIIntrospect.DependencyMetadataFileList --static-metadata-file-list /Users/admin/builder/spi-builder-workspace/.derivedData/Build/Intermediates.noindex/swiftui-introspect.build/Debug-appletvos/SwiftUIIntrospect-t.build/SwiftUIIntrospect.DependencyStaticMetadataFileList --swift-const-vals-list /Users/admin/builder/spi-builder-workspace/.derivedData/Build/Intermediates.noindex/swiftui-introspect.build/Debug-appletvos/SwiftUIIntrospect-t.build/Objects-normal/arm64/SwiftUIIntrospect.SwiftConstValuesFileList --force --compile-time-extraction --deployment-aware-processing --no-app-shortcuts-localization
2026-09-23 02:56:36.341 appintentsmetadataprocessor[999:5758] Starting appintentsmetadataprocessor export
2026-09-23 02:56:36.417 appintentsmetadataprocessor[999:5758] Extracted no relevant App Intents symbols, skipping writing output
ExtractAppIntentsMetadata (in target 'DynamicList' from project 'swiftui-list-support')
cd /Users/admin/builder/spi-builder-workspace
/Applications/Xcode-27.0.0-Release.Candidate.app/Contents/Developer/Toolchains/XcodeDefault.xctoolchain/usr/bin/appintentsmetadataprocessor --toolchain-dir /var/run/com.apple.security.cryptexd/mnt/com.apple.MobileAsset.MetalToolchain-v27.1.266.1.rZ9Uqv/Metal.xctoolchain --module-name DynamicList --sdk-root /Applications/Xcode-27.0.0-Release.Candidate.app/Contents/Developer/Platforms/AppleTVOS.platform/Developer/SDKs/AppleTVOS27.0.sdk --xcode-version 27A266a --platform-family tvOS --deployment-target 17.0 --bundle-identifier spi-builder-workspace.DynamicList --output /Users/admin/builder/spi-builder-workspace/.derivedData/Build/Products/Debug-appletvos/DynamicList.appintents --target-triple arm64-apple-tvos17.0 --binary-file /Users/admin/builder/spi-builder-workspace/.derivedData/Build/Products/Debug-appletvos/DynamicList.o --dependency-file /Users/admin/builder/spi-builder-workspace/.derivedData/Build/Intermediates.noindex/swiftui-list-support.build/Debug-appletvos/DynamicList-t.build/Objects-normal/arm64/DynamicList_dependency_info.dat --stringsdata-file /Users/admin/builder/spi-builder-workspace/.derivedData/Build/Intermediates.noindex/swiftui-list-support.build/Debug-appletvos/DynamicList-t.build/Objects-normal/arm64/ExtractedAppShortcutsMetadata.stringsdata --source-file-list /Users/admin/builder/spi-builder-workspace/.derivedData/Build/Intermediates.noindex/swiftui-list-support.build/Debug-appletvos/DynamicList-t.build/Objects-normal/arm64/DynamicList.SwiftFileList --metadata-file-list /Users/admin/builder/spi-builder-workspace/.derivedData/Build/Intermediates.noindex/swiftui-list-support.build/Debug-appletvos/DynamicList-t.build/DynamicList.DependencyMetadataFileList --static-metadata-file-list /Users/admin/builder/spi-builder-workspace/.derivedData/Build/Intermediates.noindex/swiftui-list-support.build/Debug-appletvos/DynamicList-t.build/DynamicList.DependencyStaticMetadataFileList --swift-const-vals-list /Users/admin/builder/spi-builder-workspace/.derivedData/Build/Intermediates.noindex/swiftui-list-support.build/Debug-appletvos/DynamicList-t.build/Objects-normal/arm64/DynamicList.SwiftConstValuesFileList --force --compile-time-extraction --deployment-aware-processing --no-app-shortcuts-localization
2026-09-23 02:56:36.350 appintentsmetadataprocessor[1001:5770] Starting appintentsmetadataprocessor export
2026-09-23 02:56:36.423 appintentsmetadataprocessor[1001:5770] Extracted no relevant App Intents symbols, skipping writing output
SwiftEmitModule normal arm64 Emitting\ module\ for\ ScrollTracking (in target 'ScrollTracking' from project 'swiftui-list-support')
SwiftCompile normal arm64 (in target 'ScrollTracking' from project 'swiftui-list-support')
cd /Users/admin/builder/spi-builder-workspace/.swiftpm/xcode
SwiftCompile normal arm64 Compiling\ ScrollTracking.swift /Users/admin/builder/spi-builder-workspace/Sources/ScrollTracking/ScrollTracking.swift (in target 'ScrollTracking' from project 'swiftui-list-support')
/Users/admin/builder/spi-builder-workspace/Sources/ScrollTracking/ScrollTracking.swift:295:8: warning: unnecessary check for 'tvOS'; enclosing scope ensures guard will always be true [#UselessAvailabilityCheck]
279 |
280 | @available(iOS 15.0, macOS 15.0, tvOS 18.0, watchOS 11.0, visionOS 2.0, *)
281 | private struct _Modifier: ViewModifier {
| `- note: enclosing scope here
282 |
283 | @StateObject var controller: Controller = .init()
:
293 | func body(content: Content) -> some View {
294 |
295 | if #available(iOS 18.0, macOS 15.0, tvOS 18.0, watchOS 11.0, visionOS 2.0,
| `- warning: unnecessary check for 'tvOS'; enclosing scope ensures guard will always be true [#UselessAvailabilityCheck]
296 | *) {
297 | content.onScrollGeometryChange(for: ScrollGeometry.self) { geometry in
/Users/admin/builder/spi-builder-workspace/Sources/ScrollTracking/ScrollTracking.swift:14:7: error: '_Modifier' is only available in tvOS 18.0 or newer
4 | import os.lock
5 |
6 | extension View {
| `- note: add '@available' attribute to enclosing extension
7 |
8 | @_spi(Internal)
9 | public func onAdditionalLoading(
| `- note: add '@available' attribute to enclosing instance method
10 | additionalLoading: AdditionalLoading
11 | ) -> some View {
12 |
13 | modifier(
14 | _Modifier(
| |- error: '_Modifier' is only available in tvOS 18.0 or newer
| `- note: add 'if #available' version check
15 | additionalLoading: additionalLoading
16 | )
/Users/admin/builder/spi-builder-workspace/Sources/ScrollTracking/ScrollTracking.swift:87:7: error: '_Modifier' is only available in tvOS 18.0 or newer
20 | }
21 |
22 | extension ScrollView {
| `- note: add '@available' attribute to enclosing extension
23 |
24 | /// Attaches an infinite-scrolling style loader that calls your async closure
:
76 | /// to observe content offset.
77 | @ViewBuilder
78 | public func onAdditionalLoading(
| `- note: add '@available' attribute to enclosing instance method
79 | isEnabled: Bool = true,
80 | leadingScreens: Double = 2,
:
85 |
86 | modifier(
87 | _Modifier(
| |- error: '_Modifier' is only available in tvOS 18.0 or newer
| `- note: add 'if #available' version check
88 | additionalLoading: .init(
89 | isEnabled: isEnabled,
/Users/admin/builder/spi-builder-workspace/Sources/ScrollTracking/ScrollTracking.swift:190:7: error: '_Modifier' is only available in tvOS 18.0 or newer
20 | }
21 |
22 | extension ScrollView {
| `- note: add '@available' attribute to enclosing extension
23 |
24 | /// Attaches an infinite-scrolling style loader that calls your async closure
:
179 | /// ```
180 | @ViewBuilder
181 | public func onAdditionalLoading(
| `- note: add '@available' attribute to enclosing instance method
182 | isEnabled: Bool = true,
183 | leadingScreens: Double = 2,
:
188 |
189 | modifier(
190 | _Modifier(
| |- error: '_Modifier' is only available in tvOS 18.0 or newer
| `- note: add 'if #available' version check
191 | additionalLoading: .init(
192 | isEnabled: isEnabled,
/Users/admin/builder/spi-builder-workspace/Sources/ScrollTracking/ScrollTracking.swift:216:7: error: '_Modifier' is only available in tvOS 18.0 or newer
203 | }
204 |
205 | extension List {
| `- note: add '@available' attribute to enclosing extension
206 | @ViewBuilder
207 | public func onAdditionalLoading(
| `- note: add '@available' attribute to enclosing instance method
208 | isEnabled: Bool = true,
209 | leadingScreens: Double = 2,
:
214 |
215 | modifier(
216 | _Modifier(
| |- error: '_Modifier' is only available in tvOS 18.0 or newer
| `- note: add 'if #available' version check
217 | additionalLoading: .init(
218 | isEnabled: isEnabled,
[#UselessAvailabilityCheck]: <https://docs.swift.org/compiler/documentation/diagnostics/useless-availability-check>
Failed frontend command:
SwiftCompile normal arm64 /Users/admin/builder/spi-builder-workspace/Sources/ScrollTracking/ScrollTracking.swift (in target 'ScrollTracking' from project 'swiftui-list-support')
cd /Users/admin/builder/spi-builder-workspace/.swiftpm/xcode
builtin-SwiftPerFileCompile ScrollTracking.swift
/Applications/Xcode-27.0.0-Release.Candidate.app/Contents/Developer/Toolchains/XcodeDefault.xctoolchain/usr/bin/swift-frontend -frontend -c -primary-file /Users/admin/builder/spi-builder-workspace/Sources/ScrollTracking/ScrollTracking.swift -emit-dependencies-path /Users/admin/builder/spi-builder-workspace/.derivedData/Build/Intermediates.noindex/swiftui-list-support.build/Debug-appletvos/ScrollTracking-t.build/Objects-normal/arm64/ScrollTracking.d -emit-const-values-path /Users/admin/builder/spi-builder-workspace/.derivedData/Build/Intermediates.noindex/swiftui-list-support.build/Debug-appletvos/ScrollTracking-t.build/Objects-normal/arm64/ScrollTracking.swiftconstvalues -emit-reference-dependencies-path /Users/admin/builder/spi-builder-workspace/.derivedData/Build/Intermediates.noindex/swiftui-list-support.build/Debug-appletvos/ScrollTracking-t.build/Objects-normal/arm64/ScrollTracking.swiftdeps -serialize-diagnostics-path /Users/admin/builder/spi-builder-workspace/.derivedData/Build/Intermediates.noindex/swiftui-list-support.build/Debug-appletvos/ScrollTracking-t.build/Objects-normal/arm64/ScrollTracking.dia -target arm64-apple-tvos17.0 -module-can-import-version UIKit 9127.0.84.1 9127.0.84 -disable-cross-import-overlay-search -load-resolved-plugin /Applications/Xcode-27.0.0-Release.Candidate.app/Contents/Developer/Platforms/AppleTVOS.platform/Developer/usr/lib/swift/host/plugins/libFoundationMacros.dylib\#/Applications/Xcode-27.0.0-Release.Candidate.app/Contents/Developer/Platforms/AppleTVOS.platform/Developer/usr/bin/swift-plugin-server\#FoundationMacros -load-resolved-plugin /Applications/Xcode-27.0.0-Release.Candidate.app/Contents/Developer/Platforms/AppleTVOS.platform/Developer/usr/lib/swift/host/plugins/libObservationMacros.dylib\#/Applications/Xcode-27.0.0-Release.Candidate.app/Contents/Developer/Platforms/AppleTVOS.platform/Developer/usr/bin/swift-plugin-server\#ObservationMacros -load-resolved-plugin /Applications/Xcode-27.0.0-Release.Candidate.app/Contents/Developer/Platforms/AppleTVOS.platform/Developer/usr/lib/swift/host/plugins/libPreviewsMacros.dylib\#/Applications/Xcode-27.0.0-Release.Candidate.app/Contents/Developer/Platforms/AppleTVOS.platform/Developer/usr/bin/swift-plugin-server\#PreviewsMacros -load-resolved-plugin /Applications/Xcode-27.0.0-Release.Candidate.app/Contents/Developer/Platforms/AppleTVOS.platform/Developer/usr/lib/swift/host/plugins/libSwiftMacros.dylib\#/Applications/Xcode-27.0.0-Release.Candidate.app/Contents/Developer/Platforms/AppleTVOS.platform/Developer/usr/bin/swift-plugin-server\#SwiftMacros -load-resolved-plugin /Applications/Xcode-27.0.0-Release.Candidate.app/Contents/Developer/Platforms/AppleTVOS.platform/Developer/usr/lib/swift/host/plugins/libSwiftUIMacros.dylib\#/Applications/Xcode-27.0.0-Release.Candidate.app/Contents/Developer/Platforms/AppleTVOS.platform/Developer/usr/bin/swift-plugin-server\#SwiftUIMacros -load-resolved-plugin /Applications/Xcode-27.0.0-Release.Candidate.app/Contents/Developer/Platforms/AppleTVOS.platform/Developer/usr/lib/swift/host/plugins/libTipKitMacros.dylib\#/Applications/Xcode-27.0.0-Release.Candidate.app/Contents/Developer/Platforms/AppleTVOS.platform/Developer/usr/bin/swift-plugin-server\#TipKitMacros -disable-implicit-swift-modules -Xcc -fno-implicit-modules -Xcc -fno-implicit-module-maps -explicit-swift-module-map-file /Users/admin/builder/spi-builder-workspace/.derivedData/Build/Intermediates.noindex/swiftui-list-support.build/Debug-appletvos/ScrollTracking-t.build/Objects-normal/arm64/ScrollTracking-dependencies-1.json -Xllvm -aarch64-use-tbi -enable-objc-interop -stack-check -sdk /Applications/Xcode-27.0.0-Release.Candidate.app/Contents/Developer/Platforms/AppleTVOS.platform/Developer/SDKs/AppleTVOS27.0.sdk -I /Users/admin/builder/spi-builder-workspace/.derivedData/Build/Products/Debug-appletvos -Isystem /Applications/Xcode-27.0.0-Release.Candidate.app/Contents/Developer/Platforms/AppleTVOS.platform/Developer/usr/lib -F /Users/admin/builder/spi-builder-workspace/.derivedData/Build/Products/Debug-appletvos/PackageFrameworks -F /Users/admin/builder/spi-builder-workspace/.derivedData/Build/Products/Debug-appletvos -F /Applications/Xcode-27.0.0-Release.Candidate.app/Contents/Developer/Platforms/AppleTVOS.platform/Developer/Library/Frameworks -F /Applications/Xcode-27.0.0-Release.Candidate.app/Contents/Developer/Platforms/AppleTVOS.platform/Developer/SDKs/AppleTVOS27.0.sdk/Developer/Library/Frameworks -module-cache-path /Users/admin/builder/spi-builder-workspace/.derivedData/Build/Intermediates.noindex/SwiftExplicitPrecompiledModules -no-color-diagnostics -Xcc -fno-color-diagnostics -enable-testing -g -debug-info-format\=dwarf -dwarf-version\=4 -profile-generate -profile-coverage-mapping -swift-version 6 -Onone -D SWIFT_PACKAGE -D DEBUG -D SWIFT_MODULE_RESOURCE_BUNDLE_UNAVAILABLE -D Xcode -serialize-debugging-options -enable-experimental-feature DebugDescriptionMacro -empty-abi-descriptor -validate-clang-modules-once -clang-build-session-file /Users/admin/builder/spi-builder-workspace/.derivedData/ModuleCache.noindex/Session.modulevalidation -Xcc -working-directory -Xcc /Users/admin/builder/spi-builder-workspace/.swiftpm/xcode -enable-anonymous-context-mangled-names -file-compilation-dir /Users/admin/builder/spi-builder-workspace/.swiftpm/xcode -Xcc -D_LIBCPP_HARDENING_MODE\=_LIBCPP_HARDENING_MODE_DEBUG -Xcc -ivfsstatcache -Xcc /Users/admin/builder/spi-builder-workspace/.derivedData/SDKStatCaches.noindex/appletvos27.0-24J360-e829b21a6f8c9b70876ba0858053c044b32bfd8d43560033f8d89884cdb90028.sdkstatcache -Xcc -fmodules-prune-interval\=86400 -Xcc -fmodules-prune-after\=345600 -Xcc -I/Users/admin/builder/spi-builder-workspace/.derivedData/Build/Products/Debug-appletvos/include -Xcc -I/Users/admin/builder/spi-builder-workspace/.derivedData/Build/Intermediates.noindex/swiftui-list-support.build/Debug-appletvos/ScrollTracking-t.build/DerivedSources-normal/arm64 -Xcc -I/Users/admin/builder/spi-builder-workspace/.derivedData/Build/Intermediates.noindex/swiftui-list-support.build/Debug-appletvos/ScrollTracking-t.build/DerivedSources/arm64 -Xcc -I/Users/admin/builder/spi-builder-workspace/.derivedData/Build/Intermediates.noindex/swiftui-list-support.build/Debug-appletvos/ScrollTracking-t.build/DerivedSources -Xcc -DSWIFT_PACKAGE -Xcc -DDEBUG\=1 -no-auto-bridging-header-chaining -module-name ScrollTracking -package-name spi_builder_workspace -const-gather-protocols-file /Users/admin/builder/spi-builder-workspace/.derivedData/Build/Intermediates.noindex/swiftui-list-support.build/Debug-appletvos/ScrollTracking-t.build/Objects-normal/arm64/ScrollTracking_const_extract_protocols.json -disable-clang-spi -clang-target arm64-apple-tvos27.0 -target-sdk-version 27.0 -target-sdk-name appletvos27.0 -in-process-plugin-server-path /Applications/Xcode-27.0.0-Release.Candidate.app/Contents/Developer/Toolchains/XcodeDefault.xctoolchain/usr/lib/swift/host/libSwiftInProcPluginServer.dylib -parse-as-library -o /Users/admin/builder/spi-builder-workspace/.derivedData/Build/Intermediates.noindex/swiftui-list-support.build/Debug-appletvos/ScrollTracking-t.build/Objects-normal/arm64/ScrollTracking.o -debug-module-path /Users/admin/builder/spi-builder-workspace/.derivedData/Build/Intermediates.noindex/swiftui-list-support.build/Debug-appletvos/ScrollTracking-t.build/Objects-normal/arm64/ScrollTracking.swiftmodule -index-unit-output-path /swiftui-list-support.build/Debug-appletvos/ScrollTracking-t.build/Objects-normal/arm64/ScrollTracking.o -index-store-path /Users/admin/builder/spi-builder-workspace/.derivedData/Index.noindex/DataStore -index-system-modules
SwiftDriverJobDiscovery normal arm64 Emitting module for SelectableForEach (in target 'SelectableForEach' from project 'swiftui-list-support')
SwiftDriver\ Compilation\ Requirements SelectableForEach normal arm64 com.apple.xcode.tools.swift.compiler (in target 'SelectableForEach' from project 'swiftui-list-support')
cd /Users/admin/builder/spi-builder-workspace/.swiftpm/xcode
builtin-Swift-Compilation-Requirements -- /Applications/Xcode-27.0.0-Release.Candidate.app/Contents/Developer/Toolchains/XcodeDefault.xctoolchain/usr/bin/swiftc -parse-as-library -module-name SelectableForEach -Onone @/Users/admin/builder/spi-builder-workspace/.derivedData/Build/Intermediates.noindex/swiftui-list-support.build/Debug-appletvos/SelectableForEach-t.build/Objects-normal/arm64/SelectableForEach.SwiftFileList -DSWIFT_PACKAGE -DDEBUG -DSWIFT_MODULE_RESOURCE_BUNDLE_UNAVAILABLE -DXcode -plugin-path /Applications/Xcode-27.0.0-Release.Candidate.app/Contents/Developer/Toolchains/XcodeDefault.xctoolchain/usr/lib/swift/host/plugins/testing -enable-experimental-feature DebugDescriptionMacro -sdk /Applications/Xcode-27.0.0-Release.Candidate.app/Contents/Developer/Platforms/AppleTVOS.platform/Developer/SDKs/AppleTVOS27.0.sdk -target arm64-apple-tvos17.0 -g -module-cache-path /Users/admin/builder/spi-builder-workspace/.derivedData/ModuleCache.noindex -Xfrontend -serialize-debugging-options -profile-coverage-mapping -profile-generate -enable-testing -index-store-path /Users/admin/builder/spi-builder-workspace/.derivedData/Index.noindex/DataStore -Xcc -D_LIBCPP_HARDENING_MODE\=_LIBCPP_HARDENING_MODE_DEBUG -swift-version 6 -I /Users/admin/builder/spi-builder-workspace/.derivedData/Build/Products/Debug-appletvos -Isystem /Applications/Xcode-27.0.0-Release.Candidate.app/Contents/Developer/Platforms/AppleTVOS.platform/Developer/usr/lib -F /Users/admin/builder/spi-builder-workspace/.derivedData/Build/Products/Debug-appletvos/PackageFrameworks -F /Users/admin/builder/spi-builder-workspace/.derivedData/Build/Products/Debug-appletvos -F /Applications/Xcode-27.0.0-Release.Candidate.app/Contents/Developer/Platforms/AppleTVOS.platform/Developer/Library/Frameworks -F /Applications/Xcode-27.0.0-Release.Candidate.app/Contents/Developer/Platforms/AppleTVOS.platform/Developer/SDKs/AppleTVOS27.0.sdk/Developer/Library/Frameworks -c -j10 -enable-batch-mode -incremental -Xcc -ivfsstatcache -Xcc /Users/admin/builder/spi-builder-workspace/.derivedData/SDKStatCaches.noindex/appletvos27.0-24J360-e829b21a6f8c9b70876ba0858053c044b32bfd8d43560033f8d89884cdb90028.sdkstatcache -output-file-map /Users/admin/builder/spi-builder-workspace/.derivedData/Build/Intermediates.noindex/swiftui-list-support.build/Debug-appletvos/SelectableForEach-t.build/Objects-normal/arm64/SelectableForEach-OutputFileMap.json -save-temps -no-color-diagnostics -explicit-module-build -module-cache-path /Users/admin/builder/spi-builder-workspace/.derivedData/Build/Intermediates.noindex/SwiftExplicitPrecompiledModules -clang-scanner-module-cache-path /Users/admin/builder/spi-builder-workspace/.derivedData/ModuleCache.noindex -sdk-module-cache-path /Users/admin/builder/spi-builder-workspace/.derivedData/SDKExplicitPrecompiledModules -emit-dependencies -emit-module -emit-module-path /Users/admin/builder/spi-builder-workspace/.derivedData/Build/Intermediates.noindex/swiftui-list-support.build/Debug-appletvos/SelectableForEach-t.build/Objects-normal/arm64/SelectableForEach.swiftmodule -serialize-diagnostics -dependency-scan-serialize-diagnostics-path /Users/admin/builder/spi-builder-workspace/.derivedData/Build/Intermediates.noindex/swiftui-list-support.build/Debug-appletvos/SelectableForEach-t.build/Objects-normal/arm64/SelectableForEach-dependency-scan.dia -validate-clang-modules-once -clang-build-session-file /Users/admin/builder/spi-builder-workspace/.derivedData/ModuleCache.noindex/Session.modulevalidation -Xcc -fmodules-prune-interval\=86400 -Xcc -fmodules-prune-after\=345600 -package-name spi_builder_workspace -emit-const-values -const-gather-protocols-list /Users/admin/builder/spi-builder-workspace/.derivedData/Build/Intermediates.noindex/swiftui-list-support.build/Debug-appletvos/SelectableForEach-t.build/Objects-normal/arm64/SelectableForEach_const_extract_protocols.json -Xcc -I/Users/admin/builder/spi-builder-workspace/.derivedData/Build/Products/Debug-appletvos/include -Xcc -I/Users/admin/builder/spi-builder-workspace/.derivedData/Build/Intermediates.noindex/swiftui-list-support.build/Debug-appletvos/SelectableForEach-t.build/DerivedSources-normal/arm64 -Xcc -I/Users/admin/builder/spi-builder-workspace/.derivedData/Build/Intermediates.noindex/swiftui-list-support.build/Debug-appletvos/SelectableForEach-t.build/DerivedSources/arm64 -Xcc -I/Users/admin/builder/spi-builder-workspace/.derivedData/Build/Intermediates.noindex/swiftui-list-support.build/Debug-appletvos/SelectableForEach-t.build/DerivedSources -Xcc -DSWIFT_PACKAGE -Xcc -DDEBUG\=1 -emit-objc-header -emit-objc-header-path /Users/admin/builder/spi-builder-workspace/.derivedData/Build/Intermediates.noindex/swiftui-list-support.build/Debug-appletvos/SelectableForEach-t.build/Objects-normal/arm64/SelectableForEach-Swift.h -working-directory /Users/admin/builder/spi-builder-workspace/.swiftpm/xcode -experimental-emit-module-separately -disable-cmo
SwiftMergeGeneratedHeaders /Users/admin/builder/spi-builder-workspace/.derivedData/Build/Intermediates.noindex/GeneratedModuleMaps-appletvos/SelectableForEach-Swift.h /Users/admin/builder/spi-builder-workspace/.derivedData/Build/Intermediates.noindex/swiftui-list-support.build/Debug-appletvos/SelectableForEach-t.build/Objects-normal/arm64/SelectableForEach-Swift.h (in target 'SelectableForEach' from project 'swiftui-list-support')
cd /Users/admin/builder/spi-builder-workspace
builtin-swiftHeaderTool -arch arm64 /Users/admin/builder/spi-builder-workspace/.derivedData/Build/Intermediates.noindex/swiftui-list-support.build/Debug-appletvos/SelectableForEach-t.build/Objects-normal/arm64/SelectableForEach-Swift.h -o /Users/admin/builder/spi-builder-workspace/.derivedData/Build/Intermediates.noindex/GeneratedModuleMaps-appletvos/SelectableForEach-Swift.h
Copy /Users/admin/builder/spi-builder-workspace/.derivedData/Build/Products/Debug-appletvos/SelectableForEach.swiftmodule/arm64-apple-tvos.swiftmodule /Users/admin/builder/spi-builder-workspace/.derivedData/Build/Intermediates.noindex/swiftui-list-support.build/Debug-appletvos/SelectableForEach-t.build/Objects-normal/arm64/SelectableForEach.swiftmodule (in target 'SelectableForEach' from project 'swiftui-list-support')
cd /Users/admin/builder/spi-builder-workspace
builtin-copy -exclude .DS_Store -exclude CVS -exclude .svn -exclude .git -exclude .hg -resolve-src-symlinks -rename /Users/admin/builder/spi-builder-workspace/.derivedData/Build/Intermediates.noindex/swiftui-list-support.build/Debug-appletvos/SelectableForEach-t.build/Objects-normal/arm64/SelectableForEach.swiftmodule /Users/admin/builder/spi-builder-workspace/.derivedData/Build/Products/Debug-appletvos/SelectableForEach.swiftmodule/arm64-apple-tvos.swiftmodule
Copy /Users/admin/builder/spi-builder-workspace/.derivedData/Build/Products/Debug-appletvos/SelectableForEach.swiftmodule/arm64-apple-tvos.swiftdoc /Users/admin/builder/spi-builder-workspace/.derivedData/Build/Intermediates.noindex/swiftui-list-support.build/Debug-appletvos/SelectableForEach-t.build/Objects-normal/arm64/SelectableForEach.swiftdoc (in target 'SelectableForEach' from project 'swiftui-list-support')
cd /Users/admin/builder/spi-builder-workspace
builtin-copy -exclude .DS_Store -exclude CVS -exclude .svn -exclude .git -exclude .hg -resolve-src-symlinks -rename /Users/admin/builder/spi-builder-workspace/.derivedData/Build/Intermediates.noindex/swiftui-list-support.build/Debug-appletvos/SelectableForEach-t.build/Objects-normal/arm64/SelectableForEach.swiftdoc /Users/admin/builder/spi-builder-workspace/.derivedData/Build/Products/Debug-appletvos/SelectableForEach.swiftmodule/arm64-apple-tvos.swiftdoc
Copy /Users/admin/builder/spi-builder-workspace/.derivedData/Build/Products/Debug-appletvos/SelectableForEach.swiftmodule/arm64-apple-tvos.abi.json /Users/admin/builder/spi-builder-workspace/.derivedData/Build/Intermediates.noindex/swiftui-list-support.build/Debug-appletvos/SelectableForEach-t.build/Objects-normal/arm64/SelectableForEach.abi.json (in target 'SelectableForEach' from project 'swiftui-list-support')
cd /Users/admin/builder/spi-builder-workspace
builtin-copy -exclude .DS_Store -exclude CVS -exclude .svn -exclude .git -exclude .hg -resolve-src-symlinks -rename /Users/admin/builder/spi-builder-workspace/.derivedData/Build/Intermediates.noindex/swiftui-list-support.build/Debug-appletvos/SelectableForEach-t.build/Objects-normal/arm64/SelectableForEach.abi.json /Users/admin/builder/spi-builder-workspace/.derivedData/Build/Products/Debug-appletvos/SelectableForEach.swiftmodule/arm64-apple-tvos.abi.json
Copy /Users/admin/builder/spi-builder-workspace/.derivedData/Build/Products/Debug-appletvos/SelectableForEach.swiftmodule/Project/arm64-apple-tvos.swiftsourceinfo /Users/admin/builder/spi-builder-workspace/.derivedData/Build/Intermediates.noindex/swiftui-list-support.build/Debug-appletvos/SelectableForEach-t.build/Objects-normal/arm64/SelectableForEach.swiftsourceinfo (in target 'SelectableForEach' from project 'swiftui-list-support')
cd /Users/admin/builder/spi-builder-workspace
builtin-copy -exclude .DS_Store -exclude CVS -exclude .svn -exclude .git -exclude .hg -resolve-src-symlinks -rename /Users/admin/builder/spi-builder-workspace/.derivedData/Build/Intermediates.noindex/swiftui-list-support.build/Debug-appletvos/SelectableForEach-t.build/Objects-normal/arm64/SelectableForEach.swiftsourceinfo /Users/admin/builder/spi-builder-workspace/.derivedData/Build/Products/Debug-appletvos/SelectableForEach.swiftmodule/Project/arm64-apple-tvos.swiftsourceinfo
SwiftDriverJobDiscovery normal arm64 Compiling SelectionState.swift (in target 'SelectableForEach' from project 'swiftui-list-support')
SwiftDriverJobDiscovery normal arm64 Compiling SelectableForEach.swift (in target 'SelectableForEach' from project 'swiftui-list-support')
SwiftDriverJobDiscovery normal arm64 Compiling PreviewSupport.swift (in target 'SelectableForEach' from project 'swiftui-list-support')
SwiftDriver\ Compilation SelectableForEach normal arm64 com.apple.xcode.tools.swift.compiler (in target 'SelectableForEach' from project 'swiftui-list-support')
cd /Users/admin/builder/spi-builder-workspace/.swiftpm/xcode
builtin-Swift-Compilation -- /Applications/Xcode-27.0.0-Release.Candidate.app/Contents/Developer/Toolchains/XcodeDefault.xctoolchain/usr/bin/swiftc -parse-as-library -module-name SelectableForEach -Onone @/Users/admin/builder/spi-builder-workspace/.derivedData/Build/Intermediates.noindex/swiftui-list-support.build/Debug-appletvos/SelectableForEach-t.build/Objects-normal/arm64/SelectableForEach.SwiftFileList -DSWIFT_PACKAGE -DDEBUG -DSWIFT_MODULE_RESOURCE_BUNDLE_UNAVAILABLE -DXcode -plugin-path /Applications/Xcode-27.0.0-Release.Candidate.app/Contents/Developer/Toolchains/XcodeDefault.xctoolchain/usr/lib/swift/host/plugins/testing -enable-experimental-feature DebugDescriptionMacro -sdk /Applications/Xcode-27.0.0-Release.Candidate.app/Contents/Developer/Platforms/AppleTVOS.platform/Developer/SDKs/AppleTVOS27.0.sdk -target arm64-apple-tvos17.0 -g -module-cache-path /Users/admin/builder/spi-builder-workspace/.derivedData/ModuleCache.noindex -Xfrontend -serialize-debugging-options -profile-coverage-mapping -profile-generate -enable-testing -index-store-path /Users/admin/builder/spi-builder-workspace/.derivedData/Index.noindex/DataStore -Xcc -D_LIBCPP_HARDENING_MODE\=_LIBCPP_HARDENING_MODE_DEBUG -swift-version 6 -I /Users/admin/builder/spi-builder-workspace/.derivedData/Build/Products/Debug-appletvos -Isystem /Applications/Xcode-27.0.0-Release.Candidate.app/Contents/Developer/Platforms/AppleTVOS.platform/Developer/usr/lib -F /Users/admin/builder/spi-builder-workspace/.derivedData/Build/Products/Debug-appletvos/PackageFrameworks -F /Users/admin/builder/spi-builder-workspace/.derivedData/Build/Products/Debug-appletvos -F /Applications/Xcode-27.0.0-Release.Candidate.app/Contents/Developer/Platforms/AppleTVOS.platform/Developer/Library/Frameworks -F /Applications/Xcode-27.0.0-Release.Candidate.app/Contents/Developer/Platforms/AppleTVOS.platform/Developer/SDKs/AppleTVOS27.0.sdk/Developer/Library/Frameworks -c -j10 -enable-batch-mode -incremental -Xcc -ivfsstatcache -Xcc /Users/admin/builder/spi-builder-workspace/.derivedData/SDKStatCaches.noindex/appletvos27.0-24J360-e829b21a6f8c9b70876ba0858053c044b32bfd8d43560033f8d89884cdb90028.sdkstatcache -output-file-map /Users/admin/builder/spi-builder-workspace/.derivedData/Build/Intermediates.noindex/swiftui-list-support.build/Debug-appletvos/SelectableForEach-t.build/Objects-normal/arm64/SelectableForEach-OutputFileMap.json -save-temps -no-color-diagnostics -explicit-module-build -module-cache-path /Users/admin/builder/spi-builder-workspace/.derivedData/Build/Intermediates.noindex/SwiftExplicitPrecompiledModules -clang-scanner-module-cache-path /Users/admin/builder/spi-builder-workspace/.derivedData/ModuleCache.noindex -sdk-module-cache-path /Users/admin/builder/spi-builder-workspace/.derivedData/SDKExplicitPrecompiledModules -emit-dependencies -emit-module -emit-module-path /Users/admin/builder/spi-builder-workspace/.derivedData/Build/Intermediates.noindex/swiftui-list-support.build/Debug-appletvos/SelectableForEach-t.build/Objects-normal/arm64/SelectableForEach.swiftmodule -serialize-diagnostics -dependency-scan-serialize-diagnostics-path /Users/admin/builder/spi-builder-workspace/.derivedData/Build/Intermediates.noindex/swiftui-list-support.build/Debug-appletvos/SelectableForEach-t.build/Objects-normal/arm64/SelectableForEach-dependency-scan.dia -validate-clang-modules-once -clang-build-session-file /Users/admin/builder/spi-builder-workspace/.derivedData/ModuleCache.noindex/Session.modulevalidation -Xcc -fmodules-prune-interval\=86400 -Xcc -fmodules-prune-after\=345600 -package-name spi_builder_workspace -emit-const-values -const-gather-protocols-list /Users/admin/builder/spi-builder-workspace/.derivedData/Build/Intermediates.noindex/swiftui-list-support.build/Debug-appletvos/SelectableForEach-t.build/Objects-normal/arm64/SelectableForEach_const_extract_protocols.json -Xcc -I/Users/admin/builder/spi-builder-workspace/.derivedData/Build/Products/Debug-appletvos/include -Xcc -I/Users/admin/builder/spi-builder-workspace/.derivedData/Build/Intermediates.noindex/swiftui-list-support.build/Debug-appletvos/SelectableForEach-t.build/DerivedSources-normal/arm64 -Xcc -I/Users/admin/builder/spi-builder-workspace/.derivedData/Build/Intermediates.noindex/swiftui-list-support.build/Debug-appletvos/SelectableForEach-t.build/DerivedSources/arm64 -Xcc -I/Users/admin/builder/spi-builder-workspace/.derivedData/Build/Intermediates.noindex/swiftui-list-support.build/Debug-appletvos/SelectableForEach-t.build/DerivedSources -Xcc -DSWIFT_PACKAGE -Xcc -DDEBUG\=1 -emit-objc-header -emit-objc-header-path /Users/admin/builder/spi-builder-workspace/.derivedData/Build/Intermediates.noindex/swiftui-list-support.build/Debug-appletvos/SelectableForEach-t.build/Objects-normal/arm64/SelectableForEach-Swift.h -working-directory /Users/admin/builder/spi-builder-workspace/.swiftpm/xcode -experimental-emit-module-separately -disable-cmo
Ld /Users/admin/builder/spi-builder-workspace/.derivedData/Build/Products/Debug-appletvos/SelectableForEach.o normal (in target 'SelectableForEach' from project 'swiftui-list-support')
cd /Users/admin/builder/spi-builder-workspace
/Applications/Xcode-27.0.0-Release.Candidate.app/Contents/Developer/Toolchains/XcodeDefault.xctoolchain/usr/bin/clang -Xlinker -reproducible -target arm64-apple-tvos17.0 -r -isysroot /Applications/Xcode-27.0.0-Release.Candidate.app/Contents/Developer/Platforms/AppleTVOS.platform/Developer/SDKs/AppleTVOS27.0.sdk -O0 -Xlinker -no_warn_duplicate_libraries -F/Users/admin/builder/spi-builder-workspace/.derivedData/Build/Intermediates.noindex/EagerLinkingTBDs/Debug-appletvos -F/Users/admin/builder/spi-builder-workspace/.derivedData/Build/Products/Debug-appletvos/PackageFrameworks -F/Users/admin/builder/spi-builder-workspace/.derivedData/Build/Products/Debug-appletvos -iframework /Applications/Xcode-27.0.0-Release.Candidate.app/Contents/Developer/Platforms/AppleTVOS.platform/Developer/Library/Frameworks -iframework /Applications/Xcode-27.0.0-Release.Candidate.app/Contents/Developer/Platforms/AppleTVOS.platform/Developer/SDKs/AppleTVOS27.0.sdk/Developer/Library/Frameworks -filelist /Users/admin/builder/spi-builder-workspace/.derivedData/Build/Intermediates.noindex/swiftui-list-support.build/Debug-appletvos/SelectableForEach-t.build/Objects-normal/arm64/SelectableForEach.LinkFileList -nostdlib -Xlinker -object_path_lto -Xlinker /Users/admin/builder/spi-builder-workspace/.derivedData/Build/Intermediates.noindex/swiftui-list-support.build/Debug-appletvos/SelectableForEach-t.build/Objects-normal/arm64/SelectableForEach_lto.o -Xlinker -no_deduplicate -Xlinker -debug_variant -Xlinker -dependency_info -Xlinker /Users/admin/builder/spi-builder-workspace/.derivedData/Build/Intermediates.noindex/swiftui-list-support.build/Debug-appletvos/SelectableForEach-t.build/Objects-normal/arm64/SelectableForEach_dependency_info.dat -fobjc-link-runtime -L/Applications/Xcode-27.0.0-Release.Candidate.app/Contents/Developer/Toolchains/XcodeDefault.xctoolchain/usr/lib/swift/appletvos -L/usr/lib/swift -Xlinker -add_ast_path -Xlinker /Users/admin/builder/spi-builder-workspace/.derivedData/Build/Intermediates.noindex/swiftui-list-support.build/Debug-appletvos/SelectableForEach-t.build/Objects-normal/arm64/SelectableForEach.swiftmodule -o /Users/admin/builder/spi-builder-workspace/.derivedData/Build/Products/Debug-appletvos/SelectableForEach.o
ExtractAppIntentsMetadata (in target 'SelectableForEach' from project 'swiftui-list-support')
cd /Users/admin/builder/spi-builder-workspace
/Applications/Xcode-27.0.0-Release.Candidate.app/Contents/Developer/Toolchains/XcodeDefault.xctoolchain/usr/bin/appintentsmetadataprocessor --toolchain-dir /var/run/com.apple.security.cryptexd/mnt/com.apple.MobileAsset.MetalToolchain-v27.1.266.1.rZ9Uqv/Metal.xctoolchain --module-name SelectableForEach --sdk-root /Applications/Xcode-27.0.0-Release.Candidate.app/Contents/Developer/Platforms/AppleTVOS.platform/Developer/SDKs/AppleTVOS27.0.sdk --xcode-version 27A266a --platform-family tvOS --deployment-target 17.0 --bundle-identifier spi-builder-workspace.SelectableForEach --output /Users/admin/builder/spi-builder-workspace/.derivedData/Build/Products/Debug-appletvos/SelectableForEach.appintents --target-triple arm64-apple-tvos17.0 --binary-file /Users/admin/builder/spi-builder-workspace/.derivedData/Build/Products/Debug-appletvos/SelectableForEach.o --dependency-file /Users/admin/builder/spi-builder-workspace/.derivedData/Build/Intermediates.noindex/swiftui-list-support.build/Debug-appletvos/SelectableForEach-t.build/Objects-normal/arm64/SelectableForEach_dependency_info.dat --stringsdata-file /Users/admin/builder/spi-builder-workspace/.derivedData/Build/Intermediates.noindex/swiftui-list-support.build/Debug-appletvos/SelectableForEach-t.build/Objects-normal/arm64/ExtractedAppShortcutsMetadata.stringsdata --source-file-list /Users/admin/builder/spi-builder-workspace/.derivedData/Build/Intermediates.noindex/swiftui-list-support.build/Debug-appletvos/SelectableForEach-t.build/Objects-normal/arm64/SelectableForEach.SwiftFileList --metadata-file-list /Users/admin/builder/spi-builder-workspace/.derivedData/Build/Intermediates.noindex/swiftui-list-support.build/Debug-appletvos/SelectableForEach-t.build/SelectableForEach.DependencyMetadataFileList --static-metadata-file-list /Users/admin/builder/spi-builder-workspace/.derivedData/Build/Intermediates.noindex/swiftui-list-support.build/Debug-appletvos/SelectableForEach-t.build/SelectableForEach.DependencyStaticMetadataFileList --swift-const-vals-list /Users/admin/builder/spi-builder-workspace/.derivedData/Build/Intermediates.noindex/swiftui-list-support.build/Debug-appletvos/SelectableForEach-t.build/Objects-normal/arm64/SelectableForEach.SwiftConstValuesFileList --force --compile-time-extraction --deployment-aware-processing --no-app-shortcuts-localization
2026-09-23 02:56:36.546 appintentsmetadataprocessor[1008:5799] Starting appintentsmetadataprocessor export
2026-09-23 02:56:36.609 appintentsmetadataprocessor[1008:5799] Extracted no relevant App Intents symbols, skipping writing output
SwiftDriverJobDiscovery normal arm64 Emitting module for ScrollTracking (in target 'ScrollTracking' from project 'swiftui-list-support')
SwiftDriver\ Compilation\ Requirements ScrollTracking normal arm64 com.apple.xcode.tools.swift.compiler (in target 'ScrollTracking' from project 'swiftui-list-support')
cd /Users/admin/builder/spi-builder-workspace/.swiftpm/xcode
builtin-Swift-Compilation-Requirements -- /Applications/Xcode-27.0.0-Release.Candidate.app/Contents/Developer/Toolchains/XcodeDefault.xctoolchain/usr/bin/swiftc -parse-as-library -module-name ScrollTracking -Onone @/Users/admin/builder/spi-builder-workspace/.derivedData/Build/Intermediates.noindex/swiftui-list-support.build/Debug-appletvos/ScrollTracking-t.build/Objects-normal/arm64/ScrollTracking.SwiftFileList -DSWIFT_PACKAGE -DDEBUG -DSWIFT_MODULE_RESOURCE_BUNDLE_UNAVAILABLE -DXcode -plugin-path /Applications/Xcode-27.0.0-Release.Candidate.app/Contents/Developer/Toolchains/XcodeDefault.xctoolchain/usr/lib/swift/host/plugins/testing -enable-experimental-feature DebugDescriptionMacro -sdk /Applications/Xcode-27.0.0-Release.Candidate.app/Contents/Developer/Platforms/AppleTVOS.platform/Developer/SDKs/AppleTVOS27.0.sdk -target arm64-apple-tvos17.0 -g -module-cache-path /Users/admin/builder/spi-builder-workspace/.derivedData/ModuleCache.noindex -Xfrontend -serialize-debugging-options -profile-coverage-mapping -profile-generate -enable-testing -index-store-path /Users/admin/builder/spi-builder-workspace/.derivedData/Index.noindex/DataStore -Xcc -D_LIBCPP_HARDENING_MODE\=_LIBCPP_HARDENING_MODE_DEBUG -swift-version 6 -I /Users/admin/builder/spi-builder-workspace/.derivedData/Build/Products/Debug-appletvos -Isystem /Applications/Xcode-27.0.0-Release.Candidate.app/Contents/Developer/Platforms/AppleTVOS.platform/Developer/usr/lib -F /Users/admin/builder/spi-builder-workspace/.derivedData/Build/Products/Debug-appletvos/PackageFrameworks -F /Users/admin/builder/spi-builder-workspace/.derivedData/Build/Products/Debug-appletvos -F /Applications/Xcode-27.0.0-Release.Candidate.app/Contents/Developer/Platforms/AppleTVOS.platform/Developer/Library/Frameworks -F /Applications/Xcode-27.0.0-Release.Candidate.app/Contents/Developer/Platforms/AppleTVOS.platform/Developer/SDKs/AppleTVOS27.0.sdk/Developer/Library/Frameworks -c -j10 -enable-batch-mode -incremental -Xcc -ivfsstatcache -Xcc /Users/admin/builder/spi-builder-workspace/.derivedData/SDKStatCaches.noindex/appletvos27.0-24J360-e829b21a6f8c9b70876ba0858053c044b32bfd8d43560033f8d89884cdb90028.sdkstatcache -output-file-map /Users/admin/builder/spi-builder-workspace/.derivedData/Build/Intermediates.noindex/swiftui-list-support.build/Debug-appletvos/ScrollTracking-t.build/Objects-normal/arm64/ScrollTracking-OutputFileMap.json -save-temps -no-color-diagnostics -explicit-module-build -module-cache-path /Users/admin/builder/spi-builder-workspace/.derivedData/Build/Intermediates.noindex/SwiftExplicitPrecompiledModules -clang-scanner-module-cache-path /Users/admin/builder/spi-builder-workspace/.derivedData/ModuleCache.noindex -sdk-module-cache-path /Users/admin/builder/spi-builder-workspace/.derivedData/SDKExplicitPrecompiledModules -emit-dependencies -emit-module -emit-module-path /Users/admin/builder/spi-builder-workspace/.derivedData/Build/Intermediates.noindex/swiftui-list-support.build/Debug-appletvos/ScrollTracking-t.build/Objects-normal/arm64/ScrollTracking.swiftmodule -serialize-diagnostics -dependency-scan-serialize-diagnostics-path /Users/admin/builder/spi-builder-workspace/.derivedData/Build/Intermediates.noindex/swiftui-list-support.build/Debug-appletvos/ScrollTracking-t.build/Objects-normal/arm64/ScrollTracking-dependency-scan.dia -validate-clang-modules-once -clang-build-session-file /Users/admin/builder/spi-builder-workspace/.derivedData/ModuleCache.noindex/Session.modulevalidation -Xcc -fmodules-prune-interval\=86400 -Xcc -fmodules-prune-after\=345600 -package-name spi_builder_workspace -emit-const-values -const-gather-protocols-list /Users/admin/builder/spi-builder-workspace/.derivedData/Build/Intermediates.noindex/swiftui-list-support.build/Debug-appletvos/ScrollTracking-t.build/Objects-normal/arm64/ScrollTracking_const_extract_protocols.json -Xcc -I/Users/admin/builder/spi-builder-workspace/.derivedData/Build/Products/Debug-appletvos/include -Xcc -I/Users/admin/builder/spi-builder-workspace/.derivedData/Build/Intermediates.noindex/swiftui-list-support.build/Debug-appletvos/ScrollTracking-t.build/DerivedSources-normal/arm64 -Xcc -I/Users/admin/builder/spi-builder-workspace/.derivedData/Build/Intermediates.noindex/swiftui-list-support.build/Debug-appletvos/ScrollTracking-t.build/DerivedSources/arm64 -Xcc -I/Users/admin/builder/spi-builder-workspace/.derivedData/Build/Intermediates.noindex/swiftui-list-support.build/Debug-appletvos/ScrollTracking-t.build/DerivedSources -Xcc -DSWIFT_PACKAGE -Xcc -DDEBUG\=1 -emit-objc-header -emit-objc-header-path /Users/admin/builder/spi-builder-workspace/.derivedData/Build/Intermediates.noindex/swiftui-list-support.build/Debug-appletvos/ScrollTracking-t.build/Objects-normal/arm64/ScrollTracking-Swift.h -working-directory /Users/admin/builder/spi-builder-workspace/.swiftpm/xcode -experimental-emit-module-separately -disable-cmo
SwiftMergeGeneratedHeaders /Users/admin/builder/spi-builder-workspace/.derivedData/Build/Intermediates.noindex/GeneratedModuleMaps-appletvos/ScrollTracking-Swift.h /Users/admin/builder/spi-builder-workspace/.derivedData/Build/Intermediates.noindex/swiftui-list-support.build/Debug-appletvos/ScrollTracking-t.build/Objects-normal/arm64/ScrollTracking-Swift.h (in target 'ScrollTracking' from project 'swiftui-list-support')
cd /Users/admin/builder/spi-builder-workspace
builtin-swiftHeaderTool -arch arm64 /Users/admin/builder/spi-builder-workspace/.derivedData/Build/Intermediates.noindex/swiftui-list-support.build/Debug-appletvos/ScrollTracking-t.build/Objects-normal/arm64/ScrollTracking-Swift.h -o /Users/admin/builder/spi-builder-workspace/.derivedData/Build/Intermediates.noindex/GeneratedModuleMaps-appletvos/ScrollTracking-Swift.h
Copy /Users/admin/builder/spi-builder-workspace/.derivedData/Build/Products/Debug-appletvos/ScrollTracking.swiftmodule/arm64-apple-tvos.swiftdoc /Users/admin/builder/spi-builder-workspace/.derivedData/Build/Intermediates.noindex/swiftui-list-support.build/Debug-appletvos/ScrollTracking-t.build/Objects-normal/arm64/ScrollTracking.swiftdoc (in target 'ScrollTracking' from project 'swiftui-list-support')
cd /Users/admin/builder/spi-builder-workspace
builtin-copy -exclude .DS_Store -exclude CVS -exclude .svn -exclude .git -exclude .hg -resolve-src-symlinks -rename /Users/admin/builder/spi-builder-workspace/.derivedData/Build/Intermediates.noindex/swiftui-list-support.build/Debug-appletvos/ScrollTracking-t.build/Objects-normal/arm64/ScrollTracking.swiftdoc /Users/admin/builder/spi-builder-workspace/.derivedData/Build/Products/Debug-appletvos/ScrollTracking.swiftmodule/arm64-apple-tvos.swiftdoc
Copy /Users/admin/builder/spi-builder-workspace/.derivedData/Build/Products/Debug-appletvos/ScrollTracking.swiftmodule/arm64-apple-tvos.abi.json /Users/admin/builder/spi-builder-workspace/.derivedData/Build/Intermediates.noindex/swiftui-list-support.build/Debug-appletvos/ScrollTracking-t.build/Objects-normal/arm64/ScrollTracking.abi.json (in target 'ScrollTracking' from project 'swiftui-list-support')
cd /Users/admin/builder/spi-builder-workspace
builtin-copy -exclude .DS_Store -exclude CVS -exclude .svn -exclude .git -exclude .hg -resolve-src-symlinks -rename /Users/admin/builder/spi-builder-workspace/.derivedData/Build/Intermediates.noindex/swiftui-list-support.build/Debug-appletvos/ScrollTracking-t.build/Objects-normal/arm64/ScrollTracking.abi.json /Users/admin/builder/spi-builder-workspace/.derivedData/Build/Products/Debug-appletvos/ScrollTracking.swiftmodule/arm64-apple-tvos.abi.json
Copy /Users/admin/builder/spi-builder-workspace/.derivedData/Build/Products/Debug-appletvos/ScrollTracking.swiftmodule/arm64-apple-tvos.swiftmodule /Users/admin/builder/spi-builder-workspace/.derivedData/Build/Intermediates.noindex/swiftui-list-support.build/Debug-appletvos/ScrollTracking-t.build/Objects-normal/arm64/ScrollTracking.swiftmodule (in target 'ScrollTracking' from project 'swiftui-list-support')
cd /Users/admin/builder/spi-builder-workspace
builtin-copy -exclude .DS_Store -exclude CVS -exclude .svn -exclude .git -exclude .hg -resolve-src-symlinks -rename /Users/admin/builder/spi-builder-workspace/.derivedData/Build/Intermediates.noindex/swiftui-list-support.build/Debug-appletvos/ScrollTracking-t.build/Objects-normal/arm64/ScrollTracking.swiftmodule /Users/admin/builder/spi-builder-workspace/.derivedData/Build/Products/Debug-appletvos/ScrollTracking.swiftmodule/arm64-apple-tvos.swiftmodule
Copy /Users/admin/builder/spi-builder-workspace/.derivedData/Build/Products/Debug-appletvos/ScrollTracking.swiftmodule/Project/arm64-apple-tvos.swiftsourceinfo /Users/admin/builder/spi-builder-workspace/.derivedData/Build/Intermediates.noindex/swiftui-list-support.build/Debug-appletvos/ScrollTracking-t.build/Objects-normal/arm64/ScrollTracking.swiftsourceinfo (in target 'ScrollTracking' from project 'swiftui-list-support')
cd /Users/admin/builder/spi-builder-workspace
builtin-copy -exclude .DS_Store -exclude CVS -exclude .svn -exclude .git -exclude .hg -resolve-src-symlinks -rename /Users/admin/builder/spi-builder-workspace/.derivedData/Build/Intermediates.noindex/swiftui-list-support.build/Debug-appletvos/ScrollTracking-t.build/Objects-normal/arm64/ScrollTracking.swiftsourceinfo /Users/admin/builder/spi-builder-workspace/.derivedData/Build/Products/Debug-appletvos/ScrollTracking.swiftmodule/Project/arm64-apple-tvos.swiftsourceinfo
SwiftDriver CollectionView normal arm64 com.apple.xcode.tools.swift.compiler (in target 'CollectionView' from project 'swiftui-list-support')
cd /Users/admin/builder/spi-builder-workspace/.swiftpm/xcode
builtin-SwiftDriver -- /Applications/Xcode-27.0.0-Release.Candidate.app/Contents/Developer/Toolchains/XcodeDefault.xctoolchain/usr/bin/swiftc -parse-as-library -module-name CollectionView -Onone @/Users/admin/builder/spi-builder-workspace/.derivedData/Build/Intermediates.noindex/swiftui-list-support.build/Debug-appletvos/CollectionView-t.build/Objects-normal/arm64/CollectionView.SwiftFileList -DSWIFT_PACKAGE -DDEBUG -DSWIFT_MODULE_RESOURCE_BUNDLE_UNAVAILABLE -DXcode -plugin-path /Applications/Xcode-27.0.0-Release.Candidate.app/Contents/Developer/Toolchains/XcodeDefault.xctoolchain/usr/lib/swift/host/plugins/testing -enable-experimental-feature DebugDescriptionMacro -sdk /Applications/Xcode-27.0.0-Release.Candidate.app/Contents/Developer/Platforms/AppleTVOS.platform/Developer/SDKs/AppleTVOS27.0.sdk -target arm64-apple-tvos17.0 -g -module-cache-path /Users/admin/builder/spi-builder-workspace/.derivedData/ModuleCache.noindex -Xfrontend -serialize-debugging-options -profile-coverage-mapping -profile-generate -enable-testing -index-store-path /Users/admin/builder/spi-builder-workspace/.derivedData/Index.noindex/DataStore -Xcc -D_LIBCPP_HARDENING_MODE\=_LIBCPP_HARDENING_MODE_DEBUG -swift-version 6 -I /Users/admin/builder/spi-builder-workspace/.derivedData/Build/Products/Debug-appletvos -Isystem /Applications/Xcode-27.0.0-Release.Candidate.app/Contents/Developer/Platforms/AppleTVOS.platform/Developer/usr/lib -F /Users/admin/builder/spi-builder-workspace/.derivedData/Build/Products/Debug-appletvos/PackageFrameworks -F /Users/admin/builder/spi-builder-workspace/.derivedData/Build/Products/Debug-appletvos -F /Applications/Xcode-27.0.0-Release.Candidate.app/Contents/Developer/Platforms/AppleTVOS.platform/Developer/Library/Frameworks -F /Applications/Xcode-27.0.0-Release.Candidate.app/Contents/Developer/Platforms/AppleTVOS.platform/Developer/SDKs/AppleTVOS27.0.sdk/Developer/Library/Frameworks -c -j10 -enable-batch-mode -incremental -Xcc -ivfsstatcache -Xcc /Users/admin/builder/spi-builder-workspace/.derivedData/SDKStatCaches.noindex/appletvos27.0-24J360-e829b21a6f8c9b70876ba0858053c044b32bfd8d43560033f8d89884cdb90028.sdkstatcache -output-file-map /Users/admin/builder/spi-builder-workspace/.derivedData/Build/Intermediates.noindex/swiftui-list-support.build/Debug-appletvos/CollectionView-t.build/Objects-normal/arm64/CollectionView-OutputFileMap.json -save-temps -no-color-diagnostics -explicit-module-build -module-cache-path /Users/admin/builder/spi-builder-workspace/.derivedData/Build/Intermediates.noindex/SwiftExplicitPrecompiledModules -clang-scanner-module-cache-path /Users/admin/builder/spi-builder-workspace/.derivedData/ModuleCache.noindex -sdk-module-cache-path /Users/admin/builder/spi-builder-workspace/.derivedData/SDKExplicitPrecompiledModules -emit-dependencies -emit-module -emit-module-path /Users/admin/builder/spi-builder-workspace/.derivedData/Build/Intermediates.noindex/swiftui-list-support.build/Debug-appletvos/CollectionView-t.build/Objects-normal/arm64/CollectionView.swiftmodule -serialize-diagnostics -dependency-scan-serialize-diagnostics-path /Users/admin/builder/spi-builder-workspace/.derivedData/Build/Intermediates.noindex/swiftui-list-support.build/Debug-appletvos/CollectionView-t.build/Objects-normal/arm64/CollectionView-dependency-scan.dia -validate-clang-modules-once -clang-build-session-file /Users/admin/builder/spi-builder-workspace/.derivedData/ModuleCache.noindex/Session.modulevalidation -Xcc -fmodules-prune-interval\=86400 -Xcc -fmodules-prune-after\=345600 -package-name spi_builder_workspace -emit-const-values -const-gather-protocols-list /Users/admin/builder/spi-builder-workspace/.derivedData/Build/Intermediates.noindex/swiftui-list-support.build/Debug-appletvos/CollectionView-t.build/Objects-normal/arm64/CollectionView_const_extract_protocols.json -Xcc -I/Users/admin/builder/spi-builder-workspace/.derivedData/Build/Products/Debug-appletvos/include -Xcc -I/Users/admin/builder/spi-builder-workspace/.derivedData/Build/Intermediates.noindex/swiftui-list-support.build/Debug-appletvos/CollectionView-t.build/DerivedSources-normal/arm64 -Xcc -I/Users/admin/builder/spi-builder-workspace/.derivedData/Build/Intermediates.noindex/swiftui-list-support.build/Debug-appletvos/CollectionView-t.build/DerivedSources/arm64 -Xcc -I/Users/admin/builder/spi-builder-workspace/.derivedData/Build/Intermediates.noindex/swiftui-list-support.build/Debug-appletvos/CollectionView-t.build/DerivedSources -Xcc -DSWIFT_PACKAGE -Xcc -DDEBUG\=1 -emit-objc-header -emit-objc-header-path /Users/admin/builder/spi-builder-workspace/.derivedData/Build/Intermediates.noindex/swiftui-list-support.build/Debug-appletvos/CollectionView-t.build/Objects-normal/arm64/CollectionView-Swift.h -working-directory /Users/admin/builder/spi-builder-workspace/.swiftpm/xcode -experimental-emit-module-separately -disable-cmo
PruneExplicitPrecompiledModules /Users/admin/builder/spi-builder-workspace/.derivedData/Build/Intermediates.noindex/SwiftExplicitPrecompiledModules
PruneExplicitPrecompiledModules /Users/admin/builder/spi-builder-workspace/.derivedData/SDKExplicitPrecompiledModules
PruneExplicitPrecompiledModules /Users/admin/builder/spi-builder-workspace/.derivedData/Build/Intermediates.noindex/ExplicitPrecompiledModules
2026-09-23 02:56:25.530 xcodebuild[724:4440] [MT] IDERunDestination: Supported platforms for the buildables in the current scheme is empty.
** BUILD FAILED **
The following build commands failed:
SwiftCompile normal arm64 /Users/admin/builder/spi-builder-workspace/Sources/ScrollTracking/ScrollTracking.swift (in target 'ScrollTracking' from project 'swiftui-list-support')
SwiftCompile normal arm64 Compiling\ ScrollTracking.swift /Users/admin/builder/spi-builder-workspace/Sources/ScrollTracking/ScrollTracking.swift (in target 'ScrollTracking' from project 'swiftui-list-support')
Building workspace swiftui-list-support with scheme swiftui-list-support-Package
(3 failures)
Command line invocation:
/Applications/Xcode-27.0.0-Release.Candidate.app/Contents/Developer/usr/bin/xcodebuild -IDEClonedSourcePackagesDirPathOverride=/Users/admin/builder/spi-builder-workspace/.dependencies -resolvePackageDependencies
Resolve Package Graph
Resolved source packages:
swift-indexed-collection: https://github.com/FluidGroup/swift-indexed-collection @ 0.2.2
swiftui-introspect: https://github.com/siteline/swiftui-introspect @ 27.0.0
swiftui-list-support: /Users/admin/builder/spi-builder-workspace
resolved source packages: swift-indexed-collection, swiftui-introspect, swiftui-list-support
2026-09-23 02:56:38.271 xcodebuild[1011:5903] [MT] IDERunDestination: Supported platforms for the buildables in the current scheme is empty.
{
"dependencies" : [
{
"identity" : "swift-indexed-collection",
"requirement" : {
"range" : [
{
"lower_bound" : "0.2.1",
"upper_bound" : "1.0.0"
}
]
},
"type" : "sourceControl",
"url" : "https://github.com/FluidGroup/swift-indexed-collection"
},
{
"identity" : "swiftui-introspect",
"requirement" : {
"range" : [
{
"lower_bound" : "27.0.0-beta",
"upper_bound" : "28.0.0"
}
]
},
"type" : "sourceControl",
"url" : "https://github.com/siteline/swiftui-introspect"
}
],
"manifest_display_name" : "swiftui-list-support",
"name" : "swiftui-list-support",
"path" : "/Users/admin/builder/spi-builder-workspace",
"platforms" : [
{
"name" : "macos",
"version" : "15.0"
},
{
"name" : "ios",
"version" : "17.0"
}
],
"products" : [
{
"name" : "DynamicList",
"targets" : [
"DynamicList"
],
"type" : {
"library" : [
"automatic"
]
}
},
{
"name" : "CollectionView",
"targets" : [
"CollectionView"
],
"type" : {
"library" : [
"automatic"
]
}
},
{
"name" : "ScrollTracking",
"targets" : [
"ScrollTracking"
],
"type" : {
"library" : [
"automatic"
]
}
},
{
"name" : "StickyHeader",
"targets" : [
"StickyHeader"
],
"type" : {
"library" : [
"automatic"
]
}
},
{
"name" : "PullingControl",
"targets" : [
"PullingControl"
],
"type" : {
"library" : [
"automatic"
]
}
},
{
"name" : "SelectableForEach",
"targets" : [
"SelectableForEach"
],
"type" : {
"library" : [
"automatic"
]
}
}
],
"swift_languages_versions" : [
"6"
],
"targets" : [
{
"c99name" : "StickyHeader",
"module_type" : "SwiftTarget",
"name" : "StickyHeader",
"path" : "Sources/StickyHeader",
"product_memberships" : [
"StickyHeader"
],
"sources" : [
"StickyHeader.swift"
],
"type" : "library"
},
{
"c99name" : "SelectableForEach",
"module_type" : "SwiftTarget",
"name" : "SelectableForEach",
"path" : "Sources/SelectableForEach",
"product_dependencies" : [
"IndexedCollection"
],
"product_memberships" : [
"SelectableForEach"
],
"sources" : [
"PreviewSupport.swift",
"SelectableForEach.swift",
"SelectionState.swift"
],
"type" : "library"
},
{
"c99name" : "ScrollTracking",
"module_type" : "SwiftTarget",
"name" : "ScrollTracking",
"path" : "Sources/ScrollTracking",
"product_dependencies" : [
"SwiftUIIntrospect"
],
"product_memberships" : [
"CollectionView",
"ScrollTracking"
],
"sources" : [
"ScrollTracking.swift"
],
"type" : "library"
},
{
"c99name" : "PullingControl",
"module_type" : "SwiftTarget",
"name" : "PullingControl",
"path" : "Sources/PullingControl",
"product_memberships" : [
"PullingControl"
],
"sources" : [
"PullingControl.swift",
"RefreshControl.swift"
],
"type" : "library"
},
{
"c99name" : "DynamicListTests",
"module_type" : "SwiftTarget",
"name" : "DynamicListTests",
"path" : "Tests/DynamicListTests",
"sources" : [
"swift_dynamic_listTests.swift"
],
"target_dependencies" : [
"DynamicList"
],
"type" : "test"
},
{
"c99name" : "DynamicList",
"module_type" : "SwiftTarget",
"name" : "DynamicList",
"path" : "Sources/DynamicList",
"product_memberships" : [
"DynamicList"
],
"sources" : [
"ContentPagingTrigger.swift",
"CustomContentConfiguration.swift",
"DynamicList.swift",
"DynamicListView.swift",
"Log.swift",
"NSDiffableDataSourceSnapshot+Unique.swift",
"VersatileCell.swift",
"swift_dynamic_list.swift"
],
"type" : "library"
},
{
"c99name" : "CollectionView",
"module_type" : "SwiftTarget",
"name" : "CollectionView",
"path" : "Sources/CollectionView",
"product_memberships" : [
"CollectionView"
],
"sources" : [
"CollectionView.swift",
"CollectionViewLayout.swift"
],
"target_dependencies" : [
"ScrollTracking"
],
"type" : "library"
}
],
"tools_version" : "6.3"
}
{
"workspace" : {
"name" : "swiftui-list-support",
"schemes" : [
"CollectionView",
"DynamicList",
"PullingControl",
"ScrollTracking",
"SelectableForEach",
"StickyHeader",
"swiftui-list-support-Package"
]
}
}
2026-09-23 02:56:39.591 xcodebuild[1019:5970] [MT] IDERunDestination: Supported platforms for the buildables in the current scheme is empty.
Running build ...
env DEVELOPER_DIR=/Applications/Xcode-27.0.0-Release.Candidate.app xcrun xcodebuild -IDEClonedSourcePackagesDirPathOverride=$PWD/.dependencies -skipMacroValidation -skipPackagePluginValidation -derivedDataPath $PWD/.derivedData build -scheme swiftui-list-support-Package -destination generic/platform=tvOS
Command line invocation:
/Applications/Xcode-27.0.0-Release.Candidate.app/Contents/Developer/usr/bin/xcodebuild -IDEClonedSourcePackagesDirPathOverride=/Users/admin/builder/spi-builder-workspace/.dependencies -skipMacroValidation -skipPackagePluginValidation -derivedDataPath /Users/admin/builder/spi-builder-workspace/.derivedData build -scheme swiftui-list-support-Package -destination generic/platform=tvOS
Resolve Package Graph
Resolved source packages:
swiftui-list-support: /Users/admin/builder/spi-builder-workspace
swift-indexed-collection: https://github.com/FluidGroup/swift-indexed-collection @ 0.2.2
swiftui-introspect: https://github.com/siteline/swiftui-introspect @ 27.0.0
ComputePackagePrebuildTargetDependencyGraph
Prepare packages
CreateBuildRequest
SendProjectDescription
CreateBuildOperation
ComputeTargetDependencyGraph
note: Building targets in dependency order
note: Target dependency graph (16 targets)
Target 'SelectableForEach-product' in project 'swiftui-list-support'
➜ Explicit dependency on target 'SelectableForEach' in project 'swiftui-list-support'
➜ Explicit dependency on target 'IndexedCollection-product' in project 'swift-indexed-collection'
Target 'SelectableForEach' in project 'swiftui-list-support'
➜ Explicit dependency on target 'IndexedCollection-product' in project 'swift-indexed-collection'
Target 'IndexedCollection-product' in project 'swift-indexed-collection'
➜ Explicit dependency on target 'IndexedCollection' in project 'swift-indexed-collection'
Target 'IndexedCollection' in project 'swift-indexed-collection' (no dependencies)
Target 'PullingControl-product' in project 'swiftui-list-support'
➜ Explicit dependency on target 'PullingControl' in project 'swiftui-list-support'
Target 'PullingControl' in project 'swiftui-list-support' (no dependencies)
Target 'StickyHeader-product' in project 'swiftui-list-support'
➜ Explicit dependency on target 'StickyHeader' in project 'swiftui-list-support'
Target 'StickyHeader' in project 'swiftui-list-support' (no dependencies)
Target 'ScrollTracking-product' in project 'swiftui-list-support'
➜ Explicit dependency on target 'ScrollTracking' in project 'swiftui-list-support'
➜ Explicit dependency on target 'SwiftUIIntrospect-product' in project 'swiftui-introspect'
Target 'CollectionView-product' in project 'swiftui-list-support'
➜ Explicit dependency on target 'CollectionView' in project 'swiftui-list-support'
➜ Explicit dependency on target 'ScrollTracking' in project 'swiftui-list-support'
➜ Explicit dependency on target 'SwiftUIIntrospect-product' in project 'swiftui-introspect'
Target 'CollectionView' in project 'swiftui-list-support'
➜ Explicit dependency on target 'ScrollTracking' in project 'swiftui-list-support'
➜ Explicit dependency on target 'SwiftUIIntrospect-product' in project 'swiftui-introspect'
Target 'ScrollTracking' in project 'swiftui-list-support'
➜ Explicit dependency on target 'SwiftUIIntrospect-product' in project 'swiftui-introspect'
Target 'SwiftUIIntrospect-product' in project 'swiftui-introspect'
➜ Explicit dependency on target 'SwiftUIIntrospect' in project 'swiftui-introspect'
Target 'SwiftUIIntrospect' in project 'swiftui-introspect' (no dependencies)
Target 'DynamicList-product' in project 'swiftui-list-support'
➜ Explicit dependency on target 'DynamicList' in project 'swiftui-list-support'
Target 'DynamicList' in project 'swiftui-list-support' (no dependencies)
GatherProvisioningInputs
CreateBuildDescription
ClangStatCache /Applications/Xcode-27.0.0-Release.Candidate.app/Contents/Developer/Toolchains/XcodeDefault.xctoolchain/usr/bin/clang-stat-cache /Applications/Xcode-27.0.0-Release.Candidate.app/Contents/Developer/Platforms/AppleTVOS.platform/Developer/SDKs/AppleTVOS27.0.sdk /Users/admin/builder/spi-builder-workspace/.derivedData/SDKStatCaches.noindex/appletvos27.0-24J360-e829b21a6f8c9b70876ba0858053c044b32bfd8d43560033f8d89884cdb90028.sdkstatcache
cd /Users/admin/builder/spi-builder-workspace/.swiftpm/xcode
/Applications/Xcode-27.0.0-Release.Candidate.app/Contents/Developer/Toolchains/XcodeDefault.xctoolchain/usr/bin/clang-stat-cache /Applications/Xcode-27.0.0-Release.Candidate.app/Contents/Developer/Platforms/AppleTVOS.platform/Developer/SDKs/AppleTVOS27.0.sdk -o /Users/admin/builder/spi-builder-workspace/.derivedData/SDKStatCaches.noindex/appletvos27.0-24J360-e829b21a6f8c9b70876ba0858053c044b32bfd8d43560033f8d89884cdb90028.sdkstatcache
SwiftDriver CollectionView normal arm64 com.apple.xcode.tools.swift.compiler (in target 'CollectionView' from project 'swiftui-list-support')
cd /Users/admin/builder/spi-builder-workspace/.swiftpm/xcode
builtin-SwiftDriver -- /Applications/Xcode-27.0.0-Release.Candidate.app/Contents/Developer/Toolchains/XcodeDefault.xctoolchain/usr/bin/swiftc -parse-as-library -module-name CollectionView -Onone @/Users/admin/builder/spi-builder-workspace/.derivedData/Build/Intermediates.noindex/swiftui-list-support.build/Debug-appletvos/CollectionView-t.build/Objects-normal/arm64/CollectionView.SwiftFileList -DSWIFT_PACKAGE -DDEBUG -DSWIFT_MODULE_RESOURCE_BUNDLE_UNAVAILABLE -DXcode -plugin-path /Applications/Xcode-27.0.0-Release.Candidate.app/Contents/Developer/Toolchains/XcodeDefault.xctoolchain/usr/lib/swift/host/plugins/testing -enable-experimental-feature DebugDescriptionMacro -sdk /Applications/Xcode-27.0.0-Release.Candidate.app/Contents/Developer/Platforms/AppleTVOS.platform/Developer/SDKs/AppleTVOS27.0.sdk -target arm64-apple-tvos17.0 -g -module-cache-path /Users/admin/builder/spi-builder-workspace/.derivedData/ModuleCache.noindex -Xfrontend -serialize-debugging-options -profile-coverage-mapping -profile-generate -enable-testing -index-store-path /Users/admin/builder/spi-builder-workspace/.derivedData/Index.noindex/DataStore -Xcc -D_LIBCPP_HARDENING_MODE\=_LIBCPP_HARDENING_MODE_DEBUG -swift-version 6 -I /Users/admin/builder/spi-builder-workspace/.derivedData/Build/Products/Debug-appletvos -Isystem /Applications/Xcode-27.0.0-Release.Candidate.app/Contents/Developer/Platforms/AppleTVOS.platform/Developer/usr/lib -F /Users/admin/builder/spi-builder-workspace/.derivedData/Build/Products/Debug-appletvos/PackageFrameworks -F /Users/admin/builder/spi-builder-workspace/.derivedData/Build/Products/Debug-appletvos -F /Applications/Xcode-27.0.0-Release.Candidate.app/Contents/Developer/Platforms/AppleTVOS.platform/Developer/Library/Frameworks -F /Applications/Xcode-27.0.0-Release.Candidate.app/Contents/Developer/Platforms/AppleTVOS.platform/Developer/SDKs/AppleTVOS27.0.sdk/Developer/Library/Frameworks -c -j10 -enable-batch-mode -incremental -Xcc -ivfsstatcache -Xcc /Users/admin/builder/spi-builder-workspace/.derivedData/SDKStatCaches.noindex/appletvos27.0-24J360-e829b21a6f8c9b70876ba0858053c044b32bfd8d43560033f8d89884cdb90028.sdkstatcache -output-file-map /Users/admin/builder/spi-builder-workspace/.derivedData/Build/Intermediates.noindex/swiftui-list-support.build/Debug-appletvos/CollectionView-t.build/Objects-normal/arm64/CollectionView-OutputFileMap.json -save-temps -no-color-diagnostics -explicit-module-build -module-cache-path /Users/admin/builder/spi-builder-workspace/.derivedData/Build/Intermediates.noindex/SwiftExplicitPrecompiledModules -clang-scanner-module-cache-path /Users/admin/builder/spi-builder-workspace/.derivedData/ModuleCache.noindex -sdk-module-cache-path /Users/admin/builder/spi-builder-workspace/.derivedData/SDKExplicitPrecompiledModules -emit-dependencies -emit-module -emit-module-path /Users/admin/builder/spi-builder-workspace/.derivedData/Build/Intermediates.noindex/swiftui-list-support.build/Debug-appletvos/CollectionView-t.build/Objects-normal/arm64/CollectionView.swiftmodule -serialize-diagnostics -dependency-scan-serialize-diagnostics-path /Users/admin/builder/spi-builder-workspace/.derivedData/Build/Intermediates.noindex/swiftui-list-support.build/Debug-appletvos/CollectionView-t.build/Objects-normal/arm64/CollectionView-dependency-scan.dia -validate-clang-modules-once -clang-build-session-file /Users/admin/builder/spi-builder-workspace/.derivedData/ModuleCache.noindex/Session.modulevalidation -Xcc -fmodules-prune-interval\=86400 -Xcc -fmodules-prune-after\=345600 -package-name spi_builder_workspace -emit-const-values -const-gather-protocols-list /Users/admin/builder/spi-builder-workspace/.derivedData/Build/Intermediates.noindex/swiftui-list-support.build/Debug-appletvos/CollectionView-t.build/Objects-normal/arm64/CollectionView_const_extract_protocols.json -Xcc -I/Users/admin/builder/spi-builder-workspace/.derivedData/Build/Products/Debug-appletvos/include -Xcc -I/Users/admin/builder/spi-builder-workspace/.derivedData/Build/Intermediates.noindex/swiftui-list-support.build/Debug-appletvos/CollectionView-t.build/DerivedSources-normal/arm64 -Xcc -I/Users/admin/builder/spi-builder-workspace/.derivedData/Build/Intermediates.noindex/swiftui-list-support.build/Debug-appletvos/CollectionView-t.build/DerivedSources/arm64 -Xcc -I/Users/admin/builder/spi-builder-workspace/.derivedData/Build/Intermediates.noindex/swiftui-list-support.build/Debug-appletvos/CollectionView-t.build/DerivedSources -Xcc -DSWIFT_PACKAGE -Xcc -DDEBUG\=1 -emit-objc-header -emit-objc-header-path /Users/admin/builder/spi-builder-workspace/.derivedData/Build/Intermediates.noindex/swiftui-list-support.build/Debug-appletvos/CollectionView-t.build/Objects-normal/arm64/CollectionView-Swift.h -working-directory /Users/admin/builder/spi-builder-workspace/.swiftpm/xcode -experimental-emit-module-separately -disable-cmo
SwiftDriver ScrollTracking normal arm64 com.apple.xcode.tools.swift.compiler (in target 'ScrollTracking' from project 'swiftui-list-support')
cd /Users/admin/builder/spi-builder-workspace/.swiftpm/xcode
builtin-SwiftDriver -- /Applications/Xcode-27.0.0-Release.Candidate.app/Contents/Developer/Toolchains/XcodeDefault.xctoolchain/usr/bin/swiftc -parse-as-library -module-name ScrollTracking -Onone @/Users/admin/builder/spi-builder-workspace/.derivedData/Build/Intermediates.noindex/swiftui-list-support.build/Debug-appletvos/ScrollTracking-t.build/Objects-normal/arm64/ScrollTracking.SwiftFileList -DSWIFT_PACKAGE -DDEBUG -DSWIFT_MODULE_RESOURCE_BUNDLE_UNAVAILABLE -DXcode -plugin-path /Applications/Xcode-27.0.0-Release.Candidate.app/Contents/Developer/Toolchains/XcodeDefault.xctoolchain/usr/lib/swift/host/plugins/testing -enable-experimental-feature DebugDescriptionMacro -sdk /Applications/Xcode-27.0.0-Release.Candidate.app/Contents/Developer/Platforms/AppleTVOS.platform/Developer/SDKs/AppleTVOS27.0.sdk -target arm64-apple-tvos17.0 -g -module-cache-path /Users/admin/builder/spi-builder-workspace/.derivedData/ModuleCache.noindex -Xfrontend -serialize-debugging-options -profile-coverage-mapping -profile-generate -enable-testing -index-store-path /Users/admin/builder/spi-builder-workspace/.derivedData/Index.noindex/DataStore -Xcc -D_LIBCPP_HARDENING_MODE\=_LIBCPP_HARDENING_MODE_DEBUG -swift-version 6 -I /Users/admin/builder/spi-builder-workspace/.derivedData/Build/Products/Debug-appletvos -Isystem /Applications/Xcode-27.0.0-Release.Candidate.app/Contents/Developer/Platforms/AppleTVOS.platform/Developer/usr/lib -F /Users/admin/builder/spi-builder-workspace/.derivedData/Build/Products/Debug-appletvos/PackageFrameworks -F /Users/admin/builder/spi-builder-workspace/.derivedData/Build/Products/Debug-appletvos -F /Applications/Xcode-27.0.0-Release.Candidate.app/Contents/Developer/Platforms/AppleTVOS.platform/Developer/Library/Frameworks -F /Applications/Xcode-27.0.0-Release.Candidate.app/Contents/Developer/Platforms/AppleTVOS.platform/Developer/SDKs/AppleTVOS27.0.sdk/Developer/Library/Frameworks -c -j10 -enable-batch-mode -incremental -Xcc -ivfsstatcache -Xcc /Users/admin/builder/spi-builder-workspace/.derivedData/SDKStatCaches.noindex/appletvos27.0-24J360-e829b21a6f8c9b70876ba0858053c044b32bfd8d43560033f8d89884cdb90028.sdkstatcache -output-file-map /Users/admin/builder/spi-builder-workspace/.derivedData/Build/Intermediates.noindex/swiftui-list-support.build/Debug-appletvos/ScrollTracking-t.build/Objects-normal/arm64/ScrollTracking-OutputFileMap.json -save-temps -no-color-diagnostics -explicit-module-build -module-cache-path /Users/admin/builder/spi-builder-workspace/.derivedData/Build/Intermediates.noindex/SwiftExplicitPrecompiledModules -clang-scanner-module-cache-path /Users/admin/builder/spi-builder-workspace/.derivedData/ModuleCache.noindex -sdk-module-cache-path /Users/admin/builder/spi-builder-workspace/.derivedData/SDKExplicitPrecompiledModules -emit-dependencies -emit-module -emit-module-path /Users/admin/builder/spi-builder-workspace/.derivedData/Build/Intermediates.noindex/swiftui-list-support.build/Debug-appletvos/ScrollTracking-t.build/Objects-normal/arm64/ScrollTracking.swiftmodule -serialize-diagnostics -dependency-scan-serialize-diagnostics-path /Users/admin/builder/spi-builder-workspace/.derivedData/Build/Intermediates.noindex/swiftui-list-support.build/Debug-appletvos/ScrollTracking-t.build/Objects-normal/arm64/ScrollTracking-dependency-scan.dia -validate-clang-modules-once -clang-build-session-file /Users/admin/builder/spi-builder-workspace/.derivedData/ModuleCache.noindex/Session.modulevalidation -Xcc -fmodules-prune-interval\=86400 -Xcc -fmodules-prune-after\=345600 -package-name spi_builder_workspace -emit-const-values -const-gather-protocols-list /Users/admin/builder/spi-builder-workspace/.derivedData/Build/Intermediates.noindex/swiftui-list-support.build/Debug-appletvos/ScrollTracking-t.build/Objects-normal/arm64/ScrollTracking_const_extract_protocols.json -Xcc -I/Users/admin/builder/spi-builder-workspace/.derivedData/Build/Products/Debug-appletvos/include -Xcc -I/Users/admin/builder/spi-builder-workspace/.derivedData/Build/Intermediates.noindex/swiftui-list-support.build/Debug-appletvos/ScrollTracking-t.build/DerivedSources-normal/arm64 -Xcc -I/Users/admin/builder/spi-builder-workspace/.derivedData/Build/Intermediates.noindex/swiftui-list-support.build/Debug-appletvos/ScrollTracking-t.build/DerivedSources/arm64 -Xcc -I/Users/admin/builder/spi-builder-workspace/.derivedData/Build/Intermediates.noindex/swiftui-list-support.build/Debug-appletvos/ScrollTracking-t.build/DerivedSources -Xcc -DSWIFT_PACKAGE -Xcc -DDEBUG\=1 -emit-objc-header -emit-objc-header-path /Users/admin/builder/spi-builder-workspace/.derivedData/Build/Intermediates.noindex/swiftui-list-support.build/Debug-appletvos/ScrollTracking-t.build/Objects-normal/arm64/ScrollTracking-Swift.h -working-directory /Users/admin/builder/spi-builder-workspace/.swiftpm/xcode -experimental-emit-module-separately -disable-cmo
SwiftEmitModule normal arm64 Emitting\ module\ for\ ScrollTracking (in target 'ScrollTracking' from project 'swiftui-list-support')
SwiftCompile normal arm64 (in target 'ScrollTracking' from project 'swiftui-list-support')
cd /Users/admin/builder/spi-builder-workspace/.swiftpm/xcode
SwiftCompile normal arm64 Compiling\ ScrollTracking.swift /Users/admin/builder/spi-builder-workspace/Sources/ScrollTracking/ScrollTracking.swift (in target 'ScrollTracking' from project 'swiftui-list-support')
SwiftCompile normal arm64 /Users/admin/builder/spi-builder-workspace/Sources/ScrollTracking/ScrollTracking.swift (in target 'ScrollTracking' from project 'swiftui-list-support')
cd /Users/admin/builder/spi-builder-workspace/.swiftpm/xcode
builtin-SwiftPerFileCompile ScrollTracking.swift
SwiftCompile normal arm64 Compiling\ CollectionView.swift /Users/admin/builder/spi-builder-workspace/Sources/CollectionView/CollectionView.swift (in target 'CollectionView' from project 'swiftui-list-support')
SwiftCompile normal arm64 /Users/admin/builder/spi-builder-workspace/Sources/CollectionView/CollectionView.swift (in target 'CollectionView' from project 'swiftui-list-support')
cd /Users/admin/builder/spi-builder-workspace/.swiftpm/xcode
builtin-SwiftPerFileCompile CollectionView.swift
SwiftEmitModule normal arm64 Emitting\ module\ for\ CollectionView (in target 'CollectionView' from project 'swiftui-list-support')
SwiftCompile normal arm64 (in target 'CollectionView' from project 'swiftui-list-support')
cd /Users/admin/builder/spi-builder-workspace/.swiftpm/xcode
SwiftCompile normal arm64 Compiling\ CollectionViewLayout.swift /Users/admin/builder/spi-builder-workspace/Sources/CollectionView/CollectionViewLayout.swift (in target 'CollectionView' from project 'swiftui-list-support')
/Users/admin/builder/spi-builder-workspace/Sources/CollectionView/CollectionViewLayout.swift:35:12: error: 'listSectionSeparator(_:edges:)' is unavailable in tvOS
33 | SwiftUI.List {
34 | content
35 | .listSectionSeparator(.hidden)
| `- error: 'listSectionSeparator(_:edges:)' is unavailable in tvOS
36 | .listRowSeparator(.hidden)
37 | .listRowInsets(.init(top: 0, leading: 0, bottom: 0, trailing: 0))
SwiftUI.View.listSectionSeparator:2:25: note: 'listSectionSeparator(_:edges:)' has been explicitly marked unavailable here
1 | protocol View {
2 | nonisolated public func listSectionSeparator(_ visibility: Visibility, edges: VerticalEdge.Set = .all) -> some View
| `- note: 'listSectionSeparator(_:edges:)' has been explicitly marked unavailable here
3 | }
4 |
/Users/admin/builder/spi-builder-workspace/Sources/CollectionView/CollectionViewLayout.swift:36:12: error: 'listRowSeparator(_:edges:)' is unavailable in tvOS
34 | content
35 | .listSectionSeparator(.hidden)
36 | .listRowSeparator(.hidden)
| `- error: 'listRowSeparator(_:edges:)' is unavailable in tvOS
37 | .listRowInsets(.init(top: 0, leading: 0, bottom: 0, trailing: 0))
38 | }
SwiftUI.View.listRowSeparator:2:25: note: 'listRowSeparator(_:edges:)' has been explicitly marked unavailable here
1 | protocol View {
2 | nonisolated public func listRowSeparator(_ visibility: Visibility, edges: VerticalEdge.Set = .all) -> some View
| `- note: 'listRowSeparator(_:edges:)' has been explicitly marked unavailable here
3 | }
4 |
Failed frontend command:
/Applications/Xcode-27.0.0-Release.Candidate.app/Contents/Developer/Toolchains/XcodeDefault.xctoolchain/usr/bin/swift-frontend -frontend -c /Users/admin/builder/spi-builder-workspace/Sources/CollectionView/CollectionView.swift -primary-file /Users/admin/builder/spi-builder-workspace/Sources/CollectionView/CollectionViewLayout.swift -emit-dependencies-path /Users/admin/builder/spi-builder-workspace/.derivedData/Build/Intermediates.noindex/swiftui-list-support.build/Debug-appletvos/CollectionView-t.build/Objects-normal/arm64/CollectionViewLayout.d -emit-const-values-path /Users/admin/builder/spi-builder-workspace/.derivedData/Build/Intermediates.noindex/swiftui-list-support.build/Debug-appletvos/CollectionView-t.build/Objects-normal/arm64/CollectionViewLayout.swiftconstvalues -emit-reference-dependencies-path /Users/admin/builder/spi-builder-workspace/.derivedData/Build/Intermediates.noindex/swiftui-list-support.build/Debug-appletvos/CollectionView-t.build/Objects-normal/arm64/CollectionViewLayout.swiftdeps -serialize-diagnostics-path /Users/admin/builder/spi-builder-workspace/.derivedData/Build/Intermediates.noindex/swiftui-list-support.build/Debug-appletvos/CollectionView-t.build/Objects-normal/arm64/CollectionViewLayout.dia -target arm64-apple-tvos17.0 -module-can-import ScrollTracking -disable-cross-import-overlay-search -load-resolved-plugin /Applications/Xcode-27.0.0-Release.Candidate.app/Contents/Developer/Platforms/AppleTVOS.platform/Developer/usr/lib/swift/host/plugins/libFoundationMacros.dylib\#/Applications/Xcode-27.0.0-Release.Candidate.app/Contents/Developer/Platforms/AppleTVOS.platform/Developer/usr/bin/swift-plugin-server\#FoundationMacros -load-resolved-plugin /Applications/Xcode-27.0.0-Release.Candidate.app/Contents/Developer/Platforms/AppleTVOS.platform/Developer/usr/lib/swift/host/plugins/libObservationMacros.dylib\#/Applications/Xcode-27.0.0-Release.Candidate.app/Contents/Developer/Platforms/AppleTVOS.platform/Developer/usr/bin/swift-plugin-server\#ObservationMacros -load-resolved-plugin /Applications/Xcode-27.0.0-Release.Candidate.app/Contents/Developer/Platforms/AppleTVOS.platform/Developer/usr/lib/swift/host/plugins/libPreviewsMacros.dylib\#/Applications/Xcode-27.0.0-Release.Candidate.app/Contents/Developer/Platforms/AppleTVOS.platform/Developer/usr/bin/swift-plugin-server\#PreviewsMacros -load-resolved-plugin /Applications/Xcode-27.0.0-Release.Candidate.app/Contents/Developer/Platforms/AppleTVOS.platform/Developer/usr/lib/swift/host/plugins/libSwiftMacros.dylib\#/Applications/Xcode-27.0.0-Release.Candidate.app/Contents/Developer/Platforms/AppleTVOS.platform/Developer/usr/bin/swift-plugin-server\#SwiftMacros -load-resolved-plugin /Applications/Xcode-27.0.0-Release.Candidate.app/Contents/Developer/Platforms/AppleTVOS.platform/Developer/usr/lib/swift/host/plugins/libSwiftUIMacros.dylib\#/Applications/Xcode-27.0.0-Release.Candidate.app/Contents/Developer/Platforms/AppleTVOS.platform/Developer/usr/bin/swift-plugin-server\#SwiftUIMacros -load-resolved-plugin /Applications/Xcode-27.0.0-Release.Candidate.app/Contents/Developer/Platforms/AppleTVOS.platform/Developer/usr/lib/swift/host/plugins/libTipKitMacros.dylib\#/Applications/Xcode-27.0.0-Release.Candidate.app/Contents/Developer/Platforms/AppleTVOS.platform/Developer/usr/bin/swift-plugin-server\#TipKitMacros -disable-implicit-swift-modules -Xcc -fno-implicit-modules -Xcc -fno-implicit-module-maps -explicit-swift-module-map-file /Users/admin/builder/spi-builder-workspace/.derivedData/Build/Intermediates.noindex/swiftui-list-support.build/Debug-appletvos/CollectionView-t.build/Objects-normal/arm64/CollectionView-dependencies-1.json -Xllvm -aarch64-use-tbi -enable-objc-interop -stack-check -sdk /Applications/Xcode-27.0.0-Release.Candidate.app/Contents/Developer/Platforms/AppleTVOS.platform/Developer/SDKs/AppleTVOS27.0.sdk -I /Users/admin/builder/spi-builder-workspace/.derivedData/Build/Products/Debug-appletvos -Isystem /Applications/Xcode-27.0.0-Release.Candidate.app/Contents/Developer/Platforms/AppleTVOS.platform/Developer/usr/lib -F /Users/admin/builder/spi-builder-workspace/.derivedData/Build/Products/Debug-appletvos/PackageFrameworks -F /Users/admin/builder/spi-builder-workspace/.derivedData/Build/Products/Debug-appletvos -F /Applications/Xcode-27.0.0-Release.Candidate.app/Contents/Developer/Platforms/AppleTVOS.platform/Developer/Library/Frameworks -F /Applications/Xcode-27.0.0-Release.Candidate.app/Contents/Developer/Platforms/AppleTVOS.platform/Developer/SDKs/AppleTVOS27.0.sdk/Developer/Library/Frameworks -module-cache-path /Users/admin/builder/spi-builder-workspace/.derivedData/Build/Intermediates.noindex/SwiftExplicitPrecompiledModules -no-color-diagnostics -Xcc -fno-color-diagnostics -enable-testing -g -debug-info-format\=dwarf -dwarf-version\=4 -profile-generate -profile-coverage-mapping -swift-version 6 -Onone -D SWIFT_PACKAGE -D DEBUG -D SWIFT_MODULE_RESOURCE_BUNDLE_UNAVAILABLE -D Xcode -serialize-debugging-options -enable-experimental-feature DebugDescriptionMacro -empty-abi-descriptor -validate-clang-modules-once -clang-build-session-file /Users/admin/builder/spi-builder-workspace/.derivedData/ModuleCache.noindex/Session.modulevalidation -Xcc -working-directory -Xcc /Users/admin/builder/spi-builder-workspace/.swiftpm/xcode -enable-anonymous-context-mangled-names -file-compilation-dir /Users/admin/builder/spi-builder-workspace/.swiftpm/xcode -Xcc -D_LIBCPP_HARDENING_MODE\=_LIBCPP_HARDENING_MODE_DEBUG -Xcc -ivfsstatcache -Xcc /Users/admin/builder/spi-builder-workspace/.derivedData/SDKStatCaches.noindex/appletvos27.0-24J360-e829b21a6f8c9b70876ba0858053c044b32bfd8d43560033f8d89884cdb90028.sdkstatcache -Xcc -fmodules-prune-interval\=86400 -Xcc -fmodules-prune-after\=345600 -Xcc -I/Users/admin/builder/spi-builder-workspace/.derivedData/Build/Products/Debug-appletvos/include -Xcc -I/Users/admin/builder/spi-builder-workspace/.derivedData/Build/Intermediates.noindex/swiftui-list-support.build/Debug-appletvos/CollectionView-t.build/DerivedSources-normal/arm64 -Xcc -I/Users/admin/builder/spi-builder-workspace/.derivedData/Build/Intermediates.noindex/swiftui-list-support.build/Debug-appletvos/CollectionView-t.build/DerivedSources/arm64 -Xcc -I/Users/admin/builder/spi-builder-workspace/.derivedData/Build/Intermediates.noindex/swiftui-list-support.build/Debug-appletvos/CollectionView-t.build/DerivedSources -Xcc -DSWIFT_PACKAGE -Xcc -DDEBUG\=1 -no-auto-bridging-header-chaining -module-name CollectionView -package-name spi_builder_workspace -const-gather-protocols-file /Users/admin/builder/spi-builder-workspace/.derivedData/Build/Intermediates.noindex/swiftui-list-support.build/Debug-appletvos/CollectionView-t.build/Objects-normal/arm64/CollectionView_const_extract_protocols.json -disable-clang-spi -clang-target arm64-apple-tvos27.0 -target-sdk-version 27.0 -target-sdk-name appletvos27.0 -in-process-plugin-server-path /Applications/Xcode-27.0.0-Release.Candidate.app/Contents/Developer/Toolchains/XcodeDefault.xctoolchain/usr/lib/swift/host/libSwiftInProcPluginServer.dylib -parse-as-library -o /Users/admin/builder/spi-builder-workspace/.derivedData/Build/Intermediates.noindex/swiftui-list-support.build/Debug-appletvos/CollectionView-t.build/Objects-normal/arm64/CollectionViewLayout.o -debug-module-path /Users/admin/builder/spi-builder-workspace/.derivedData/Build/Intermediates.noindex/swiftui-list-support.build/Debug-appletvos/CollectionView-t.build/Objects-normal/arm64/CollectionView.swiftmodule -index-unit-output-path /swiftui-list-support.build/Debug-appletvos/CollectionView-t.build/Objects-normal/arm64/CollectionViewLayout.o -index-store-path /Users/admin/builder/spi-builder-workspace/.derivedData/Index.noindex/DataStore -index-system-modules
SwiftCompile normal arm64 /Users/admin/builder/spi-builder-workspace/Sources/CollectionView/CollectionViewLayout.swift (in target 'CollectionView' from project 'swiftui-list-support')
cd /Users/admin/builder/spi-builder-workspace/.swiftpm/xcode
builtin-SwiftPerFileCompile CollectionViewLayout.swift
SwiftDriverJobDiscovery normal arm64 Compiling CollectionView.swift (in target 'CollectionView' from project 'swiftui-list-support')
SwiftDriverJobDiscovery normal arm64 Emitting module for CollectionView (in target 'CollectionView' from project 'swiftui-list-support')
SwiftDriver\ Compilation\ Requirements CollectionView normal arm64 com.apple.xcode.tools.swift.compiler (in target 'CollectionView' from project 'swiftui-list-support')
cd /Users/admin/builder/spi-builder-workspace/.swiftpm/xcode
builtin-Swift-Compilation-Requirements -- /Applications/Xcode-27.0.0-Release.Candidate.app/Contents/Developer/Toolchains/XcodeDefault.xctoolchain/usr/bin/swiftc -parse-as-library -module-name CollectionView -Onone @/Users/admin/builder/spi-builder-workspace/.derivedData/Build/Intermediates.noindex/swiftui-list-support.build/Debug-appletvos/CollectionView-t.build/Objects-normal/arm64/CollectionView.SwiftFileList -DSWIFT_PACKAGE -DDEBUG -DSWIFT_MODULE_RESOURCE_BUNDLE_UNAVAILABLE -DXcode -plugin-path /Applications/Xcode-27.0.0-Release.Candidate.app/Contents/Developer/Toolchains/XcodeDefault.xctoolchain/usr/lib/swift/host/plugins/testing -enable-experimental-feature DebugDescriptionMacro -sdk /Applications/Xcode-27.0.0-Release.Candidate.app/Contents/Developer/Platforms/AppleTVOS.platform/Developer/SDKs/AppleTVOS27.0.sdk -target arm64-apple-tvos17.0 -g -module-cache-path /Users/admin/builder/spi-builder-workspace/.derivedData/ModuleCache.noindex -Xfrontend -serialize-debugging-options -profile-coverage-mapping -profile-generate -enable-testing -index-store-path /Users/admin/builder/spi-builder-workspace/.derivedData/Index.noindex/DataStore -Xcc -D_LIBCPP_HARDENING_MODE\=_LIBCPP_HARDENING_MODE_DEBUG -swift-version 6 -I /Users/admin/builder/spi-builder-workspace/.derivedData/Build/Products/Debug-appletvos -Isystem /Applications/Xcode-27.0.0-Release.Candidate.app/Contents/Developer/Platforms/AppleTVOS.platform/Developer/usr/lib -F /Users/admin/builder/spi-builder-workspace/.derivedData/Build/Products/Debug-appletvos/PackageFrameworks -F /Users/admin/builder/spi-builder-workspace/.derivedData/Build/Products/Debug-appletvos -F /Applications/Xcode-27.0.0-Release.Candidate.app/Contents/Developer/Platforms/AppleTVOS.platform/Developer/Library/Frameworks -F /Applications/Xcode-27.0.0-Release.Candidate.app/Contents/Developer/Platforms/AppleTVOS.platform/Developer/SDKs/AppleTVOS27.0.sdk/Developer/Library/Frameworks -c -j10 -enable-batch-mode -incremental -Xcc -ivfsstatcache -Xcc /Users/admin/builder/spi-builder-workspace/.derivedData/SDKStatCaches.noindex/appletvos27.0-24J360-e829b21a6f8c9b70876ba0858053c044b32bfd8d43560033f8d89884cdb90028.sdkstatcache -output-file-map /Users/admin/builder/spi-builder-workspace/.derivedData/Build/Intermediates.noindex/swiftui-list-support.build/Debug-appletvos/CollectionView-t.build/Objects-normal/arm64/CollectionView-OutputFileMap.json -save-temps -no-color-diagnostics -explicit-module-build -module-cache-path /Users/admin/builder/spi-builder-workspace/.derivedData/Build/Intermediates.noindex/SwiftExplicitPrecompiledModules -clang-scanner-module-cache-path /Users/admin/builder/spi-builder-workspace/.derivedData/ModuleCache.noindex -sdk-module-cache-path /Users/admin/builder/spi-builder-workspace/.derivedData/SDKExplicitPrecompiledModules -emit-dependencies -emit-module -emit-module-path /Users/admin/builder/spi-builder-workspace/.derivedData/Build/Intermediates.noindex/swiftui-list-support.build/Debug-appletvos/CollectionView-t.build/Objects-normal/arm64/CollectionView.swiftmodule -serialize-diagnostics -dependency-scan-serialize-diagnostics-path /Users/admin/builder/spi-builder-workspace/.derivedData/Build/Intermediates.noindex/swiftui-list-support.build/Debug-appletvos/CollectionView-t.build/Objects-normal/arm64/CollectionView-dependency-scan.dia -validate-clang-modules-once -clang-build-session-file /Users/admin/builder/spi-builder-workspace/.derivedData/ModuleCache.noindex/Session.modulevalidation -Xcc -fmodules-prune-interval\=86400 -Xcc -fmodules-prune-after\=345600 -package-name spi_builder_workspace -emit-const-values -const-gather-protocols-list /Users/admin/builder/spi-builder-workspace/.derivedData/Build/Intermediates.noindex/swiftui-list-support.build/Debug-appletvos/CollectionView-t.build/Objects-normal/arm64/CollectionView_const_extract_protocols.json -Xcc -I/Users/admin/builder/spi-builder-workspace/.derivedData/Build/Products/Debug-appletvos/include -Xcc -I/Users/admin/builder/spi-builder-workspace/.derivedData/Build/Intermediates.noindex/swiftui-list-support.build/Debug-appletvos/CollectionView-t.build/DerivedSources-normal/arm64 -Xcc -I/Users/admin/builder/spi-builder-workspace/.derivedData/Build/Intermediates.noindex/swiftui-list-support.build/Debug-appletvos/CollectionView-t.build/DerivedSources/arm64 -Xcc -I/Users/admin/builder/spi-builder-workspace/.derivedData/Build/Intermediates.noindex/swiftui-list-support.build/Debug-appletvos/CollectionView-t.build/DerivedSources -Xcc -DSWIFT_PACKAGE -Xcc -DDEBUG\=1 -emit-objc-header -emit-objc-header-path /Users/admin/builder/spi-builder-workspace/.derivedData/Build/Intermediates.noindex/swiftui-list-support.build/Debug-appletvos/CollectionView-t.build/Objects-normal/arm64/CollectionView-Swift.h -working-directory /Users/admin/builder/spi-builder-workspace/.swiftpm/xcode -experimental-emit-module-separately -disable-cmo
SwiftMergeGeneratedHeaders /Users/admin/builder/spi-builder-workspace/.derivedData/Build/Intermediates.noindex/GeneratedModuleMaps-appletvos/CollectionView-Swift.h /Users/admin/builder/spi-builder-workspace/.derivedData/Build/Intermediates.noindex/swiftui-list-support.build/Debug-appletvos/CollectionView-t.build/Objects-normal/arm64/CollectionView-Swift.h (in target 'CollectionView' from project 'swiftui-list-support')
cd /Users/admin/builder/spi-builder-workspace
builtin-swiftHeaderTool -arch arm64 /Users/admin/builder/spi-builder-workspace/.derivedData/Build/Intermediates.noindex/swiftui-list-support.build/Debug-appletvos/CollectionView-t.build/Objects-normal/arm64/CollectionView-Swift.h -o /Users/admin/builder/spi-builder-workspace/.derivedData/Build/Intermediates.noindex/GeneratedModuleMaps-appletvos/CollectionView-Swift.h
Copy /Users/admin/builder/spi-builder-workspace/.derivedData/Build/Products/Debug-appletvos/CollectionView.swiftmodule/arm64-apple-tvos.swiftmodule /Users/admin/builder/spi-builder-workspace/.derivedData/Build/Intermediates.noindex/swiftui-list-support.build/Debug-appletvos/CollectionView-t.build/Objects-normal/arm64/CollectionView.swiftmodule (in target 'CollectionView' from project 'swiftui-list-support')
cd /Users/admin/builder/spi-builder-workspace
builtin-copy -exclude .DS_Store -exclude CVS -exclude .svn -exclude .git -exclude .hg -resolve-src-symlinks -rename /Users/admin/builder/spi-builder-workspace/.derivedData/Build/Intermediates.noindex/swiftui-list-support.build/Debug-appletvos/CollectionView-t.build/Objects-normal/arm64/CollectionView.swiftmodule /Users/admin/builder/spi-builder-workspace/.derivedData/Build/Products/Debug-appletvos/CollectionView.swiftmodule/arm64-apple-tvos.swiftmodule
Copy /Users/admin/builder/spi-builder-workspace/.derivedData/Build/Products/Debug-appletvos/CollectionView.swiftmodule/arm64-apple-tvos.abi.json /Users/admin/builder/spi-builder-workspace/.derivedData/Build/Intermediates.noindex/swiftui-list-support.build/Debug-appletvos/CollectionView-t.build/Objects-normal/arm64/CollectionView.abi.json (in target 'CollectionView' from project 'swiftui-list-support')
cd /Users/admin/builder/spi-builder-workspace
builtin-copy -exclude .DS_Store -exclude CVS -exclude .svn -exclude .git -exclude .hg -resolve-src-symlinks -rename /Users/admin/builder/spi-builder-workspace/.derivedData/Build/Intermediates.noindex/swiftui-list-support.build/Debug-appletvos/CollectionView-t.build/Objects-normal/arm64/CollectionView.abi.json /Users/admin/builder/spi-builder-workspace/.derivedData/Build/Products/Debug-appletvos/CollectionView.swiftmodule/arm64-apple-tvos.abi.json
Copy /Users/admin/builder/spi-builder-workspace/.derivedData/Build/Products/Debug-appletvos/CollectionView.swiftmodule/arm64-apple-tvos.swiftdoc /Users/admin/builder/spi-builder-workspace/.derivedData/Build/Intermediates.noindex/swiftui-list-support.build/Debug-appletvos/CollectionView-t.build/Objects-normal/arm64/CollectionView.swiftdoc (in target 'CollectionView' from project 'swiftui-list-support')
cd /Users/admin/builder/spi-builder-workspace
builtin-copy -exclude .DS_Store -exclude CVS -exclude .svn -exclude .git -exclude .hg -resolve-src-symlinks -rename /Users/admin/builder/spi-builder-workspace/.derivedData/Build/Intermediates.noindex/swiftui-list-support.build/Debug-appletvos/CollectionView-t.build/Objects-normal/arm64/CollectionView.swiftdoc /Users/admin/builder/spi-builder-workspace/.derivedData/Build/Products/Debug-appletvos/CollectionView.swiftmodule/arm64-apple-tvos.swiftdoc
Copy /Users/admin/builder/spi-builder-workspace/.derivedData/Build/Products/Debug-appletvos/CollectionView.swiftmodule/Project/arm64-apple-tvos.swiftsourceinfo /Users/admin/builder/spi-builder-workspace/.derivedData/Build/Intermediates.noindex/swiftui-list-support.build/Debug-appletvos/CollectionView-t.build/Objects-normal/arm64/CollectionView.swiftsourceinfo (in target 'CollectionView' from project 'swiftui-list-support')
cd /Users/admin/builder/spi-builder-workspace
builtin-copy -exclude .DS_Store -exclude CVS -exclude .svn -exclude .git -exclude .hg -resolve-src-symlinks -rename /Users/admin/builder/spi-builder-workspace/.derivedData/Build/Intermediates.noindex/swiftui-list-support.build/Debug-appletvos/CollectionView-t.build/Objects-normal/arm64/CollectionView.swiftsourceinfo /Users/admin/builder/spi-builder-workspace/.derivedData/Build/Products/Debug-appletvos/CollectionView.swiftmodule/Project/arm64-apple-tvos.swiftsourceinfo
PruneExplicitPrecompiledModules /Users/admin/builder/spi-builder-workspace/.derivedData/SDKExplicitPrecompiledModules
PruneExplicitPrecompiledModules /Users/admin/builder/spi-builder-workspace/.derivedData/Build/Intermediates.noindex/ExplicitPrecompiledModules
PruneExplicitPrecompiledModules /Users/admin/builder/spi-builder-workspace/.derivedData/Build/Intermediates.noindex/SwiftExplicitPrecompiledModules
2026-09-23 02:56:40.636 xcodebuild[1020:5997] [MT] IDERunDestination: Supported platforms for the buildables in the current scheme is empty.
** BUILD FAILED **
The following build commands failed:
SwiftCompile normal arm64 Compiling\ CollectionViewLayout.swift /Users/admin/builder/spi-builder-workspace/Sources/CollectionView/CollectionViewLayout.swift (in target 'CollectionView' from project 'swiftui-list-support')
SwiftCompile normal arm64 /Users/admin/builder/spi-builder-workspace/Sources/CollectionView/CollectionViewLayout.swift (in target 'CollectionView' from project 'swiftui-list-support')
Building workspace swiftui-list-support with scheme swiftui-list-support-Package
(3 failures)
BUILD FAILURE 6.4 tvOS