Build Information
Failed to build mcp-template, reference main (17e136), with Swift 6.3 for Wasm on 31 Aug 2026 06:19:33 UTC.
Build Command
bash -c docker run --pull=always --rm -v "checkouts-54344847-0":/host -w "$PWD" -e JAVA_HOME="/root/.sdkman/candidates/java/current" -e SPI_BUILD="1" -e SPI_PROCESSING="1" registry.gitlab.com/saguaro1/spi-images:wasm-6.3-latest swift build --swift-sdk swift-6.3.2-RELEASE_wasm 2>&1Build Log
========================================
RunAll
========================================
Builder version: 5.0.2
Interrupt handler set up.
========================================
Checkout
========================================
Clone URL: https://github.com/adamwulf/mcp-template.git
Reference: main
Initialized empty Git repository in /host/spi-builder-workspace/.git/
hint: Using 'master' as the name for the initial branch. This default branch name
hint: is subject to change. To configure the initial branch name to use in all
hint: of your new repositories, which will suppress this warning, call:
hint:
hint: git config --global init.defaultBranch <name>
hint:
hint: Names commonly chosen instead of 'master' are 'main', 'trunk' and
hint: 'development'. The just-created branch can be renamed via this command:
hint:
hint: git branch -m <name>
From https://github.com/adamwulf/mcp-template
* branch main -> FETCH_HEAD
* [new branch] main -> origin/main
HEAD is now at 17e136c Merge agent linker-issues work
Cloned https://github.com/adamwulf/mcp-template.git
Revision (git rev-parse @):
17e136cc17a9af831caa702b301a5e309344afb7
SUCCESS checkout https://github.com/adamwulf/mcp-template.git at main
========================================
Build
========================================
Selected platform: wasm
Swift version: 6.3
Building package at path: $PWD
https://github.com/adamwulf/mcp-template.git
Running build ...
bash -c docker run --pull=always --rm -v "checkouts-54344847-0":/host -w "$PWD" -e JAVA_HOME="/root/.sdkman/candidates/java/current" -e SPI_BUILD="1" -e SPI_PROCESSING="1" registry.gitlab.com/saguaro1/spi-images:wasm-6.3-latest swift build --swift-sdk swift-6.3.2-RELEASE_wasm 2>&1
wasm-6.3-latest: Pulling from saguaro1/spi-images
Digest: sha256:e92e38b97676c18adb57b57429ddfb766786102cb50cb918e0d9e8055d05b35d
Status: Image is up to date for registry.gitlab.com/saguaro1/spi-images:wasm-6.3-latest
Fetching https://github.com/apple/swift-log.git
Fetching https://github.com/apple/swift-argument-parser
Fetching https://github.com/modelcontextprotocol/swift-sdk
[1/7972] Fetching swift-log
[1915/11730] Fetching swift-log, swift-sdk
[2517/30345] Fetching swift-log, swift-sdk, swift-argument-parser
Fetched https://github.com/apple/swift-log.git from cache (0.92s)
Fetched https://github.com/modelcontextprotocol/swift-sdk from cache (0.92s)
Fetched https://github.com/apple/swift-argument-parser from cache (0.92s)
Computing version for https://github.com/modelcontextprotocol/swift-sdk
Computed https://github.com/modelcontextprotocol/swift-sdk at 0.12.1 (1.07s)
Fetching https://github.com/apple/swift-system.git
Fetching https://github.com/mattt/eventsource.git
Fetching https://github.com/apple/swift-nio.git
[1/303] Fetching eventsource
[117/7157] Fetching eventsource, swift-system
Fetched https://github.com/mattt/eventsource.git from cache (0.72s)
Fetched https://github.com/apple/swift-system.git from cache (0.72s)
[1/85683] Fetching swift-nio
Fetched https://github.com/apple/swift-nio.git from cache (3.30s)
Computing version for https://github.com/mattt/eventsource.git
Computed https://github.com/mattt/eventsource.git at 1.5.1 (3.44s)
Computing version for https://github.com/apple/swift-argument-parser
Computed https://github.com/apple/swift-argument-parser at 1.8.2 (0.15s)
Computing version for https://github.com/apple/swift-log.git
Computed https://github.com/apple/swift-log.git at 1.15.0 (0.15s)
Computing version for https://github.com/apple/swift-system.git
Computed https://github.com/apple/swift-system.git at 1.8.1 (0.17s)
Computing version for https://github.com/apple/swift-nio.git
Computed https://github.com/apple/swift-nio.git at 2.101.3 (0.26s)
Fetching https://github.com/apple/swift-atomics.git
Fetching https://github.com/apple/swift-collections.git
[1/1875] Fetching swift-atomics
[1876/28872] Fetching swift-atomics, swift-collections
Fetched https://github.com/apple/swift-atomics.git from cache (1.29s)
Fetched https://github.com/apple/swift-collections.git from cache (1.29s)
Computing version for https://github.com/apple/swift-atomics.git
Computed https://github.com/apple/swift-atomics.git at 1.3.1 (1.46s)
Computing version for https://github.com/apple/swift-collections.git
Computed https://github.com/apple/swift-collections.git at 1.6.0 (0.22s)
Creating working copy for https://github.com/apple/swift-argument-parser
Working copy of https://github.com/apple/swift-argument-parser resolved at 1.8.2
Creating working copy for https://github.com/apple/swift-system.git
Working copy of https://github.com/apple/swift-system.git resolved at 1.8.1
Creating working copy for https://github.com/mattt/eventsource.git
Working copy of https://github.com/mattt/eventsource.git resolved at 1.5.1
Creating working copy for https://github.com/apple/swift-atomics.git
Working copy of https://github.com/apple/swift-atomics.git resolved at 1.3.1
Creating working copy for https://github.com/apple/swift-collections.git
Working copy of https://github.com/apple/swift-collections.git resolved at 1.6.0
Creating working copy for https://github.com/modelcontextprotocol/swift-sdk
Working copy of https://github.com/modelcontextprotocol/swift-sdk resolved at 0.12.1
Creating working copy for https://github.com/apple/swift-nio.git
Working copy of https://github.com/apple/swift-nio.git resolved at 2.101.3
Creating working copy for https://github.com/apple/swift-log.git
Working copy of https://github.com/apple/swift-log.git resolved at 1.15.0
[1/1] Compiling plugin GenerateManual
[2/2] Compiling plugin GenerateDoccReference
Building for debugging...
[2/21] Write sources
[10/21] Compiling CSystem shims.c
[11/21] Write swift-version-24593BA9C3E375BF.txt
[13/71] Emitting module SystemPackage
[14/76] Compiling SystemPackage Errno.swift
[15/76] Compiling SystemPackage ErrnoWindows.swift
[16/76] Compiling SystemPackage FileDescriptor.swift
[17/76] Compiling SystemPackage FileHelpers.swift
[18/76] Compiling SystemPackage FileOperations.swift
[19/76] Compiling SystemPackage FilePath.swift
[20/76] Compiling SystemPackage IOCompletion.swift
[21/76] Compiling SystemPackage IORequest.swift
[22/76] Compiling SystemPackage IORing+Util.swift
[23/76] Compiling SystemPackage IORing.swift
[24/76] Compiling SystemPackage RawIORequest.swift
[25/76] Compiling Logging Logger+With.swift
[26/76] Compiling Logging Logger.swift
[27/76] Compiling Logging LoggingSystem.swift
[28/77] Compiling SystemPackage SystemString.swift
[29/77] Compiling SystemPackage Util+StringArray.swift
[30/77] Compiling SystemPackage Util.swift
[31/77] Compiling SystemPackage UtilConsumers.swift
[32/77] Compiling SystemPackage WinSDK+Overlay.swift
[33/77] Compiling Logging MetadataProvider.swift
[34/77] Compiling SystemPackage Backcompat.swift
[35/77] Compiling SystemPackage CInterop.swift
[36/77] Compiling SystemPackage Constants.swift
[37/77] Compiling SystemPackage Exports.swift
[38/77] Compiling SystemPackage Mocking.swift
[39/77] Compiling SystemPackage FilePathComponentView.swift
[40/77] Compiling SystemPackage FilePathComponents.swift
[41/77] Compiling SystemPackage FilePathParsing.swift
[42/77] Compiling SystemPackage FilePathString.swift
[43/77] Compiling SystemPackage FilePathSyntax.swift
[44/77] Compiling ArgumentParserToolInfo ToolInfo.swift
[45/77] Emitting module ArgumentParserToolInfo
[46/78] Compiling Logging Logger+Attributes.swift
[51/78] Emitting module Logging
[55/79] Wrapping AST for ArgumentParserToolInfo for debugging
[56/79] Wrapping AST for Logging for debugging
[58/80] Compiling SystemPackage FilePathTemp.swift
[59/80] Compiling SystemPackage FilePathTempPosix.swift
[60/80] Compiling SystemPackage FilePathTempWindows.swift
[61/80] Compiling SystemPackage FilePathWindows.swift
[62/80] Compiling SystemPackage FilePermissions.swift
[63/80] Compiling SystemPackage RawBuffer.swift
[64/80] Compiling SystemPackage Syscalls.swift
[65/80] Compiling SystemPackage WindowsSyscallAdapters.swift
[66/80] Compiling SystemPackage MachPort.swift
[67/80] Compiling SystemPackage PlatformString.swift
[68/80] Compiling SystemPackage FileFlags.swift
[69/80] Compiling SystemPackage FileMode.swift
[70/80] Compiling SystemPackage FileType.swift
[71/80] Compiling SystemPackage Identifiers.swift
[72/80] Compiling SystemPackage Stat.swift
[73/127] Wrapping AST for SystemPackage for debugging
[75/170] Emitting module ArgumentParser
error: emit-module command failed with exit code 1 (use -v to see invocation)
[76/176] Emitting module MCP
/host/spi-builder-workspace/.build/checkouts/swift-sdk/Sources/MCP/Base/Transports/HTTPClientTransport.swift:5:12: error: no such module 'EventSource'
3 |
4 | #if !os(Linux)
5 | import EventSource
| `- error: no such module 'EventSource'
6 | #endif
7 |
[77/181] Compiling MCP Sampling.swift
[78/181] Compiling MCP Data+Extensions.swift
[79/181] Compiling MCP Completion.swift
[80/181] Compiling MCP StatefulHTTPServerTransport.swift
[81/181] Compiling MCP StatelessHTTPServerTransport.swift
[82/181] Compiling MCP InMemoryTransport.swift
[83/181] Compiling MCP NetworkTransport.swift
[84/181] Compiling MCP StdioTransport.swift
[85/181] Compiling MCP UnitInterval.swift
[86/181] Compiling MCP Logging.swift
[87/181] Compiling MCP Prompts.swift
[88/181] Compiling MCP Resources.swift
[89/181] Compiling MCP Server.swift
[90/181] Compiling MCP PKCE.swift
/host/spi-builder-workspace/.build/checkouts/swift-sdk/Sources/MCP/Base/Transports/HTTPClientTransport.swift:5:12: error: no such module 'EventSource'
3 |
4 | #if !os(Linux)
5 | import EventSource
| `- error: no such module 'EventSource'
6 | #endif
7 |
[91/181] Compiling MCP TokenStorage.swift
/host/spi-builder-workspace/.build/checkouts/swift-sdk/Sources/MCP/Base/Transports/HTTPClientTransport.swift:5:12: error: no such module 'EventSource'
3 |
4 | #if !os(Linux)
5 | import EventSource
| `- error: no such module 'EventSource'
6 | #endif
7 |
[92/181] Compiling MCP Error.swift
/host/spi-builder-workspace/.build/checkouts/swift-sdk/Sources/MCP/Base/Transports/HTTPClientTransport.swift:5:12: error: no such module 'EventSource'
3 |
4 | #if !os(Linux)
5 | import EventSource
| `- error: no such module 'EventSource'
6 | #endif
7 |
[93/181] Compiling MCP ID.swift
/host/spi-builder-workspace/.build/checkouts/swift-sdk/Sources/MCP/Base/Transports/HTTPClientTransport.swift:5:12: error: no such module 'EventSource'
3 |
4 | #if !os(Linux)
5 | import EventSource
| `- error: no such module 'EventSource'
6 | #endif
7 |
[94/181] Compiling MCP Icon.swift
/host/spi-builder-workspace/.build/checkouts/swift-sdk/Sources/MCP/Base/Transports/HTTPClientTransport.swift:5:12: error: no such module 'EventSource'
3 |
4 | #if !os(Linux)
5 | import EventSource
| `- error: no such module 'EventSource'
6 | #endif
7 |
[95/181] Compiling MCP Lifecycle.swift
/host/spi-builder-workspace/.build/checkouts/swift-sdk/Sources/MCP/Base/Transports/HTTPClientTransport.swift:5:12: error: no such module 'EventSource'
3 |
4 | #if !os(Linux)
5 | import EventSource
| `- error: no such module 'EventSource'
6 | #endif
7 |
/host/spi-builder-workspace/.build/checkouts/swift-sdk/Sources/MCP/Base/Transports/HTTPClientTransport.swift:5:12: error: no such module 'EventSource'
3 |
4 | #if !os(Linux)
5 | import EventSource
| `- error: no such module 'EventSource'
6 | #endif
7 |
/host/spi-builder-workspace/.build/checkouts/swift-sdk/Sources/MCP/Base/Transports/HTTPClientTransport.swift:5:12: error: no such module 'EventSource'
3 |
4 | #if !os(Linux)
5 | import EventSource
| `- error: no such module 'EventSource'
6 | #endif
7 |
/host/spi-builder-workspace/.build/checkouts/swift-sdk/Sources/MCP/Base/Transports/HTTPClientTransport.swift:5:12: error: no such module 'EventSource'
3 |
4 | #if !os(Linux)
5 | import EventSource
| `- error: no such module 'EventSource'
6 | #endif
7 |
/host/spi-builder-workspace/.build/checkouts/swift-sdk/Sources/MCP/Base/Transports/HTTPClientTransport.swift:5:12: error: no such module 'EventSource'
3 |
4 | #if !os(Linux)
5 | import EventSource
| `- error: no such module 'EventSource'
6 | #endif
7 |
/host/spi-builder-workspace/.build/checkouts/swift-sdk/Sources/MCP/Base/Transports/HTTPClientTransport.swift:5:12: error: no such module 'EventSource'
3 |
4 | #if !os(Linux)
5 | import EventSource
| `- error: no such module 'EventSource'
6 | #endif
7 |
/host/spi-builder-workspace/.build/checkouts/swift-sdk/Sources/MCP/Base/Transports/HTTPClientTransport.swift:5:12: error: no such module 'EventSource'
3 |
4 | #if !os(Linux)
5 | import EventSource
| `- error: no such module 'EventSource'
6 | #endif
7 |
[102/181] Compiling MCP Cancellation.swift
/host/spi-builder-workspace/.build/checkouts/swift-sdk/Sources/MCP/Base/Transports/HTTPClientTransport.swift:5:12: error: no such module 'EventSource'
3 |
4 | #if !os(Linux)
5 | import EventSource
| `- error: no such module 'EventSource'
6 | #endif
7 |
[103/181] Compiling MCP Ping.swift
/host/spi-builder-workspace/.build/checkouts/swift-sdk/Sources/MCP/Base/Transports/HTTPClientTransport.swift:5:12: error: no such module 'EventSource'
3 |
4 | #if !os(Linux)
5 | import EventSource
| `- error: no such module 'EventSource'
6 | #endif
7 |
[104/181] Compiling MCP Progress.swift
/host/spi-builder-workspace/.build/checkouts/swift-sdk/Sources/MCP/Base/Transports/HTTPClientTransport.swift:5:12: error: no such module 'EventSource'
3 |
4 | #if !os(Linux)
5 | import EventSource
| `- error: no such module 'EventSource'
6 | #endif
7 |
[105/181] Compiling MCP RequestContext.swift
/host/spi-builder-workspace/.build/checkouts/swift-sdk/Sources/MCP/Base/Transports/HTTPClientTransport.swift:5:12: error: no such module 'EventSource'
3 |
4 | #if !os(Linux)
5 | import EventSource
| `- error: no such module 'EventSource'
6 | #endif
7 |
[106/181] Compiling MCP Value.swift
/host/spi-builder-workspace/.build/checkouts/swift-sdk/Sources/MCP/Base/Transports/HTTPClientTransport.swift:5:12: error: no such module 'EventSource'
3 |
4 | #if !os(Linux)
5 | import EventSource
| `- error: no such module 'EventSource'
6 | #endif
7 |
[107/181] Compiling MCP Versioning.swift
/host/spi-builder-workspace/.build/checkouts/swift-sdk/Sources/MCP/Base/Transports/HTTPClientTransport.swift:5:12: error: no such module 'EventSource'
3 |
4 | #if !os(Linux)
5 | import EventSource
| `- error: no such module 'EventSource'
6 | #endif
7 |
[108/181] Compiling MCP Messages.swift
/host/spi-builder-workspace/.build/checkouts/swift-sdk/Sources/MCP/Base/Transports/HTTPClientTransport.swift:5:12: error: no such module 'EventSource'
3 |
4 | #if !os(Linux)
5 | import EventSource
| `- error: no such module 'EventSource'
6 | #endif
7 |
[109/181] Compiling MCP PendingRequest.swift
/host/spi-builder-workspace/.build/checkouts/swift-sdk/Sources/MCP/Base/Transports/HTTPClientTransport.swift:5:12: error: no such module 'EventSource'
3 |
4 | #if !os(Linux)
5 | import EventSource
| `- error: no such module 'EventSource'
6 | #endif
7 |
[110/181] Compiling MCP Transport.swift
/host/spi-builder-workspace/.build/checkouts/swift-sdk/Sources/MCP/Base/Transports/HTTPClientTransport.swift:5:12: error: no such module 'EventSource'
3 |
4 | #if !os(Linux)
5 | import EventSource
| `- error: no such module 'EventSource'
6 | #endif
7 |
[111/181] Compiling MCP HTTPClientTransport.swift
/host/spi-builder-workspace/.build/checkouts/swift-sdk/Sources/MCP/Base/Transports/HTTPClientTransport.swift:5:12: error: no such module 'EventSource'
3 |
4 | #if !os(Linux)
5 | import EventSource
| `- error: no such module 'EventSource'
6 | #endif
7 |
[112/181] Compiling MCP HTTPRequestValidation.swift
/host/spi-builder-workspace/.build/checkouts/swift-sdk/Sources/MCP/Base/Transports/HTTPClientTransport.swift:5:12: error: no such module 'EventSource'
3 |
4 | #if !os(Linux)
5 | import EventSource
| `- error: no such module 'EventSource'
6 | #endif
7 |
[113/181] Compiling MCP HTTPServerTypes.swift
/host/spi-builder-workspace/.build/checkouts/swift-sdk/Sources/MCP/Base/Transports/HTTPClientTransport.swift:5:12: error: no such module 'EventSource'
3 |
4 | #if !os(Linux)
5 | import EventSource
| `- error: no such module 'EventSource'
6 | #endif
7 |
[114/181] Compiling MCP OAuthDiscoveryClient.swift
/host/spi-builder-workspace/.build/checkouts/swift-sdk/Sources/MCP/Base/Transports/HTTPClientTransport.swift:5:12: error: no such module 'EventSource'
3 |
4 | #if !os(Linux)
5 | import EventSource
| `- error: no such module 'EventSource'
6 | #endif
7 |
[115/181] Compiling MCP OAuthErrors.swift
/host/spi-builder-workspace/.build/checkouts/swift-sdk/Sources/MCP/Base/Transports/HTTPClientTransport.swift:5:12: error: no such module 'EventSource'
3 |
4 | #if !os(Linux)
5 | import EventSource
| `- error: no such module 'EventSource'
6 | #endif
7 |
[116/181] Compiling MCP OAuthModels.swift
/host/spi-builder-workspace/.build/checkouts/swift-sdk/Sources/MCP/Base/Transports/HTTPClientTransport.swift:5:12: error: no such module 'EventSource'
3 |
4 | #if !os(Linux)
5 | import EventSource
| `- error: no such module 'EventSource'
6 | #endif
7 |
[117/181] Compiling MCP OAuthTokenEndpointClient.swift
/host/spi-builder-workspace/.build/checkouts/swift-sdk/Sources/MCP/Base/Transports/HTTPClientTransport.swift:5:12: error: no such module 'EventSource'
3 |
4 | #if !os(Linux)
5 | import EventSource
| `- error: no such module 'EventSource'
6 | #endif
7 |
[118/181] Compiling MCP OAuthURLValidator.swift
/host/spi-builder-workspace/.build/checkouts/swift-sdk/Sources/MCP/Base/Transports/HTTPClientTransport.swift:5:12: error: no such module 'EventSource'
3 |
4 | #if !os(Linux)
5 | import EventSource
| `- error: no such module 'EventSource'
6 | #endif
7 |
[119/181] Compiling MCP OAuthWWWAuthenticateParser.swift
/host/spi-builder-workspace/.build/checkouts/swift-sdk/Sources/MCP/Base/Transports/HTTPClientTransport.swift:5:12: error: no such module 'EventSource'
3 |
4 | #if !os(Linux)
5 | import EventSource
| `- error: no such module 'EventSource'
6 | #endif
7 |
[120/181] Compiling MCP OAuthAuthorizationCodeFlow.swift
/host/spi-builder-workspace/.build/checkouts/swift-sdk/Sources/MCP/Base/Transports/HTTPClientTransport.swift:5:12: error: no such module 'EventSource'
3 |
4 | #if !os(Linux)
5 | import EventSource
| `- error: no such module 'EventSource'
6 | #endif
7 |
[121/181] Compiling MCP OAuthAuthorizer.swift
/host/spi-builder-workspace/.build/checkouts/swift-sdk/Sources/MCP/Base/Transports/HTTPClientTransport.swift:5:12: error: no such module 'EventSource'
3 |
4 | #if !os(Linux)
5 | import EventSource
| `- error: no such module 'EventSource'
6 | #endif
7 |
[122/181] Compiling MCP OAuthClientRegistrar.swift
/host/spi-builder-workspace/.build/checkouts/swift-sdk/Sources/MCP/Base/Transports/HTTPClientTransport.swift:5:12: error: no such module 'EventSource'
3 |
4 | #if !os(Linux)
5 | import EventSource
| `- error: no such module 'EventSource'
6 | #endif
7 |
[123/181] Compiling MCP OAuthConfiguration.swift
/host/spi-builder-workspace/.build/checkouts/swift-sdk/Sources/MCP/Base/Transports/HTTPClientTransport.swift:5:12: error: no such module 'EventSource'
3 |
4 | #if !os(Linux)
5 | import EventSource
| `- error: no such module 'EventSource'
6 | #endif
7 |
[124/181] Compiling MCP OAuthConstants.swift
/host/spi-builder-workspace/.build/checkouts/swift-sdk/Sources/MCP/Base/Transports/HTTPClientTransport.swift:5:12: error: no such module 'EventSource'
3 |
4 | #if !os(Linux)
5 | import EventSource
| `- error: no such module 'EventSource'
6 | #endif
7 |
[125/181] Compiling MCP OAuthDiscovery.swift
/host/spi-builder-workspace/.build/checkouts/swift-sdk/Sources/MCP/Base/Transports/HTTPClientTransport.swift:5:12: error: no such module 'EventSource'
3 |
4 | #if !os(Linux)
5 | import EventSource
| `- error: no such module 'EventSource'
6 | #endif
7 |
[126/181] Compiling MCP Tools.swift
[127/181] Compiling ArgumentParser CodingKeyValidator.swift
[128/181] Compiling ArgumentParser NonsenseFlagsValidator.swift
[129/181] Compiling ArgumentParser ParsableArgumentsValidation.swift
[130/181] Compiling ArgumentParser PositionalArgumentsValidator.swift
[131/181] Compiling ArgumentParser UniqueNamesValidator.swift
/host/spi-builder-workspace/.build/checkouts/swift-sdk/Sources/MCP/Base/Transports/HTTPClientTransport.swift:5:12: error: no such module 'EventSource'
3 |
4 | #if !os(Linux)
5 | import EventSource
| `- error: no such module 'EventSource'
6 | #endif
7 |
/host/spi-builder-workspace/.build/checkouts/swift-sdk/Sources/MCP/Base/Transports/HTTPClientTransport.swift:5:12: error: no such module 'EventSource'
3 |
4 | #if !os(Linux)
5 | import EventSource
| `- error: no such module 'EventSource'
6 | #endif
7 |
/host/spi-builder-workspace/.build/checkouts/swift-sdk/Sources/MCP/Base/Transports/HTTPClientTransport.swift:5:12: error: no such module 'EventSource'
3 |
4 | #if !os(Linux)
5 | import EventSource
| `- error: no such module 'EventSource'
6 | #endif
7 |
/host/spi-builder-workspace/.build/checkouts/swift-sdk/Sources/MCP/Base/Transports/HTTPClientTransport.swift:5:12: error: no such module 'EventSource'
3 |
4 | #if !os(Linux)
5 | import EventSource
| `- error: no such module 'EventSource'
6 | #endif
7 |
/host/spi-builder-workspace/.build/checkouts/swift-sdk/Sources/MCP/Base/Transports/HTTPClientTransport.swift:5:12: error: no such module 'EventSource'
3 |
4 | #if !os(Linux)
5 | import EventSource
| `- error: no such module 'EventSource'
6 | #endif
7 |
[167/181] Compiling MCP Client.swift
[168/181] Compiling MCP Elicitation.swift
[169/181] Compiling MCP Roots.swift
[170/182] Wrapping AST for ArgumentParser for debugging
/host/spi-builder-workspace/.build/checkouts/swift-sdk/Sources/MCP/Base/Transports/HTTPClientTransport.swift:5:12: error: no such module 'EventSource'
3 |
4 | #if !os(Linux)
5 | import EventSource
| `- error: no such module 'EventSource'
6 | #endif
7 |
/host/spi-builder-workspace/.build/checkouts/swift-sdk/Sources/MCP/Base/Transports/HTTPClientTransport.swift:5:12: error: no such module 'EventSource'
3 |
4 | #if !os(Linux)
5 | import EventSource
| `- error: no such module 'EventSource'
6 | #endif
7 |
/host/spi-builder-workspace/.build/checkouts/swift-sdk/Sources/MCP/Base/Transports/HTTPClientTransport.swift:5:12: error: no such module 'EventSource'
3 |
4 | #if !os(Linux)
5 | import EventSource
| `- error: no such module 'EventSource'
6 | #endif
7 |
/host/spi-builder-workspace/.build/checkouts/swift-sdk/Sources/MCP/Base/Transports/HTTPClientTransport.swift:5:12: error: no such module 'EventSource'
3 |
4 | #if !os(Linux)
5 | import EventSource
| `- error: no such module 'EventSource'
6 | #endif
7 |
/host/spi-builder-workspace/.build/checkouts/swift-sdk/Sources/MCP/Base/Transports/HTTPClientTransport.swift:5:12: error: no such module 'EventSource'
3 |
4 | #if !os(Linux)
5 | import EventSource
| `- error: no such module 'EventSource'
6 | #endif
7 |
/host/spi-builder-workspace/.build/checkouts/swift-sdk/Sources/MCP/Base/Transports/HTTPClientTransport.swift:5:12: error: no such module 'EventSource'
3 |
4 | #if !os(Linux)
5 | import EventSource
| `- error: no such module 'EventSource'
6 | #endif
7 |
BUILD FAILURE 6.3 wasm