Build Information
Failed to build LNPopupUI, reference master (608535), with Swift 6.4 for watchOS using Xcode 27.0 on 27 Oct 2026 10:06:23 UTC.
Build Command
env DEVELOPER_DIR=/Applications/Xcode-27.0.0.app xcrun xcodebuild -IDEClonedSourcePackagesDirPathOverride=$PWD/.dependencies -skipMacroValidation -skipPackagePluginValidation -derivedDataPath $PWD/.derivedData build -scheme LNPopupUI-Package -destination generic/platform=watchOSBuild Log
In file included from /Applications/Xcode-27.0.0.app/Contents/Developer/Platforms/WatchOS.platform/Developer/SDKs/WatchOS27.0.sdk/System/Library/Frameworks/QuartzCore.framework/Headers/QuartzCore.h:17:
In file included from /Applications/Xcode-27.0.0.app/Contents/Developer/Platforms/WatchOS.platform/Developer/SDKs/WatchOS27.0.sdk/System/Library/Frameworks/QuartzCore.framework/Headers/CoreAnimation.h:16:
/Applications/Xcode-27.0.0.app/Contents/Developer/Platforms/WatchOS.platform/Developer/SDKs/WatchOS27.0.sdk/System/Library/Frameworks/QuartzCore.framework/Headers/CAAnimation.h:25:12: note: 'CAAnimation' has been explicitly marked unavailable here
25 | @interface CAAnimation : NSObject
| ^
/Users/admin/builder/spi-builder-workspace/.dependencies/checkouts/LNSystemMarqueeLabel/Sources/LNSystemMarqueeLabel/LNSystemMarqueeLabel.mm:162:26: error: 'CAAnimation' is unavailable: not available on watchOS
162 | void (*orig2)(id, SEL, CAAnimation*, BOOL) = reinterpret_cast<decltype(orig2)>(method_getImplementation(m));
| ^
In file included from /Users/admin/builder/spi-builder-workspace/.dependencies/checkouts/LNSystemMarqueeLabel/Sources/LNSystemMarqueeLabel/LNSystemMarqueeLabel.mm:9:
In file included from /Users/admin/builder/spi-builder-workspace/.dependencies/checkouts/LNSystemMarqueeLabel/Sources/LNSystemMarqueeLabel/LNSystemMarqueeLabel.h:9:
In file included from /Applications/Xcode-27.0.0.app/Contents/Developer/Platforms/WatchOS.platform/Developer/SDKs/WatchOS27.0.sdk/System/Library/Frameworks/UIKit.framework/Headers/UIKit.h:13:
In file included from /Applications/Xcode-27.0.0.app/Contents/Developer/Platforms/WatchOS.platform/Developer/SDKs/WatchOS27.0.sdk/System/Library/Frameworks/UIKit.framework/Headers/UIKitCore.h:29:
In file included from /Applications/Xcode-27.0.0.app/Contents/Developer/Platforms/WatchOS.platform/Developer/SDKs/WatchOS27.0.sdk/System/Library/Frameworks/UIKit.framework/Headers/UIAccessibility.h:15:
In file included from /Applications/Xcode-27.0.0.app/Contents/Developer/Platforms/WatchOS.platform/Developer/SDKs/WatchOS27.0.sdk/System/Library/Frameworks/UIKit.framework/Headers/UIAccessibilityAdditions.h:11:
In file included from /Applications/Xcode-27.0.0.app/Contents/Developer/Platforms/WatchOS.platform/Developer/SDKs/WatchOS27.0.sdk/System/Library/Frameworks/UIKit.framework/Headers/UIPickerView.h:11:
In file included from /Applications/Xcode-27.0.0.app/Contents/Developer/Platforms/WatchOS.platform/Developer/SDKs/WatchOS27.0.sdk/System/Library/Frameworks/UIKit.framework/Headers/UIView.h:10:
In file included from /Applications/Xcode-27.0.0.app/Contents/Developer/Platforms/WatchOS.platform/Developer/SDKs/WatchOS27.0.sdk/System/Library/Frameworks/QuartzCore.framework/Headers/QuartzCore.h:17:
In file included from /Applications/Xcode-27.0.0.app/Contents/Developer/Platforms/WatchOS.platform/Developer/SDKs/WatchOS27.0.sdk/System/Library/Frameworks/QuartzCore.framework/Headers/CoreAnimation.h:16:
/Applications/Xcode-27.0.0.app/Contents/Developer/Platforms/WatchOS.platform/Developer/SDKs/WatchOS27.0.sdk/System/Library/Frameworks/QuartzCore.framework/Headers/CAAnimation.h:25:12: note: 'CAAnimation' has been explicitly marked unavailable here
25 | @interface CAAnimation : NSObject
| ^
/Users/admin/builder/spi-builder-workspace/.dependencies/checkouts/LNSystemMarqueeLabel/Sources/LNSystemMarqueeLabel/LNSystemMarqueeLabel.mm:163:78: error: 'CAAnimation' is unavailable: not available on watchOS
163 | method_setImplementation(m, imp_implementationWithBlock(^(NSObject* _self, CAAnimation* animation, BOOL finished) {
| ^
In file included from /Users/admin/builder/spi-builder-workspace/.dependencies/checkouts/LNSystemMarqueeLabel/Sources/LNSystemMarqueeLabel/LNSystemMarqueeLabel.mm:9:
In file included from /Users/admin/builder/spi-builder-workspace/.dependencies/checkouts/LNSystemMarqueeLabel/Sources/LNSystemMarqueeLabel/LNSystemMarqueeLabel.h:9:
In file included from /Applications/Xcode-27.0.0.app/Contents/Developer/Platforms/WatchOS.platform/Developer/SDKs/WatchOS27.0.sdk/System/Library/Frameworks/UIKit.framework/Headers/UIKit.h:13:
In file included from /Applications/Xcode-27.0.0.app/Contents/Developer/Platforms/WatchOS.platform/Developer/SDKs/WatchOS27.0.sdk/System/Library/Frameworks/UIKit.framework/Headers/UIKitCore.h:29:
In file included from /Applications/Xcode-27.0.0.app/Contents/Developer/Platforms/WatchOS.platform/Developer/SDKs/WatchOS27.0.sdk/System/Library/Frameworks/UIKit.framework/Headers/UIAccessibility.h:15:
In file included from /Applications/Xcode-27.0.0.app/Contents/Developer/Platforms/WatchOS.platform/Developer/SDKs/WatchOS27.0.sdk/System/Library/Frameworks/UIKit.framework/Headers/UIAccessibilityAdditions.h:11:
In file included from /Applications/Xcode-27.0.0.app/Contents/Developer/Platforms/WatchOS.platform/Developer/SDKs/WatchOS27.0.sdk/System/Library/Frameworks/UIKit.framework/Headers/UIPickerView.h:11:
In file included from /Applications/Xcode-27.0.0.app/Contents/Developer/Platforms/WatchOS.platform/Developer/SDKs/WatchOS27.0.sdk/System/Library/Frameworks/UIKit.framework/Headers/UIView.h:10:
In file included from /Applications/Xcode-27.0.0.app/Contents/Developer/Platforms/WatchOS.platform/Developer/SDKs/WatchOS27.0.sdk/System/Library/Frameworks/QuartzCore.framework/Headers/QuartzCore.h:17:
In file included from /Applications/Xcode-27.0.0.app/Contents/Developer/Platforms/WatchOS.platform/Developer/SDKs/WatchOS27.0.sdk/System/Library/Frameworks/QuartzCore.framework/Headers/CoreAnimation.h:16:
/Applications/Xcode-27.0.0.app/Contents/Developer/Platforms/WatchOS.platform/Developer/SDKs/WatchOS27.0.sdk/System/Library/Frameworks/QuartzCore.framework/Headers/CAAnimation.h:25:12: note: 'CAAnimation' has been explicitly marked unavailable here
25 | @interface CAAnimation : NSObject
| ^
/Users/admin/builder/spi-builder-workspace/.dependencies/checkouts/LNSystemMarqueeLabel/Sources/LNSystemMarqueeLabel/LNSystemMarqueeLabel.mm:313:41: error: 'UILabel' is unavailable: not available on watchOS
313 | static void (^startMarqueeIfNecessary)(UILabel*);
| ^
In file included from /Users/admin/builder/spi-builder-workspace/.dependencies/checkouts/LNSystemMarqueeLabel/Sources/LNSystemMarqueeLabel/LNSystemMarqueeLabel.mm:9:
In file included from /Users/admin/builder/spi-builder-workspace/.dependencies/checkouts/LNSystemMarqueeLabel/Sources/LNSystemMarqueeLabel/LNSystemMarqueeLabel.h:9:
In file included from /Applications/Xcode-27.0.0.app/Contents/Developer/Platforms/WatchOS.platform/Developer/SDKs/WatchOS27.0.sdk/System/Library/Frameworks/UIKit.framework/Headers/UIKit.h:13:
In file included from /Applications/Xcode-27.0.0.app/Contents/Developer/Platforms/WatchOS.platform/Developer/SDKs/WatchOS27.0.sdk/System/Library/Frameworks/UIKit.framework/Headers/UIKitCore.h:110:
/Applications/Xcode-27.0.0.app/Contents/Developer/Platforms/WatchOS.platform/Developer/SDKs/WatchOS27.0.sdk/System/Library/Frameworks/UIKit.framework/Headers/UILabel.h:33:12: note: 'UILabel' has been explicitly marked unavailable here
33 | @interface UILabel : UIView <NSCoding, UIContentSizeCategoryAdjusting, UILetterformAwareAdjusting>
| ^
/Users/admin/builder/spi-builder-workspace/.dependencies/checkouts/LNSystemMarqueeLabel/Sources/LNSystemMarqueeLabel/LNSystemMarqueeLabel.mm:328:32: error: 'UILabel' is unavailable: not available on watchOS
328 | startMarqueeIfNecessary = ^(UILabel* self)
| ^
In file included from /Users/admin/builder/spi-builder-workspace/.dependencies/checkouts/LNSystemMarqueeLabel/Sources/LNSystemMarqueeLabel/LNSystemMarqueeLabel.mm:9:
In file included from /Users/admin/builder/spi-builder-workspace/.dependencies/checkouts/LNSystemMarqueeLabel/Sources/LNSystemMarqueeLabel/LNSystemMarqueeLabel.h:9:
In file included from /Applications/Xcode-27.0.0.app/Contents/Developer/Platforms/WatchOS.platform/Developer/SDKs/WatchOS27.0.sdk/System/Library/Frameworks/UIKit.framework/Headers/UIKit.h:13:
In file included from /Applications/Xcode-27.0.0.app/Contents/Developer/Platforms/WatchOS.platform/Developer/SDKs/WatchOS27.0.sdk/System/Library/Frameworks/UIKit.framework/Headers/UIKitCore.h:110:
/Applications/Xcode-27.0.0.app/Contents/Developer/Platforms/WatchOS.platform/Developer/SDKs/WatchOS27.0.sdk/System/Library/Frameworks/UIKit.framework/Headers/UILabel.h:33:12: note: 'UILabel' has been explicitly marked unavailable here
33 | @interface UILabel : UIView <NSCoding, UIContentSizeCategoryAdjusting, UILetterformAwareAdjusting>
| ^
/Users/admin/builder/spi-builder-workspace/.dependencies/checkouts/LNSystemMarqueeLabel/Sources/LNSystemMarqueeLabel/LNSystemMarqueeLabel.mm:342:47: error: 'UILabel' is unavailable: not available on watchOS
342 | Method m = LNSwizzleClassGetInstanceMethod(UILabel.class, startMarqueeIfNecessarySEL);
| ^
In file included from /Users/admin/builder/spi-builder-workspace/.dependencies/checkouts/LNSystemMarqueeLabel/Sources/LNSystemMarqueeLabel/LNSystemMarqueeLabel.mm:9:
In file included from /Users/admin/builder/spi-builder-workspace/.dependencies/checkouts/LNSystemMarqueeLabel/Sources/LNSystemMarqueeLabel/LNSystemMarqueeLabel.h:9:
In file included from /Applications/Xcode-27.0.0.app/Contents/Developer/Platforms/WatchOS.platform/Developer/SDKs/WatchOS27.0.sdk/System/Library/Frameworks/UIKit.framework/Headers/UIKit.h:13:
In file included from /Applications/Xcode-27.0.0.app/Contents/Developer/Platforms/WatchOS.platform/Developer/SDKs/WatchOS27.0.sdk/System/Library/Frameworks/UIKit.framework/Headers/UIKitCore.h:110:
/Applications/Xcode-27.0.0.app/Contents/Developer/Platforms/WatchOS.platform/Developer/SDKs/WatchOS27.0.sdk/System/Library/Frameworks/UIKit.framework/Headers/UILabel.h:33:12: note: 'UILabel' has been explicitly marked unavailable here
33 | @interface UILabel : UIView <NSCoding, UIContentSizeCategoryAdjusting, UILetterformAwareAdjusting>
| ^
/Users/admin/builder/spi-builder-workspace/.dependencies/checkouts/LNSystemMarqueeLabel/Sources/LNSystemMarqueeLabel/LNSystemMarqueeLabel.mm:344:32: error: 'UILabel' is unavailable: not available on watchOS
344 | startMarqueeIfNecessary = ^(UILabel* self)
| ^
In file included from /Users/admin/builder/spi-builder-workspace/.dependencies/checkouts/LNSystemMarqueeLabel/Sources/LNSystemMarqueeLabel/LNSystemMarqueeLabel.mm:9:
In file included from /Users/admin/builder/spi-builder-workspace/.dependencies/checkouts/LNSystemMarqueeLabel/Sources/LNSystemMarqueeLabel/LNSystemMarqueeLabel.h:9:
In file included from /Applications/Xcode-27.0.0.app/Contents/Developer/Platforms/WatchOS.platform/Developer/SDKs/WatchOS27.0.sdk/System/Library/Frameworks/UIKit.framework/Headers/UIKit.h:13:
In file included from /Applications/Xcode-27.0.0.app/Contents/Developer/Platforms/WatchOS.platform/Developer/SDKs/WatchOS27.0.sdk/System/Library/Frameworks/UIKit.framework/Headers/UIKitCore.h:110:
/Applications/Xcode-27.0.0.app/Contents/Developer/Platforms/WatchOS.platform/Developer/SDKs/WatchOS27.0.sdk/System/Library/Frameworks/UIKit.framework/Headers/UILabel.h:33:12: note: 'UILabel' has been explicitly marked unavailable here
33 | @interface UILabel : UIView <NSCoding, UIContentSizeCategoryAdjusting, UILetterformAwareAdjusting>
| ^
/Users/admin/builder/spi-builder-workspace/.dependencies/checkouts/LNSystemMarqueeLabel/Sources/LNSystemMarqueeLabel/LNSystemMarqueeLabel.mm:381:54: error: 'CACurrentMediaTime' is unavailable: not available on watchOS
381 | CFTimeInterval pausedTime = [self.layer convertTime:CACurrentMediaTime() fromLayer:nil];
| ^
In file included from /Users/admin/builder/spi-builder-workspace/.dependencies/checkouts/LNSystemMarqueeLabel/Sources/LNSystemMarqueeLabel/LNSystemMarqueeLabel.mm:9:
In file included from /Users/admin/builder/spi-builder-workspace/.dependencies/checkouts/LNSystemMarqueeLabel/Sources/LNSystemMarqueeLabel/LNSystemMarqueeLabel.h:9:
In file included from /Applications/Xcode-27.0.0.app/Contents/Developer/Platforms/WatchOS.platform/Developer/SDKs/WatchOS27.0.sdk/System/Library/Frameworks/UIKit.framework/Headers/UIKit.h:13:
In file included from /Applications/Xcode-27.0.0.app/Contents/Developer/Platforms/WatchOS.platform/Developer/SDKs/WatchOS27.0.sdk/System/Library/Frameworks/UIKit.framework/Headers/UIKitCore.h:29:
In file included from /Applications/Xcode-27.0.0.app/Contents/Developer/Platforms/WatchOS.platform/Developer/SDKs/WatchOS27.0.sdk/System/Library/Frameworks/UIKit.framework/Headers/UIAccessibility.h:15:
In file included from /Applications/Xcode-27.0.0.app/Contents/Developer/Platforms/WatchOS.platform/Developer/SDKs/WatchOS27.0.sdk/System/Library/Frameworks/UIKit.framework/Headers/UIAccessibilityAdditions.h:11:
In file included from /Applications/Xcode-27.0.0.app/Contents/Developer/Platforms/WatchOS.platform/Developer/SDKs/WatchOS27.0.sdk/System/Library/Frameworks/UIKit.framework/Headers/UIPickerView.h:11:
In file included from /Applications/Xcode-27.0.0.app/Contents/Developer/Platforms/WatchOS.platform/Developer/SDKs/WatchOS27.0.sdk/System/Library/Frameworks/UIKit.framework/Headers/UIView.h:10:
In file included from /Applications/Xcode-27.0.0.app/Contents/Developer/Platforms/WatchOS.platform/Developer/SDKs/WatchOS27.0.sdk/System/Library/Frameworks/QuartzCore.framework/Headers/QuartzCore.h:17:
In file included from /Applications/Xcode-27.0.0.app/Contents/Developer/Platforms/WatchOS.platform/Developer/SDKs/WatchOS27.0.sdk/System/Library/Frameworks/QuartzCore.framework/Headers/CoreAnimation.h:9:
/Applications/Xcode-27.0.0.app/Contents/Developer/Platforms/WatchOS.platform/Developer/SDKs/WatchOS27.0.sdk/System/Library/Frameworks/QuartzCore.framework/Headers/CABase.h:127:26: note: 'CACurrentMediaTime' has been explicitly marked unavailable here
127 | CA_EXTERN CFTimeInterval CACurrentMediaTime (void)
| ^
/Users/admin/builder/spi-builder-workspace/.dependencies/checkouts/LNSystemMarqueeLabel/Sources/LNSystemMarqueeLabel/LNSystemMarqueeLabel.mm:394:59: error: 'CACurrentMediaTime' is unavailable: not available on watchOS
394 | CFTimeInterval timeSincePause = [self.layer convertTime:CACurrentMediaTime() fromLayer:nil] - pausedTime;
| ^
In file included from /Users/admin/builder/spi-builder-workspace/.dependencies/checkouts/LNSystemMarqueeLabel/Sources/LNSystemMarqueeLabel/LNSystemMarqueeLabel.mm:9:
In file included from /Users/admin/builder/spi-builder-workspace/.dependencies/checkouts/LNSystemMarqueeLabel/Sources/LNSystemMarqueeLabel/LNSystemMarqueeLabel.h:9:
In file included from /Applications/Xcode-27.0.0.app/Contents/Developer/Platforms/WatchOS.platform/Developer/SDKs/WatchOS27.0.sdk/System/Library/Frameworks/UIKit.framework/Headers/UIKit.h:13:
In file included from /Applications/Xcode-27.0.0.app/Contents/Developer/Platforms/WatchOS.platform/Developer/SDKs/WatchOS27.0.sdk/System/Library/Frameworks/UIKit.framework/Headers/UIKitCore.h:29:
In file included from /Applications/Xcode-27.0.0.app/Contents/Developer/Platforms/WatchOS.platform/Developer/SDKs/WatchOS27.0.sdk/System/Library/Frameworks/UIKit.framework/Headers/UIAccessibility.h:15:
In file included from /Applications/Xcode-27.0.0.app/Contents/Developer/Platforms/WatchOS.platform/Developer/SDKs/WatchOS27.0.sdk/System/Library/Frameworks/UIKit.framework/Headers/UIAccessibilityAdditions.h:11:
In file included from /Applications/Xcode-27.0.0.app/Contents/Developer/Platforms/WatchOS.platform/Developer/SDKs/WatchOS27.0.sdk/System/Library/Frameworks/UIKit.framework/Headers/UIPickerView.h:11:
In file included from /Applications/Xcode-27.0.0.app/Contents/Developer/Platforms/WatchOS.platform/Developer/SDKs/WatchOS27.0.sdk/System/Library/Frameworks/UIKit.framework/Headers/UIView.h:10:
In file included from /Applications/Xcode-27.0.0.app/Contents/Developer/Platforms/WatchOS.platform/Developer/SDKs/WatchOS27.0.sdk/System/Library/Frameworks/QuartzCore.framework/Headers/QuartzCore.h:17:
In file included from /Applications/Xcode-27.0.0.app/Contents/Developer/Platforms/WatchOS.platform/Developer/SDKs/WatchOS27.0.sdk/System/Library/Frameworks/QuartzCore.framework/Headers/CoreAnimation.h:9:
/Applications/Xcode-27.0.0.app/Contents/Developer/Platforms/WatchOS.platform/Developer/SDKs/WatchOS27.0.sdk/System/Library/Frameworks/QuartzCore.framework/Headers/CABase.h:127:26: note: 'CACurrentMediaTime' has been explicitly marked unavailable here
127 | CA_EXTERN CFTimeInterval CACurrentMediaTime (void)
| ^
11 errors generated.
CompileC /Users/admin/builder/spi-builder-workspace/.derivedData/Build/Intermediates.noindex/LNSystemMarqueeLabel.build/Debug-watchos/LNSystemMarqueeLabel-t.build/Objects-normal/arm64/LNSystemMarqueeLabel.o /Users/admin/builder/spi-builder-workspace/.dependencies/checkouts/LNSystemMarqueeLabel/Sources/LNSystemMarqueeLabel/LNSystemMarqueeLabel.mm normal arm64 objective-c++ com.apple.compilers.llvm.clang.1_0.compiler (in target 'LNSystemMarqueeLabel' from project 'LNSystemMarqueeLabel')
cd /Users/admin/builder/spi-builder-workspace/.swiftpm/xcode
Using response file: /Users/admin/builder/spi-builder-workspace/.derivedData/Build/Intermediates.noindex/LNSystemMarqueeLabel.build/Debug-watchos/LNSystemMarqueeLabel-t.build/Objects-normal/arm64/af3fcb34312c57c0f52879cdce924b91-common-args.resp
/Applications/Xcode-27.0.0.app/Contents/Developer/Toolchains/XcodeDefault.xctoolchain/usr/bin/clang -x objective-c++ -ivfsstatcache /Users/admin/builder/spi-builder-workspace/.derivedData/SDKStatCaches.noindex/watchos27.0-24R360-e829b21a6f8c9b70876ba0858053c044b9db9bc9c079ee3c7b5f3373b13d10bc.sdkstatcache -target arm64-apple-watchos9.0 -fmessage-length\=0 -fdiagnostics-show-note-include-stack -fmacro-backtrace-limit\=0 -fno-color-diagnostics -fmodules-prune-interval\=86400 -fmodules-prune-after\=345600 -fbuild-session-file\=/Users/admin/builder/spi-builder-workspace/.derivedData/ModuleCache.noindex/Session.modulevalidation -fmodules-validate-once-per-build-session -Wnon-modular-include-in-framework-module -Werror\=non-modular-include-in-framework-module -Wno-trigraphs -Wno-missing-field-initializers -Wno-missing-prototypes -Wno-return-type -Wno-implicit-atomic-properties -Wno-objc-interface-ivars -Wno-arc-repeated-use-of-weak -Wno-non-virtual-dtor -Wno-overloaded-virtual -Wno-exit-time-destructors -Wno-missing-braces -Wparentheses -Wswitch -Wno-unused-function -Wno-unused-label -Wno-unused-parameter -Wno-unused-variable -Wunused-value -Wno-empty-body -Wno-uninitialized -Wno-unknown-pragmas -w -Wno-shadow -Wno-four-char-constants -Wno-conversion -Wno-constant-conversion -Wno-int-conversion -Wno-bool-conversion -Wno-enum-conversion -Wno-float-conversion -Wno-non-literal-null-conversion -Wno-objc-literal-conversion -Wshorten-64-to-32 -Wno-newline-eof -Wno-selector -Wno-strict-selector-match -Wno-undeclared-selector -Wno-deprecated-implementations -Wno-c++11-extensions -Wno-implicit-fallthrough -isysroot /Applications/Xcode-27.0.0.app/Contents/Developer/Platforms/WatchOS.platform/Developer/SDKs/WatchOS27.0.sdk -fstrict-aliasing -Wprotocol -Wdeprecated-declarations -Winvalid-offsetof -Wno-sign-conversion -Wno-infinite-recursion -Wno-move -Wno-comma -Wno-block-capture-autoreleasing -Wno-strict-prototypes -Wno-range-loop-analysis -Wno-semicolon-before-method-body -index-store-path /Users/admin/builder/spi-builder-workspace/.derivedData/Index.noindex/DataStore @/Users/admin/builder/spi-builder-workspace/.derivedData/Build/Intermediates.noindex/LNSystemMarqueeLabel.build/Debug-watchos/LNSystemMarqueeLabel-t.build/Objects-normal/arm64/af3fcb34312c57c0f52879cdce924b91-common-args.resp -MMD -MT dependencies -MF /Users/admin/builder/spi-builder-workspace/.derivedData/Build/Intermediates.noindex/LNSystemMarqueeLabel.build/Debug-watchos/LNSystemMarqueeLabel-t.build/Objects-normal/arm64/LNSystemMarqueeLabel.d --serialize-diagnostics /Users/admin/builder/spi-builder-workspace/.derivedData/Build/Intermediates.noindex/LNSystemMarqueeLabel.build/Debug-watchos/LNSystemMarqueeLabel-t.build/Objects-normal/arm64/LNSystemMarqueeLabel.dia -c /Users/admin/builder/spi-builder-workspace/.dependencies/checkouts/LNSystemMarqueeLabel/Sources/LNSystemMarqueeLabel/LNSystemMarqueeLabel.mm -o /Users/admin/builder/spi-builder-workspace/.derivedData/Build/Intermediates.noindex/LNSystemMarqueeLabel.build/Debug-watchos/LNSystemMarqueeLabel-t.build/Objects-normal/arm64/LNSystemMarqueeLabel.o -index-unit-output-path /LNSystemMarqueeLabel.build/Debug-watchos/LNSystemMarqueeLabel-t.build/Objects-normal/arm64/LNSystemMarqueeLabel.o
In file included from /Users/admin/builder/spi-builder-workspace/.dependencies/checkouts/LNSystemMarqueeLabel/Sources/LNSystemMarqueeLabel/LNSystemMarqueeLabel.mm:9:
/Users/admin/builder/spi-builder-workspace/.dependencies/checkouts/LNSystemMarqueeLabel/Sources/LNSystemMarqueeLabel/LNSystemMarqueeLabel.h:13:35: error: 'UILabel' is unavailable: not available on watchOS
13 | @interface LNSystemMarqueeLabel : UILabel
| ^
In file included from /Users/admin/builder/spi-builder-workspace/.dependencies/checkouts/LNSystemMarqueeLabel/Sources/LNSystemMarqueeLabel/LNSystemMarqueeLabel.mm:9:
In file included from /Users/admin/builder/spi-builder-workspace/.dependencies/checkouts/LNSystemMarqueeLabel/Sources/LNSystemMarqueeLabel/LNSystemMarqueeLabel.h:9:
In file included from /Applications/Xcode-27.0.0.app/Contents/Developer/Platforms/WatchOS.platform/Developer/SDKs/WatchOS27.0.sdk/System/Library/Frameworks/UIKit.framework/Headers/UIKit.h:13:
In file included from /Applications/Xcode-27.0.0.app/Contents/Developer/Platforms/WatchOS.platform/Developer/SDKs/WatchOS27.0.sdk/System/Library/Frameworks/UIKit.framework/Headers/UIKitCore.h:110:
/Applications/Xcode-27.0.0.app/Contents/Developer/Platforms/WatchOS.platform/Developer/SDKs/WatchOS27.0.sdk/System/Library/Frameworks/UIKit.framework/Headers/UILabel.h:33:12: note: 'UILabel' has been explicitly marked unavailable here
33 | @interface UILabel : UIView <NSCoding, UIContentSizeCategoryAdjusting, UILetterformAwareAdjusting>
| ^
/Users/admin/builder/spi-builder-workspace/.dependencies/checkouts/LNSystemMarqueeLabel/Sources/LNSystemMarqueeLabel/LNSystemMarqueeLabel.mm:133:25: error: 'CAAnimation' is unavailable: not available on watchOS
133 | void (*orig)(id, SEL, CAAnimation*) = reinterpret_cast<decltype(orig)>(method_getImplementation(m));
| ^
In file included from /Users/admin/builder/spi-builder-workspace/.dependencies/checkouts/LNSystemMarqueeLabel/Sources/LNSystemMarqueeLabel/LNSystemMarqueeLabel.mm:9:
In file included from /Users/admin/builder/spi-builder-workspace/.dependencies/checkouts/LNSystemMarqueeLabel/Sources/LNSystemMarqueeLabel/LNSystemMarqueeLabel.h:9:
In file included from /Applications/Xcode-27.0.0.app/Contents/Developer/Platforms/WatchOS.platform/Developer/SDKs/WatchOS27.0.sdk/System/Library/Frameworks/UIKit.framework/Headers/UIKit.h:13:
In file included from /Applications/Xcode-27.0.0.app/Contents/Developer/Platforms/WatchOS.platform/Developer/SDKs/WatchOS27.0.sdk/System/Library/Frameworks/UIKit.framework/Headers/UIKitCore.h:29:
In file included from /Applications/Xcode-27.0.0.app/Contents/Developer/Platforms/WatchOS.platform/Developer/SDKs/WatchOS27.0.sdk/System/Library/Frameworks/UIKit.framework/Headers/UIAccessibility.h:15:
In file included from /Applications/Xcode-27.0.0.app/Contents/Developer/Platforms/WatchOS.platform/Developer/SDKs/WatchOS27.0.sdk/System/Library/Frameworks/UIKit.framework/Headers/UIAccessibilityAdditions.h:11:
In file included from /Applications/Xcode-27.0.0.app/Contents/Developer/Platforms/WatchOS.platform/Developer/SDKs/WatchOS27.0.sdk/System/Library/Frameworks/UIKit.framework/Headers/UIPickerView.h:11:
In file included from /Applications/Xcode-27.0.0.app/Contents/Developer/Platforms/WatchOS.platform/Developer/SDKs/WatchOS27.0.sdk/System/Library/Frameworks/UIKit.framework/Headers/UIView.h:10:
In file included from /Applications/Xcode-27.0.0.app/Contents/Developer/Platforms/WatchOS.platform/Developer/SDKs/WatchOS27.0.sdk/System/Library/Frameworks/QuartzCore.framework/Headers/QuartzCore.h:17:
In file included from /Applications/Xcode-27.0.0.app/Contents/Developer/Platforms/WatchOS.platform/Developer/SDKs/WatchOS27.0.sdk/System/Library/Frameworks/QuartzCore.framework/Headers/CoreAnimation.h:16:
/Applications/Xcode-27.0.0.app/Contents/Developer/Platforms/WatchOS.platform/Developer/SDKs/WatchOS27.0.sdk/System/Library/Frameworks/QuartzCore.framework/Headers/CAAnimation.h:25:12: note: 'CAAnimation' has been explicitly marked unavailable here
25 | @interface CAAnimation : NSObject
| ^
/Users/admin/builder/spi-builder-workspace/.dependencies/checkouts/LNSystemMarqueeLabel/Sources/LNSystemMarqueeLabel/LNSystemMarqueeLabel.mm:134:78: error: 'CAAnimation' is unavailable: not available on watchOS
134 | method_setImplementation(m, imp_implementationWithBlock(^(NSObject* _self, CAAnimation* animation) {
| ^
In file included from /Users/admin/builder/spi-builder-workspace/.dependencies/checkouts/LNSystemMarqueeLabel/Sources/LNSystemMarqueeLabel/LNSystemMarqueeLabel.mm:9:
In file included from /Users/admin/builder/spi-builder-workspace/.dependencies/checkouts/LNSystemMarqueeLabel/Sources/LNSystemMarqueeLabel/LNSystemMarqueeLabel.h:9:
In file included from /Applications/Xcode-27.0.0.app/Contents/Developer/Platforms/WatchOS.platform/Developer/SDKs/WatchOS27.0.sdk/System/Library/Frameworks/UIKit.framework/Headers/UIKit.h:13:
In file included from /Applications/Xcode-27.0.0.app/Contents/Developer/Platforms/WatchOS.platform/Developer/SDKs/WatchOS27.0.sdk/System/Library/Frameworks/UIKit.framework/Headers/UIKitCore.h:29:
In file included from /Applications/Xcode-27.0.0.app/Contents/Developer/Platforms/WatchOS.platform/Developer/SDKs/WatchOS27.0.sdk/System/Library/Frameworks/UIKit.framework/Headers/UIAccessibility.h:15:
In file included from /Applications/Xcode-27.0.0.app/Contents/Developer/Platforms/WatchOS.platform/Developer/SDKs/WatchOS27.0.sdk/System/Library/Frameworks/UIKit.framework/Headers/UIAccessibilityAdditions.h:11:
In file included from /Applications/Xcode-27.0.0.app/Contents/Developer/Platforms/WatchOS.platform/Developer/SDKs/WatchOS27.0.sdk/System/Library/Frameworks/UIKit.framework/Headers/UIPickerView.h:11:
In file included from /Applications/Xcode-27.0.0.app/Contents/Developer/Platforms/WatchOS.platform/Developer/SDKs/WatchOS27.0.sdk/System/Library/Frameworks/UIKit.framework/Headers/UIView.h:10:
In file included from /Applications/Xcode-27.0.0.app/Contents/Developer/Platforms/WatchOS.platform/Developer/SDKs/WatchOS27.0.sdk/System/Library/Frameworks/QuartzCore.framework/Headers/QuartzCore.h:17:
In file included from /Applications/Xcode-27.0.0.app/Contents/Developer/Platforms/WatchOS.platform/Developer/SDKs/WatchOS27.0.sdk/System/Library/Frameworks/QuartzCore.framework/Headers/CoreAnimation.h:16:
/Applications/Xcode-27.0.0.app/Contents/Developer/Platforms/WatchOS.platform/Developer/SDKs/WatchOS27.0.sdk/System/Library/Frameworks/QuartzCore.framework/Headers/CAAnimation.h:25:12: note: 'CAAnimation' has been explicitly marked unavailable here
25 | @interface CAAnimation : NSObject
| ^
/Users/admin/builder/spi-builder-workspace/.dependencies/checkouts/LNSystemMarqueeLabel/Sources/LNSystemMarqueeLabel/LNSystemMarqueeLabel.mm:162:26: error: 'CAAnimation' is unavailable: not available on watchOS
162 | void (*orig2)(id, SEL, CAAnimation*, BOOL) = reinterpret_cast<decltype(orig2)>(method_getImplementation(m));
| ^
In file included from /Users/admin/builder/spi-builder-workspace/.dependencies/checkouts/LNSystemMarqueeLabel/Sources/LNSystemMarqueeLabel/LNSystemMarqueeLabel.mm:9:
In file included from /Users/admin/builder/spi-builder-workspace/.dependencies/checkouts/LNSystemMarqueeLabel/Sources/LNSystemMarqueeLabel/LNSystemMarqueeLabel.h:9:
In file included from /Applications/Xcode-27.0.0.app/Contents/Developer/Platforms/WatchOS.platform/Developer/SDKs/WatchOS27.0.sdk/System/Library/Frameworks/UIKit.framework/Headers/UIKit.h:13:
In file included from /Applications/Xcode-27.0.0.app/Contents/Developer/Platforms/WatchOS.platform/Developer/SDKs/WatchOS27.0.sdk/System/Library/Frameworks/UIKit.framework/Headers/UIKitCore.h:29:
In file included from /Applications/Xcode-27.0.0.app/Contents/Developer/Platforms/WatchOS.platform/Developer/SDKs/WatchOS27.0.sdk/System/Library/Frameworks/UIKit.framework/Headers/UIAccessibility.h:15:
In file included from /Applications/Xcode-27.0.0.app/Contents/Developer/Platforms/WatchOS.platform/Developer/SDKs/WatchOS27.0.sdk/System/Library/Frameworks/UIKit.framework/Headers/UIAccessibilityAdditions.h:11:
In file included from /Applications/Xcode-27.0.0.app/Contents/Developer/Platforms/WatchOS.platform/Developer/SDKs/WatchOS27.0.sdk/System/Library/Frameworks/UIKit.framework/Headers/UIPickerView.h:11:
In file included from /Applications/Xcode-27.0.0.app/Contents/Developer/Platforms/WatchOS.platform/Developer/SDKs/WatchOS27.0.sdk/System/Library/Frameworks/UIKit.framework/Headers/UIView.h:10:
In file included from /Applications/Xcode-27.0.0.app/Contents/Developer/Platforms/WatchOS.platform/Developer/SDKs/WatchOS27.0.sdk/System/Library/Frameworks/QuartzCore.framework/Headers/QuartzCore.h:17:
In file included from /Applications/Xcode-27.0.0.app/Contents/Developer/Platforms/WatchOS.platform/Developer/SDKs/WatchOS27.0.sdk/System/Library/Frameworks/QuartzCore.framework/Headers/CoreAnimation.h:16:
/Applications/Xcode-27.0.0.app/Contents/Developer/Platforms/WatchOS.platform/Developer/SDKs/WatchOS27.0.sdk/System/Library/Frameworks/QuartzCore.framework/Headers/CAAnimation.h:25:12: note: 'CAAnimation' has been explicitly marked unavailable here
25 | @interface CAAnimation : NSObject
| ^
/Users/admin/builder/spi-builder-workspace/.dependencies/checkouts/LNSystemMarqueeLabel/Sources/LNSystemMarqueeLabel/LNSystemMarqueeLabel.mm:163:78: error: 'CAAnimation' is unavailable: not available on watchOS
163 | method_setImplementation(m, imp_implementationWithBlock(^(NSObject* _self, CAAnimation* animation, BOOL finished) {
| ^
In file included from /Users/admin/builder/spi-builder-workspace/.dependencies/checkouts/LNSystemMarqueeLabel/Sources/LNSystemMarqueeLabel/LNSystemMarqueeLabel.mm:9:
In file included from /Users/admin/builder/spi-builder-workspace/.dependencies/checkouts/LNSystemMarqueeLabel/Sources/LNSystemMarqueeLabel/LNSystemMarqueeLabel.h:9:
In file included from /Applications/Xcode-27.0.0.app/Contents/Developer/Platforms/WatchOS.platform/Developer/SDKs/WatchOS27.0.sdk/System/Library/Frameworks/UIKit.framework/Headers/UIKit.h:13:
In file included from /Applications/Xcode-27.0.0.app/Contents/Developer/Platforms/WatchOS.platform/Developer/SDKs/WatchOS27.0.sdk/System/Library/Frameworks/UIKit.framework/Headers/UIKitCore.h:29:
In file included from /Applications/Xcode-27.0.0.app/Contents/Developer/Platforms/WatchOS.platform/Developer/SDKs/WatchOS27.0.sdk/System/Library/Frameworks/UIKit.framework/Headers/UIAccessibility.h:15:
In file included from /Applications/Xcode-27.0.0.app/Contents/Developer/Platforms/WatchOS.platform/Developer/SDKs/WatchOS27.0.sdk/System/Library/Frameworks/UIKit.framework/Headers/UIAccessibilityAdditions.h:11:
In file included from /Applications/Xcode-27.0.0.app/Contents/Developer/Platforms/WatchOS.platform/Developer/SDKs/WatchOS27.0.sdk/System/Library/Frameworks/UIKit.framework/Headers/UIPickerView.h:11:
In file included from /Applications/Xcode-27.0.0.app/Contents/Developer/Platforms/WatchOS.platform/Developer/SDKs/WatchOS27.0.sdk/System/Library/Frameworks/UIKit.framework/Headers/UIView.h:10:
In file included from /Applications/Xcode-27.0.0.app/Contents/Developer/Platforms/WatchOS.platform/Developer/SDKs/WatchOS27.0.sdk/System/Library/Frameworks/QuartzCore.framework/Headers/QuartzCore.h:17:
In file included from /Applications/Xcode-27.0.0.app/Contents/Developer/Platforms/WatchOS.platform/Developer/SDKs/WatchOS27.0.sdk/System/Library/Frameworks/QuartzCore.framework/Headers/CoreAnimation.h:16:
/Applications/Xcode-27.0.0.app/Contents/Developer/Platforms/WatchOS.platform/Developer/SDKs/WatchOS27.0.sdk/System/Library/Frameworks/QuartzCore.framework/Headers/CAAnimation.h:25:12: note: 'CAAnimation' has been explicitly marked unavailable here
25 | @interface CAAnimation : NSObject
| ^
/Users/admin/builder/spi-builder-workspace/.dependencies/checkouts/LNSystemMarqueeLabel/Sources/LNSystemMarqueeLabel/LNSystemMarqueeLabel.mm:313:41: error: 'UILabel' is unavailable: not available on watchOS
313 | static void (^startMarqueeIfNecessary)(UILabel*);
| ^
In file included from /Users/admin/builder/spi-builder-workspace/.dependencies/checkouts/LNSystemMarqueeLabel/Sources/LNSystemMarqueeLabel/LNSystemMarqueeLabel.mm:9:
In file included from /Users/admin/builder/spi-builder-workspace/.dependencies/checkouts/LNSystemMarqueeLabel/Sources/LNSystemMarqueeLabel/LNSystemMarqueeLabel.h:9:
In file included from /Applications/Xcode-27.0.0.app/Contents/Developer/Platforms/WatchOS.platform/Developer/SDKs/WatchOS27.0.sdk/System/Library/Frameworks/UIKit.framework/Headers/UIKit.h:13:
In file included from /Applications/Xcode-27.0.0.app/Contents/Developer/Platforms/WatchOS.platform/Developer/SDKs/WatchOS27.0.sdk/System/Library/Frameworks/UIKit.framework/Headers/UIKitCore.h:110:
/Applications/Xcode-27.0.0.app/Contents/Developer/Platforms/WatchOS.platform/Developer/SDKs/WatchOS27.0.sdk/System/Library/Frameworks/UIKit.framework/Headers/UILabel.h:33:12: note: 'UILabel' has been explicitly marked unavailable here
33 | @interface UILabel : UIView <NSCoding, UIContentSizeCategoryAdjusting, UILetterformAwareAdjusting>
| ^
/Users/admin/builder/spi-builder-workspace/.dependencies/checkouts/LNSystemMarqueeLabel/Sources/LNSystemMarqueeLabel/LNSystemMarqueeLabel.mm:328:32: error: 'UILabel' is unavailable: not available on watchOS
328 | startMarqueeIfNecessary = ^(UILabel* self)
| ^
In file included from /Users/admin/builder/spi-builder-workspace/.dependencies/checkouts/LNSystemMarqueeLabel/Sources/LNSystemMarqueeLabel/LNSystemMarqueeLabel.mm:9:
In file included from /Users/admin/builder/spi-builder-workspace/.dependencies/checkouts/LNSystemMarqueeLabel/Sources/LNSystemMarqueeLabel/LNSystemMarqueeLabel.h:9:
In file included from /Applications/Xcode-27.0.0.app/Contents/Developer/Platforms/WatchOS.platform/Developer/SDKs/WatchOS27.0.sdk/System/Library/Frameworks/UIKit.framework/Headers/UIKit.h:13:
In file included from /Applications/Xcode-27.0.0.app/Contents/Developer/Platforms/WatchOS.platform/Developer/SDKs/WatchOS27.0.sdk/System/Library/Frameworks/UIKit.framework/Headers/UIKitCore.h:110:
/Applications/Xcode-27.0.0.app/Contents/Developer/Platforms/WatchOS.platform/Developer/SDKs/WatchOS27.0.sdk/System/Library/Frameworks/UIKit.framework/Headers/UILabel.h:33:12: note: 'UILabel' has been explicitly marked unavailable here
33 | @interface UILabel : UIView <NSCoding, UIContentSizeCategoryAdjusting, UILetterformAwareAdjusting>
| ^
/Users/admin/builder/spi-builder-workspace/.dependencies/checkouts/LNSystemMarqueeLabel/Sources/LNSystemMarqueeLabel/LNSystemMarqueeLabel.mm:342:47: error: 'UILabel' is unavailable: not available on watchOS
342 | Method m = LNSwizzleClassGetInstanceMethod(UILabel.class, startMarqueeIfNecessarySEL);
| ^
In file included from /Users/admin/builder/spi-builder-workspace/.dependencies/checkouts/LNSystemMarqueeLabel/Sources/LNSystemMarqueeLabel/LNSystemMarqueeLabel.mm:9:
In file included from /Users/admin/builder/spi-builder-workspace/.dependencies/checkouts/LNSystemMarqueeLabel/Sources/LNSystemMarqueeLabel/LNSystemMarqueeLabel.h:9:
In file included from /Applications/Xcode-27.0.0.app/Contents/Developer/Platforms/WatchOS.platform/Developer/SDKs/WatchOS27.0.sdk/System/Library/Frameworks/UIKit.framework/Headers/UIKit.h:13:
In file included from /Applications/Xcode-27.0.0.app/Contents/Developer/Platforms/WatchOS.platform/Developer/SDKs/WatchOS27.0.sdk/System/Library/Frameworks/UIKit.framework/Headers/UIKitCore.h:110:
/Applications/Xcode-27.0.0.app/Contents/Developer/Platforms/WatchOS.platform/Developer/SDKs/WatchOS27.0.sdk/System/Library/Frameworks/UIKit.framework/Headers/UILabel.h:33:12: note: 'UILabel' has been explicitly marked unavailable here
33 | @interface UILabel : UIView <NSCoding, UIContentSizeCategoryAdjusting, UILetterformAwareAdjusting>
| ^
/Users/admin/builder/spi-builder-workspace/.dependencies/checkouts/LNSystemMarqueeLabel/Sources/LNSystemMarqueeLabel/LNSystemMarqueeLabel.mm:344:32: error: 'UILabel' is unavailable: not available on watchOS
344 | startMarqueeIfNecessary = ^(UILabel* self)
| ^
In file included from /Users/admin/builder/spi-builder-workspace/.dependencies/checkouts/LNSystemMarqueeLabel/Sources/LNSystemMarqueeLabel/LNSystemMarqueeLabel.mm:9:
In file included from /Users/admin/builder/spi-builder-workspace/.dependencies/checkouts/LNSystemMarqueeLabel/Sources/LNSystemMarqueeLabel/LNSystemMarqueeLabel.h:9:
In file included from /Applications/Xcode-27.0.0.app/Contents/Developer/Platforms/WatchOS.platform/Developer/SDKs/WatchOS27.0.sdk/System/Library/Frameworks/UIKit.framework/Headers/UIKit.h:13:
In file included from /Applications/Xcode-27.0.0.app/Contents/Developer/Platforms/WatchOS.platform/Developer/SDKs/WatchOS27.0.sdk/System/Library/Frameworks/UIKit.framework/Headers/UIKitCore.h:110:
/Applications/Xcode-27.0.0.app/Contents/Developer/Platforms/WatchOS.platform/Developer/SDKs/WatchOS27.0.sdk/System/Library/Frameworks/UIKit.framework/Headers/UILabel.h:33:12: note: 'UILabel' has been explicitly marked unavailable here
33 | @interface UILabel : UIView <NSCoding, UIContentSizeCategoryAdjusting, UILetterformAwareAdjusting>
| ^
/Users/admin/builder/spi-builder-workspace/.dependencies/checkouts/LNSystemMarqueeLabel/Sources/LNSystemMarqueeLabel/LNSystemMarqueeLabel.mm:381:54: error: 'CACurrentMediaTime' is unavailable: not available on watchOS
381 | CFTimeInterval pausedTime = [self.layer convertTime:CACurrentMediaTime() fromLayer:nil];
| ^
In file included from /Users/admin/builder/spi-builder-workspace/.dependencies/checkouts/LNSystemMarqueeLabel/Sources/LNSystemMarqueeLabel/LNSystemMarqueeLabel.mm:9:
In file included from /Users/admin/builder/spi-builder-workspace/.dependencies/checkouts/LNSystemMarqueeLabel/Sources/LNSystemMarqueeLabel/LNSystemMarqueeLabel.h:9:
In file included from /Applications/Xcode-27.0.0.app/Contents/Developer/Platforms/WatchOS.platform/Developer/SDKs/WatchOS27.0.sdk/System/Library/Frameworks/UIKit.framework/Headers/UIKit.h:13:
In file included from /Applications/Xcode-27.0.0.app/Contents/Developer/Platforms/WatchOS.platform/Developer/SDKs/WatchOS27.0.sdk/System/Library/Frameworks/UIKit.framework/Headers/UIKitCore.h:29:
In file included from /Applications/Xcode-27.0.0.app/Contents/Developer/Platforms/WatchOS.platform/Developer/SDKs/WatchOS27.0.sdk/System/Library/Frameworks/UIKit.framework/Headers/UIAccessibility.h:15:
In file included from /Applications/Xcode-27.0.0.app/Contents/Developer/Platforms/WatchOS.platform/Developer/SDKs/WatchOS27.0.sdk/System/Library/Frameworks/UIKit.framework/Headers/UIAccessibilityAdditions.h:11:
In file included from /Applications/Xcode-27.0.0.app/Contents/Developer/Platforms/WatchOS.platform/Developer/SDKs/WatchOS27.0.sdk/System/Library/Frameworks/UIKit.framework/Headers/UIPickerView.h:11:
In file included from /Applications/Xcode-27.0.0.app/Contents/Developer/Platforms/WatchOS.platform/Developer/SDKs/WatchOS27.0.sdk/System/Library/Frameworks/UIKit.framework/Headers/UIView.h:10:
In file included from /Applications/Xcode-27.0.0.app/Contents/Developer/Platforms/WatchOS.platform/Developer/SDKs/WatchOS27.0.sdk/System/Library/Frameworks/QuartzCore.framework/Headers/QuartzCore.h:17:
In file included from /Applications/Xcode-27.0.0.app/Contents/Developer/Platforms/WatchOS.platform/Developer/SDKs/WatchOS27.0.sdk/System/Library/Frameworks/QuartzCore.framework/Headers/CoreAnimation.h:9:
/Applications/Xcode-27.0.0.app/Contents/Developer/Platforms/WatchOS.platform/Developer/SDKs/WatchOS27.0.sdk/System/Library/Frameworks/QuartzCore.framework/Headers/CABase.h:127:26: note: 'CACurrentMediaTime' has been explicitly marked unavailable here
127 | CA_EXTERN CFTimeInterval CACurrentMediaTime (void)
| ^
/Users/admin/builder/spi-builder-workspace/.dependencies/checkouts/LNSystemMarqueeLabel/Sources/LNSystemMarqueeLabel/LNSystemMarqueeLabel.mm:394:59: error: 'CACurrentMediaTime' is unavailable: not available on watchOS
394 | CFTimeInterval timeSincePause = [self.layer convertTime:CACurrentMediaTime() fromLayer:nil] - pausedTime;
| ^
In file included from /Users/admin/builder/spi-builder-workspace/.dependencies/checkouts/LNSystemMarqueeLabel/Sources/LNSystemMarqueeLabel/LNSystemMarqueeLabel.mm:9:
In file included from /Users/admin/builder/spi-builder-workspace/.dependencies/checkouts/LNSystemMarqueeLabel/Sources/LNSystemMarqueeLabel/LNSystemMarqueeLabel.h:9:
In file included from /Applications/Xcode-27.0.0.app/Contents/Developer/Platforms/WatchOS.platform/Developer/SDKs/WatchOS27.0.sdk/System/Library/Frameworks/UIKit.framework/Headers/UIKit.h:13:
In file included from /Applications/Xcode-27.0.0.app/Contents/Developer/Platforms/WatchOS.platform/Developer/SDKs/WatchOS27.0.sdk/System/Library/Frameworks/UIKit.framework/Headers/UIKitCore.h:29:
In file included from /Applications/Xcode-27.0.0.app/Contents/Developer/Platforms/WatchOS.platform/Developer/SDKs/WatchOS27.0.sdk/System/Library/Frameworks/UIKit.framework/Headers/UIAccessibility.h:15:
In file included from /Applications/Xcode-27.0.0.app/Contents/Developer/Platforms/WatchOS.platform/Developer/SDKs/WatchOS27.0.sdk/System/Library/Frameworks/UIKit.framework/Headers/UIAccessibilityAdditions.h:11:
In file included from /Applications/Xcode-27.0.0.app/Contents/Developer/Platforms/WatchOS.platform/Developer/SDKs/WatchOS27.0.sdk/System/Library/Frameworks/UIKit.framework/Headers/UIPickerView.h:11:
In file included from /Applications/Xcode-27.0.0.app/Contents/Developer/Platforms/WatchOS.platform/Developer/SDKs/WatchOS27.0.sdk/System/Library/Frameworks/UIKit.framework/Headers/UIView.h:10:
In file included from /Applications/Xcode-27.0.0.app/Contents/Developer/Platforms/WatchOS.platform/Developer/SDKs/WatchOS27.0.sdk/System/Library/Frameworks/QuartzCore.framework/Headers/QuartzCore.h:17:
In file included from /Applications/Xcode-27.0.0.app/Contents/Developer/Platforms/WatchOS.platform/Developer/SDKs/WatchOS27.0.sdk/System/Library/Frameworks/QuartzCore.framework/Headers/CoreAnimation.h:9:
/Applications/Xcode-27.0.0.app/Contents/Developer/Platforms/WatchOS.platform/Developer/SDKs/WatchOS27.0.sdk/System/Library/Frameworks/QuartzCore.framework/Headers/CABase.h:127:26: note: 'CACurrentMediaTime' has been explicitly marked unavailable here
127 | CA_EXTERN CFTimeInterval CACurrentMediaTime (void)
| ^
11 errors generated.
ScanDependencies /Users/admin/builder/spi-builder-workspace/.derivedData/Build/Intermediates.noindex/LNPopupController.build/Debug-watchos/LNPopupController-ObjC-t.build/Objects-normal/arm64_32/_LNPopupTitleLabelWrapper.o /Users/admin/builder/spi-builder-workspace/.dependencies/checkouts/LNPopupController/LNPopupController/LNPopupController/Private/Titles/_LNPopupTitleLabelWrapper.m normal arm64_32 objective-c com.apple.compilers.llvm.clang.1_0.compiler (in target 'LNPopupController-ObjC' from project 'LNPopupController')
cd /Users/admin/builder/spi-builder-workspace/.swiftpm/xcode
Using response file: /Users/admin/builder/spi-builder-workspace/.derivedData/Build/Intermediates.noindex/LNPopupController.build/Debug-watchos/LNPopupController-ObjC-t.build/Objects-normal/arm64_32/e6072d4f65d7061329687fe24e3d63a7-common-args.resp
builtin-ScanDependencies -o /Users/admin/builder/spi-builder-workspace/.derivedData/Build/Intermediates.noindex/LNPopupController.build/Debug-watchos/LNPopupController-ObjC-t.build/Objects-normal/arm64_32/_LNPopupTitleLabelWrapper.o.scan -- /Applications/Xcode-27.0.0.app/Contents/Developer/Toolchains/XcodeDefault.xctoolchain/usr/bin/clang -x objective-c -ivfsstatcache /Users/admin/builder/spi-builder-workspace/.derivedData/SDKStatCaches.noindex/watchos27.0-24R360-e829b21a6f8c9b70876ba0858053c044b9db9bc9c079ee3c7b5f3373b13d10bc.sdkstatcache -target arm64_32-apple-watchos9.0 -fmessage-length\=0 -fdiagnostics-show-note-include-stack -fmacro-backtrace-limit\=0 -fno-color-diagnostics -fmodules-prune-interval\=86400 -fmodules-prune-after\=345600 -fbuild-session-file\=/Users/admin/builder/spi-builder-workspace/.derivedData/ModuleCache.noindex/Session.modulevalidation -fmodules-validate-once-per-build-session -Wnon-modular-include-in-framework-module -Werror\=non-modular-include-in-framework-module -Wno-trigraphs -Wno-missing-field-initializers -Wno-missing-prototypes -Wno-return-type -Wno-implicit-atomic-properties -Wno-objc-interface-ivars -Wno-arc-repeated-use-of-weak -Wno-missing-braces -Wparentheses -Wswitch -Wno-unused-function -Wno-unused-label -Wno-unused-parameter -Wno-unused-variable -Wunused-value -Wno-empty-body -Wno-uninitialized -Wno-unknown-pragmas -w -Wno-shadow -Wno-four-char-constants -Wno-conversion -Wno-constant-conversion -Wno-int-conversion -Wno-bool-conversion -Wno-enum-conversion -Wno-float-conversion -Wno-non-literal-null-conversion -Wno-objc-literal-conversion -Wno-shorten-64-to-32 -Wpointer-sign -Wno-newline-eof -Wno-selector -Wno-strict-selector-match -Wno-undeclared-selector -Wno-deprecated-implementations -Wno-implicit-fallthrough -isysroot /Applications/Xcode-27.0.0.app/Contents/Developer/Platforms/WatchOS.platform/Developer/SDKs/WatchOS27.0.sdk -fstrict-aliasing -Wprotocol -Wdeprecated-declarations -Wno-sign-conversion -Wno-infinite-recursion -Wno-comma -Wno-block-capture-autoreleasing -Wno-strict-prototypes -Wno-semicolon-before-method-body -index-store-path /Users/admin/builder/spi-builder-workspace/.derivedData/Index.noindex/DataStore @/Users/admin/builder/spi-builder-workspace/.derivedData/Build/Intermediates.noindex/LNPopupController.build/Debug-watchos/LNPopupController-ObjC-t.build/Objects-normal/arm64_32/e6072d4f65d7061329687fe24e3d63a7-common-args.resp -MMD -MT dependencies -MF /Users/admin/builder/spi-builder-workspace/.derivedData/Build/Intermediates.noindex/LNPopupController.build/Debug-watchos/LNPopupController-ObjC-t.build/Objects-normal/arm64_32/_LNPopupTitleLabelWrapper.d --serialize-diagnostics /Users/admin/builder/spi-builder-workspace/.derivedData/Build/Intermediates.noindex/LNPopupController.build/Debug-watchos/LNPopupController-ObjC-t.build/Objects-normal/arm64_32/_LNPopupTitleLabelWrapper.dia -c /Users/admin/builder/spi-builder-workspace/.dependencies/checkouts/LNPopupController/LNPopupController/LNPopupController/Private/Titles/_LNPopupTitleLabelWrapper.m -o /Users/admin/builder/spi-builder-workspace/.derivedData/Build/Intermediates.noindex/LNPopupController.build/Debug-watchos/LNPopupController-ObjC-t.build/Objects-normal/arm64_32/_LNPopupTitleLabelWrapper.o -index-unit-output-path /LNPopupController.build/Debug-watchos/LNPopupController-ObjC-t.build/Objects-normal/arm64_32/_LNPopupTitleLabelWrapper.o
ScanDependencies /Users/admin/builder/spi-builder-workspace/.derivedData/Build/Intermediates.noindex/LNPopupController.build/Debug-watchos/LNPopupController-ObjC-t.build/Objects-normal/arm64_32/_LNPopupSwizzlingUtils.o /Users/admin/builder/spi-builder-workspace/.dependencies/checkouts/LNPopupController/LNPopupController/LNPopupController/Private/Utils/_LNPopupSwizzlingUtils.m normal arm64_32 objective-c com.apple.compilers.llvm.clang.1_0.compiler (in target 'LNPopupController-ObjC' from project 'LNPopupController')
cd /Users/admin/builder/spi-builder-workspace/.swiftpm/xcode
Using response file: /Users/admin/builder/spi-builder-workspace/.derivedData/Build/Intermediates.noindex/LNPopupController.build/Debug-watchos/LNPopupController-ObjC-t.build/Objects-normal/arm64_32/e6072d4f65d7061329687fe24e3d63a7-common-args.resp
builtin-ScanDependencies -o /Users/admin/builder/spi-builder-workspace/.derivedData/Build/Intermediates.noindex/LNPopupController.build/Debug-watchos/LNPopupController-ObjC-t.build/Objects-normal/arm64_32/_LNPopupSwizzlingUtils.o.scan -- /Applications/Xcode-27.0.0.app/Contents/Developer/Toolchains/XcodeDefault.xctoolchain/usr/bin/clang -x objective-c -ivfsstatcache /Users/admin/builder/spi-builder-workspace/.derivedData/SDKStatCaches.noindex/watchos27.0-24R360-e829b21a6f8c9b70876ba0858053c044b9db9bc9c079ee3c7b5f3373b13d10bc.sdkstatcache -target arm64_32-apple-watchos9.0 -fmessage-length\=0 -fdiagnostics-show-note-include-stack -fmacro-backtrace-limit\=0 -fno-color-diagnostics -fmodules-prune-interval\=86400 -fmodules-prune-after\=345600 -fbuild-session-file\=/Users/admin/builder/spi-builder-workspace/.derivedData/ModuleCache.noindex/Session.modulevalidation -fmodules-validate-once-per-build-session -Wnon-modular-include-in-framework-module -Werror\=non-modular-include-in-framework-module -Wno-trigraphs -Wno-missing-field-initializers -Wno-missing-prototypes -Wno-return-type -Wno-implicit-atomic-properties -Wno-objc-interface-ivars -Wno-arc-repeated-use-of-weak -Wno-missing-braces -Wparentheses -Wswitch -Wno-unused-function -Wno-unused-label -Wno-unused-parameter -Wno-unused-variable -Wunused-value -Wno-empty-body -Wno-uninitialized -Wno-unknown-pragmas -w -Wno-shadow -Wno-four-char-constants -Wno-conversion -Wno-constant-conversion -Wno-int-conversion -Wno-bool-conversion -Wno-enum-conversion -Wno-float-conversion -Wno-non-literal-null-conversion -Wno-objc-literal-conversion -Wno-shorten-64-to-32 -Wpointer-sign -Wno-newline-eof -Wno-selector -Wno-strict-selector-match -Wno-undeclared-selector -Wno-deprecated-implementations -Wno-implicit-fallthrough -isysroot /Applications/Xcode-27.0.0.app/Contents/Developer/Platforms/WatchOS.platform/Developer/SDKs/WatchOS27.0.sdk -fstrict-aliasing -Wprotocol -Wdeprecated-declarations -Wno-sign-conversion -Wno-infinite-recursion -Wno-comma -Wno-block-capture-autoreleasing -Wno-strict-prototypes -Wno-semicolon-before-method-body -index-store-path /Users/admin/builder/spi-builder-workspace/.derivedData/Index.noindex/DataStore @/Users/admin/builder/spi-builder-workspace/.derivedData/Build/Intermediates.noindex/LNPopupController.build/Debug-watchos/LNPopupController-ObjC-t.build/Objects-normal/arm64_32/e6072d4f65d7061329687fe24e3d63a7-common-args.resp -MMD -MT dependencies -MF /Users/admin/builder/spi-builder-workspace/.derivedData/Build/Intermediates.noindex/LNPopupController.build/Debug-watchos/LNPopupController-ObjC-t.build/Objects-normal/arm64_32/_LNPopupSwizzlingUtils.d --serialize-diagnostics /Users/admin/builder/spi-builder-workspace/.derivedData/Build/Intermediates.noindex/LNPopupController.build/Debug-watchos/LNPopupController-ObjC-t.build/Objects-normal/arm64_32/_LNPopupSwizzlingUtils.dia -c /Users/admin/builder/spi-builder-workspace/.dependencies/checkouts/LNPopupController/LNPopupController/LNPopupController/Private/Utils/_LNPopupSwizzlingUtils.m -o /Users/admin/builder/spi-builder-workspace/.derivedData/Build/Intermediates.noindex/LNPopupController.build/Debug-watchos/LNPopupController-ObjC-t.build/Objects-normal/arm64_32/_LNPopupSwizzlingUtils.o -index-unit-output-path /LNPopupController.build/Debug-watchos/LNPopupController-ObjC-t.build/Objects-normal/arm64_32/_LNPopupSwizzlingUtils.o
ScanDependencies /Users/admin/builder/spi-builder-workspace/.derivedData/Build/Intermediates.noindex/LNPopupController.build/Debug-watchos/LNPopupController-ObjC-t.build/Objects-normal/arm64_32/_LNPopupBarBackgroundView.o /Users/admin/builder/spi-builder-workspace/.dependencies/checkouts/LNPopupController/LNPopupController/LNPopupController/Private/_LNPopupBarBackgroundView.m normal arm64_32 objective-c com.apple.compilers.llvm.clang.1_0.compiler (in target 'LNPopupController-ObjC' from project 'LNPopupController')
cd /Users/admin/builder/spi-builder-workspace/.swiftpm/xcode
Using response file: /Users/admin/builder/spi-builder-workspace/.derivedData/Build/Intermediates.noindex/LNPopupController.build/Debug-watchos/LNPopupController-ObjC-t.build/Objects-normal/arm64_32/e6072d4f65d7061329687fe24e3d63a7-common-args.resp
builtin-ScanDependencies -o /Users/admin/builder/spi-builder-workspace/.derivedData/Build/Intermediates.noindex/LNPopupController.build/Debug-watchos/LNPopupController-ObjC-t.build/Objects-normal/arm64_32/_LNPopupBarBackgroundView.o.scan -- /Applications/Xcode-27.0.0.app/Contents/Developer/Toolchains/XcodeDefault.xctoolchain/usr/bin/clang -x objective-c -ivfsstatcache /Users/admin/builder/spi-builder-workspace/.derivedData/SDKStatCaches.noindex/watchos27.0-24R360-e829b21a6f8c9b70876ba0858053c044b9db9bc9c079ee3c7b5f3373b13d10bc.sdkstatcache -target arm64_32-apple-watchos9.0 -fmessage-length\=0 -fdiagnostics-show-note-include-stack -fmacro-backtrace-limit\=0 -fno-color-diagnostics -fmodules-prune-interval\=86400 -fmodules-prune-after\=345600 -fbuild-session-file\=/Users/admin/builder/spi-builder-workspace/.derivedData/ModuleCache.noindex/Session.modulevalidation -fmodules-validate-once-per-build-session -Wnon-modular-include-in-framework-module -Werror\=non-modular-include-in-framework-module -Wno-trigraphs -Wno-missing-field-initializers -Wno-missing-prototypes -Wno-return-type -Wno-implicit-atomic-properties -Wno-objc-interface-ivars -Wno-arc-repeated-use-of-weak -Wno-missing-braces -Wparentheses -Wswitch -Wno-unused-function -Wno-unused-label -Wno-unused-parameter -Wno-unused-variable -Wunused-value -Wno-empty-body -Wno-uninitialized -Wno-unknown-pragmas -w -Wno-shadow -Wno-four-char-constants -Wno-conversion -Wno-constant-conversion -Wno-int-conversion -Wno-bool-conversion -Wno-enum-conversion -Wno-float-conversion -Wno-non-literal-null-conversion -Wno-objc-literal-conversion -Wno-shorten-64-to-32 -Wpointer-sign -Wno-newline-eof -Wno-selector -Wno-strict-selector-match -Wno-undeclared-selector -Wno-deprecated-implementations -Wno-implicit-fallthrough -isysroot /Applications/Xcode-27.0.0.app/Contents/Developer/Platforms/WatchOS.platform/Developer/SDKs/WatchOS27.0.sdk -fstrict-aliasing -Wprotocol -Wdeprecated-declarations -Wno-sign-conversion -Wno-infinite-recursion -Wno-comma -Wno-block-capture-autoreleasing -Wno-strict-prototypes -Wno-semicolon-before-method-body -index-store-path /Users/admin/builder/spi-builder-workspace/.derivedData/Index.noindex/DataStore @/Users/admin/builder/spi-builder-workspace/.derivedData/Build/Intermediates.noindex/LNPopupController.build/Debug-watchos/LNPopupController-ObjC-t.build/Objects-normal/arm64_32/e6072d4f65d7061329687fe24e3d63a7-common-args.resp -MMD -MT dependencies -MF /Users/admin/builder/spi-builder-workspace/.derivedData/Build/Intermediates.noindex/LNPopupController.build/Debug-watchos/LNPopupController-ObjC-t.build/Objects-normal/arm64_32/_LNPopupBarBackgroundView.d --serialize-diagnostics /Users/admin/builder/spi-builder-workspace/.derivedData/Build/Intermediates.noindex/LNPopupController.build/Debug-watchos/LNPopupController-ObjC-t.build/Objects-normal/arm64_32/_LNPopupBarBackgroundView.dia -c /Users/admin/builder/spi-builder-workspace/.dependencies/checkouts/LNPopupController/LNPopupController/LNPopupController/Private/_LNPopupBarBackgroundView.m -o /Users/admin/builder/spi-builder-workspace/.derivedData/Build/Intermediates.noindex/LNPopupController.build/Debug-watchos/LNPopupController-ObjC-t.build/Objects-normal/arm64_32/_LNPopupBarBackgroundView.o -index-unit-output-path /LNPopupController.build/Debug-watchos/LNPopupController-ObjC-t.build/Objects-normal/arm64_32/_LNPopupBarBackgroundView.o
ScanDependencies /Users/admin/builder/spi-builder-workspace/.derivedData/Build/Intermediates.noindex/LNPopupController.build/Debug-watchos/LNPopupController-ObjC-t.build/Objects-normal/arm64_32/NSAttributedString+LNPopupSupport.o /Users/admin/builder/spi-builder-workspace/.dependencies/checkouts/LNPopupController/LNPopupController/LNPopupController/Private/Utils/NSAttributedString+LNPopupSupport.m normal arm64_32 objective-c com.apple.compilers.llvm.clang.1_0.compiler (in target 'LNPopupController-ObjC' from project 'LNPopupController')
cd /Users/admin/builder/spi-builder-workspace/.swiftpm/xcode
Using response file: /Users/admin/builder/spi-builder-workspace/.derivedData/Build/Intermediates.noindex/LNPopupController.build/Debug-watchos/LNPopupController-ObjC-t.build/Objects-normal/arm64_32/e6072d4f65d7061329687fe24e3d63a7-common-args.resp
builtin-ScanDependencies -o /Users/admin/builder/spi-builder-workspace/.derivedData/Build/Intermediates.noindex/LNPopupController.build/Debug-watchos/LNPopupController-ObjC-t.build/Objects-normal/arm64_32/NSAttributedString+LNPopupSupport.o.scan -- /Applications/Xcode-27.0.0.app/Contents/Developer/Toolchains/XcodeDefault.xctoolchain/usr/bin/clang -x objective-c -ivfsstatcache /Users/admin/builder/spi-builder-workspace/.derivedData/SDKStatCaches.noindex/watchos27.0-24R360-e829b21a6f8c9b70876ba0858053c044b9db9bc9c079ee3c7b5f3373b13d10bc.sdkstatcache -target arm64_32-apple-watchos9.0 -fmessage-length\=0 -fdiagnostics-show-note-include-stack -fmacro-backtrace-limit\=0 -fno-color-diagnostics -fmodules-prune-interval\=86400 -fmodules-prune-after\=345600 -fbuild-session-file\=/Users/admin/builder/spi-builder-workspace/.derivedData/ModuleCache.noindex/Session.modulevalidation -fmodules-validate-once-per-build-session -Wnon-modular-include-in-framework-module -Werror\=non-modular-include-in-framework-module -Wno-trigraphs -Wno-missing-field-initializers -Wno-missing-prototypes -Wno-return-type -Wno-implicit-atomic-properties -Wno-objc-interface-ivars -Wno-arc-repeated-use-of-weak -Wno-missing-braces -Wparentheses -Wswitch -Wno-unused-function -Wno-unused-label -Wno-unused-parameter -Wno-unused-variable -Wunused-value -Wno-empty-body -Wno-uninitialized -Wno-unknown-pragmas -w -Wno-shadow -Wno-four-char-constants -Wno-conversion -Wno-constant-conversion -Wno-int-conversion -Wno-bool-conversion -Wno-enum-conversion -Wno-float-conversion -Wno-non-literal-null-conversion -Wno-objc-literal-conversion -Wno-shorten-64-to-32 -Wpointer-sign -Wno-newline-eof -Wno-selector -Wno-strict-selector-match -Wno-undeclared-selector -Wno-deprecated-implementations -Wno-implicit-fallthrough -isysroot /Applications/Xcode-27.0.0.app/Contents/Developer/Platforms/WatchOS.platform/Developer/SDKs/WatchOS27.0.sdk -fstrict-aliasing -Wprotocol -Wdeprecated-declarations -Wno-sign-conversion -Wno-infinite-recursion -Wno-comma -Wno-block-capture-autoreleasing -Wno-strict-prototypes -Wno-semicolon-before-method-body -index-store-path /Users/admin/builder/spi-builder-workspace/.derivedData/Index.noindex/DataStore @/Users/admin/builder/spi-builder-workspace/.derivedData/Build/Intermediates.noindex/LNPopupController.build/Debug-watchos/LNPopupController-ObjC-t.build/Objects-normal/arm64_32/e6072d4f65d7061329687fe24e3d63a7-common-args.resp -MMD -MT dependencies -MF /Users/admin/builder/spi-builder-workspace/.derivedData/Build/Intermediates.noindex/LNPopupController.build/Debug-watchos/LNPopupController-ObjC-t.build/Objects-normal/arm64_32/NSAttributedString+LNPopupSupport.d --serialize-diagnostics /Users/admin/builder/spi-builder-workspace/.derivedData/Build/Intermediates.noindex/LNPopupController.build/Debug-watchos/LNPopupController-ObjC-t.build/Objects-normal/arm64_32/NSAttributedString+LNPopupSupport.dia -c /Users/admin/builder/spi-builder-workspace/.dependencies/checkouts/LNPopupController/LNPopupController/LNPopupController/Private/Utils/NSAttributedString+LNPopupSupport.m -o /Users/admin/builder/spi-builder-workspace/.derivedData/Build/Intermediates.noindex/LNPopupController.build/Debug-watchos/LNPopupController-ObjC-t.build/Objects-normal/arm64_32/NSAttributedString+LNPopupSupport.o -index-unit-output-path /LNPopupController.build/Debug-watchos/LNPopupController-ObjC-t.build/Objects-normal/arm64_32/NSAttributedString+LNPopupSupport.o
ScanDependencies /Users/admin/builder/spi-builder-workspace/.derivedData/Build/Intermediates.noindex/LNPopupController.build/Debug-watchos/LNPopupController-ObjC-t.build/Objects-normal/arm64_32/LNPopupOpenTapGestureRecognizer.o /Users/admin/builder/spi-builder-workspace/.dependencies/checkouts/LNPopupController/LNPopupController/LNPopupController/Private/GestureRecognizers/LNPopupOpenTapGestureRecognizer.m normal arm64_32 objective-c com.apple.compilers.llvm.clang.1_0.compiler (in target 'LNPopupController-ObjC' from project 'LNPopupController')
cd /Users/admin/builder/spi-builder-workspace/.swiftpm/xcode
Using response file: /Users/admin/builder/spi-builder-workspace/.derivedData/Build/Intermediates.noindex/LNPopupController.build/Debug-watchos/LNPopupController-ObjC-t.build/Objects-normal/arm64_32/e6072d4f65d7061329687fe24e3d63a7-common-args.resp
builtin-ScanDependencies -o /Users/admin/builder/spi-builder-workspace/.derivedData/Build/Intermediates.noindex/LNPopupController.build/Debug-watchos/LNPopupController-ObjC-t.build/Objects-normal/arm64_32/LNPopupOpenTapGestureRecognizer.o.scan -- /Applications/Xcode-27.0.0.app/Contents/Developer/Toolchains/XcodeDefault.xctoolchain/usr/bin/clang -x objective-c -ivfsstatcache /Users/admin/builder/spi-builder-workspace/.derivedData/SDKStatCaches.noindex/watchos27.0-24R360-e829b21a6f8c9b70876ba0858053c044b9db9bc9c079ee3c7b5f3373b13d10bc.sdkstatcache -target arm64_32-apple-watchos9.0 -fmessage-length\=0 -fdiagnostics-show-note-include-stack -fmacro-backtrace-limit\=0 -fno-color-diagnostics -fmodules-prune-interval\=86400 -fmodules-prune-after\=345600 -fbuild-session-file\=/Users/admin/builder/spi-builder-workspace/.derivedData/ModuleCache.noindex/Session.modulevalidation -fmodules-validate-once-per-build-session -Wnon-modular-include-in-framework-module -Werror\=non-modular-include-in-framework-module -Wno-trigraphs -Wno-missing-field-initializers -Wno-missing-prototypes -Wno-return-type -Wno-implicit-atomic-properties -Wno-objc-interface-ivars -Wno-arc-repeated-use-of-weak -Wno-missing-braces -Wparentheses -Wswitch -Wno-unused-function -Wno-unused-label -Wno-unused-parameter -Wno-unused-variable -Wunused-value -Wno-empty-body -Wno-uninitialized -Wno-unknown-pragmas -w -Wno-shadow -Wno-four-char-constants -Wno-conversion -Wno-constant-conversion -Wno-int-conversion -Wno-bool-conversion -Wno-enum-conversion -Wno-float-conversion -Wno-non-literal-null-conversion -Wno-objc-literal-conversion -Wno-shorten-64-to-32 -Wpointer-sign -Wno-newline-eof -Wno-selector -Wno-strict-selector-match -Wno-undeclared-selector -Wno-deprecated-implementations -Wno-implicit-fallthrough -isysroot /Applications/Xcode-27.0.0.app/Contents/Developer/Platforms/WatchOS.platform/Developer/SDKs/WatchOS27.0.sdk -fstrict-aliasing -Wprotocol -Wdeprecated-declarations -Wno-sign-conversion -Wno-infinite-recursion -Wno-comma -Wno-block-capture-autoreleasing -Wno-strict-prototypes -Wno-semicolon-before-method-body -index-store-path /Users/admin/builder/spi-builder-workspace/.derivedData/Index.noindex/DataStore @/Users/admin/builder/spi-builder-workspace/.derivedData/Build/Intermediates.noindex/LNPopupController.build/Debug-watchos/LNPopupController-ObjC-t.build/Objects-normal/arm64_32/e6072d4f65d7061329687fe24e3d63a7-common-args.resp -MMD -MT dependencies -MF /Users/admin/builder/spi-builder-workspace/.derivedData/Build/Intermediates.noindex/LNPopupController.build/Debug-watchos/LNPopupController-ObjC-t.build/Objects-normal/arm64_32/LNPopupOpenTapGestureRecognizer.d --serialize-diagnostics /Users/admin/builder/spi-builder-workspace/.derivedData/Build/Intermediates.noindex/LNPopupController.build/Debug-watchos/LNPopupController-ObjC-t.build/Objects-normal/arm64_32/LNPopupOpenTapGestureRecognizer.dia -c /Users/admin/builder/spi-builder-workspace/.dependencies/checkouts/LNPopupController/LNPopupController/LNPopupController/Private/GestureRecognizers/LNPopupOpenTapGestureRecognizer.m -o /Users/admin/builder/spi-builder-workspace/.derivedData/Build/Intermediates.noindex/LNPopupController.build/Debug-watchos/LNPopupController-ObjC-t.build/Objects-normal/arm64_32/LNPopupOpenTapGestureRecognizer.o -index-unit-output-path /LNPopupController.build/Debug-watchos/LNPopupController-ObjC-t.build/Objects-normal/arm64_32/LNPopupOpenTapGestureRecognizer.o
ScanDependencies /Users/admin/builder/spi-builder-workspace/.derivedData/Build/Intermediates.noindex/LNPopupController.build/Debug-watchos/LNPopupController-ObjC-t.build/Objects-normal/arm64_32/LNPopupLongPressGestureRecognizer.o /Users/admin/builder/spi-builder-workspace/.dependencies/checkouts/LNPopupController/LNPopupController/LNPopupController/Private/GestureRecognizers/LNPopupLongPressGestureRecognizer.m normal arm64_32 objective-c com.apple.compilers.llvm.clang.1_0.compiler (in target 'LNPopupController-ObjC' from project 'LNPopupController')
cd /Users/admin/builder/spi-builder-workspace/.swiftpm/xcode
Using response file: /Users/admin/builder/spi-builder-workspace/.derivedData/Build/Intermediates.noindex/LNPopupController.build/Debug-watchos/LNPopupController-ObjC-t.build/Objects-normal/arm64_32/e6072d4f65d7061329687fe24e3d63a7-common-args.resp
builtin-ScanDependencies -o /Users/admin/builder/spi-builder-workspace/.derivedData/Build/Intermediates.noindex/LNPopupController.build/Debug-watchos/LNPopupController-ObjC-t.build/Objects-normal/arm64_32/LNPopupLongPressGestureRecognizer.o.scan -- /Applications/Xcode-27.0.0.app/Contents/Developer/Toolchains/XcodeDefault.xctoolchain/usr/bin/clang -x objective-c -ivfsstatcache /Users/admin/builder/spi-builder-workspace/.derivedData/SDKStatCaches.noindex/watchos27.0-24R360-e829b21a6f8c9b70876ba0858053c044b9db9bc9c079ee3c7b5f3373b13d10bc.sdkstatcache -target arm64_32-apple-watchos9.0 -fmessage-length\=0 -fdiagnostics-show-note-include-stack -fmacro-backtrace-limit\=0 -fno-color-diagnostics -fmodules-prune-interval\=86400 -fmodules-prune-after\=345600 -fbuild-session-file\=/Users/admin/builder/spi-builder-workspace/.derivedData/ModuleCache.noindex/Session.modulevalidation -fmodules-validate-once-per-build-session -Wnon-modular-include-in-framework-module -Werror\=non-modular-include-in-framework-module -Wno-trigraphs -Wno-missing-field-initializers -Wno-missing-prototypes -Wno-return-type -Wno-implicit-atomic-properties -Wno-objc-interface-ivars -Wno-arc-repeated-use-of-weak -Wno-missing-braces -Wparentheses -Wswitch -Wno-unused-function -Wno-unused-label -Wno-unused-parameter -Wno-unused-variable -Wunused-value -Wno-empty-body -Wno-uninitialized -Wno-unknown-pragmas -w -Wno-shadow -Wno-four-char-constants -Wno-conversion -Wno-constant-conversion -Wno-int-conversion -Wno-bool-conversion -Wno-enum-conversion -Wno-float-conversion -Wno-non-literal-null-conversion -Wno-objc-literal-conversion -Wno-shorten-64-to-32 -Wpointer-sign -Wno-newline-eof -Wno-selector -Wno-strict-selector-match -Wno-undeclared-selector -Wno-deprecated-implementations -Wno-implicit-fallthrough -isysroot /Applications/Xcode-27.0.0.app/Contents/Developer/Platforms/WatchOS.platform/Developer/SDKs/WatchOS27.0.sdk -fstrict-aliasing -Wprotocol -Wdeprecated-declarations -Wno-sign-conversion -Wno-infinite-recursion -Wno-comma -Wno-block-capture-autoreleasing -Wno-strict-prototypes -Wno-semicolon-before-method-body -index-store-path /Users/admin/builder/spi-builder-workspace/.derivedData/Index.noindex/DataStore @/Users/admin/builder/spi-builder-workspace/.derivedData/Build/Intermediates.noindex/LNPopupController.build/Debug-watchos/LNPopupController-ObjC-t.build/Objects-normal/arm64_32/e6072d4f65d7061329687fe24e3d63a7-common-args.resp -MMD -MT dependencies -MF /Users/admin/builder/spi-builder-workspace/.derivedData/Build/Intermediates.noindex/LNPopupController.build/Debug-watchos/LNPopupController-ObjC-t.build/Objects-normal/arm64_32/LNPopupLongPressGestureRecognizer.d --serialize-diagnostics /Users/admin/builder/spi-builder-workspace/.derivedData/Build/Intermediates.noindex/LNPopupController.build/Debug-watchos/LNPopupController-ObjC-t.build/Objects-normal/arm64_32/LNPopupLongPressGestureRecognizer.dia -c /Users/admin/builder/spi-builder-workspace/.dependencies/checkouts/LNPopupController/LNPopupController/LNPopupController/Private/GestureRecognizers/LNPopupLongPressGestureRecognizer.m -o /Users/admin/builder/spi-builder-workspace/.derivedData/Build/Intermediates.noindex/LNPopupController.build/Debug-watchos/LNPopupController-ObjC-t.build/Objects-normal/arm64_32/LNPopupLongPressGestureRecognizer.o -index-unit-output-path /LNPopupController.build/Debug-watchos/LNPopupController-ObjC-t.build/Objects-normal/arm64_32/LNPopupLongPressGestureRecognizer.o
ScanDependencies /Users/admin/builder/spi-builder-workspace/.derivedData/Build/Intermediates.noindex/LNPopupController.build/Debug-watchos/LNPopupController-ObjC-t.build/Objects-normal/arm64_32/LNPopupPresentationContainerSupport.o /Users/admin/builder/spi-builder-workspace/.dependencies/checkouts/LNPopupController/LNPopupController/LNPopupController/Private/LNPopupPresentationContainerSupport.m normal arm64_32 objective-c com.apple.compilers.llvm.clang.1_0.compiler (in target 'LNPopupController-ObjC' from project 'LNPopupController')
cd /Users/admin/builder/spi-builder-workspace/.swiftpm/xcode
Using response file: /Users/admin/builder/spi-builder-workspace/.derivedData/Build/Intermediates.noindex/LNPopupController.build/Debug-watchos/LNPopupController-ObjC-t.build/Objects-normal/arm64_32/e6072d4f65d7061329687fe24e3d63a7-common-args.resp
builtin-ScanDependencies -o /Users/admin/builder/spi-builder-workspace/.derivedData/Build/Intermediates.noindex/LNPopupController.build/Debug-watchos/LNPopupController-ObjC-t.build/Objects-normal/arm64_32/LNPopupPresentationContainerSupport.o.scan -- /Applications/Xcode-27.0.0.app/Contents/Developer/Toolchains/XcodeDefault.xctoolchain/usr/bin/clang -x objective-c -ivfsstatcache /Users/admin/builder/spi-builder-workspace/.derivedData/SDKStatCaches.noindex/watchos27.0-24R360-e829b21a6f8c9b70876ba0858053c044b9db9bc9c079ee3c7b5f3373b13d10bc.sdkstatcache -target arm64_32-apple-watchos9.0 -fmessage-length\=0 -fdiagnostics-show-note-include-stack -fmacro-backtrace-limit\=0 -fno-color-diagnostics -fmodules-prune-interval\=86400 -fmodules-prune-after\=345600 -fbuild-session-file\=/Users/admin/builder/spi-builder-workspace/.derivedData/ModuleCache.noindex/Session.modulevalidation -fmodules-validate-once-per-build-session -Wnon-modular-include-in-framework-module -Werror\=non-modular-include-in-framework-module -Wno-trigraphs -Wno-missing-field-initializers -Wno-missing-prototypes -Wno-return-type -Wno-implicit-atomic-properties -Wno-objc-interface-ivars -Wno-arc-repeated-use-of-weak -Wno-missing-braces -Wparentheses -Wswitch -Wno-unused-function -Wno-unused-label -Wno-unused-parameter -Wno-unused-variable -Wunused-value -Wno-empty-body -Wno-uninitialized -Wno-unknown-pragmas -w -Wno-shadow -Wno-four-char-constants -Wno-conversion -Wno-constant-conversion -Wno-int-conversion -Wno-bool-conversion -Wno-enum-conversion -Wno-float-conversion -Wno-non-literal-null-conversion -Wno-objc-literal-conversion -Wno-shorten-64-to-32 -Wpointer-sign -Wno-newline-eof -Wno-selector -Wno-strict-selector-match -Wno-undeclared-selector -Wno-deprecated-implementations -Wno-implicit-fallthrough -isysroot /Applications/Xcode-27.0.0.app/Contents/Developer/Platforms/WatchOS.platform/Developer/SDKs/WatchOS27.0.sdk -fstrict-aliasing -Wprotocol -Wdeprecated-declarations -Wno-sign-conversion -Wno-infinite-recursion -Wno-comma -Wno-block-capture-autoreleasing -Wno-strict-prototypes -Wno-semicolon-before-method-body -index-store-path /Users/admin/builder/spi-builder-workspace/.derivedData/Index.noindex/DataStore @/Users/admin/builder/spi-builder-workspace/.derivedData/Build/Intermediates.noindex/LNPopupController.build/Debug-watchos/LNPopupController-ObjC-t.build/Objects-normal/arm64_32/e6072d4f65d7061329687fe24e3d63a7-common-args.resp -MMD -MT dependencies -MF /Users/admin/builder/spi-builder-workspace/.derivedData/Build/Intermediates.noindex/LNPopupController.build/Debug-watchos/LNPopupController-ObjC-t.build/Objects-normal/arm64_32/LNPopupPresentationContainerSupport.d --serialize-diagnostics /Users/admin/builder/spi-builder-workspace/.derivedData/Build/Intermediates.noindex/LNPopupController.build/Debug-watchos/LNPopupController-ObjC-t.build/Objects-normal/arm64_32/LNPopupPresentationContainerSupport.dia -c /Users/admin/builder/spi-builder-workspace/.dependencies/checkouts/LNPopupController/LNPopupController/LNPopupController/Private/LNPopupPresentationContainerSupport.m -o /Users/admin/builder/spi-builder-workspace/.derivedData/Build/Intermediates.noindex/LNPopupController.build/Debug-watchos/LNPopupController-ObjC-t.build/Objects-normal/arm64_32/LNPopupPresentationContainerSupport.o -index-unit-output-path /LNPopupController.build/Debug-watchos/LNPopupController-ObjC-t.build/Objects-normal/arm64_32/LNPopupPresentationContainerSupport.o
CompileC /Users/admin/builder/spi-builder-workspace/.derivedData/Build/Intermediates.noindex/LNPopupController.build/Debug-watchos/LNPopupController-ObjC-t.build/Objects-normal/arm64_32/_LNPopupUIBarAppearanceProxy.o /Users/admin/builder/spi-builder-workspace/.dependencies/checkouts/LNPopupController/LNPopupController/LNPopupController/Private/Appearance/_LNPopupUIBarAppearanceProxy.mm normal arm64_32 objective-c++ com.apple.compilers.llvm.clang.1_0.compiler (in target 'LNPopupController-ObjC' from project 'LNPopupController')
cd /Users/admin/builder/spi-builder-workspace/.swiftpm/xcode
Using response file: /Users/admin/builder/spi-builder-workspace/.derivedData/Build/Intermediates.noindex/LNPopupController.build/Debug-watchos/LNPopupController-ObjC-t.build/Objects-normal/arm64_32/af3fcb34312c57c0f52879cdce924b91-common-args.resp
/Applications/Xcode-27.0.0.app/Contents/Developer/Toolchains/XcodeDefault.xctoolchain/usr/bin/clang -x objective-c++ -ivfsstatcache /Users/admin/builder/spi-builder-workspace/.derivedData/SDKStatCaches.noindex/watchos27.0-24R360-e829b21a6f8c9b70876ba0858053c044b9db9bc9c079ee3c7b5f3373b13d10bc.sdkstatcache -target arm64_32-apple-watchos9.0 -fmessage-length\=0 -fdiagnostics-show-note-include-stack -fmacro-backtrace-limit\=0 -fno-color-diagnostics -fmodules-prune-interval\=86400 -fmodules-prune-after\=345600 -fbuild-session-file\=/Users/admin/builder/spi-builder-workspace/.derivedData/ModuleCache.noindex/Session.modulevalidation -fmodules-validate-once-per-build-session -Wnon-modular-include-in-framework-module -Werror\=non-modular-include-in-framework-module -Wno-trigraphs -Wno-missing-field-initializers -Wno-missing-prototypes -Wno-return-type -Wno-implicit-atomic-properties -Wno-objc-interface-ivars -Wno-arc-repeated-use-of-weak -Wno-non-virtual-dtor -Wno-overloaded-virtual -Wno-exit-time-destructors -Wno-missing-braces -Wparentheses -Wswitch -Wno-unused-function -Wno-unused-label -Wno-unused-parameter -Wno-unused-variable -Wunused-value -Wno-empty-body -Wno-uninitialized -Wno-unknown-pragmas -w -Wno-shadow -Wno-four-char-constants -Wno-conversion -Wno-constant-conversion -Wno-int-conversion -Wno-bool-conversion -Wno-enum-conversion -Wno-float-conversion -Wno-non-literal-null-conversion -Wno-objc-literal-conversion -Wno-shorten-64-to-32 -Wno-newline-eof -Wno-selector -Wno-strict-selector-match -Wno-undeclared-selector -Wno-deprecated-implementations -Wno-c++11-extensions -Wno-implicit-fallthrough -isysroot /Applications/Xcode-27.0.0.app/Contents/Developer/Platforms/WatchOS.platform/Developer/SDKs/WatchOS27.0.sdk -fstrict-aliasing -Wprotocol -Wdeprecated-declarations -Winvalid-offsetof -Wno-sign-conversion -Wno-infinite-recursion -Wno-move -Wno-comma -Wno-block-capture-autoreleasing -Wno-strict-prototypes -Wno-range-loop-analysis -Wno-semicolon-before-method-body -index-store-path /Users/admin/builder/spi-builder-workspace/.derivedData/Index.noindex/DataStore @/Users/admin/builder/spi-builder-workspace/.derivedData/Build/Intermediates.noindex/LNPopupController.build/Debug-watchos/LNPopupController-ObjC-t.build/Objects-normal/arm64_32/af3fcb34312c57c0f52879cdce924b91-common-args.resp -MMD -MT dependencies -MF /Users/admin/builder/spi-builder-workspace/.derivedData/Build/Intermediates.noindex/LNPopupController.build/Debug-watchos/LNPopupController-ObjC-t.build/Objects-normal/arm64_32/_LNPopupUIBarAppearanceProxy.d --serialize-diagnostics /Users/admin/builder/spi-builder-workspace/.derivedData/Build/Intermediates.noindex/LNPopupController.build/Debug-watchos/LNPopupController-ObjC-t.build/Objects-normal/arm64_32/_LNPopupUIBarAppearanceProxy.dia -c /Users/admin/builder/spi-builder-workspace/.dependencies/checkouts/LNPopupController/LNPopupController/LNPopupController/Private/Appearance/_LNPopupUIBarAppearanceProxy.mm -o /Users/admin/builder/spi-builder-workspace/.derivedData/Build/Intermediates.noindex/LNPopupController.build/Debug-watchos/LNPopupController-ObjC-t.build/Objects-normal/arm64_32/_LNPopupUIBarAppearanceProxy.o -index-unit-output-path /LNPopupController.build/Debug-watchos/LNPopupController-ObjC-t.build/Objects-normal/arm64_32/_LNPopupUIBarAppearanceProxy.o
In file included from /Users/admin/builder/spi-builder-workspace/.dependencies/checkouts/LNPopupController/LNPopupController/LNPopupController/Private/Appearance/_LNPopupUIBarAppearanceProxy.mm:12:
/Users/admin/builder/spi-builder-workspace/.dependencies/checkouts/LNPopupController/LNPopupController/LNPopupController/Private/Utils/_LNPopupGlassUtils.h:23:33: error: 'UIGlassEffect' is unavailable: not available on watchOS
23 | @interface _LNPopupGlassEffect: UIGlassEffect
| ^
In file included from /Users/admin/builder/spi-builder-workspace/.dependencies/checkouts/LNPopupController/LNPopupController/LNPopupController/Private/Appearance/_LNPopupUIBarAppearanceProxy.mm:12:
In file included from /Users/admin/builder/spi-builder-workspace/.dependencies/checkouts/LNPopupController/LNPopupController/LNPopupController/Private/Utils/_LNPopupGlassUtils.h:9:
In file included from /Applications/Xcode-27.0.0.app/Contents/Developer/Platforms/WatchOS.platform/Developer/SDKs/WatchOS27.0.sdk/System/Library/Frameworks/UIKit.framework/Headers/UIKit.h:13:
In file included from /Applications/Xcode-27.0.0.app/Contents/Developer/Platforms/WatchOS.platform/Developer/SDKs/WatchOS27.0.sdk/System/Library/Frameworks/UIKit.framework/Headers/UIKitCore.h:93:
/Applications/Xcode-27.0.0.app/Contents/Developer/Platforms/WatchOS.platform/Developer/SDKs/WatchOS27.0.sdk/System/Library/Frameworks/UIKit.framework/Headers/UIGlassEffect.h:26:12: note: 'UIGlassEffect' has been explicitly marked unavailable here
26 | @interface UIGlassEffect : UIVisualEffect
| ^
In file included from /Users/admin/builder/spi-builder-workspace/.dependencies/checkouts/LNPopupController/LNPopupController/LNPopupController/Private/Appearance/_LNPopupUIBarAppearanceProxy.mm:12:
/Users/admin/builder/spi-builder-workspace/.dependencies/checkouts/LNPopupController/LNPopupController/LNPopupController/Private/Utils/_LNPopupGlassUtils.h:25:34: error: 'UIGlassEffectStyle' is unavailable: not available on watchOS
25 | + (instancetype)effectWithStyle:(UIGlassEffectStyle)style NS_SWIFT_NAME(init(style:));
| ^
In file included from /Users/admin/builder/spi-builder-workspace/.dependencies/checkouts/LNPopupController/LNPopupController/LNPopupController/Private/Appearance/_LNPopupUIBarAppearanceProxy.mm:12:
In file included from /Users/admin/builder/spi-builder-workspace/.dependencies/checkouts/LNPopupController/LNPopupController/LNPopupController/Private/Utils/_LNPopupGlassUtils.h:9:
In file included from /Applications/Xcode-27.0.0.app/Contents/Developer/Platforms/WatchOS.platform/Developer/SDKs/WatchOS27.0.sdk/System/Library/Frameworks/UIKit.framework/Headers/UIKit.h:13:
In file included from /Applications/Xcode-27.0.0.app/Contents/Developer/Platforms/WatchOS.platform/Developer/SDKs/WatchOS27.0.sdk/System/Library/Frameworks/UIKit.framework/Headers/UIKitCore.h:93:
/Applications/Xcode-27.0.0.app/Contents/Developer/Platforms/WatchOS.platform/Developer/SDKs/WatchOS27.0.sdk/System/Library/Frameworks/UIKit.framework/Headers/UIGlassEffect.h:15:28: note: 'UIGlassEffectStyle' has been explicitly marked unavailable here
15 | typedef NS_ENUM(NSInteger, UIGlassEffectStyle) {
| ^
In file included from /Users/admin/builder/spi-builder-workspace/.dependencies/checkouts/LNPopupController/LNPopupController/LNPopupController/Private/Appearance/_LNPopupUIBarAppearanceProxy.mm:12:
/Users/admin/builder/spi-builder-workspace/.dependencies/checkouts/LNPopupController/LNPopupController/LNPopupController/Private/Utils/_LNPopupGlassUtils.h:26:31: error: 'UIGlassEffectStyle' is unavailable: not available on watchOS
26 | @property (nonatomic, assign) UIGlassEffectStyle style;
| ^
In file included from /Users/admin/builder/spi-builder-workspace/.dependencies/checkouts/LNPopupController/LNPopupController/LNPopupController/Private/Appearance/_LNPopupUIBarAppearanceProxy.mm:12:
In file included from /Users/admin/builder/spi-builder-workspace/.dependencies/checkouts/LNPopupController/LNPopupController/LNPopupController/Private/Utils/_LNPopupGlassUtils.h:9:
In file included from /Applications/Xcode-27.0.0.app/Contents/Developer/Platforms/WatchOS.platform/Developer/SDKs/WatchOS27.0.sdk/System/Library/Frameworks/UIKit.framework/Headers/UIKit.h:13:
In file included from /Applications/Xcode-27.0.0.app/Contents/Developer/Platforms/WatchOS.platform/Developer/SDKs/WatchOS27.0.sdk/System/Library/Frameworks/UIKit.framework/Headers/UIKitCore.h:93:
/Applications/Xcode-27.0.0.app/Contents/Developer/Platforms/WatchOS.platform/Developer/SDKs/WatchOS27.0.sdk/System/Library/Frameworks/UIKit.framework/Headers/UIGlassEffect.h:15:28: note: 'UIGlassEffectStyle' has been explicitly marked unavailable here
15 | typedef NS_ENUM(NSInteger, UIGlassEffectStyle) {
| ^
In file included from /Users/admin/builder/spi-builder-workspace/.dependencies/checkouts/LNPopupController/LNPopupController/LNPopupController/Private/Appearance/_LNPopupUIBarAppearanceProxy.mm:12:
/Users/admin/builder/spi-builder-workspace/.dependencies/checkouts/LNPopupController/LNPopupController/LNPopupController/Private/Utils/_LNPopupGlassUtils.h:31:41: error: 'UIGlassEffect' is unavailable: not available on watchOS
31 | @interface _LNPopupBorrowedGlassEffect: UIGlassEffect
| ^
In file included from /Users/admin/builder/spi-builder-workspace/.dependencies/checkouts/LNPopupController/LNPopupController/LNPopupController/Private/Appearance/_LNPopupUIBarAppearanceProxy.mm:12:
In file included from /Users/admin/builder/spi-builder-workspace/.dependencies/checkouts/LNPopupController/LNPopupController/LNPopupController/Private/Utils/_LNPopupGlassUtils.h:9:
In file included from /Applications/Xcode-27.0.0.app/Contents/Developer/Platforms/WatchOS.platform/Developer/SDKs/WatchOS27.0.sdk/System/Library/Frameworks/UIKit.framework/Headers/UIKit.h:13:
In file included from /Applications/Xcode-27.0.0.app/Contents/Developer/Platforms/WatchOS.platform/Developer/SDKs/WatchOS27.0.sdk/System/Library/Frameworks/UIKit.framework/Headers/UIKitCore.h:93:
/Applications/Xcode-27.0.0.app/Contents/Developer/Platforms/WatchOS.platform/Developer/SDKs/WatchOS27.0.sdk/System/Library/Frameworks/UIKit.framework/Headers/UIGlassEffect.h:26:12: note: 'UIGlassEffect' has been explicitly marked unavailable here
26 | @interface UIGlassEffect : UIVisualEffect
| ^
In file included from /Users/admin/builder/spi-builder-workspace/.dependencies/checkouts/LNPopupController/LNPopupController/LNPopupController/Private/Appearance/_LNPopupUIBarAppearanceProxy.mm:12:
/Users/admin/builder/spi-builder-workspace/.dependencies/checkouts/LNPopupController/LNPopupController/LNPopupController/Private/Utils/_LNPopupGlassUtils.h:38:40: error: 'UIGlassEffect' is unavailable: not available on watchOS
38 | @interface _LNPopupGlassWrapperEffect: UIGlassEffect
| ^
In file included from /Users/admin/builder/spi-builder-workspace/.dependencies/checkouts/LNPopupController/LNPopupController/LNPopupController/Private/Appearance/_LNPopupUIBarAppearanceProxy.mm:12:
In file included from /Users/admin/builder/spi-builder-workspace/.dependencies/checkouts/LNPopupController/LNPopupController/LNPopupController/Private/Utils/_LNPopupGlassUtils.h:9:
In file included from /Applications/Xcode-27.0.0.app/Contents/Developer/Platforms/WatchOS.platform/Developer/SDKs/WatchOS27.0.sdk/System/Library/Frameworks/UIKit.framework/Headers/UIKit.h:13:
In file included from /Applications/Xcode-27.0.0.app/Contents/Developer/Platforms/WatchOS.platform/Developer/SDKs/WatchOS27.0.sdk/System/Library/Frameworks/UIKit.framework/Headers/UIKitCore.h:93:
/Applications/Xcode-27.0.0.app/Contents/Developer/Platforms/WatchOS.platform/Developer/SDKs/WatchOS27.0.sdk/System/Library/Frameworks/UIKit.framework/Headers/UIGlassEffect.h:26:12: note: 'UIGlassEffect' has been explicitly marked unavailable here
26 | @interface UIGlassEffect : UIVisualEffect
| ^
In file included from /Users/admin/builder/spi-builder-workspace/.dependencies/checkouts/LNPopupController/LNPopupController/LNPopupController/Private/Appearance/_LNPopupUIBarAppearanceProxy.mm:12:
/Users/admin/builder/spi-builder-workspace/.dependencies/checkouts/LNPopupController/LNPopupController/LNPopupController/Private/Utils/_LNPopupGlassUtils.h:41:36: error: 'UIVisualEffect' is unavailable: not available on watchOS
41 | + (instancetype)wrapperWithEffect:(UIVisualEffect*)effect;
| ^
In file included from /Users/admin/builder/spi-builder-workspace/.dependencies/checkouts/LNPopupController/LNPopupController/LNPopupController/Private/Appearance/_LNPopupUIBarAppearanceProxy.mm:12:
In file included from /Users/admin/builder/spi-builder-workspace/.dependencies/checkouts/LNPopupController/LNPopupController/LNPopupController/Private/Utils/_LNPopupGlassUtils.h:9:
In file included from /Applications/Xcode-27.0.0.app/Contents/Developer/Platforms/WatchOS.platform/Developer/SDKs/WatchOS27.0.sdk/System/Library/Frameworks/UIKit.framework/Headers/UIKit.h:13:
In file included from /Applications/Xcode-27.0.0.app/Contents/Developer/Platforms/WatchOS.platform/Developer/SDKs/WatchOS27.0.sdk/System/Library/Frameworks/UIKit.framework/Headers/UIKitCore.h:91:
/Applications/Xcode-27.0.0.app/Contents/Developer/Platforms/WatchOS.platform/Developer/SDKs/WatchOS27.0.sdk/System/Library/Frameworks/UIKit.framework/Headers/UIVisualEffect.h:15:12: note: 'UIVisualEffect' has been explicitly marked unavailable here
15 | @interface UIVisualEffect : NSObject <NSCopying, NSSecureCoding>
| ^
SwiftDriver LNSwiftUIUtils normal arm64_32 com.apple.xcode.tools.swift.compiler (in target 'LNSwiftUIUtils' from project 'LNSwiftUIUtils')
cd /Users/admin/builder/spi-builder-workspace/.swiftpm/xcode
builtin-SwiftDriver -- /Applications/Xcode-27.0.0.app/Contents/Developer/Toolchains/XcodeDefault.xctoolchain/usr/bin/swiftc -parse-as-library -module-name LNSwiftUIUtils -Onone @/Users/admin/builder/spi-builder-workspace/.derivedData/Build/Intermediates.noindex/LNSwiftUIUtils.build/Debug-watchos/LNSwiftUIUtils-t.build/Objects-normal/arm64_32/LNSwiftUIUtils.SwiftFileList -DSWIFT_PACKAGE -DDEBUG -DSWIFT_MODULE_RESOURCE_BUNDLE_UNAVAILABLE -DXcode -plugin-path /Applications/Xcode-27.0.0.app/Contents/Developer/Toolchains/XcodeDefault.xctoolchain/usr/lib/swift/host/plugins/testing -enable-experimental-feature DebugDescriptionMacro -sdk /Applications/Xcode-27.0.0.app/Contents/Developer/Platforms/WatchOS.platform/Developer/SDKs/WatchOS27.0.sdk -target arm64_32-apple-watchos9.0 -g -module-cache-path /Users/admin/builder/spi-builder-workspace/.derivedData/ModuleCache.noindex -Xfrontend -serialize-debugging-options -enable-testing -suppress-warnings -index-store-path /Users/admin/builder/spi-builder-workspace/.derivedData/Index.noindex/DataStore -Xcc -D_LIBCPP_HARDENING_MODE\=_LIBCPP_HARDENING_MODE_DEBUG -swift-version 5 -I /Users/admin/builder/spi-builder-workspace/.derivedData/Build/Products/Debug-watchos -Isystem /Applications/Xcode-27.0.0.app/Contents/Developer/Platforms/WatchOS.platform/Developer/usr/lib -F /Users/admin/builder/spi-builder-workspace/.derivedData/Build/Products/Debug-watchos -F /Applications/Xcode-27.0.0.app/Contents/Developer/Platforms/WatchOS.platform/Developer/Library/Frameworks -F /Applications/Xcode-27.0.0.app/Contents/Developer/Platforms/WatchOS.platform/Developer/SDKs/WatchOS27.0.sdk/Developer/Library/Frameworks -c -j10 -enable-batch-mode -incremental -Xcc -ivfsstatcache -Xcc /Users/admin/builder/spi-builder-workspace/.derivedData/SDKStatCaches.noindex/watchos27.0-24R360-e829b21a6f8c9b70876ba0858053c044b9db9bc9c079ee3c7b5f3373b13d10bc.sdkstatcache -output-file-map /Users/admin/builder/spi-builder-workspace/.derivedData/Build/Intermediates.noindex/LNSwiftUIUtils.build/Debug-watchos/LNSwiftUIUtils-t.build/Objects-normal/arm64_32/LNSwiftUIUtils-OutputFileMap.json -save-temps -no-color-diagnostics -explicit-module-build -module-cache-path /Users/admin/builder/spi-builder-workspace/.derivedData/Build/Intermediates.noindex/SwiftExplicitPrecompiledModules -clang-scanner-module-cache-path /Users/admin/builder/spi-builder-workspace/.derivedData/ModuleCache.noindex -sdk-module-cache-path /Users/admin/builder/spi-builder-workspace/.derivedData/SDKExplicitPrecompiledModules -emit-dependencies -emit-module -emit-module-path /Users/admin/builder/spi-builder-workspace/.derivedData/Build/Intermediates.noindex/LNSwiftUIUtils.build/Debug-watchos/LNSwiftUIUtils-t.build/Objects-normal/arm64_32/LNSwiftUIUtils.swiftmodule -serialize-diagnostics -dependency-scan-serialize-diagnostics-path /Users/admin/builder/spi-builder-workspace/.derivedData/Build/Intermediates.noindex/LNSwiftUIUtils.build/Debug-watchos/LNSwiftUIUtils-t.build/Objects-normal/arm64_32/LNSwiftUIUtils-dependency-scan.dia -validate-clang-modules-once -clang-build-session-file /Users/admin/builder/spi-builder-workspace/.derivedData/ModuleCache.noindex/Session.modulevalidation -Xcc -fmodules-prune-interval\=86400 -Xcc -fmodules-prune-after\=345600 -emit-const-values -const-gather-protocols-list /Users/admin/builder/spi-builder-workspace/.derivedData/Build/Intermediates.noindex/LNSwiftUIUtils.build/Debug-watchos/LNSwiftUIUtils-t.build/Objects-normal/arm64_32/LNSwiftUIUtils_const_extract_protocols.json -Xcc -I/Users/admin/builder/spi-builder-workspace/.derivedData/Build/Products/Debug-watchos/include -Xcc -I/Users/admin/builder/spi-builder-workspace/.derivedData/Build/Intermediates.noindex/LNSwiftUIUtils.build/Debug-watchos/LNSwiftUIUtils-t.build/DerivedSources-normal/arm64_32 -Xcc -I/Users/admin/builder/spi-builder-workspace/.derivedData/Build/Intermediates.noindex/LNSwiftUIUtils.build/Debug-watchos/LNSwiftUIUtils-t.build/DerivedSources/arm64_32 -Xcc -I/Users/admin/builder/spi-builder-workspace/.derivedData/Build/Intermediates.noindex/LNSwiftUIUtils.build/Debug-watchos/LNSwiftUIUtils-t.build/DerivedSources -Xcc -DSWIFT_PACKAGE -Xcc -DDEBUG\=1 -emit-objc-header -emit-objc-header-path /Users/admin/builder/spi-builder-workspace/.derivedData/Build/Intermediates.noindex/LNSwiftUIUtils.build/Debug-watchos/LNSwiftUIUtils-t.build/Objects-normal/arm64_32/LNSwiftUIUtils-Swift.h -working-directory /Users/admin/builder/spi-builder-workspace/.swiftpm/xcode -experimental-emit-module-separately -disable-cmo
SwiftDriver LNSwiftUIUtils normal arm64 com.apple.xcode.tools.swift.compiler (in target 'LNSwiftUIUtils' from project 'LNSwiftUIUtils')
cd /Users/admin/builder/spi-builder-workspace/.swiftpm/xcode
builtin-SwiftDriver -- /Applications/Xcode-27.0.0.app/Contents/Developer/Toolchains/XcodeDefault.xctoolchain/usr/bin/swiftc -parse-as-library -module-name LNSwiftUIUtils -Onone @/Users/admin/builder/spi-builder-workspace/.derivedData/Build/Intermediates.noindex/LNSwiftUIUtils.build/Debug-watchos/LNSwiftUIUtils-t.build/Objects-normal/arm64/LNSwiftUIUtils.SwiftFileList -DSWIFT_PACKAGE -DDEBUG -DSWIFT_MODULE_RESOURCE_BUNDLE_UNAVAILABLE -DXcode -plugin-path /Applications/Xcode-27.0.0.app/Contents/Developer/Toolchains/XcodeDefault.xctoolchain/usr/lib/swift/host/plugins/testing -enable-experimental-feature DebugDescriptionMacro -sdk /Applications/Xcode-27.0.0.app/Contents/Developer/Platforms/WatchOS.platform/Developer/SDKs/WatchOS27.0.sdk -target arm64-apple-watchos9.0 -g -module-cache-path /Users/admin/builder/spi-builder-workspace/.derivedData/ModuleCache.noindex -Xfrontend -serialize-debugging-options -enable-testing -suppress-warnings -index-store-path /Users/admin/builder/spi-builder-workspace/.derivedData/Index.noindex/DataStore -Xcc -D_LIBCPP_HARDENING_MODE\=_LIBCPP_HARDENING_MODE_DEBUG -swift-version 5 -I /Users/admin/builder/spi-builder-workspace/.derivedData/Build/Products/Debug-watchos -Isystem /Applications/Xcode-27.0.0.app/Contents/Developer/Platforms/WatchOS.platform/Developer/usr/lib -F /Users/admin/builder/spi-builder-workspace/.derivedData/Build/Products/Debug-watchos -F /Applications/Xcode-27.0.0.app/Contents/Developer/Platforms/WatchOS.platform/Developer/Library/Frameworks -F /Applications/Xcode-27.0.0.app/Contents/Developer/Platforms/WatchOS.platform/Developer/SDKs/WatchOS27.0.sdk/Developer/Library/Frameworks -c -j10 -enable-batch-mode -incremental -Xcc -ivfsstatcache -Xcc /Users/admin/builder/spi-builder-workspace/.derivedData/SDKStatCaches.noindex/watchos27.0-24R360-e829b21a6f8c9b70876ba0858053c044b9db9bc9c079ee3c7b5f3373b13d10bc.sdkstatcache -output-file-map /Users/admin/builder/spi-builder-workspace/.derivedData/Build/Intermediates.noindex/LNSwiftUIUtils.build/Debug-watchos/LNSwiftUIUtils-t.build/Objects-normal/arm64/LNSwiftUIUtils-OutputFileMap.json -save-temps -no-color-diagnostics -explicit-module-build -module-cache-path /Users/admin/builder/spi-builder-workspace/.derivedData/Build/Intermediates.noindex/SwiftExplicitPrecompiledModules -clang-scanner-module-cache-path /Users/admin/builder/spi-builder-workspace/.derivedData/ModuleCache.noindex -sdk-module-cache-path /Users/admin/builder/spi-builder-workspace/.derivedData/SDKExplicitPrecompiledModules -emit-dependencies -emit-module -emit-module-path /Users/admin/builder/spi-builder-workspace/.derivedData/Build/Intermediates.noindex/LNSwiftUIUtils.build/Debug-watchos/LNSwiftUIUtils-t.build/Objects-normal/arm64/LNSwiftUIUtils.swiftmodule -serialize-diagnostics -dependency-scan-serialize-diagnostics-path /Users/admin/builder/spi-builder-workspace/.derivedData/Build/Intermediates.noindex/LNSwiftUIUtils.build/Debug-watchos/LNSwiftUIUtils-t.build/Objects-normal/arm64/LNSwiftUIUtils-dependency-scan.dia -validate-clang-modules-once -clang-build-session-file /Users/admin/builder/spi-builder-workspace/.derivedData/ModuleCache.noindex/Session.modulevalidation -Xcc -fmodules-prune-interval\=86400 -Xcc -fmodules-prune-after\=345600 -emit-const-values -const-gather-protocols-list /Users/admin/builder/spi-builder-workspace/.derivedData/Build/Intermediates.noindex/LNSwiftUIUtils.build/Debug-watchos/LNSwiftUIUtils-t.build/Objects-normal/arm64/LNSwiftUIUtils_const_extract_protocols.json -Xcc -I/Users/admin/builder/spi-builder-workspace/.derivedData/Build/Products/Debug-watchos/include -Xcc -I/Users/admin/builder/spi-builder-workspace/.derivedData/Build/Intermediates.noindex/LNSwiftUIUtils.build/Debug-watchos/LNSwiftUIUtils-t.build/DerivedSources-normal/arm64 -Xcc -I/Users/admin/builder/spi-builder-workspace/.derivedData/Build/Intermediates.noindex/LNSwiftUIUtils.build/Debug-watchos/LNSwiftUIUtils-t.build/DerivedSources/arm64 -Xcc -I/Users/admin/builder/spi-builder-workspace/.derivedData/Build/Intermediates.noindex/LNSwiftUIUtils.build/Debug-watchos/LNSwiftUIUtils-t.build/DerivedSources -Xcc -DSWIFT_PACKAGE -Xcc -DDEBUG\=1 -emit-objc-header -emit-objc-header-path /Users/admin/builder/spi-builder-workspace/.derivedData/Build/Intermediates.noindex/LNSwiftUIUtils.build/Debug-watchos/LNSwiftUIUtils-t.build/Objects-normal/arm64/LNSwiftUIUtils-Swift.h -working-directory /Users/admin/builder/spi-builder-workspace/.swiftpm/xcode -experimental-emit-module-separately -disable-cmo
SwiftDriver LNPopupController-SwiftPrivate normal arm64_32 com.apple.xcode.tools.swift.compiler (in target 'LNPopupController-SwiftPrivate' from project 'LNPopupController')
cd /Users/admin/builder/spi-builder-workspace/.swiftpm/xcode
builtin-SwiftDriver -- /Applications/Xcode-27.0.0.app/Contents/Developer/Toolchains/XcodeDefault.xctoolchain/usr/bin/swiftc -parse-as-library -module-name LNPopupController_SwiftPrivate -Onone @/Users/admin/builder/spi-builder-workspace/.derivedData/Build/Intermediates.noindex/LNPopupController.build/Debug-watchos/LNPopupController-SwiftPrivate-t.build/Objects-normal/arm64_32/LNPopupController-SwiftPrivate.SwiftFileList -DSWIFT_PACKAGE -DDEBUG -DSWIFT_MODULE_RESOURCE_BUNDLE_UNAVAILABLE -Xcc -fmodule-map-file\=/Users/admin/builder/spi-builder-workspace/.derivedData/Build/Intermediates.noindex/GeneratedModuleMaps-watchos/LNSystemMarqueeLabel.modulemap -Xcc -fmodule-map-file\=/Users/admin/builder/spi-builder-workspace/.derivedData/Build/Intermediates.noindex/GeneratedModuleMaps-watchos/LNPopupController-ObjC.modulemap -DXcode -plugin-path /Applications/Xcode-27.0.0.app/Contents/Developer/Toolchains/XcodeDefault.xctoolchain/usr/lib/swift/host/plugins/testing -enable-experimental-feature DebugDescriptionMacro -sdk /Applications/Xcode-27.0.0.app/Contents/Developer/Platforms/WatchOS.platform/Developer/SDKs/WatchOS27.0.sdk -target arm64_32-apple-watchos9.0 -g -module-cache-path /Users/admin/builder/spi-builder-workspace/.derivedData/ModuleCache.noindex -Xfrontend -serialize-debugging-options -enable-testing -suppress-warnings -index-store-path /Users/admin/builder/spi-builder-workspace/.derivedData/Index.noindex/DataStore -Xcc -D_LIBCPP_HARDENING_MODE\=_LIBCPP_HARDENING_MODE_DEBUG -swift-version 6 -I /Users/admin/builder/spi-builder-workspace/.derivedData/Build/Products/Debug-watchos -Isystem /Applications/Xcode-27.0.0.app/Contents/Developer/Platforms/WatchOS.platform/Developer/usr/lib -F /Users/admin/builder/spi-builder-workspace/.derivedData/Build/Products/Debug-watchos/PackageFrameworks -F /Users/admin/builder/spi-builder-workspace/.derivedData/Build/Products/Debug-watchos -F /Applications/Xcode-27.0.0.app/Contents/Developer/Platforms/WatchOS.platform/Developer/Library/Frameworks -F /Applications/Xcode-27.0.0.app/Contents/Developer/Platforms/WatchOS.platform/Developer/SDKs/WatchOS27.0.sdk/Developer/Library/Frameworks -c -j10 -enable-batch-mode -incremental -Xcc -ivfsstatcache -Xcc /Users/admin/builder/spi-builder-workspace/.derivedData/SDKStatCaches.noindex/watchos27.0-24R360-e829b21a6f8c9b70876ba0858053c044b9db9bc9c079ee3c7b5f3373b13d10bc.sdkstatcache -output-file-map /Users/admin/builder/spi-builder-workspace/.derivedData/Build/Intermediates.noindex/LNPopupController.build/Debug-watchos/LNPopupController-SwiftPrivate-t.build/Objects-normal/arm64_32/LNPopupController-SwiftPrivate-OutputFileMap.json -save-temps -no-color-diagnostics -explicit-module-build -module-cache-path /Users/admin/builder/spi-builder-workspace/.derivedData/Build/Intermediates.noindex/SwiftExplicitPrecompiledModules -clang-scanner-module-cache-path /Users/admin/builder/spi-builder-workspace/.derivedData/ModuleCache.noindex -sdk-module-cache-path /Users/admin/builder/spi-builder-workspace/.derivedData/SDKExplicitPrecompiledModules -emit-dependencies -emit-module -emit-module-path /Users/admin/builder/spi-builder-workspace/.derivedData/Build/Intermediates.noindex/LNPopupController.build/Debug-watchos/LNPopupController-SwiftPrivate-t.build/Objects-normal/arm64_32/LNPopupController_SwiftPrivate.swiftmodule -serialize-diagnostics -dependency-scan-serialize-diagnostics-path /Users/admin/builder/spi-builder-workspace/.derivedData/Build/Intermediates.noindex/LNPopupController.build/Debug-watchos/LNPopupController-SwiftPrivate-t.build/Objects-normal/arm64_32/LNPopupController_SwiftPrivate-dependency-scan.dia -user-module-version 4.6.1 -validate-clang-modules-once -clang-build-session-file /Users/admin/builder/spi-builder-workspace/.derivedData/ModuleCache.noindex/Session.modulevalidation -Xcc -fmodules-prune-interval\=86400 -Xcc -fmodules-prune-after\=345600 -package-name lnpopupcontroller -emit-const-values -const-gather-protocols-list /Users/admin/builder/spi-builder-workspace/.derivedData/Build/Intermediates.noindex/LNPopupController.build/Debug-watchos/LNPopupController-SwiftPrivate-t.build/Objects-normal/arm64_32/LNPopupController-SwiftPrivate_const_extract_protocols.json -Xcc -I/Users/admin/builder/spi-builder-workspace/.dependencies/checkouts/LNSystemMarqueeLabel/Sources/LNSystemMarqueeLabel -Xcc -I/Users/admin/builder/spi-builder-workspace/.dependencies/checkouts/LNPopupController/LNPopupController/include -Xcc -I/Users/admin/builder/spi-builder-workspace/.derivedData/Build/Products/Debug-watchos/include -Xcc -I/Users/admin/builder/spi-builder-workspace/.derivedData/Build/Intermediates.noindex/LNPopupController.build/Debug-watchos/LNPopupController-SwiftPrivate-t.build/DerivedSources-normal/arm64_32 -Xcc -I/Users/admin/builder/spi-builder-workspace/.derivedData/Build/Intermediates.noindex/LNPopupController.build/Debug-watchos/LNPopupController-SwiftPrivate-t.build/DerivedSources/arm64_32 -Xcc -I/Users/admin/builder/spi-builder-workspace/.derivedData/Build/Intermediates.noindex/LNPopupController.build/Debug-watchos/LNPopupController-SwiftPrivate-t.build/DerivedSources -Xcc -DSWIFT_PACKAGE -Xcc -DDEBUG\=1 -emit-objc-header -emit-objc-header-path /Users/admin/builder/spi-builder-workspace/.derivedData/Build/Intermediates.noindex/LNPopupController.build/Debug-watchos/LNPopupController-SwiftPrivate-t.build/Objects-normal/arm64_32/LNPopupController-SwiftPrivate-Swift.h -working-directory /Users/admin/builder/spi-builder-workspace/.swiftpm/xcode -experimental-emit-module-separately -disable-cmo
SwiftDriver LNPopupController-SwiftPrivate normal arm64 com.apple.xcode.tools.swift.compiler (in target 'LNPopupController-SwiftPrivate' from project 'LNPopupController')
cd /Users/admin/builder/spi-builder-workspace/.swiftpm/xcode
builtin-SwiftDriver -- /Applications/Xcode-27.0.0.app/Contents/Developer/Toolchains/XcodeDefault.xctoolchain/usr/bin/swiftc -parse-as-library -module-name LNPopupController_SwiftPrivate -Onone @/Users/admin/builder/spi-builder-workspace/.derivedData/Build/Intermediates.noindex/LNPopupController.build/Debug-watchos/LNPopupController-SwiftPrivate-t.build/Objects-normal/arm64/LNPopupController-SwiftPrivate.SwiftFileList -DSWIFT_PACKAGE -DDEBUG -DSWIFT_MODULE_RESOURCE_BUNDLE_UNAVAILABLE -Xcc -fmodule-map-file\=/Users/admin/builder/spi-builder-workspace/.derivedData/Build/Intermediates.noindex/GeneratedModuleMaps-watchos/LNSystemMarqueeLabel.modulemap -Xcc -fmodule-map-file\=/Users/admin/builder/spi-builder-workspace/.derivedData/Build/Intermediates.noindex/GeneratedModuleMaps-watchos/LNPopupController-ObjC.modulemap -DXcode -plugin-path /Applications/Xcode-27.0.0.app/Contents/Developer/Toolchains/XcodeDefault.xctoolchain/usr/lib/swift/host/plugins/testing -enable-experimental-feature DebugDescriptionMacro -sdk /Applications/Xcode-27.0.0.app/Contents/Developer/Platforms/WatchOS.platform/Developer/SDKs/WatchOS27.0.sdk -target arm64-apple-watchos9.0 -g -module-cache-path /Users/admin/builder/spi-builder-workspace/.derivedData/ModuleCache.noindex -Xfrontend -serialize-debugging-options -enable-testing -suppress-warnings -index-store-path /Users/admin/builder/spi-builder-workspace/.derivedData/Index.noindex/DataStore -Xcc -D_LIBCPP_HARDENING_MODE\=_LIBCPP_HARDENING_MODE_DEBUG -swift-version 6 -I /Users/admin/builder/spi-builder-workspace/.derivedData/Build/Products/Debug-watchos -Isystem /Applications/Xcode-27.0.0.app/Contents/Developer/Platforms/WatchOS.platform/Developer/usr/lib -F /Users/admin/builder/spi-builder-workspace/.derivedData/Build/Products/Debug-watchos/PackageFrameworks -F /Users/admin/builder/spi-builder-workspace/.derivedData/Build/Products/Debug-watchos -F /Applications/Xcode-27.0.0.app/Contents/Developer/Platforms/WatchOS.platform/Developer/Library/Frameworks -F /Applications/Xcode-27.0.0.app/Contents/Developer/Platforms/WatchOS.platform/Developer/SDKs/WatchOS27.0.sdk/Developer/Library/Frameworks -c -j10 -enable-batch-mode -incremental -Xcc -ivfsstatcache -Xcc /Users/admin/builder/spi-builder-workspace/.derivedData/SDKStatCaches.noindex/watchos27.0-24R360-e829b21a6f8c9b70876ba0858053c044b9db9bc9c079ee3c7b5f3373b13d10bc.sdkstatcache -output-file-map /Users/admin/builder/spi-builder-workspace/.derivedData/Build/Intermediates.noindex/LNPopupController.build/Debug-watchos/LNPopupController-SwiftPrivate-t.build/Objects-normal/arm64/LNPopupController-SwiftPrivate-OutputFileMap.json -save-temps -no-color-diagnostics -explicit-module-build -module-cache-path /Users/admin/builder/spi-builder-workspace/.derivedData/Build/Intermediates.noindex/SwiftExplicitPrecompiledModules -clang-scanner-module-cache-path /Users/admin/builder/spi-builder-workspace/.derivedData/ModuleCache.noindex -sdk-module-cache-path /Users/admin/builder/spi-builder-workspace/.derivedData/SDKExplicitPrecompiledModules -emit-dependencies -emit-module -emit-module-path /Users/admin/builder/spi-builder-workspace/.derivedData/Build/Intermediates.noindex/LNPopupController.build/Debug-watchos/LNPopupController-SwiftPrivate-t.build/Objects-normal/arm64/LNPopupController_SwiftPrivate.swiftmodule -serialize-diagnostics -dependency-scan-serialize-diagnostics-path /Users/admin/builder/spi-builder-workspace/.derivedData/Build/Intermediates.noindex/LNPopupController.build/Debug-watchos/LNPopupController-SwiftPrivate-t.build/Objects-normal/arm64/LNPopupController_SwiftPrivate-dependency-scan.dia -user-module-version 4.6.1 -validate-clang-modules-once -clang-build-session-file /Users/admin/builder/spi-builder-workspace/.derivedData/ModuleCache.noindex/Session.modulevalidation -Xcc -fmodules-prune-interval\=86400 -Xcc -fmodules-prune-after\=345600 -package-name lnpopupcontroller -emit-const-values -const-gather-protocols-list /Users/admin/builder/spi-builder-workspace/.derivedData/Build/Intermediates.noindex/LNPopupController.build/Debug-watchos/LNPopupController-SwiftPrivate-t.build/Objects-normal/arm64/LNPopupController-SwiftPrivate_const_extract_protocols.json -Xcc -I/Users/admin/builder/spi-builder-workspace/.dependencies/checkouts/LNSystemMarqueeLabel/Sources/LNSystemMarqueeLabel -Xcc -I/Users/admin/builder/spi-builder-workspace/.dependencies/checkouts/LNPopupController/LNPopupController/include -Xcc -I/Users/admin/builder/spi-builder-workspace/.derivedData/Build/Products/Debug-watchos/include -Xcc -I/Users/admin/builder/spi-builder-workspace/.derivedData/Build/Intermediates.noindex/LNPopupController.build/Debug-watchos/LNPopupController-SwiftPrivate-t.build/DerivedSources-normal/arm64 -Xcc -I/Users/admin/builder/spi-builder-workspace/.derivedData/Build/Intermediates.noindex/LNPopupController.build/Debug-watchos/LNPopupController-SwiftPrivate-t.build/DerivedSources/arm64 -Xcc -I/Users/admin/builder/spi-builder-workspace/.derivedData/Build/Intermediates.noindex/LNPopupController.build/Debug-watchos/LNPopupController-SwiftPrivate-t.build/DerivedSources -Xcc -DSWIFT_PACKAGE -Xcc -DDEBUG\=1 -emit-objc-header -emit-objc-header-path /Users/admin/builder/spi-builder-workspace/.derivedData/Build/Intermediates.noindex/LNPopupController.build/Debug-watchos/LNPopupController-SwiftPrivate-t.build/Objects-normal/arm64/LNPopupController-SwiftPrivate-Swift.h -working-directory /Users/admin/builder/spi-builder-workspace/.swiftpm/xcode -experimental-emit-module-separately -disable-cmo
SwiftDriver LNPopupController normal arm64 com.apple.xcode.tools.swift.compiler (in target 'LNPopupController' from project 'LNPopupController')
cd /Users/admin/builder/spi-builder-workspace/.swiftpm/xcode
builtin-SwiftDriver -- /Applications/Xcode-27.0.0.app/Contents/Developer/Toolchains/XcodeDefault.xctoolchain/usr/bin/swiftc -parse-as-library -module-name LNPopupController -Onone @/Users/admin/builder/spi-builder-workspace/.derivedData/Build/Intermediates.noindex/LNPopupController.build/Debug-watchos/LNPopupController-t.build/Objects-normal/arm64/LNPopupController.SwiftFileList -DSWIFT_PACKAGE -DDEBUG -DSWIFT_MODULE_RESOURCE_BUNDLE_UNAVAILABLE -Xcc -fmodule-map-file\=/Users/admin/builder/spi-builder-workspace/.derivedData/Build/Intermediates.noindex/GeneratedModuleMaps-watchos/LNSystemMarqueeLabel.modulemap -Xcc -fmodule-map-file\=/Users/admin/builder/spi-builder-workspace/.derivedData/Build/Intermediates.noindex/GeneratedModuleMaps-watchos/LNPopupController-ObjC.modulemap -DXcode -plugin-path /Applications/Xcode-27.0.0.app/Contents/Developer/Toolchains/XcodeDefault.xctoolchain/usr/lib/swift/host/plugins/testing -enable-experimental-feature DebugDescriptionMacro -sdk /Applications/Xcode-27.0.0.app/Contents/Developer/Platforms/WatchOS.platform/Developer/SDKs/WatchOS27.0.sdk -target arm64-apple-watchos9.0 -g -module-cache-path /Users/admin/builder/spi-builder-workspace/.derivedData/ModuleCache.noindex -Xfrontend -serialize-debugging-options -enable-testing -suppress-warnings -index-store-path /Users/admin/builder/spi-builder-workspace/.derivedData/Index.noindex/DataStore -Xcc -D_LIBCPP_HARDENING_MODE\=_LIBCPP_HARDENING_MODE_DEBUG -swift-version 6 -I /Users/admin/builder/spi-builder-workspace/.derivedData/Build/Products/Debug-watchos -Isystem /Applications/Xcode-27.0.0.app/Contents/Developer/Platforms/WatchOS.platform/Developer/usr/lib -F /Users/admin/builder/spi-builder-workspace/.derivedData/Build/Products/Debug-watchos/PackageFrameworks -F /Users/admin/builder/spi-builder-workspace/.derivedData/Build/Products/Debug-watchos -F /Applications/Xcode-27.0.0.app/Contents/Developer/Platforms/WatchOS.platform/Developer/Library/Frameworks -F /Applications/Xcode-27.0.0.app/Contents/Developer/Platforms/WatchOS.platform/Developer/SDKs/WatchOS27.0.sdk/Developer/Library/Frameworks -c -j10 -enable-batch-mode -incremental -Xcc -ivfsstatcache -Xcc /Users/admin/builder/spi-builder-workspace/.derivedData/SDKStatCaches.noindex/watchos27.0-24R360-e829b21a6f8c9b70876ba0858053c044b9db9bc9c079ee3c7b5f3373b13d10bc.sdkstatcache -output-file-map /Users/admin/builder/spi-builder-workspace/.derivedData/Build/Intermediates.noindex/LNPopupController.build/Debug-watchos/LNPopupController-t.build/Objects-normal/arm64/LNPopupController-OutputFileMap.json -save-temps -no-color-diagnostics -explicit-module-build -module-cache-path /Users/admin/builder/spi-builder-workspace/.derivedData/Build/Intermediates.noindex/SwiftExplicitPrecompiledModules -clang-scanner-module-cache-path /Users/admin/builder/spi-builder-workspace/.derivedData/ModuleCache.noindex -sdk-module-cache-path /Users/admin/builder/spi-builder-workspace/.derivedData/SDKExplicitPrecompiledModules -emit-dependencies -emit-module -emit-module-path /Users/admin/builder/spi-builder-workspace/.derivedData/Build/Intermediates.noindex/LNPopupController.build/Debug-watchos/LNPopupController-t.build/Objects-normal/arm64/LNPopupController.swiftmodule -serialize-diagnostics -dependency-scan-serialize-diagnostics-path /Users/admin/builder/spi-builder-workspace/.derivedData/Build/Intermediates.noindex/LNPopupController.build/Debug-watchos/LNPopupController-t.build/Objects-normal/arm64/LNPopupController-dependency-scan.dia -user-module-version 4.6.1 -validate-clang-modules-once -clang-build-session-file /Users/admin/builder/spi-builder-workspace/.derivedData/ModuleCache.noindex/Session.modulevalidation -Xcc -fmodules-prune-interval\=86400 -Xcc -fmodules-prune-after\=345600 -package-name lnpopupcontroller -emit-const-values -const-gather-protocols-list /Users/admin/builder/spi-builder-workspace/.derivedData/Build/Intermediates.noindex/LNPopupController.build/Debug-watchos/LNPopupController-t.build/Objects-normal/arm64/LNPopupController_const_extract_protocols.json -Xcc -I/Users/admin/builder/spi-builder-workspace/.dependencies/checkouts/LNSystemMarqueeLabel/Sources/LNSystemMarqueeLabel -Xcc -I/Users/admin/builder/spi-builder-workspace/.dependencies/checkouts/LNPopupController/LNPopupController/include -Xcc -I/Users/admin/builder/spi-builder-workspace/.derivedData/Build/Products/Debug-watchos/include -Xcc -I/Users/admin/builder/spi-builder-workspace/.derivedData/Build/Intermediates.noindex/LNPopupController.build/Debug-watchos/LNPopupController-t.build/DerivedSources-normal/arm64 -Xcc -I/Users/admin/builder/spi-builder-workspace/.derivedData/Build/Intermediates.noindex/LNPopupController.build/Debug-watchos/LNPopupController-t.build/DerivedSources/arm64 -Xcc -I/Users/admin/builder/spi-builder-workspace/.derivedData/Build/Intermediates.noindex/LNPopupController.build/Debug-watchos/LNPopupController-t.build/DerivedSources -Xcc -DSWIFT_PACKAGE -Xcc -DDEBUG\=1 -emit-objc-header -emit-objc-header-path /Users/admin/builder/spi-builder-workspace/.derivedData/Build/Intermediates.noindex/LNPopupController.build/Debug-watchos/LNPopupController-t.build/Objects-normal/arm64/LNPopupController-Swift.h -working-directory /Users/admin/builder/spi-builder-workspace/.swiftpm/xcode -experimental-emit-module-separately -disable-cmo
SwiftDriver LNPopupController normal arm64_32 com.apple.xcode.tools.swift.compiler (in target 'LNPopupController' from project 'LNPopupController')
cd /Users/admin/builder/spi-builder-workspace/.swiftpm/xcode
builtin-SwiftDriver -- /Applications/Xcode-27.0.0.app/Contents/Developer/Toolchains/XcodeDefault.xctoolchain/usr/bin/swiftc -parse-as-library -module-name LNPopupController -Onone @/Users/admin/builder/spi-builder-workspace/.derivedData/Build/Intermediates.noindex/LNPopupController.build/Debug-watchos/LNPopupController-t.build/Objects-normal/arm64_32/LNPopupController.SwiftFileList -DSWIFT_PACKAGE -DDEBUG -DSWIFT_MODULE_RESOURCE_BUNDLE_UNAVAILABLE -Xcc -fmodule-map-file\=/Users/admin/builder/spi-builder-workspace/.derivedData/Build/Intermediates.noindex/GeneratedModuleMaps-watchos/LNSystemMarqueeLabel.modulemap -Xcc -fmodule-map-file\=/Users/admin/builder/spi-builder-workspace/.derivedData/Build/Intermediates.noindex/GeneratedModuleMaps-watchos/LNPopupController-ObjC.modulemap -DXcode -plugin-path /Applications/Xcode-27.0.0.app/Contents/Developer/Toolchains/XcodeDefault.xctoolchain/usr/lib/swift/host/plugins/testing -enable-experimental-feature DebugDescriptionMacro -sdk /Applications/Xcode-27.0.0.app/Contents/Developer/Platforms/WatchOS.platform/Developer/SDKs/WatchOS27.0.sdk -target arm64_32-apple-watchos9.0 -g -module-cache-path /Users/admin/builder/spi-builder-workspace/.derivedData/ModuleCache.noindex -Xfrontend -serialize-debugging-options -enable-testing -suppress-warnings -index-store-path /Users/admin/builder/spi-builder-workspace/.derivedData/Index.noindex/DataStore -Xcc -D_LIBCPP_HARDENING_MODE\=_LIBCPP_HARDENING_MODE_DEBUG -swift-version 6 -I /Users/admin/builder/spi-builder-workspace/.derivedData/Build/Products/Debug-watchos -Isystem /Applications/Xcode-27.0.0.app/Contents/Developer/Platforms/WatchOS.platform/Developer/usr/lib -F /Users/admin/builder/spi-builder-workspace/.derivedData/Build/Products/Debug-watchos/PackageFrameworks -F /Users/admin/builder/spi-builder-workspace/.derivedData/Build/Products/Debug-watchos -F /Applications/Xcode-27.0.0.app/Contents/Developer/Platforms/WatchOS.platform/Developer/Library/Frameworks -F /Applications/Xcode-27.0.0.app/Contents/Developer/Platforms/WatchOS.platform/Developer/SDKs/WatchOS27.0.sdk/Developer/Library/Frameworks -c -j10 -enable-batch-mode -incremental -Xcc -ivfsstatcache -Xcc /Users/admin/builder/spi-builder-workspace/.derivedData/SDKStatCaches.noindex/watchos27.0-24R360-e829b21a6f8c9b70876ba0858053c044b9db9bc9c079ee3c7b5f3373b13d10bc.sdkstatcache -output-file-map /Users/admin/builder/spi-builder-workspace/.derivedData/Build/Intermediates.noindex/LNPopupController.build/Debug-watchos/LNPopupController-t.build/Objects-normal/arm64_32/LNPopupController-OutputFileMap.json -save-temps -no-color-diagnostics -explicit-module-build -module-cache-path /Users/admin/builder/spi-builder-workspace/.derivedData/Build/Intermediates.noindex/SwiftExplicitPrecompiledModules -clang-scanner-module-cache-path /Users/admin/builder/spi-builder-workspace/.derivedData/ModuleCache.noindex -sdk-module-cache-path /Users/admin/builder/spi-builder-workspace/.derivedData/SDKExplicitPrecompiledModules -emit-dependencies -emit-module -emit-module-path /Users/admin/builder/spi-builder-workspace/.derivedData/Build/Intermediates.noindex/LNPopupController.build/Debug-watchos/LNPopupController-t.build/Objects-normal/arm64_32/LNPopupController.swiftmodule -serialize-diagnostics -dependency-scan-serialize-diagnostics-path /Users/admin/builder/spi-builder-workspace/.derivedData/Build/Intermediates.noindex/LNPopupController.build/Debug-watchos/LNPopupController-t.build/Objects-normal/arm64_32/LNPopupController-dependency-scan.dia -user-module-version 4.6.1 -validate-clang-modules-once -clang-build-session-file /Users/admin/builder/spi-builder-workspace/.derivedData/ModuleCache.noindex/Session.modulevalidation -Xcc -fmodules-prune-interval\=86400 -Xcc -fmodules-prune-after\=345600 -package-name lnpopupcontroller -emit-const-values -const-gather-protocols-list /Users/admin/builder/spi-builder-workspace/.derivedData/Build/Intermediates.noindex/LNPopupController.build/Debug-watchos/LNPopupController-t.build/Objects-normal/arm64_32/LNPopupController_const_extract_protocols.json -Xcc -I/Users/admin/builder/spi-builder-workspace/.dependencies/checkouts/LNSystemMarqueeLabel/Sources/LNSystemMarqueeLabel -Xcc -I/Users/admin/builder/spi-builder-workspace/.dependencies/checkouts/LNPopupController/LNPopupController/include -Xcc -I/Users/admin/builder/spi-builder-workspace/.derivedData/Build/Products/Debug-watchos/include -Xcc -I/Users/admin/builder/spi-builder-workspace/.derivedData/Build/Intermediates.noindex/LNPopupController.build/Debug-watchos/LNPopupController-t.build/DerivedSources-normal/arm64_32 -Xcc -I/Users/admin/builder/spi-builder-workspace/.derivedData/Build/Intermediates.noindex/LNPopupController.build/Debug-watchos/LNPopupController-t.build/DerivedSources/arm64_32 -Xcc -I/Users/admin/builder/spi-builder-workspace/.derivedData/Build/Intermediates.noindex/LNPopupController.build/Debug-watchos/LNPopupController-t.build/DerivedSources -Xcc -DSWIFT_PACKAGE -Xcc -DDEBUG\=1 -emit-objc-header -emit-objc-header-path /Users/admin/builder/spi-builder-workspace/.derivedData/Build/Intermediates.noindex/LNPopupController.build/Debug-watchos/LNPopupController-t.build/Objects-normal/arm64_32/LNPopupController-Swift.h -working-directory /Users/admin/builder/spi-builder-workspace/.swiftpm/xcode -experimental-emit-module-separately -disable-cmo
CompileC /Users/admin/builder/spi-builder-workspace/.derivedData/Build/Intermediates.noindex/LNPopupController.build/Debug-watchos/LNPopupController-ObjC-t.build/Objects-normal/arm64_32/_LNPopupTransitionView.o /Users/admin/builder/spi-builder-workspace/.dependencies/checkouts/LNPopupController/LNPopupController/LNPopupController/Private/TransitionAnimators/_LNPopupTransitionView.mm normal arm64_32 objective-c++ com.apple.compilers.llvm.clang.1_0.compiler (in target 'LNPopupController-ObjC' from project 'LNPopupController')
cd /Users/admin/builder/spi-builder-workspace/.swiftpm/xcode
Using response file: /Users/admin/builder/spi-builder-workspace/.derivedData/Build/Intermediates.noindex/LNPopupController.build/Debug-watchos/LNPopupController-ObjC-t.build/Objects-normal/arm64_32/af3fcb34312c57c0f52879cdce924b91-common-args.resp
/Applications/Xcode-27.0.0.app/Contents/Developer/Toolchains/XcodeDefault.xctoolchain/usr/bin/clang -x objective-c++ -ivfsstatcache /Users/admin/builder/spi-builder-workspace/.derivedData/SDKStatCaches.noindex/watchos27.0-24R360-e829b21a6f8c9b70876ba0858053c044b9db9bc9c079ee3c7b5f3373b13d10bc.sdkstatcache -target arm64_32-apple-watchos9.0 -fmessage-length\=0 -fdiagnostics-show-note-include-stack -fmacro-backtrace-limit\=0 -fno-color-diagnostics -fmodules-prune-interval\=86400 -fmodules-prune-after\=345600 -fbuild-session-file\=/Users/admin/builder/spi-builder-workspace/.derivedData/ModuleCache.noindex/Session.modulevalidation -fmodules-validate-once-per-build-session -Wnon-modular-include-in-framework-module -Werror\=non-modular-include-in-framework-module -Wno-trigraphs -Wno-missing-field-initializers -Wno-missing-prototypes -Wno-return-type -Wno-implicit-atomic-properties -Wno-objc-interface-ivars -Wno-arc-repeated-use-of-weak -Wno-non-virtual-dtor -Wno-overloaded-virtual -Wno-exit-time-destructors -Wno-missing-braces -Wparentheses -Wswitch -Wno-unused-function -Wno-unused-label -Wno-unused-parameter -Wno-unused-variable -Wunused-value -Wno-empty-body -Wno-uninitialized -Wno-unknown-pragmas -w -Wno-shadow -Wno-four-char-constants -Wno-conversion -Wno-constant-conversion -Wno-int-conversion -Wno-bool-conversion -Wno-enum-conversion -Wno-float-conversion -Wno-non-literal-null-conversion -Wno-objc-literal-conversion -Wno-shorten-64-to-32 -Wno-newline-eof -Wno-selector -Wno-strict-selector-match -Wno-undeclared-selector -Wno-deprecated-implementations -Wno-c++11-extensions -Wno-implicit-fallthrough -isysroot /Applications/Xcode-27.0.0.app/Contents/Developer/Platforms/WatchOS.platform/Developer/SDKs/WatchOS27.0.sdk -fstrict-aliasing -Wprotocol -Wdeprecated-declarations -Winvalid-offsetof -Wno-sign-conversion -Wno-infinite-recursion -Wno-move -Wno-comma -Wno-block-capture-autoreleasing -Wno-strict-prototypes -Wno-range-loop-analysis -Wno-semicolon-before-method-body -index-store-path /Users/admin/builder/spi-builder-workspace/.derivedData/Index.noindex/DataStore @/Users/admin/builder/spi-builder-workspace/.derivedData/Build/Intermediates.noindex/LNPopupController.build/Debug-watchos/LNPopupController-ObjC-t.build/Objects-normal/arm64_32/af3fcb34312c57c0f52879cdce924b91-common-args.resp -MMD -MT dependencies -MF /Users/admin/builder/spi-builder-workspace/.derivedData/Build/Intermediates.noindex/LNPopupController.build/Debug-watchos/LNPopupController-ObjC-t.build/Objects-normal/arm64_32/_LNPopupTransitionView.d --serialize-diagnostics /Users/admin/builder/spi-builder-workspace/.derivedData/Build/Intermediates.noindex/LNPopupController.build/Debug-watchos/LNPopupController-ObjC-t.build/Objects-normal/arm64_32/_LNPopupTransitionView.dia -c /Users/admin/builder/spi-builder-workspace/.dependencies/checkouts/LNPopupController/LNPopupController/LNPopupController/Private/TransitionAnimators/_LNPopupTransitionView.mm -o /Users/admin/builder/spi-builder-workspace/.derivedData/Build/Intermediates.noindex/LNPopupController.build/Debug-watchos/LNPopupController-ObjC-t.build/Objects-normal/arm64_32/_LNPopupTransitionView.o -index-unit-output-path /LNPopupController.build/Debug-watchos/LNPopupController-ObjC-t.build/Objects-normal/arm64_32/_LNPopupTransitionView.o
In file included from /Users/admin/builder/spi-builder-workspace/.dependencies/checkouts/LNPopupController/LNPopupController/LNPopupController/Private/TransitionAnimators/_LNPopupTransitionView.mm:9:
In file included from /Users/admin/builder/spi-builder-workspace/.dependencies/checkouts/LNPopupController/LNPopupController/LNPopupController/Private/TransitionAnimators/_LNPopupTransitionView.h:10:
In file included from /Users/admin/builder/spi-builder-workspace/.dependencies/checkouts/LNPopupController/LNPopupController/include/LNPopupController/UIViewController+LNPopupSupport.h:11:
In file included from /Users/admin/builder/spi-builder-workspace/.dependencies/checkouts/LNPopupController/LNPopupController/include/LNPopupController/LNPopupContentView.h:11:
/Users/admin/builder/spi-builder-workspace/.dependencies/checkouts/LNPopupController/LNPopupController/include/LNPopupController/LNPopupCloseButton.h:81:33: error: 'UIButton' is unavailable: not available on watchOS
81 | @interface LNPopupCloseButton : UIButton <UIAppearanceContainer>
| ^
In file included from /Users/admin/builder/spi-builder-workspace/.dependencies/checkouts/LNPopupController/LNPopupController/LNPopupController/Private/TransitionAnimators/_LNPopupTransitionView.mm:9:
In file included from /Users/admin/builder/spi-builder-workspace/.dependencies/checkouts/LNPopupController/LNPopupController/LNPopupController/Private/TransitionAnimators/_LNPopupTransitionView.h:9:
In file included from /Applications/Xcode-27.0.0.app/Contents/Developer/Platforms/WatchOS.platform/Developer/SDKs/WatchOS27.0.sdk/System/Library/Frameworks/UIKit.framework/Headers/UIKit.h:13:
In file included from /Applications/Xcode-27.0.0.app/Contents/Developer/Platforms/WatchOS.platform/Developer/SDKs/WatchOS27.0.sdk/System/Library/Frameworks/UIKit.framework/Headers/UIKitCore.h:30:
In file included from /Applications/Xcode-27.0.0.app/Contents/Developer/Platforms/WatchOS.platform/Developer/SDKs/WatchOS27.0.sdk/System/Library/Frameworks/UIKit.framework/Headers/UIAccessibilityContentSizeCategoryImageAdjusting.h:12:
/Applications/Xcode-27.0.0.app/Contents/Developer/Platforms/WatchOS.platform/Developer/SDKs/WatchOS27.0.sdk/System/Library/Frameworks/UIKit.framework/Headers/UIButton.h:49:12: note: 'UIButton' has been explicitly marked unavailable here
49 | @interface UIButton : UIControl <NSCoding>
| ^
In file included from /Users/admin/builder/spi-builder-workspace/.dependencies/checkouts/LNPopupController/LNPopupController/LNPopupController/Private/TransitionAnimators/_LNPopupTransitionView.mm:9:
In file included from /Users/admin/builder/spi-builder-workspace/.dependencies/checkouts/LNPopupController/LNPopupController/LNPopupController/Private/TransitionAnimators/_LNPopupTransitionView.h:10:
In file included from /Users/admin/builder/spi-builder-workspace/.dependencies/checkouts/LNPopupController/LNPopupController/include/LNPopupController/UIViewController+LNPopupSupport.h:11:
In file included from /Users/admin/builder/spi-builder-workspace/.dependencies/checkouts/LNPopupController/LNPopupController/include/LNPopupController/LNPopupContentView.h:11:
/Users/admin/builder/spi-builder-workspace/.dependencies/checkouts/LNPopupController/LNPopupController/include/LNPopupController/LNPopupCloseButton.h:81:43: error: 'UIAppearanceContainer' is unavailable: not available on watchOS
81 | @interface LNPopupCloseButton : UIButton <UIAppearanceContainer>
| ^
In file included from /Users/admin/builder/spi-builder-workspace/.dependencies/checkouts/LNPopupController/LNPopupController/LNPopupController/Private/TransitionAnimators/_LNPopupTransitionView.mm:9:
In file included from /Users/admin/builder/spi-builder-workspace/.dependencies/checkouts/LNPopupController/LNPopupController/LNPopupController/Private/TransitionAnimators/_LNPopupTransitionView.h:9:
In file included from /Applications/Xcode-27.0.0.app/Contents/Developer/Platforms/WatchOS.platform/Developer/SDKs/WatchOS27.0.sdk/System/Library/Frameworks/UIKit.framework/Headers/UIKit.h:13:
In file included from /Applications/Xcode-27.0.0.app/Contents/Developer/Platforms/WatchOS.platform/Developer/SDKs/WatchOS27.0.sdk/System/Library/Frameworks/UIKit.framework/Headers/UIKitCore.h:29:
In file included from /Applications/Xcode-27.0.0.app/Contents/Developer/Platforms/WatchOS.platform/Developer/SDKs/WatchOS27.0.sdk/System/Library/Frameworks/UIKit.framework/Headers/UIAccessibility.h:15:
In file included from /Applications/Xcode-27.0.0.app/Contents/Developer/Platforms/WatchOS.platform/Developer/SDKs/WatchOS27.0.sdk/System/Library/Frameworks/UIKit.framework/Headers/UIAccessibilityAdditions.h:11:
In file included from /Applications/Xcode-27.0.0.app/Contents/Developer/Platforms/WatchOS.platform/Developer/SDKs/WatchOS27.0.sdk/System/Library/Frameworks/UIKit.framework/Headers/UIPickerView.h:11:
In file included from /Applications/Xcode-27.0.0.app/Contents/Developer/Platforms/WatchOS.platform/Developer/SDKs/WatchOS27.0.sdk/System/Library/Frameworks/UIKit.framework/Headers/UIView.h:14:
/Applications/Xcode-27.0.0.app/Contents/Developer/Platforms/WatchOS.platform/Developer/SDKs/WatchOS27.0.sdk/System/Library/Frameworks/UIKit.framework/Headers/UIAppearance.h:25:11: note: 'UIAppearanceContainer' has been explicitly marked unavailable here
25 | @protocol UIAppearanceContainer <NSObject> @end
| ^
In file included from /Users/admin/builder/spi-builder-workspace/.dependencies/checkouts/LNPopupController/LNPopupController/LNPopupController/Private/TransitionAnimators/_LNPopupTransitionView.mm:9:
In file included from /Users/admin/builder/spi-builder-workspace/.dependencies/checkouts/LNPopupController/LNPopupController/LNPopupController/Private/TransitionAnimators/_LNPopupTransitionView.h:10:
In file included from /Users/admin/builder/spi-builder-workspace/.dependencies/checkouts/LNPopupController/LNPopupController/include/LNPopupController/UIViewController+LNPopupSupport.h:11:
In file included from /Users/admin/builder/spi-builder-workspace/.dependencies/checkouts/LNPopupController/LNPopupController/include/LNPopupController/LNPopupContentView.h:11:
/Users/admin/builder/spi-builder-workspace/.dependencies/checkouts/LNPopupController/LNPopupController/include/LNPopupController/LNPopupCloseButton.h:114:41: error: 'UIVisualEffectView' is unavailable: not available on watchOS
114 | @property (nonatomic, strong, readonly) UIVisualEffectView* backgroundView LN_DEPRECATED_API_OS("The background view is only available for the deprecated round close button style.", ios(2.0, 26.0));
| ^
In file included from /Users/admin/builder/spi-builder-workspace/.dependencies/checkouts/LNPopupController/LNPopupController/LNPopupController/Private/TransitionAnimators/_LNPopupTransitionView.mm:9:
In file included from /Users/admin/builder/spi-builder-workspace/.dependencies/checkouts/LNPopupController/LNPopupController/LNPopupController/Private/TransitionAnimators/_LNPopupTransitionView.h:9:
In file included from /Applications/Xcode-27.0.0.app/Contents/Developer/Platforms/WatchOS.platform/Developer/SDKs/WatchOS27.0.sdk/System/Library/Frameworks/UIKit.framework/Headers/UIKit.h:13:
In file included from /Applications/Xcode-27.0.0.app/Contents/Developer/Platforms/WatchOS.platform/Developer/SDKs/WatchOS27.0.sdk/System/Library/Frameworks/UIKit.framework/Headers/UIKitCore.h:95:
/Applications/Xcode-27.0.0.app/Contents/Developer/Platforms/WatchOS.platform/Developer/SDKs/WatchOS27.0.sdk/System/Library/Frameworks/UIKit.framework/Headers/UIVisualEffectView.h:28:12: note: 'UIVisualEffectView' has been explicitly marked unavailable here
28 | @interface UIVisualEffectView : UIView <NSSecureCoding>
| ^
In file included from /Users/admin/builder/spi-builder-workspace/.dependencies/checkouts/LNPopupController/LNPopupController/LNPopupController/Private/TransitionAnimators/_LNPopupTransitionView.mm:9:
In file included from /Users/admin/builder/spi-builder-workspace/.dependencies/checkouts/LNPopupController/LNPopupController/LNPopupController/Private/TransitionAnimators/_LNPopupTransitionView.h:10:
In file included from /Users/admin/builder/spi-builder-workspace/.dependencies/checkouts/LNPopupController/LNPopupController/include/LNPopupController/UIViewController+LNPopupSupport.h:11:
/Users/admin/builder/spi-builder-workspace/.dependencies/checkouts/LNPopupController/LNPopupController/include/LNPopupController/LNPopupContentView.h:16:53: error: 'UIPanGestureRecognizer' is unavailable: not available on watchOS
16 | @interface LNPopupInteractionPanGestureRecognizer : UIPanGestureRecognizer
| ^
In file included from /Users/admin/builder/spi-builder-workspace/.dependencies/checkouts/LNPopupController/LNPopupController/LNPopupController/Private/TransitionAnimators/_LNPopupTransitionView.mm:9:
In file included from /Users/admin/builder/spi-builder-workspace/.dependencies/checkouts/LNPopupController/LNPopupController/LNPopupController/Private/TransitionAnimators/_LNPopupTransitionView.h:9:
In file included from /Applications/Xcode-27.0.0.app/Contents/Developer/Platforms/WatchOS.platform/Developer/SDKs/WatchOS27.0.sdk/System/Library/Frameworks/UIKit.framework/Headers/UIKit.h:13:
In file included from /Applications/Xcode-27.0.0.app/Contents/Developer/Platforms/WatchOS.platform/Developer/SDKs/WatchOS27.0.sdk/System/Library/Frameworks/UIKit.framework/Headers/UIKitCore.h:105:
In file included from /Applications/Xcode-27.0.0.app/Contents/Developer/Platforms/WatchOS.platform/Developer/SDKs/WatchOS27.0.sdk/System/Library/Frameworks/UIKit.framework/Headers/UIImagePickerController.h:10:
In file included from /Applications/Xcode-27.0.0.app/Contents/Developer/Platforms/WatchOS.platform/Developer/SDKs/WatchOS27.0.sdk/System/Library/Frameworks/UIKit.framework/Headers/UINavigationController.h:15:
/Applications/Xcode-27.0.0.app/Contents/Developer/Platforms/WatchOS.platform/Developer/SDKs/WatchOS27.0.sdk/System/Library/Frameworks/UIKit.framework/Headers/UIPanGestureRecognizer.h:31:12: note: 'UIPanGestureRecognizer' has been explicitly marked unavailable here
31 | @interface UIPanGestureRecognizer : UIGestureRecognizer
| ^
In file included from /Users/admin/builder/spi-builder-workspace/.dependencies/checkouts/LNPopupController/LNPopupController/LNPopupController/Private/TransitionAnimators/_LNPopupTransitionView.mm:9:
In file included from /Users/admin/builder/spi-builder-workspace/.dependencies/checkouts/LNPopupController/LNPopupController/LNPopupController/Private/TransitionAnimators/_LNPopupTransitionView.h:10:
In file included from /Users/admin/builder/spi-builder-workspace/.dependencies/checkouts/LNPopupController/LNPopupController/include/LNPopupController/UIViewController+LNPopupSupport.h:11:
/Users/admin/builder/spi-builder-workspace/.dependencies/checkouts/LNPopupController/LNPopupController/include/LNPopupController/LNPopupContentView.h:25:33: error: 'UIView' is unavailable: not available on watchOS
25 | @interface LNPopupContentView : UIView <UIAppearanceContainer>
| ^
In file included from /Users/admin/builder/spi-builder-workspace/.dependencies/checkouts/LNPopupController/LNPopupController/LNPopupController/Private/TransitionAnimators/_LNPopupTransitionView.mm:9:
In file included from /Users/admin/builder/spi-builder-workspace/.dependencies/checkouts/LNPopupController/LNPopupController/LNPopupController/Private/TransitionAnimators/_LNPopupTransitionView.h:9:
In file included from /Applications/Xcode-27.0.0.app/Contents/Developer/Platforms/WatchOS.platform/Developer/SDKs/WatchOS27.0.sdk/System/Library/Frameworks/UIKit.framework/Headers/UIKit.h:13:
In file included from /Applications/Xcode-27.0.0.app/Contents/Developer/Platforms/WatchOS.platform/Developer/SDKs/WatchOS27.0.sdk/System/Library/Frameworks/UIKit.framework/Headers/UIKitCore.h:29:
In file included from /Applications/Xcode-27.0.0.app/Contents/Developer/Platforms/WatchOS.platform/Developer/SDKs/WatchOS27.0.sdk/System/Library/Frameworks/UIKit.framework/Headers/UIAccessibility.h:15:
In file included from /Applications/Xcode-27.0.0.app/Contents/Developer/Platforms/WatchOS.platform/Developer/SDKs/WatchOS27.0.sdk/System/Library/Frameworks/UIKit.framework/Headers/UIAccessibilityAdditions.h:11:
In file included from /Applications/Xcode-27.0.0.app/Contents/Developer/Platforms/WatchOS.platform/Developer/SDKs/WatchOS27.0.sdk/System/Library/Frameworks/UIKit.framework/Headers/UIPickerView.h:11:
/Applications/Xcode-27.0.0.app/Contents/Developer/Platforms/WatchOS.platform/Developer/SDKs/WatchOS27.0.sdk/System/Library/Frameworks/UIKit.framework/Headers/UIView.h:152:12: note: 'UIView' has been explicitly marked unavailable here
152 | @interface UIView : UIResponder <NSCoding, UIAppearance, UIAppearanceContainer, UIDynamicItem, UITraitEnvironment, UICoordinateSpace, UIFocusItem, UIFocusItemContainer, CALayerDelegate>
| ^
In file included from /Users/admin/builder/spi-builder-workspace/.dependencies/checkouts/LNPopupController/LNPopupController/LNPopupController/Private/TransitionAnimators/_LNPopupTransitionView.mm:9:
In file included from /Users/admin/builder/spi-builder-workspace/.dependencies/checkouts/LNPopupController/LNPopupController/LNPopupController/Private/TransitionAnimators/_LNPopupTransitionView.h:10:
In file included from /Users/admin/builder/spi-builder-workspace/.dependencies/checkouts/LNPopupController/LNPopupController/include/LNPopupController/UIViewController+LNPopupSupport.h:11:
/Users/admin/builder/spi-builder-workspace/.dependencies/checkouts/LNPopupController/LNPopupController/include/LNPopupController/LNPopupContentView.h:25:41: error: 'UIAppearanceContainer' is unavailable: not available on watchOS
25 | @interface LNPopupContentView : UIView <UIAppearanceContainer>
| ^
In file included from /Users/admin/builder/spi-builder-workspace/.dependencies/checkouts/LNPopupController/LNPopupController/LNPopupController/Private/TransitionAnimators/_LNPopupTransitionView.mm:9:
In file included from /Users/admin/builder/spi-builder-workspace/.dependencies/checkouts/LNPopupController/LNPopupController/LNPopupController/Private/TransitionAnimators/_LNPopupTransitionView.h:9:
In file included from /Applications/Xcode-27.0.0.app/Contents/Developer/Platforms/WatchOS.platform/Developer/SDKs/WatchOS27.0.sdk/System/Library/Frameworks/UIKit.framework/Headers/UIKit.h:13:
In file included from /Applications/Xcode-27.0.0.app/Contents/Developer/Platforms/WatchOS.platform/Developer/SDKs/WatchOS27.0.sdk/System/Library/Frameworks/UIKit.framework/Headers/UIKitCore.h:29:
In file included from /Applications/Xcode-27.0.0.app/Contents/Developer/Platforms/WatchOS.platform/Developer/SDKs/WatchOS27.0.sdk/System/Library/Frameworks/UIKit.framework/Headers/UIAccessibility.h:15:
In file included from /Applications/Xcode-27.0.0.app/Contents/Developer/Platforms/WatchOS.platform/Developer/SDKs/WatchOS27.0.sdk/System/Library/Frameworks/UIKit.framework/Headers/UIAccessibilityAdditions.h:11:
In file included from /Applications/Xcode-27.0.0.app/Contents/Developer/Platforms/WatchOS.platform/Developer/SDKs/WatchOS27.0.sdk/System/Library/Frameworks/UIKit.framework/Headers/UIPickerView.h:11:
In file included from /Applications/Xcode-27.0.0.app/Contents/Developer/Platforms/WatchOS.platform/Developer/SDKs/WatchOS27.0.sdk/System/Library/Frameworks/UIKit.framework/Headers/UIView.h:14:
/Applications/Xcode-27.0.0.app/Contents/Developer/Platforms/WatchOS.platform/Developer/SDKs/WatchOS27.0.sdk/System/Library/Frameworks/UIKit.framework/Headers/UIAppearance.h:25:11: note: 'UIAppearanceContainer' has been explicitly marked unavailable here
25 | @protocol UIAppearanceContainer <NSObject> @end
| ^
In file included from /Users/admin/builder/spi-builder-workspace/.dependencies/checkouts/LNPopupController/LNPopupController/LNPopupController/Private/TransitionAnimators/_LNPopupTransitionView.mm:9:
In file included from /Users/admin/builder/spi-builder-workspace/.dependencies/checkouts/LNPopupController/LNPopupController/LNPopupController/Private/TransitionAnimators/_LNPopupTransitionView.h:10:
In file included from /Users/admin/builder/spi-builder-workspace/.dependencies/checkouts/LNPopupController/LNPopupController/include/LNPopupController/UIViewController+LNPopupSupport.h:11:
/Users/admin/builder/spi-builder-workspace/.dependencies/checkouts/LNPopupController/LNPopupController/include/LNPopupController/LNPopupContentView.h:68:39: error: 'UIVisualEffect' is unavailable: not available on watchOS
68 | @property (nonatomic, copy, nullable) UIVisualEffect* backgroundEffect UI_APPEARANCE_SELECTOR;
| ^
In file included from /Users/admin/builder/spi-builder-workspace/.dependencies/checkouts/LNPopupController/LNPopupController/LNPopupController/Private/TransitionAnimators/_LNPopupTransitionView.mm:9:
In file included from /Users/admin/builder/spi-builder-workspace/.dependencies/checkouts/LNPopupController/LNPopupController/LNPopupController/Private/TransitionAnimators/_LNPopupTransitionView.h:9:
In file included from /Applications/Xcode-27.0.0.app/Contents/Developer/Platforms/WatchOS.platform/Developer/SDKs/WatchOS27.0.sdk/System/Library/Frameworks/UIKit.framework/Headers/UIKit.h:13:
In file included from /Applications/Xcode-27.0.0.app/Contents/Developer/Platforms/WatchOS.platform/Developer/SDKs/WatchOS27.0.sdk/System/Library/Frameworks/UIKit.framework/Headers/UIKitCore.h:91:
/Applications/Xcode-27.0.0.app/Contents/Developer/Platforms/WatchOS.platform/Developer/SDKs/WatchOS27.0.sdk/System/Library/Frameworks/UIKit.framework/Headers/UIVisualEffect.h:15:12: note: 'UIVisualEffect' has been explicitly marked unavailable here
15 | @interface UIVisualEffect : NSObject <NSCopying, NSSecureCoding>
| ^
In file included from /Users/admin/builder/spi-builder-workspace/.dependencies/checkouts/LNPopupController/LNPopupController/LNPopupController/Private/TransitionAnimators/_LNPopupTransitionView.mm:9:
In file included from /Users/admin/builder/spi-builder-workspace/.dependencies/checkouts/LNPopupController/LNPopupController/LNPopupController/Private/TransitionAnimators/_LNPopupTransitionView.h:10:
In file included from /Users/admin/builder/spi-builder-workspace/.dependencies/checkouts/LNPopupController/LNPopupController/include/LNPopupController/UIViewController+LNPopupSupport.h:12:
In file included from /Users/admin/builder/spi-builder-workspace/.dependencies/checkouts/LNPopupController/LNPopupController/include/LNPopupController/LNPopupBar.h:11:
In file included from /Users/admin/builder/spi-builder-workspace/.dependencies/checkouts/LNPopupController/LNPopupController/include/LNPopupController/LNPopupItem.h:11:
/Users/admin/builder/spi-builder-workspace/.dependencies/checkouts/LNPopupController/LNPopupController/include/LNPopupController/LNPopupBarAppearance.h:24:35: error: 'UIBarAppearance' is unavailable: not available on watchOS
24 | @interface LNPopupBarAppearance : UIBarAppearance
| ^
In file included from /Users/admin/builder/spi-builder-workspace/.dependencies/checkouts/LNPopupController/LNPopupController/LNPopupController/Private/TransitionAnimators/_LNPopupTransitionView.mm:9:
In file included from /Users/admin/builder/spi-builder-workspace/.dependencies/checkouts/LNPopupController/LNPopupController/LNPopupController/Private/TransitionAnimators/_LNPopupTransitionView.h:9:
In file included from /Applications/Xcode-27.0.0.app/Contents/Developer/Platforms/WatchOS.platform/Developer/SDKs/WatchOS27.0.sdk/System/Library/Frameworks/UIKit.framework/Headers/UIKit.h:13:
In file included from /Applications/Xcode-27.0.0.app/Contents/Developer/Platforms/WatchOS.platform/Developer/SDKs/WatchOS27.0.sdk/System/Library/Frameworks/UIKit.framework/Headers/UIKitCore.h:226:
/Applications/Xcode-27.0.0.app/Contents/Developer/Platforms/WatchOS.platform/Developer/SDKs/WatchOS27.0.sdk/System/Library/Frameworks/UIKit.framework/Headers/UIBarAppearance.h:19:12: note: 'UIBarAppearance' has been explicitly marked unavailable here
19 | @interface UIBarAppearance : NSObject<NSCopying, NSSecureCoding>
| ^
In file included from /Users/admin/builder/spi-builder-workspace/.dependencies/checkouts/LNPopupController/LNPopupController/LNPopupController/Private/TransitionAnimators/_LNPopupTransitionView.mm:9:
In file included from /Users/admin/builder/spi-builder-workspace/.dependencies/checkouts/LNPopupController/LNPopupController/LNPopupController/Private/TransitionAnimators/_LNPopupTransitionView.h:10:
In file included from /Users/admin/builder/spi-builder-workspace/.dependencies/checkouts/LNPopupController/LNPopupController/include/LNPopupController/UIViewController+LNPopupSupport.h:12:
In file included from /Users/admin/builder/spi-builder-workspace/.dependencies/checkouts/LNPopupController/LNPopupController/include/LNPopupController/LNPopupBar.h:11:
In file included from /Users/admin/builder/spi-builder-workspace/.dependencies/checkouts/LNPopupController/LNPopupController/include/LNPopupController/LNPopupItem.h:11:
/Users/admin/builder/spi-builder-workspace/.dependencies/checkouts/LNPopupController/LNPopupController/include/LNPopupController/LNPopupBarAppearance.h:37:40: error: 'UIBarButtonItemAppearance' is unavailable: not available on watchOS
37 | @property (nonatomic, readwrite, copy) UIBarButtonItemAppearance* buttonAppearance;
| ^
In file included from /Users/admin/builder/spi-builder-workspace/.dependencies/checkouts/LNPopupController/LNPopupController/LNPopupController/Private/TransitionAnimators/_LNPopupTransitionView.mm:9:
In file included from /Users/admin/builder/spi-builder-workspace/.dependencies/checkouts/LNPopupController/LNPopupController/LNPopupController/Private/TransitionAnimators/_LNPopupTransitionView.h:9:
In file included from /Applications/Xcode-27.0.0.app/Contents/Developer/Platforms/WatchOS.platform/Developer/SDKs/WatchOS27.0.sdk/System/Library/Frameworks/UIKit.framework/Headers/UIKit.h:13:
In file included from /Applications/Xcode-27.0.0.app/Contents/Developer/Platforms/WatchOS.platform/Developer/SDKs/WatchOS27.0.sdk/System/Library/Frameworks/UIKit.framework/Headers/UIKitCore.h:227:
/Applications/Xcode-27.0.0.app/Contents/Developer/Platforms/WatchOS.platform/Developer/SDKs/WatchOS27.0.sdk/System/Library/Frameworks/UIKit.framework/Headers/UIBarButtonItemAppearance.h:38:12: note: 'UIBarButtonItemAppearance' has been explicitly marked unavailable here
38 | @interface UIBarButtonItemAppearance : NSObject<NSCopying, NSSecureCoding>
| ^
In file included from /Users/admin/builder/spi-builder-workspace/.dependencies/checkouts/LNPopupController/LNPopupController/LNPopupController/Private/TransitionAnimators/_LNPopupTransitionView.mm:9:
In file included from /Users/admin/builder/spi-builder-workspace/.dependencies/checkouts/LNPopupController/LNPopupController/LNPopupController/Private/TransitionAnimators/_LNPopupTransitionView.h:10:
In file included from /Users/admin/builder/spi-builder-workspace/.dependencies/checkouts/LNPopupController/LNPopupController/include/LNPopupController/UIViewController+LNPopupSupport.h:12:
In file included from /Users/admin/builder/spi-builder-workspace/.dependencies/checkouts/LNPopupController/LNPopupController/include/LNPopupController/LNPopupBar.h:11:
In file included from /Users/admin/builder/spi-builder-workspace/.dependencies/checkouts/LNPopupController/LNPopupController/include/LNPopupController/LNPopupItem.h:11:
/Users/admin/builder/spi-builder-workspace/.dependencies/checkouts/LNPopupController/LNPopupController/include/LNPopupController/LNPopupBarAppearance.h:40:40: error: 'UIBarButtonItemAppearance' is unavailable: not available on watchOS
40 | @property (nonatomic, readwrite, copy) UIBarButtonItemAppearance* prominentButtonAppearance;
| ^
In file included from /Users/admin/builder/spi-builder-workspace/.dependencies/checkouts/LNPopupController/LNPopupController/LNPopupController/Private/TransitionAnimators/_LNPopupTransitionView.mm:9:
In file included from /Users/admin/builder/spi-builder-workspace/.dependencies/checkouts/LNPopupController/LNPopupController/LNPopupController/Private/TransitionAnimators/_LNPopupTransitionView.h:9:
In file included from /Applications/Xcode-27.0.0.app/Contents/Developer/Platforms/WatchOS.platform/Developer/SDKs/WatchOS27.0.sdk/System/Library/Frameworks/UIKit.framework/Headers/UIKit.h:13:
In file included from /Applications/Xcode-27.0.0.app/Contents/Developer/Platforms/WatchOS.platform/Developer/SDKs/WatchOS27.0.sdk/System/Library/Frameworks/UIKit.framework/Headers/UIKitCore.h:227:
/Applications/Xcode-27.0.0.app/Contents/Developer/Platforms/WatchOS.platform/Developer/SDKs/WatchOS27.0.sdk/System/Library/Frameworks/UIKit.framework/Headers/UIBarButtonItemAppearance.h:38:12: note: 'UIBarButtonItemAppearance' has been explicitly marked unavailable here
38 | @interface UIBarButtonItemAppearance : NSObject<NSCopying, NSSecureCoding>
| ^
In file included from /Users/admin/builder/spi-builder-workspace/.dependencies/checkouts/LNPopupController/LNPopupController/LNPopupController/Private/TransitionAnimators/_LNPopupTransitionView.mm:9:
In file included from /Users/admin/builder/spi-builder-workspace/.dependencies/checkouts/LNPopupController/LNPopupController/LNPopupController/Private/TransitionAnimators/_LNPopupTransitionView.h:10:
In file included from /Users/admin/builder/spi-builder-workspace/.dependencies/checkouts/LNPopupController/LNPopupController/include/LNPopupController/UIViewController+LNPopupSupport.h:12:
In file included from /Users/admin/builder/spi-builder-workspace/.dependencies/checkouts/LNPopupController/LNPopupController/include/LNPopupController/LNPopupBar.h:11:
In file included from /Users/admin/builder/spi-builder-workspace/.dependencies/checkouts/LNPopupController/LNPopupController/include/LNPopupController/LNPopupItem.h:11:
/Users/admin/builder/spi-builder-workspace/.dependencies/checkouts/LNPopupController/LNPopupController/include/LNPopupController/LNPopupBarAppearance.h:43:40: error: 'UIBarButtonItemAppearance' is unavailable: not available on watchOS
43 | @property (nonatomic, readwrite, copy) UIBarButtonItemAppearance* doneButtonAppearance LN_DEPRECATED_API("Use prominentButtonAppearance instead.");
| ^
In file included from /Users/admin/builder/spi-builder-workspace/.dependencies/checkouts/LNPopupController/LNPopupController/LNPopupController/Private/TransitionAnimators/_LNPopupTransitionView.mm:9:
In file included from /Users/admin/builder/spi-builder-workspace/.dependencies/checkouts/LNPopupController/LNPopupController/LNPopupController/Private/TransitionAnimators/_LNPopupTransitionView.h:9:
In file included from /Applications/Xcode-27.0.0.app/Contents/Developer/Platforms/WatchOS.platform/Developer/SDKs/WatchOS27.0.sdk/System/Library/Frameworks/UIKit.framework/Headers/UIKit.h:13:
In file included from /Applications/Xcode-27.0.0.app/Contents/Developer/Platforms/WatchOS.platform/Developer/SDKs/WatchOS27.0.sdk/System/Library/Frameworks/UIKit.framework/Headers/UIKitCore.h:227:
/Applications/Xcode-27.0.0.app/Contents/Developer/Platforms/WatchOS.platform/Developer/SDKs/WatchOS27.0.sdk/System/Library/Frameworks/UIKit.framework/Headers/UIBarButtonItemAppearance.h:38:12: note: 'UIBarButtonItemAppearance' has been explicitly marked unavailable here
38 | @interface UIBarButtonItemAppearance : NSObject<NSCopying, NSSecureCoding>
| ^
In file included from /Users/admin/builder/spi-builder-workspace/.dependencies/checkouts/LNPopupController/LNPopupController/LNPopupController/Private/TransitionAnimators/_LNPopupTransitionView.mm:9:
In file included from /Users/admin/builder/spi-builder-workspace/.dependencies/checkouts/LNPopupController/LNPopupController/LNPopupController/Private/TransitionAnimators/_LNPopupTransitionView.h:10:
In file included from /Users/admin/builder/spi-builder-workspace/.dependencies/checkouts/LNPopupController/LNPopupController/include/LNPopupController/UIViewController+LNPopupSupport.h:12:
In file included from /Users/admin/builder/spi-builder-workspace/.dependencies/checkouts/LNPopupController/LNPopupController/include/LNPopupController/LNPopupBar.h:11:
In file included from /Users/admin/builder/spi-builder-workspace/.dependencies/checkouts/LNPopupController/LNPopupController/include/LNPopupController/LNPopupItem.h:11:
/Users/admin/builder/spi-builder-workspace/.dependencies/checkouts/LNPopupController/LNPopupController/include/LNPopupController/LNPopupBarAppearance.h:93:39: error: 'UIVisualEffect' is unavailable: not available on watchOS
93 | @property (nonatomic, copy, nullable) UIVisualEffect* floatingBackgroundEffect;
| ^
In file included from /Users/admin/builder/spi-builder-workspace/.dependencies/checkouts/LNPopupController/LNPopupController/LNPopupController/Private/TransitionAnimators/_LNPopupTransitionView.mm:9:
In file included from /Users/admin/builder/spi-builder-workspace/.dependencies/checkouts/LNPopupController/LNPopupController/LNPopupController/Private/TransitionAnimators/_LNPopupTransitionView.h:9:
In file included from /Applications/Xcode-27.0.0.app/Contents/Developer/Platforms/WatchOS.platform/Developer/SDKs/WatchOS27.0.sdk/System/Library/Frameworks/UIKit.framework/Headers/UIKit.h:13:
In file included from /Applications/Xcode-27.0.0.app/Contents/Developer/Platforms/WatchOS.platform/Developer/SDKs/WatchOS27.0.sdk/System/Library/Frameworks/UIKit.framework/Headers/UIKitCore.h:91:
/Applications/Xcode-27.0.0.app/Contents/Developer/Platforms/WatchOS.platform/Developer/SDKs/WatchOS27.0.sdk/System/Library/Frameworks/UIKit.framework/Headers/UIVisualEffect.h:15:12: note: 'UIVisualEffect' has been explicitly marked unavailable here
15 | @interface UIVisualEffect : NSObject <NSCopying, NSSecureCoding>
| ^
In file included from /Users/admin/builder/spi-builder-workspace/.dependencies/checkouts/LNPopupController/LNPopupController/LNPopupController/Private/TransitionAnimators/_LNPopupTransitionView.mm:9:
In file included from /Users/admin/builder/spi-builder-workspace/.dependencies/checkouts/LNPopupController/LNPopupController/LNPopupController/Private/TransitionAnimators/_LNPopupTransitionView.h:10:
In file included from /Users/admin/builder/spi-builder-workspace/.dependencies/checkouts/LNPopupController/LNPopupController/include/LNPopupController/UIViewController+LNPopupSupport.h:12:
In file included from /Users/admin/builder/spi-builder-workspace/.dependencies/checkouts/LNPopupController/LNPopupController/include/LNPopupController/LNPopupBar.h:11:
In file included from /Users/admin/builder/spi-builder-workspace/.dependencies/checkouts/LNPopupController/LNPopupController/include/LNPopupController/LNPopupItem.h:11:
/Users/admin/builder/spi-builder-workspace/.dependencies/checkouts/LNPopupController/LNPopupController/include/LNPopupController/LNPopupBarAppearance.h:102:31: error: 'UIViewContentMode' is unavailable: not available on watchOS
102 | @property (nonatomic, assign) UIViewContentMode floatingBackgroundImageContentMode;
| ^
In file included from /Users/admin/builder/spi-builder-workspace/.dependencies/checkouts/LNPopupController/LNPopupController/LNPopupController/Private/TransitionAnimators/_LNPopupTransitionView.mm:9:
In file included from /Users/admin/builder/spi-builder-workspace/.dependencies/checkouts/LNPopupController/LNPopupController/LNPopupController/Private/TransitionAnimators/_LNPopupTransitionView.h:9:
In file included from /Applications/Xcode-27.0.0.app/Contents/Developer/Platforms/WatchOS.platform/Developer/SDKs/WatchOS27.0.sdk/System/Library/Frameworks/UIKit.framework/Headers/UIKit.h:13:
In file included from /Applications/Xcode-27.0.0.app/Contents/Developer/Platforms/WatchOS.platform/Developer/SDKs/WatchOS27.0.sdk/System/Library/Frameworks/UIKit.framework/Headers/UIKitCore.h:29:
In file included from /Applications/Xcode-27.0.0.app/Contents/Developer/Platforms/WatchOS.platform/Developer/SDKs/WatchOS27.0.sdk/System/Library/Frameworks/UIKit.framework/Headers/UIAccessibility.h:15:
In file included from /Applications/Xcode-27.0.0.app/Contents/Developer/Platforms/WatchOS.platform/Developer/SDKs/WatchOS27.0.sdk/System/Library/Frameworks/UIKit.framework/Headers/UIAccessibilityAdditions.h:11:
In file included from /Applications/Xcode-27.0.0.app/Contents/Developer/Platforms/WatchOS.platform/Developer/SDKs/WatchOS27.0.sdk/System/Library/Frameworks/UIKit.framework/Headers/UIPickerView.h:11:
/Applications/Xcode-27.0.0.app/Contents/Developer/Platforms/WatchOS.platform/Developer/SDKs/WatchOS27.0.sdk/System/Library/Frameworks/UIKit.framework/Headers/UIView.h:38:28: note: 'UIViewContentMode' has been explicitly marked unavailable here
38 | typedef NS_ENUM(NSInteger, UIViewContentMode) {
| ^
In file included from /Users/admin/builder/spi-builder-workspace/.dependencies/checkouts/LNPopupController/LNPopupController/LNPopupController/Private/TransitionAnimators/_LNPopupTransitionView.mm:9:
In file included from /Users/admin/builder/spi-builder-workspace/.dependencies/checkouts/LNPopupController/LNPopupController/LNPopupController/Private/TransitionAnimators/_LNPopupTransitionView.h:10:
In file included from /Users/admin/builder/spi-builder-workspace/.dependencies/checkouts/LNPopupController/LNPopupController/include/LNPopupController/UIViewController+LNPopupSupport.h:12:
In file included from /Users/admin/builder/spi-builder-workspace/.dependencies/checkouts/LNPopupController/LNPopupController/include/LNPopupController/LNPopupBar.h:11:
In file included from /Users/admin/builder/spi-builder-workspace/.dependencies/checkouts/LNPopupController/LNPopupController/include/LNPopupController/LNPopupItem.h:11:
/Users/admin/builder/spi-builder-workspace/.dependencies/checkouts/LNPopupController/LNPopupController/include/LNPopupController/LNPopupBarAppearance.h:107:39: error: 'UICornerConfiguration' is unavailable: not available on watchOS
107 | @property (nonatomic, copy, nullable) UICornerConfiguration* floatingBackgroundCornerConfiguration NS_REFINED_FOR_SWIFT API_AVAILABLE(ios(26.0));
| ^
In file included from /Users/admin/builder/spi-builder-workspace/.dependencies/checkouts/LNPopupController/LNPopupController/LNPopupController/Private/TransitionAnimators/_LNPopupTransitionView.mm:9:
In file included from /Users/admin/builder/spi-builder-workspace/.dependencies/checkouts/LNPopupController/LNPopupController/LNPopupController/Private/TransitionAnimators/_LNPopupTransitionView.h:9:
In file included from /Applications/Xcode-27.0.0.app/Contents/Developer/Platforms/WatchOS.platform/Developer/SDKs/WatchOS27.0.sdk/System/Library/Frameworks/UIKit.framework/Headers/UIKit.h:13:
In file included from /Applications/Xcode-27.0.0.app/Contents/Developer/Platforms/WatchOS.platform/Developer/SDKs/WatchOS27.0.sdk/System/Library/Frameworks/UIKit.framework/Headers/UIKitCore.h:29:
In file included from /Applications/Xcode-27.0.0.app/Contents/Developer/Platforms/WatchOS.platform/Developer/SDKs/WatchOS27.0.sdk/System/Library/Frameworks/UIKit.framework/Headers/UIAccessibility.h:15:
In file included from /Applications/Xcode-27.0.0.app/Contents/Developer/Platforms/WatchOS.platform/Developer/SDKs/WatchOS27.0.sdk/System/Library/Frameworks/UIKit.framework/Headers/UIAccessibilityAdditions.h:11:
In file included from /Applications/Xcode-27.0.0.app/Contents/Developer/Platforms/WatchOS.platform/Developer/SDKs/WatchOS27.0.sdk/System/Library/Frameworks/UIKit.framework/Headers/UIPickerView.h:11:
In file included from /Applications/Xcode-27.0.0.app/Contents/Developer/Platforms/WatchOS.platform/Developer/SDKs/WatchOS27.0.sdk/System/Library/Frameworks/UIKit.framework/Headers/UIView.h:22:
/Applications/Xcode-27.0.0.app/Contents/Developer/Platforms/WatchOS.platform/Developer/SDKs/WatchOS27.0.sdk/System/Library/Frameworks/UIKit.framework/Headers/UICornerConfiguration.h:17:12: note: 'UICornerConfiguration' has been explicitly marked unavailable here
17 | @interface UICornerConfiguration : NSObject <NSCopying>
| ^
In file included from /Users/admin/builder/spi-builder-workspace/.dependencies/checkouts/LNPopupController/LNPopupController/LNPopupController/Private/TransitionAnimators/_LNPopupTransitionView.mm:9:
In file included from /Users/admin/builder/spi-builder-workspace/.dependencies/checkouts/LNPopupController/LNPopupController/LNPopupController/Private/TransitionAnimators/_LNPopupTransitionView.h:10:
In file included from /Users/admin/builder/spi-builder-workspace/.dependencies/checkouts/LNPopupController/LNPopupController/include/LNPopupController/UIViewController+LNPopupSupport.h:12:
In file included from /Users/admin/builder/spi-builder-workspace/.dependencies/checkouts/LNPopupController/LNPopupController/include/LNPopupController/LNPopupBar.h:11:
/Users/admin/builder/spi-builder-workspace/.dependencies/checkouts/LNPopupController/LNPopupController/include/LNPopupController/LNPopupItem.h:51:46: error: 'UIBarButtonItem' is unavailable: not available on watchOS
51 | @property(nullable, nonatomic, copy) NSArray<UIBarButtonItem*>* barButtonItems;
| ^
In file included from /Users/admin/builder/spi-builder-workspace/.dependencies/checkouts/LNPopupController/LNPopupController/LNPopupController/Private/TransitionAnimators/_LNPopupTransitionView.mm:9:
In file included from /Users/admin/builder/spi-builder-workspace/.dependencies/checkouts/LNPopupController/LNPopupController/LNPopupController/Private/TransitionAnimators/_LNPopupTransitionView.h:9:
In file included from /Applications/Xcode-27.0.0.app/Contents/Developer/Platforms/WatchOS.platform/Developer/SDKs/WatchOS27.0.sdk/System/Library/Frameworks/UIKit.framework/Headers/UIKit.h:13:
In file included from /Applications/Xcode-27.0.0.app/Contents/Developer/Platforms/WatchOS.platform/Developer/SDKs/WatchOS27.0.sdk/System/Library/Frameworks/UIKit.framework/Headers/UIKitCore.h:40:
/Applications/Xcode-27.0.0.app/Contents/Developer/Platforms/WatchOS.platform/Developer/SDKs/WatchOS27.0.sdk/System/Library/Frameworks/UIKit.framework/Headers/UIBarButtonItem.h:75:12: note: 'UIBarButtonItem' has been explicitly marked unavailable here
75 | @interface UIBarButtonItem : UIBarItem <NSCoding>
| ^
In file included from /Users/admin/builder/spi-builder-workspace/.dependencies/checkouts/LNPopupController/LNPopupController/LNPopupController/Private/TransitionAnimators/_LNPopupTransitionView.mm:9:
In file included from /Users/admin/builder/spi-builder-workspace/.dependencies/checkouts/LNPopupController/LNPopupController/LNPopupController/Private/TransitionAnimators/_LNPopupTransitionView.h:10:
In file included from /Users/admin/builder/spi-builder-workspace/.dependencies/checkouts/LNPopupController/LNPopupController/include/LNPopupController/UIViewController+LNPopupSupport.h:12:
In file included from /Users/admin/builder/spi-builder-workspace/.dependencies/checkouts/LNPopupController/LNPopupController/include/LNPopupController/LNPopupBar.h:11:
/Users/admin/builder/spi-builder-workspace/.dependencies/checkouts/LNPopupController/LNPopupController/include/LNPopupController/LNPopupItem.h:56:45: error: 'UIBarButtonItem' is unavailable: not available on watchOS
56 | - (void)setBarButtonItems:(nullable NSArray<UIBarButtonItem*>*)barButtonItems animated:(BOOL)animated;
| ^
In file included from /Users/admin/builder/spi-builder-workspace/.dependencies/checkouts/LNPopupController/LNPopupController/LNPopupController/Private/TransitionAnimators/_LNPopupTransitionView.mm:9:
In file included from /Users/admin/builder/spi-builder-workspace/.dependencies/checkouts/LNPopupController/LNPopupController/LNPopupController/Private/TransitionAnimators/_LNPopupTransitionView.h:9:
In file included from /Applications/Xcode-27.0.0.app/Contents/Developer/Platforms/WatchOS.platform/Developer/SDKs/WatchOS27.0.sdk/System/Library/Frameworks/UIKit.framework/Headers/UIKit.h:13:
In file included from /Applications/Xcode-27.0.0.app/Contents/Developer/Platforms/WatchOS.platform/Developer/SDKs/WatchOS27.0.sdk/System/Library/Frameworks/UIKit.framework/Headers/UIKitCore.h:40:
/Applications/Xcode-27.0.0.app/Contents/Developer/Platforms/WatchOS.platform/Developer/SDKs/WatchOS27.0.sdk/System/Library/Frameworks/UIKit.framework/Headers/UIBarButtonItem.h:75:12: note: 'UIBarButtonItem' has been explicitly marked unavailable here
75 | @interface UIBarButtonItem : UIBarItem <NSCoding>
| ^
In file included from /Users/admin/builder/spi-builder-workspace/.dependencies/checkouts/LNPopupController/LNPopupController/LNPopupController/Private/TransitionAnimators/_LNPopupTransitionView.mm:9:
In file included from /Users/admin/builder/spi-builder-workspace/.dependencies/checkouts/LNPopupController/LNPopupController/LNPopupController/Private/TransitionAnimators/_LNPopupTransitionView.h:10:
In file included from /Users/admin/builder/spi-builder-workspace/.dependencies/checkouts/LNPopupController/LNPopupController/include/LNPopupController/UIViewController+LNPopupSupport.h:12:
In file included from /Users/admin/builder/spi-builder-workspace/.dependencies/checkouts/LNPopupController/LNPopupController/include/LNPopupController/LNPopupBar.h:11:
/Users/admin/builder/spi-builder-workspace/.dependencies/checkouts/LNPopupController/LNPopupController/include/LNPopupController/LNPopupItem.h:59:46: error: 'UIBarButtonItem' is unavailable: not available on watchOS
59 | @property(nullable, nonatomic, copy) NSArray<UIBarButtonItem*>* leadingBarButtonItems;
| ^
In file included from /Users/admin/builder/spi-builder-workspace/.dependencies/checkouts/LNPopupController/LNPopupController/LNPopupController/Private/TransitionAnimators/_LNPopupTransitionView.mm:9:
In file included from /Users/admin/builder/spi-builder-workspace/.dependencies/checkouts/LNPopupController/LNPopupController/LNPopupController/Private/TransitionAnimators/_LNPopupTransitionView.h:9:
In file included from /Applications/Xcode-27.0.0.app/Contents/Developer/Platforms/WatchOS.platform/Developer/SDKs/WatchOS27.0.sdk/System/Library/Frameworks/UIKit.framework/Headers/UIKit.h:13:
In file included from /Applications/Xcode-27.0.0.app/Contents/Developer/Platforms/WatchOS.platform/Developer/SDKs/WatchOS27.0.sdk/System/Library/Frameworks/UIKit.framework/Headers/UIKitCore.h:40:
/Applications/Xcode-27.0.0.app/Contents/Developer/Platforms/WatchOS.platform/Developer/SDKs/WatchOS27.0.sdk/System/Library/Frameworks/UIKit.framework/Headers/UIBarButtonItem.h:75:12: note: 'UIBarButtonItem' has been explicitly marked unavailable here
75 | @interface UIBarButtonItem : UIBarItem <NSCoding>
| ^
In file included from /Users/admin/builder/spi-builder-workspace/.dependencies/checkouts/LNPopupController/LNPopupController/LNPopupController/Private/TransitionAnimators/_LNPopupTransitionView.mm:9:
In file included from /Users/admin/builder/spi-builder-workspace/.dependencies/checkouts/LNPopupController/LNPopupController/LNPopupController/Private/TransitionAnimators/_LNPopupTransitionView.h:10:
In file included from /Users/admin/builder/spi-builder-workspace/.dependencies/checkouts/LNPopupController/LNPopupController/include/LNPopupController/UIViewController+LNPopupSupport.h:12:
In file included from /Users/admin/builder/spi-builder-workspace/.dependencies/checkouts/LNPopupController/LNPopupController/include/LNPopupController/LNPopupBar.h:11:
/Users/admin/builder/spi-builder-workspace/.dependencies/checkouts/LNPopupController/LNPopupController/include/LNPopupController/LNPopupItem.h:62:52: error: 'UIBarButtonItem' is unavailable: not available on watchOS
62 | - (void)setLeadingBarButtonItems:(nullable NSArray<UIBarButtonItem*>*)leadingBarButtonItems animated:(BOOL)animated;
| ^
In file included from /Users/admin/builder/spi-builder-workspace/.dependencies/checkouts/LNPopupController/LNPopupController/LNPopupController/Private/TransitionAnimators/_LNPopupTransitionView.mm:9:
In file included from /Users/admin/builder/spi-builder-workspace/.dependencies/checkouts/LNPopupController/LNPopupController/LNPopupController/Private/TransitionAnimators/_LNPopupTransitionView.h:9:
In file included from /Applications/Xcode-27.0.0.app/Contents/Developer/Platforms/WatchOS.platform/Developer/SDKs/WatchOS27.0.sdk/System/Library/Frameworks/UIKit.framework/Headers/UIKit.h:13:
In file included from /Applications/Xcode-27.0.0.app/Contents/Developer/Platforms/WatchOS.platform/Developer/SDKs/WatchOS27.0.sdk/System/Library/Frameworks/UIKit.framework/Headers/UIKitCore.h:40:
/Applications/Xcode-27.0.0.app/Contents/Developer/Platforms/WatchOS.platform/Developer/SDKs/WatchOS27.0.sdk/System/Library/Frameworks/UIKit.framework/Headers/UIBarButtonItem.h:75:12: note: 'UIBarButtonItem' has been explicitly marked unavailable here
75 | @interface UIBarButtonItem : UIBarItem <NSCoding>
| ^
In file included from /Users/admin/builder/spi-builder-workspace/.dependencies/checkouts/LNPopupController/LNPopupController/LNPopupController/Private/TransitionAnimators/_LNPopupTransitionView.mm:9:
In file included from /Users/admin/builder/spi-builder-workspace/.dependencies/checkouts/LNPopupController/LNPopupController/LNPopupController/Private/TransitionAnimators/_LNPopupTransitionView.h:10:
In file included from /Users/admin/builder/spi-builder-workspace/.dependencies/checkouts/LNPopupController/LNPopupController/include/LNPopupController/UIViewController+LNPopupSupport.h:12:
In file included from /Users/admin/builder/spi-builder-workspace/.dependencies/checkouts/LNPopupController/LNPopupController/include/LNPopupController/LNPopupBar.h:11:
/Users/admin/builder/spi-builder-workspace/.dependencies/checkouts/LNPopupController/LNPopupController/include/LNPopupController/LNPopupItem.h:65:46: error: 'UIBarButtonItem' is unavailable: not available on watchOS
65 | @property(nullable, nonatomic, copy) NSArray<UIBarButtonItem*>* trailingBarButtonItems;
| ^
In file included from /Users/admin/builder/spi-builder-workspace/.dependencies/checkouts/LNPopupController/LNPopupController/LNPopupController/Private/TransitionAnimators/_LNPopupTransitionView.mm:9:
In file included from /Users/admin/builder/spi-builder-workspace/.dependencies/checkouts/LNPopupController/LNPopupController/LNPopupController/Private/TransitionAnimators/_LNPopupTransitionView.h:9:
In file included from /Applications/Xcode-27.0.0.app/Contents/Developer/Platforms/WatchOS.platform/Developer/SDKs/WatchOS27.0.sdk/System/Library/Frameworks/UIKit.framework/Headers/UIKit.h:13:
In file included from /Applications/Xcode-27.0.0.app/Contents/Developer/Platforms/WatchOS.platform/Developer/SDKs/WatchOS27.0.sdk/System/Library/Frameworks/UIKit.framework/Headers/UIKitCore.h:40:
/Applications/Xcode-27.0.0.app/Contents/Developer/Platforms/WatchOS.platform/Developer/SDKs/WatchOS27.0.sdk/System/Library/Frameworks/UIKit.framework/Headers/UIBarButtonItem.h:75:12: note: 'UIBarButtonItem' has been explicitly marked unavailable here
75 | @interface UIBarButtonItem : UIBarItem <NSCoding>
| ^
fatal error: too many errors emitted, stopping now [-ferror-limit=]
CompileC /Users/admin/builder/spi-builder-workspace/.derivedData/Build/Intermediates.noindex/LNPopupController.build/Debug-watchos/LNPopupController-ObjC-t.build/Objects-normal/arm64_32/_LNPopupTransitionPreferredOpenAnimator.o /Users/admin/builder/spi-builder-workspace/.dependencies/checkouts/LNPopupController/LNPopupController/LNPopupController/Private/TransitionAnimators/_LNPopupTransitionPreferredOpenAnimator.mm normal arm64_32 objective-c++ com.apple.compilers.llvm.clang.1_0.compiler (in target 'LNPopupController-ObjC' from project 'LNPopupController')
cd /Users/admin/builder/spi-builder-workspace/.swiftpm/xcode
Using response file: /Users/admin/builder/spi-builder-workspace/.derivedData/Build/Intermediates.noindex/LNPopupController.build/Debug-watchos/LNPopupController-ObjC-t.build/Objects-normal/arm64_32/af3fcb34312c57c0f52879cdce924b91-common-args.resp
/Applications/Xcode-27.0.0.app/Contents/Developer/Toolchains/XcodeDefault.xctoolchain/usr/bin/clang -x objective-c++ -ivfsstatcache /Users/admin/builder/spi-builder-workspace/.derivedData/SDKStatCaches.noindex/watchos27.0-24R360-e829b21a6f8c9b70876ba0858053c044b9db9bc9c079ee3c7b5f3373b13d10bc.sdkstatcache -target arm64_32-apple-watchos9.0 -fmessage-length\=0 -fdiagnostics-show-note-include-stack -fmacro-backtrace-limit\=0 -fno-color-diagnostics -fmodules-prune-interval\=86400 -fmodules-prune-after\=345600 -fbuild-session-file\=/Users/admin/builder/spi-builder-workspace/.derivedData/ModuleCache.noindex/Session.modulevalidation -fmodules-validate-once-per-build-session -Wnon-modular-include-in-framework-module -Werror\=non-modular-include-in-framework-module -Wno-trigraphs -Wno-missing-field-initializers -Wno-missing-prototypes -Wno-return-type -Wno-implicit-atomic-properties -Wno-objc-interface-ivars -Wno-arc-repeated-use-of-weak -Wno-non-virtual-dtor -Wno-overloaded-virtual -Wno-exit-time-destructors -Wno-missing-braces -Wparentheses -Wswitch -Wno-unused-function -Wno-unused-label -Wno-unused-parameter -Wno-unused-variable -Wunused-value -Wno-empty-body -Wno-uninitialized -Wno-unknown-pragmas -w -Wno-shadow -Wno-four-char-constants -Wno-conversion -Wno-constant-conversion -Wno-int-conversion -Wno-bool-conversion -Wno-enum-conversion -Wno-float-conversion -Wno-non-literal-null-conversion -Wno-objc-literal-conversion -Wno-shorten-64-to-32 -Wno-newline-eof -Wno-selector -Wno-strict-selector-match -Wno-undeclared-selector -Wno-deprecated-implementations -Wno-c++11-extensions -Wno-implicit-fallthrough -isysroot /Applications/Xcode-27.0.0.app/Contents/Developer/Platforms/WatchOS.platform/Developer/SDKs/WatchOS27.0.sdk -fstrict-aliasing -Wprotocol -Wdeprecated-declarations -Winvalid-offsetof -Wno-sign-conversion -Wno-infinite-recursion -Wno-move -Wno-comma -Wno-block-capture-autoreleasing -Wno-strict-prototypes -Wno-range-loop-analysis -Wno-semicolon-before-method-body -index-store-path /Users/admin/builder/spi-builder-workspace/.derivedData/Index.noindex/DataStore @/Users/admin/builder/spi-builder-workspace/.derivedData/Build/Intermediates.noindex/LNPopupController.build/Debug-watchos/LNPopupController-ObjC-t.build/Objects-normal/arm64_32/af3fcb34312c57c0f52879cdce924b91-common-args.resp -MMD -MT dependencies -MF /Users/admin/builder/spi-builder-workspace/.derivedData/Build/Intermediates.noindex/LNPopupController.build/Debug-watchos/LNPopupController-ObjC-t.build/Objects-normal/arm64_32/_LNPopupTransitionPreferredOpenAnimator.d --serialize-diagnostics /Users/admin/builder/spi-builder-workspace/.derivedData/Build/Intermediates.noindex/LNPopupController.build/Debug-watchos/LNPopupController-ObjC-t.build/Objects-normal/arm64_32/_LNPopupTransitionPreferredOpenAnimator.dia -c /Users/admin/builder/spi-builder-workspace/.dependencies/checkouts/LNPopupController/LNPopupController/LNPopupController/Private/TransitionAnimators/_LNPopupTransitionPreferredOpenAnimator.mm -o /Users/admin/builder/spi-builder-workspace/.derivedData/Build/Intermediates.noindex/LNPopupController.build/Debug-watchos/LNPopupController-ObjC-t.build/Objects-normal/arm64_32/_LNPopupTransitionPreferredOpenAnimator.o -index-unit-output-path /LNPopupController.build/Debug-watchos/LNPopupController-ObjC-t.build/Objects-normal/arm64_32/_LNPopupTransitionPreferredOpenAnimator.o
CompileC /Users/admin/builder/spi-builder-workspace/.derivedData/Build/Intermediates.noindex/LNPopupController.build/Debug-watchos/LNPopupController-ObjC-t.build/Objects-normal/arm64_32/_LNPopupTransitionPreferredCloseAnimator.o /Users/admin/builder/spi-builder-workspace/.dependencies/checkouts/LNPopupController/LNPopupController/LNPopupController/Private/TransitionAnimators/_LNPopupTransitionPreferredCloseAnimator.mm normal arm64_32 objective-c++ com.apple.compilers.llvm.clang.1_0.compiler (in target 'LNPopupController-ObjC' from project 'LNPopupController')
cd /Users/admin/builder/spi-builder-workspace/.swiftpm/xcode
Using response file: /Users/admin/builder/spi-builder-workspace/.derivedData/Build/Intermediates.noindex/LNPopupController.build/Debug-watchos/LNPopupController-ObjC-t.build/Objects-normal/arm64_32/af3fcb34312c57c0f52879cdce924b91-common-args.resp
/Applications/Xcode-27.0.0.app/Contents/Developer/Toolchains/XcodeDefault.xctoolchain/usr/bin/clang -x objective-c++ -ivfsstatcache /Users/admin/builder/spi-builder-workspace/.derivedData/SDKStatCaches.noindex/watchos27.0-24R360-e829b21a6f8c9b70876ba0858053c044b9db9bc9c079ee3c7b5f3373b13d10bc.sdkstatcache -target arm64_32-apple-watchos9.0 -fmessage-length\=0 -fdiagnostics-show-note-include-stack -fmacro-backtrace-limit\=0 -fno-color-diagnostics -fmodules-prune-interval\=86400 -fmodules-prune-after\=345600 -fbuild-session-file\=/Users/admin/builder/spi-builder-workspace/.derivedData/ModuleCache.noindex/Session.modulevalidation -fmodules-validate-once-per-build-session -Wnon-modular-include-in-framework-module -Werror\=non-modular-include-in-framework-module -Wno-trigraphs -Wno-missing-field-initializers -Wno-missing-prototypes -Wno-return-type -Wno-implicit-atomic-properties -Wno-objc-interface-ivars -Wno-arc-repeated-use-of-weak -Wno-non-virtual-dtor -Wno-overloaded-virtual -Wno-exit-time-destructors -Wno-missing-braces -Wparentheses -Wswitch -Wno-unused-function -Wno-unused-label -Wno-unused-parameter -Wno-unused-variable -Wunused-value -Wno-empty-body -Wno-uninitialized -Wno-unknown-pragmas -w -Wno-shadow -Wno-four-char-constants -Wno-conversion -Wno-constant-conversion -Wno-int-conversion -Wno-bool-conversion -Wno-enum-conversion -Wno-float-conversion -Wno-non-literal-null-conversion -Wno-objc-literal-conversion -Wno-shorten-64-to-32 -Wno-newline-eof -Wno-selector -Wno-strict-selector-match -Wno-undeclared-selector -Wno-deprecated-implementations -Wno-c++11-extensions -Wno-implicit-fallthrough -isysroot /Applications/Xcode-27.0.0.app/Contents/Developer/Platforms/WatchOS.platform/Developer/SDKs/WatchOS27.0.sdk -fstrict-aliasing -Wprotocol -Wdeprecated-declarations -Winvalid-offsetof -Wno-sign-conversion -Wno-infinite-recursion -Wno-move -Wno-comma -Wno-block-capture-autoreleasing -Wno-strict-prototypes -Wno-range-loop-analysis -Wno-semicolon-before-method-body -index-store-path /Users/admin/builder/spi-builder-workspace/.derivedData/Index.noindex/DataStore @/Users/admin/builder/spi-builder-workspace/.derivedData/Build/Intermediates.noindex/LNPopupController.build/Debug-watchos/LNPopupController-ObjC-t.build/Objects-normal/arm64_32/af3fcb34312c57c0f52879cdce924b91-common-args.resp -MMD -MT dependencies -MF /Users/admin/builder/spi-builder-workspace/.derivedData/Build/Intermediates.noindex/LNPopupController.build/Debug-watchos/LNPopupController-ObjC-t.build/Objects-normal/arm64_32/_LNPopupTransitionPreferredCloseAnimator.d --serialize-diagnostics /Users/admin/builder/spi-builder-workspace/.derivedData/Build/Intermediates.noindex/LNPopupController.build/Debug-watchos/LNPopupController-ObjC-t.build/Objects-normal/arm64_32/_LNPopupTransitionPreferredCloseAnimator.dia -c /Users/admin/builder/spi-builder-workspace/.dependencies/checkouts/LNPopupController/LNPopupController/LNPopupController/Private/TransitionAnimators/_LNPopupTransitionPreferredCloseAnimator.mm -o /Users/admin/builder/spi-builder-workspace/.derivedData/Build/Intermediates.noindex/LNPopupController.build/Debug-watchos/LNPopupController-ObjC-t.build/Objects-normal/arm64_32/_LNPopupTransitionPreferredCloseAnimator.o -index-unit-output-path /LNPopupController.build/Debug-watchos/LNPopupController-ObjC-t.build/Objects-normal/arm64_32/_LNPopupTransitionPreferredCloseAnimator.o
CompileC /Users/admin/builder/spi-builder-workspace/.derivedData/Build/Intermediates.noindex/LNPopupController.build/Debug-watchos/LNPopupController-ObjC-t.build/Objects-normal/arm64_32/_LNPopupTransitionAnimator.o /Users/admin/builder/spi-builder-workspace/.dependencies/checkouts/LNPopupController/LNPopupController/LNPopupController/Private/TransitionAnimators/_LNPopupTransitionAnimator.mm normal arm64_32 objective-c++ com.apple.compilers.llvm.clang.1_0.compiler (in target 'LNPopupController-ObjC' from project 'LNPopupController')
cd /Users/admin/builder/spi-builder-workspace/.swiftpm/xcode
Using response file: /Users/admin/builder/spi-builder-workspace/.derivedData/Build/Intermediates.noindex/LNPopupController.build/Debug-watchos/LNPopupController-ObjC-t.build/Objects-normal/arm64_32/af3fcb34312c57c0f52879cdce924b91-common-args.resp
/Applications/Xcode-27.0.0.app/Contents/Developer/Toolchains/XcodeDefault.xctoolchain/usr/bin/clang -x objective-c++ -ivfsstatcache /Users/admin/builder/spi-builder-workspace/.derivedData/SDKStatCaches.noindex/watchos27.0-24R360-e829b21a6f8c9b70876ba0858053c044b9db9bc9c079ee3c7b5f3373b13d10bc.sdkstatcache -target arm64_32-apple-watchos9.0 -fmessage-length\=0 -fdiagnostics-show-note-include-stack -fmacro-backtrace-limit\=0 -fno-color-diagnostics -fmodules-prune-interval\=86400 -fmodules-prune-after\=345600 -fbuild-session-file\=/Users/admin/builder/spi-builder-workspace/.derivedData/ModuleCache.noindex/Session.modulevalidation -fmodules-validate-once-per-build-session -Wnon-modular-include-in-framework-module -Werror\=non-modular-include-in-framework-module -Wno-trigraphs -Wno-missing-field-initializers -Wno-missing-prototypes -Wno-return-type -Wno-implicit-atomic-properties -Wno-objc-interface-ivars -Wno-arc-repeated-use-of-weak -Wno-non-virtual-dtor -Wno-overloaded-virtual -Wno-exit-time-destructors -Wno-missing-braces -Wparentheses -Wswitch -Wno-unused-function -Wno-unused-label -Wno-unused-parameter -Wno-unused-variable -Wunused-value -Wno-empty-body -Wno-uninitialized -Wno-unknown-pragmas -w -Wno-shadow -Wno-four-char-constants -Wno-conversion -Wno-constant-conversion -Wno-int-conversion -Wno-bool-conversion -Wno-enum-conversion -Wno-float-conversion -Wno-non-literal-null-conversion -Wno-objc-literal-conversion -Wno-shorten-64-to-32 -Wno-newline-eof -Wno-selector -Wno-strict-selector-match -Wno-undeclared-selector -Wno-deprecated-implementations -Wno-c++11-extensions -Wno-implicit-fallthrough -isysroot /Applications/Xcode-27.0.0.app/Contents/Developer/Platforms/WatchOS.platform/Developer/SDKs/WatchOS27.0.sdk -fstrict-aliasing -Wprotocol -Wdeprecated-declarations -Winvalid-offsetof -Wno-sign-conversion -Wno-infinite-recursion -Wno-move -Wno-comma -Wno-block-capture-autoreleasing -Wno-strict-prototypes -Wno-range-loop-analysis -Wno-semicolon-before-method-body -index-store-path /Users/admin/builder/spi-builder-workspace/.derivedData/Index.noindex/DataStore @/Users/admin/builder/spi-builder-workspace/.derivedData/Build/Intermediates.noindex/LNPopupController.build/Debug-watchos/LNPopupController-ObjC-t.build/Objects-normal/arm64_32/af3fcb34312c57c0f52879cdce924b91-common-args.resp -MMD -MT dependencies -MF /Users/admin/builder/spi-builder-workspace/.derivedData/Build/Intermediates.noindex/LNPopupController.build/Debug-watchos/LNPopupController-ObjC-t.build/Objects-normal/arm64_32/_LNPopupTransitionAnimator.d --serialize-diagnostics /Users/admin/builder/spi-builder-workspace/.derivedData/Build/Intermediates.noindex/LNPopupController.build/Debug-watchos/LNPopupController-ObjC-t.build/Objects-normal/arm64_32/_LNPopupTransitionAnimator.dia -c /Users/admin/builder/spi-builder-workspace/.dependencies/checkouts/LNPopupController/LNPopupController/LNPopupController/Private/TransitionAnimators/_LNPopupTransitionAnimator.mm -o /Users/admin/builder/spi-builder-workspace/.derivedData/Build/Intermediates.noindex/LNPopupController.build/Debug-watchos/LNPopupController-ObjC-t.build/Objects-normal/arm64_32/_LNPopupTransitionAnimator.o -index-unit-output-path /LNPopupController.build/Debug-watchos/LNPopupController-ObjC-t.build/Objects-normal/arm64_32/_LNPopupTransitionAnimator.o
CompileC /Users/admin/builder/spi-builder-workspace/.derivedData/Build/Intermediates.noindex/LNPopupController.build/Debug-watchos/LNPopupController-ObjC-t.build/Objects-normal/arm64_32/_LNPopupGlassUtils.o /Users/admin/builder/spi-builder-workspace/.dependencies/checkouts/LNPopupController/LNPopupController/LNPopupController/Private/Utils/_LNPopupGlassUtils.mm normal arm64_32 objective-c++ com.apple.compilers.llvm.clang.1_0.compiler (in target 'LNPopupController-ObjC' from project 'LNPopupController')
cd /Users/admin/builder/spi-builder-workspace/.swiftpm/xcode
Using response file: /Users/admin/builder/spi-builder-workspace/.derivedData/Build/Intermediates.noindex/LNPopupController.build/Debug-watchos/LNPopupController-ObjC-t.build/Objects-normal/arm64_32/af3fcb34312c57c0f52879cdce924b91-common-args.resp
/Applications/Xcode-27.0.0.app/Contents/Developer/Toolchains/XcodeDefault.xctoolchain/usr/bin/clang -x objective-c++ -ivfsstatcache /Users/admin/builder/spi-builder-workspace/.derivedData/SDKStatCaches.noindex/watchos27.0-24R360-e829b21a6f8c9b70876ba0858053c044b9db9bc9c079ee3c7b5f3373b13d10bc.sdkstatcache -target arm64_32-apple-watchos9.0 -fmessage-length\=0 -fdiagnostics-show-note-include-stack -fmacro-backtrace-limit\=0 -fno-color-diagnostics -fmodules-prune-interval\=86400 -fmodules-prune-after\=345600 -fbuild-session-file\=/Users/admin/builder/spi-builder-workspace/.derivedData/ModuleCache.noindex/Session.modulevalidation -fmodules-validate-once-per-build-session -Wnon-modular-include-in-framework-module -Werror\=non-modular-include-in-framework-module -Wno-trigraphs -Wno-missing-field-initializers -Wno-missing-prototypes -Wno-return-type -Wno-implicit-atomic-properties -Wno-objc-interface-ivars -Wno-arc-repeated-use-of-weak -Wno-non-virtual-dtor -Wno-overloaded-virtual -Wno-exit-time-destructors -Wno-missing-braces -Wparentheses -Wswitch -Wno-unused-function -Wno-unused-label -Wno-unused-parameter -Wno-unused-variable -Wunused-value -Wno-empty-body -Wno-uninitialized -Wno-unknown-pragmas -w -Wno-shadow -Wno-four-char-constants -Wno-conversion -Wno-constant-conversion -Wno-int-conversion -Wno-bool-conversion -Wno-enum-conversion -Wno-float-conversion -Wno-non-literal-null-conversion -Wno-objc-literal-conversion -Wno-shorten-64-to-32 -Wno-newline-eof -Wno-selector -Wno-strict-selector-match -Wno-undeclared-selector -Wno-deprecated-implementations -Wno-c++11-extensions -Wno-implicit-fallthrough -isysroot /Applications/Xcode-27.0.0.app/Contents/Developer/Platforms/WatchOS.platform/Developer/SDKs/WatchOS27.0.sdk -fstrict-aliasing -Wprotocol -Wdeprecated-declarations -Winvalid-offsetof -Wno-sign-conversion -Wno-infinite-recursion -Wno-move -Wno-comma -Wno-block-capture-autoreleasing -Wno-strict-prototypes -Wno-range-loop-analysis -Wno-semicolon-before-method-body -index-store-path /Users/admin/builder/spi-builder-workspace/.derivedData/Index.noindex/DataStore @/Users/admin/builder/spi-builder-workspace/.derivedData/Build/Intermediates.noindex/LNPopupController.build/Debug-watchos/LNPopupController-ObjC-t.build/Objects-normal/arm64_32/af3fcb34312c57c0f52879cdce924b91-common-args.resp -MMD -MT dependencies -MF /Users/admin/builder/spi-builder-workspace/.derivedData/Build/Intermediates.noindex/LNPopupController.build/Debug-watchos/LNPopupController-ObjC-t.build/Objects-normal/arm64_32/_LNPopupGlassUtils.d --serialize-diagnostics /Users/admin/builder/spi-builder-workspace/.derivedData/Build/Intermediates.noindex/LNPopupController.build/Debug-watchos/LNPopupController-ObjC-t.build/Objects-normal/arm64_32/_LNPopupGlassUtils.dia -c /Users/admin/builder/spi-builder-workspace/.dependencies/checkouts/LNPopupController/LNPopupController/LNPopupController/Private/Utils/_LNPopupGlassUtils.mm -o /Users/admin/builder/spi-builder-workspace/.derivedData/Build/Intermediates.noindex/LNPopupController.build/Debug-watchos/LNPopupController-ObjC-t.build/Objects-normal/arm64_32/_LNPopupGlassUtils.o -index-unit-output-path /LNPopupController.build/Debug-watchos/LNPopupController-ObjC-t.build/Objects-normal/arm64_32/_LNPopupGlassUtils.o
CompileC /Users/admin/builder/spi-builder-workspace/.derivedData/Build/Intermediates.noindex/LNPopupController.build/Debug-watchos/LNPopupController-ObjC-t.build/Objects-normal/arm64_32/_LNPopupCatalystHelper.o /Users/admin/builder/spi-builder-workspace/.dependencies/checkouts/LNPopupController/LNPopupController/LNPopupController/Private/Utils/_LNPopupCatalystHelper.mm normal arm64_32 objective-c++ com.apple.compilers.llvm.clang.1_0.compiler (in target 'LNPopupController-ObjC' from project 'LNPopupController')
cd /Users/admin/builder/spi-builder-workspace/.swiftpm/xcode
Using response file: /Users/admin/builder/spi-builder-workspace/.derivedData/Build/Intermediates.noindex/LNPopupController.build/Debug-watchos/LNPopupController-ObjC-t.build/Objects-normal/arm64_32/af3fcb34312c57c0f52879cdce924b91-common-args.resp
/Applications/Xcode-27.0.0.app/Contents/Developer/Toolchains/XcodeDefault.xctoolchain/usr/bin/clang -x objective-c++ -ivfsstatcache /Users/admin/builder/spi-builder-workspace/.derivedData/SDKStatCaches.noindex/watchos27.0-24R360-e829b21a6f8c9b70876ba0858053c044b9db9bc9c079ee3c7b5f3373b13d10bc.sdkstatcache -target arm64_32-apple-watchos9.0 -fmessage-length\=0 -fdiagnostics-show-note-include-stack -fmacro-backtrace-limit\=0 -fno-color-diagnostics -fmodules-prune-interval\=86400 -fmodules-prune-after\=345600 -fbuild-session-file\=/Users/admin/builder/spi-builder-workspace/.derivedData/ModuleCache.noindex/Session.modulevalidation -fmodules-validate-once-per-build-session -Wnon-modular-include-in-framework-module -Werror\=non-modular-include-in-framework-module -Wno-trigraphs -Wno-missing-field-initializers -Wno-missing-prototypes -Wno-return-type -Wno-implicit-atomic-properties -Wno-objc-interface-ivars -Wno-arc-repeated-use-of-weak -Wno-non-virtual-dtor -Wno-overloaded-virtual -Wno-exit-time-destructors -Wno-missing-braces -Wparentheses -Wswitch -Wno-unused-function -Wno-unused-label -Wno-unused-parameter -Wno-unused-variable -Wunused-value -Wno-empty-body -Wno-uninitialized -Wno-unknown-pragmas -w -Wno-shadow -Wno-four-char-constants -Wno-conversion -Wno-constant-conversion -Wno-int-conversion -Wno-bool-conversion -Wno-enum-conversion -Wno-float-conversion -Wno-non-literal-null-conversion -Wno-objc-literal-conversion -Wno-shorten-64-to-32 -Wno-newline-eof -Wno-selector -Wno-strict-selector-match -Wno-undeclared-selector -Wno-deprecated-implementations -Wno-c++11-extensions -Wno-implicit-fallthrough -isysroot /Applications/Xcode-27.0.0.app/Contents/Developer/Platforms/WatchOS.platform/Developer/SDKs/WatchOS27.0.sdk -fstrict-aliasing -Wprotocol -Wdeprecated-declarations -Winvalid-offsetof -Wno-sign-conversion -Wno-infinite-recursion -Wno-move -Wno-comma -Wno-block-capture-autoreleasing -Wno-strict-prototypes -Wno-range-loop-analysis -Wno-semicolon-before-method-body -index-store-path /Users/admin/builder/spi-builder-workspace/.derivedData/Index.noindex/DataStore @/Users/admin/builder/spi-builder-workspace/.derivedData/Build/Intermediates.noindex/LNPopupController.build/Debug-watchos/LNPopupController-ObjC-t.build/Objects-normal/arm64_32/af3fcb34312c57c0f52879cdce924b91-common-args.resp -MMD -MT dependencies -MF /Users/admin/builder/spi-builder-workspace/.derivedData/Build/Intermediates.noindex/LNPopupController.build/Debug-watchos/LNPopupController-ObjC-t.build/Objects-normal/arm64_32/_LNPopupCatalystHelper.d --serialize-diagnostics /Users/admin/builder/spi-builder-workspace/.derivedData/Build/Intermediates.noindex/LNPopupController.build/Debug-watchos/LNPopupController-ObjC-t.build/Objects-normal/arm64_32/_LNPopupCatalystHelper.dia -c /Users/admin/builder/spi-builder-workspace/.dependencies/checkouts/LNPopupController/LNPopupController/LNPopupController/Private/Utils/_LNPopupCatalystHelper.mm -o /Users/admin/builder/spi-builder-workspace/.derivedData/Build/Intermediates.noindex/LNPopupController.build/Debug-watchos/LNPopupController-ObjC-t.build/Objects-normal/arm64_32/_LNPopupCatalystHelper.o -index-unit-output-path /LNPopupController.build/Debug-watchos/LNPopupController-ObjC-t.build/Objects-normal/arm64_32/_LNPopupCatalystHelper.o
CompileC /Users/admin/builder/spi-builder-workspace/.derivedData/Build/Intermediates.noindex/LNPopupController.build/Debug-watchos/LNPopupController-ObjC-t.build/Objects-normal/arm64_32/_LNPopupBarBackgroundMaskView.o /Users/admin/builder/spi-builder-workspace/.dependencies/checkouts/LNPopupController/LNPopupController/LNPopupController/Private/_LNPopupBarBackgroundMaskView.mm normal arm64_32 objective-c++ com.apple.compilers.llvm.clang.1_0.compiler (in target 'LNPopupController-ObjC' from project 'LNPopupController')
cd /Users/admin/builder/spi-builder-workspace/.swiftpm/xcode
Using response file: /Users/admin/builder/spi-builder-workspace/.derivedData/Build/Intermediates.noindex/LNPopupController.build/Debug-watchos/LNPopupController-ObjC-t.build/Objects-normal/arm64_32/af3fcb34312c57c0f52879cdce924b91-common-args.resp
/Applications/Xcode-27.0.0.app/Contents/Developer/Toolchains/XcodeDefault.xctoolchain/usr/bin/clang -x objective-c++ -ivfsstatcache /Users/admin/builder/spi-builder-workspace/.derivedData/SDKStatCaches.noindex/watchos27.0-24R360-e829b21a6f8c9b70876ba0858053c044b9db9bc9c079ee3c7b5f3373b13d10bc.sdkstatcache -target arm64_32-apple-watchos9.0 -fmessage-length\=0 -fdiagnostics-show-note-include-stack -fmacro-backtrace-limit\=0 -fno-color-diagnostics -fmodules-prune-interval\=86400 -fmodules-prune-after\=345600 -fbuild-session-file\=/Users/admin/builder/spi-builder-workspace/.derivedData/ModuleCache.noindex/Session.modulevalidation -fmodules-validate-once-per-build-session -Wnon-modular-include-in-framework-module -Werror\=non-modular-include-in-framework-module -Wno-trigraphs -Wno-missing-field-initializers -Wno-missing-prototypes -Wno-return-type -Wno-implicit-atomic-properties -Wno-objc-interface-ivars -Wno-arc-repeated-use-of-weak -Wno-non-virtual-dtor -Wno-overloaded-virtual -Wno-exit-time-destructors -Wno-missing-braces -Wparentheses -Wswitch -Wno-unused-function -Wno-unused-label -Wno-unused-parameter -Wno-unused-variable -Wunused-value -Wno-empty-body -Wno-uninitialized -Wno-unknown-pragmas -w -Wno-shadow -Wno-four-char-constants -Wno-conversion -Wno-constant-conversion -Wno-int-conversion -Wno-bool-conversion -Wno-enum-conversion -Wno-float-conversion -Wno-non-literal-null-conversion -Wno-objc-literal-conversion -Wno-shorten-64-to-32 -Wno-newline-eof -Wno-selector -Wno-strict-selector-match -Wno-undeclared-selector -Wno-deprecated-implementations -Wno-c++11-extensions -Wno-implicit-fallthrough -isysroot /Applications/Xcode-27.0.0.app/Contents/Developer/Platforms/WatchOS.platform/Developer/SDKs/WatchOS27.0.sdk -fstrict-aliasing -Wprotocol -Wdeprecated-declarations -Winvalid-offsetof -Wno-sign-conversion -Wno-infinite-recursion -Wno-move -Wno-comma -Wno-block-capture-autoreleasing -Wno-strict-prototypes -Wno-range-loop-analysis -Wno-semicolon-before-method-body -index-store-path /Users/admin/builder/spi-builder-workspace/.derivedData/Index.noindex/DataStore @/Users/admin/builder/spi-builder-workspace/.derivedData/Build/Intermediates.noindex/LNPopupController.build/Debug-watchos/LNPopupController-ObjC-t.build/Objects-normal/arm64_32/af3fcb34312c57c0f52879cdce924b91-common-args.resp -MMD -MT dependencies -MF /Users/admin/builder/spi-builder-workspace/.derivedData/Build/Intermediates.noindex/LNPopupController.build/Debug-watchos/LNPopupController-ObjC-t.build/Objects-normal/arm64_32/_LNPopupBarBackgroundMaskView.d --serialize-diagnostics /Users/admin/builder/spi-builder-workspace/.derivedData/Build/Intermediates.noindex/LNPopupController.build/Debug-watchos/LNPopupController-ObjC-t.build/Objects-normal/arm64_32/_LNPopupBarBackgroundMaskView.dia -c /Users/admin/builder/spi-builder-workspace/.dependencies/checkouts/LNPopupController/LNPopupController/LNPopupController/Private/_LNPopupBarBackgroundMaskView.mm -o /Users/admin/builder/spi-builder-workspace/.derivedData/Build/Intermediates.noindex/LNPopupController.build/Debug-watchos/LNPopupController-ObjC-t.build/Objects-normal/arm64_32/_LNPopupBarBackgroundMaskView.o -index-unit-output-path /LNPopupController.build/Debug-watchos/LNPopupController-ObjC-t.build/Objects-normal/arm64_32/_LNPopupBarBackgroundMaskView.o
SwiftExplicitDependencyGeneratePcm arm64_32 /Users/admin/builder/spi-builder-workspace/.derivedData/SDKExplicitPrecompiledModules/ptrcheck-BR45GYU0OXGGBT6UQES0MQ1N0.pcm
PruneExplicitPrecompiledModules /Users/admin/builder/spi-builder-workspace/.derivedData/Build/Intermediates.noindex/SwiftExplicitPrecompiledModules
PruneExplicitPrecompiledModules /Users/admin/builder/spi-builder-workspace/.derivedData/SDKExplicitPrecompiledModules
PruneExplicitPrecompiledModules /Users/admin/builder/spi-builder-workspace/.derivedData/Build/Intermediates.noindex/ExplicitPrecompiledModules
2026-10-27 06:06:20.848 xcodebuild[1020:7289] [MT] IDERunDestination: Supported platforms for the buildables in the current scheme is empty.
** BUILD FAILED **
The following build commands failed:
CompileC /Users/admin/builder/spi-builder-workspace/.derivedData/Build/Intermediates.noindex/LNSystemMarqueeLabel.build/Debug-watchos/LNSystemMarqueeLabel-t.build/Objects-normal/arm64_32/LNSystemMarqueeLabel.o /Users/admin/builder/spi-builder-workspace/.dependencies/checkouts/LNSystemMarqueeLabel/Sources/LNSystemMarqueeLabel/LNSystemMarqueeLabel.mm normal arm64_32 objective-c++ com.apple.compilers.llvm.clang.1_0.compiler (in target 'LNSystemMarqueeLabel' from project 'LNSystemMarqueeLabel')
CompileC /Users/admin/builder/spi-builder-workspace/.derivedData/Build/Intermediates.noindex/LNSystemMarqueeLabel.build/Debug-watchos/LNSystemMarqueeLabel-t.build/Objects-normal/arm64/LNSystemMarqueeLabel.o /Users/admin/builder/spi-builder-workspace/.dependencies/checkouts/LNSystemMarqueeLabel/Sources/LNSystemMarqueeLabel/LNSystemMarqueeLabel.mm normal arm64 objective-c++ com.apple.compilers.llvm.clang.1_0.compiler (in target 'LNSystemMarqueeLabel' from project 'LNSystemMarqueeLabel')
Building workspace LNPopupUI with scheme LNPopupUI-Package
(3 failures)
BUILD FAILURE 6.4 watchOS