Build Information
Failed to build Mentalist, reference main (a41b36), with Swift 6.4 for visionOS using Xcode 27.0 on 21 Sep 2026 14:26:45 UTC.
Build Command
env DEVELOPER_DIR=/Applications/Xcode-27.0.0-Release.Candidate.app xcrun xcodebuild -IDEClonedSourcePackagesDirPathOverride=$PWD/.dependencies -skipMacroValidation -skipPackagePluginValidation -derivedDataPath $PWD/.derivedData build -scheme Mentalist -destination generic/platform=xrOSBuild Log
========================================
RunAll
========================================
Builder version: 5.1.0
Interrupt handler set up.
========================================
Checkout
========================================
Clone URL: https://github.com/enebin/Mentalist.git
Reference: main
Initialized empty Git repository in /Users/admin/builder/spi-builder-workspace/.git/
From https://github.com/enebin/Mentalist
* branch main -> FETCH_HEAD
* [new branch] main -> origin/main
HEAD is now at a41b36d Merge pull request #1 from jasompi/main
Cloned https://github.com/enebin/Mentalist.git
Revision (git rev-parse @):
a41b36d21208675024debfb60ccdba22d6ca77f8
SUCCESS checkout https://github.com/enebin/Mentalist.git at main
========================================
Build
========================================
Selected platform: visionOS
Swift version: 6.4
Building package at path: $PWD
https://github.com/enebin/Mentalist.git
Command line invocation:
/Applications/Xcode-27.0.0-Release.Candidate.app/Contents/Developer/usr/bin/xcodebuild -IDEClonedSourcePackagesDirPathOverride=/Users/admin/builder/spi-builder-workspace/.dependencies -resolvePackageDependencies
Resolve Package Graph
Resolve Package Graph
Resolved source packages:
Mentalist: /Users/admin/builder/spi-builder-workspace
resolved source packages: Mentalist
2026-09-21 10:25:39.656 xcodebuild[533:3041] [MT] IDERunDestination: Supported platforms for the buildables in the current scheme is empty.
2026-09-21 10:25:39.806 xcodebuild[533:3041] [MT] IDERunDestination: Supported platforms for the buildables in the current scheme is empty.
2026-09-21 10:25:41.422 xcodebuild[533:3041] [MT] IDERunDestination: Supported platforms for the buildables in the current scheme is empty.
{
"dependencies" : [
],
"manifest_display_name" : "Mentalist",
"name" : "Mentalist",
"path" : "/Users/admin/builder/spi-builder-workspace",
"platforms" : [
{
"name" : "macos",
"version" : "10.13"
},
{
"name" : "ios",
"version" : "15.0"
}
],
"products" : [
{
"name" : "Mentalist",
"targets" : [
"Mentalist"
],
"type" : {
"library" : [
"automatic"
]
}
}
],
"targets" : [
{
"c99name" : "MentalistTests",
"module_type" : "SwiftTarget",
"name" : "MentalistTests",
"path" : "Tests/MentalistTests",
"resources" : [
{
"path" : "/Users/admin/builder/spi-builder-workspace/Tests/MentalistTests/Resources/FaceImage.xcassets",
"rule" : {
"process" : {
}
}
}
],
"sources" : [
"FaceImageToolTests.swift",
"MentalistTests.swift"
],
"target_dependencies" : [
"Mentalist"
],
"type" : "test"
},
{
"c99name" : "Mentalist",
"module_type" : "SwiftTarget",
"name" : "Mentalist",
"path" : "Sources/Mentalist",
"product_memberships" : [
"Mentalist"
],
"resources" : [
{
"path" : "/Users/admin/builder/spi-builder-workspace/Sources/Mentalist/Resources/FacialExpressionModel.mlpackage/Data/com.apple.CoreML/model.mlmodel",
"rule" : {
"process" : {
}
}
},
{
"path" : "/Users/admin/builder/spi-builder-workspace/Sources/Mentalist/Resources/FacialExpressionModel.mlpackage/Manifest.json",
"rule" : {
"process" : {
}
}
}
],
"sources" : [
"Extension/UIView + Extension.swift",
"Extension/View + Extentsion.swift",
"FaceImageTool.swift",
"Mentalist.swift",
"MentalistCore.swift",
"Model/Emotion.swift",
"Model/EmotionAnalysis.swift"
],
"type" : "library"
}
],
"tools_version" : "5.6"
}
{
"workspace" : {
"name" : "Mentalist",
"schemes" : [
"Mentalist",
"MentalistTests"
]
}
}
2026-09-21 10:26:26.532 xcodebuild[665:4235] [MT] IDERunDestination: Supported platforms for the buildables in the current scheme is empty.
2026-09-21 10:26:26.675 xcodebuild[665:4235] [MT] IDERunDestination: Supported platforms for the buildables in the current scheme is empty.
{
"workspace" : {
"name" : "Mentalist",
"schemes" : [
"Mentalist",
"MentalistTests"
]
}
}
2026-09-21 10:26:27.542 xcodebuild[667:4290] [MT] IDERunDestination: Supported platforms for the buildables in the current scheme is empty.
2026-09-21 10:26:27.683 xcodebuild[667:4290] [MT] IDERunDestination: Supported platforms for the buildables in the current scheme is empty.
Running build ...
env DEVELOPER_DIR=/Applications/Xcode-27.0.0-Release.Candidate.app xcrun xcodebuild -IDEClonedSourcePackagesDirPathOverride=$PWD/.dependencies -skipMacroValidation -skipPackagePluginValidation -derivedDataPath $PWD/.derivedData build -scheme Mentalist -destination generic/platform=xrOS
Command line invocation:
/Applications/Xcode-27.0.0-Release.Candidate.app/Contents/Developer/usr/bin/xcodebuild -IDEClonedSourcePackagesDirPathOverride=/Users/admin/builder/spi-builder-workspace/.dependencies -skipMacroValidation -skipPackagePluginValidation -derivedDataPath /Users/admin/builder/spi-builder-workspace/.derivedData build -scheme Mentalist -destination generic/platform=xrOS
Resolve Package Graph
Resolved source packages:
Mentalist: /Users/admin/builder/spi-builder-workspace
ComputePackagePrebuildTargetDependencyGraph
Prepare packages
CreateBuildRequest
SendProjectDescription
CreateBuildOperation
ComputeTargetDependencyGraph
note: Building targets in dependency order
note: Target dependency graph (3 targets)
Target 'Mentalist-product' in project 'Mentalist'
➜ Explicit dependency on target 'Mentalist' in project 'Mentalist'
➜ Explicit dependency on target 'Mentalist_Mentalist' in project 'Mentalist'
Target 'Mentalist' in project 'Mentalist'
➜ Explicit dependency on target 'Mentalist_Mentalist' in project 'Mentalist'
Target 'Mentalist_Mentalist' in project 'Mentalist' (no dependencies)
GatherProvisioningInputs
CreateBuildDescription
ExecuteExternalTool /Applications/Xcode-27.0.0-Release.Candidate.app/Contents/Developer/Toolchains/XcodeDefault.xctoolchain/usr/bin/clang -v -E -dM -isysroot /Applications/Xcode-27.0.0-Release.Candidate.app/Contents/Developer/Platforms/XROS.platform/Developer/SDKs/XROS27.0.sdk -x c -c /dev/null
ExecuteExternalTool /usr/bin/what -q /Applications/Xcode-27.0.0-Release.Candidate.app/Contents/Developer/Toolchains/XcodeDefault.xctoolchain/usr/bin/coremlc
ExecuteExternalTool /Applications/Xcode-27.0.0-Release.Candidate.app/Contents/Developer/Toolchains/XcodeDefault.xctoolchain/usr/bin/coremlc generate /Users/admin/builder/spi-builder-workspace/Sources/Mentalist/Resources/FacialExpressionModel.mlpackage /Users/admin/builder/spi-builder-workspace/.derivedData/Build/Intermediates.noindex/Mentalist.build/Debug-xros/Mentalist-t.build/DerivedSources/CoreMLGenerated/FacialExpressionModel --dry-run yes --deployment-target 1.0 --sdkroot /Applications/Xcode-27.0.0-Release.Candidate.app/Contents/Developer/Platforms/XROS.platform/Developer/SDKs/XROS27.0.sdk --platform xros --output-partial-info-plist /Users/admin/builder/spi-builder-workspace/.derivedData/Build/Intermediates.noindex/Mentalist.build/Debug-xros/Mentalist-t.build/FacialExpressionModel-CoreMLPartialInfo.plist --container swift-package --language Swift --swift-version 5 --public-access
ExecuteExternalTool /Applications/Xcode-27.0.0-Release.Candidate.app/Contents/Developer/Toolchains/XcodeDefault.xctoolchain/usr/bin/swiftc --version
ExecuteExternalTool /Applications/Xcode-27.0.0-Release.Candidate.app/Contents/Developer/Toolchains/XcodeDefault.xctoolchain/usr/bin/ld -version_details
Build description signature: 18ca285df8d5e42f185e76c45abe1842
Build description path: /Users/admin/builder/spi-builder-workspace/.derivedData/Build/Intermediates.noindex/XCBuildData/18ca285df8d5e42f185e76c45abe1842.xcbuilddata
CreateBuildDirectory /Users/admin/builder/spi-builder-workspace/.derivedData/SDKExplicitPrecompiledModules
cd /Users/admin/builder/spi-builder-workspace/.swiftpm/xcode
builtin-create-build-directory /Users/admin/builder/spi-builder-workspace/.derivedData/SDKExplicitPrecompiledModules
CreateBuildDirectory /Users/admin/builder/spi-builder-workspace/.derivedData/ModuleCache.noindex
cd /Users/admin/builder/spi-builder-workspace/.swiftpm/xcode
builtin-create-build-directory /Users/admin/builder/spi-builder-workspace/.derivedData/ModuleCache.noindex
CreateBuildDirectory /Users/admin/builder/spi-builder-workspace/.derivedData/Build/Intermediates.noindex
cd /Users/admin/builder/spi-builder-workspace/.swiftpm/xcode
builtin-create-build-directory /Users/admin/builder/spi-builder-workspace/.derivedData/Build/Intermediates.noindex
CreateBuildDirectory /Users/admin/builder/spi-builder-workspace/.derivedData/CompilationCache.noindex
cd /Users/admin/builder/spi-builder-workspace/.swiftpm/xcode
builtin-create-build-directory /Users/admin/builder/spi-builder-workspace/.derivedData/CompilationCache.noindex
ClangStatCache /Applications/Xcode-27.0.0-Release.Candidate.app/Contents/Developer/Toolchains/XcodeDefault.xctoolchain/usr/bin/clang-stat-cache /Applications/Xcode-27.0.0-Release.Candidate.app/Contents/Developer/Platforms/XROS.platform/Developer/SDKs/XROS27.0.sdk /Users/admin/builder/spi-builder-workspace/.derivedData/SDKStatCaches.noindex/xros27.0-24M361-e829b21a6f8c9b70876ba0858053c044735bd543db762f57723cac368afd1ce4.sdkstatcache
cd /Users/admin/builder/spi-builder-workspace/.swiftpm/xcode
/Applications/Xcode-27.0.0-Release.Candidate.app/Contents/Developer/Toolchains/XcodeDefault.xctoolchain/usr/bin/clang-stat-cache /Applications/Xcode-27.0.0-Release.Candidate.app/Contents/Developer/Platforms/XROS.platform/Developer/SDKs/XROS27.0.sdk -o /Users/admin/builder/spi-builder-workspace/.derivedData/SDKStatCaches.noindex/xros27.0-24M361-e829b21a6f8c9b70876ba0858053c044735bd543db762f57723cac368afd1ce4.sdkstatcache
CreateBuildDirectory /Users/admin/builder/spi-builder-workspace/.derivedData/Build/Products
cd /Users/admin/builder/spi-builder-workspace/.swiftpm/xcode
builtin-create-build-directory /Users/admin/builder/spi-builder-workspace/.derivedData/Build/Products
CreateBuildDirectory /Users/admin/builder/spi-builder-workspace/.derivedData/Build/Intermediates.noindex/SwiftExplicitPrecompiledModules
cd /Users/admin/builder/spi-builder-workspace/.swiftpm/xcode
builtin-create-build-directory /Users/admin/builder/spi-builder-workspace/.derivedData/Build/Intermediates.noindex/SwiftExplicitPrecompiledModules
CreateBuildDirectory /Users/admin/builder/spi-builder-workspace/.derivedData/Build/Intermediates.noindex/ExplicitPrecompiledModules
cd /Users/admin/builder/spi-builder-workspace/.swiftpm/xcode
builtin-create-build-directory /Users/admin/builder/spi-builder-workspace/.derivedData/Build/Intermediates.noindex/ExplicitPrecompiledModules
CreateBuildDirectory /Users/admin/builder/spi-builder-workspace/.derivedData/Build/Intermediates.noindex/PrecompiledHeaders
cd /Users/admin/builder/spi-builder-workspace/.swiftpm/xcode
builtin-create-build-directory /Users/admin/builder/spi-builder-workspace/.derivedData/Build/Intermediates.noindex/PrecompiledHeaders
CreateBuildDirectory /Users/admin/builder/spi-builder-workspace/.derivedData/Build/Intermediates.noindex/EagerLinkingTBDs/Debug-xros
cd /Users/admin/builder/spi-builder-workspace/.swiftpm/xcode
builtin-create-build-directory /Users/admin/builder/spi-builder-workspace/.derivedData/Build/Intermediates.noindex/EagerLinkingTBDs/Debug-xros
CreateBuildDirectory /Users/admin/builder/spi-builder-workspace/.derivedData/Build/Products/Debug-xros
cd /Users/admin/builder/spi-builder-workspace/.swiftpm/xcode
builtin-create-build-directory /Users/admin/builder/spi-builder-workspace/.derivedData/Build/Products/Debug-xros
CreateBuildDirectory /Users/admin/builder/spi-builder-workspace/.derivedData/Build/Products/Debug-xros/PackageFrameworks
cd /Users/admin/builder/spi-builder-workspace/.swiftpm/xcode
builtin-create-build-directory /Users/admin/builder/spi-builder-workspace/.derivedData/Build/Products/Debug-xros/PackageFrameworks
WriteAuxiliaryFile /Users/admin/builder/spi-builder-workspace/.derivedData/Build/Intermediates.noindex/Mentalist.build/Debug-xros/Mentalist_Mentalist-b.build/Mentalist_Mentalist.DependencyMetadataFileList (in target 'Mentalist_Mentalist' from project 'Mentalist')
cd /Users/admin/builder/spi-builder-workspace
write-file /Users/admin/builder/spi-builder-workspace/.derivedData/Build/Intermediates.noindex/Mentalist.build/Debug-xros/Mentalist_Mentalist-b.build/Mentalist_Mentalist.DependencyMetadataFileList
WriteAuxiliaryFile /Users/admin/builder/spi-builder-workspace/.derivedData/Build/Intermediates.noindex/Mentalist.build/Debug-xros/Mentalist_Mentalist-b.build/00223c486bd7aa1542b7a26a6084335b.sb (in target 'Mentalist_Mentalist' from project 'Mentalist')
cd /Users/admin/builder/spi-builder-workspace
write-file /Users/admin/builder/spi-builder-workspace/.derivedData/Build/Intermediates.noindex/Mentalist.build/Debug-xros/Mentalist_Mentalist-b.build/00223c486bd7aa1542b7a26a6084335b.sb
WriteAuxiliaryFile /Users/admin/builder/spi-builder-workspace/.derivedData/Build/Intermediates.noindex/Mentalist.build/Debug-xros/Mentalist_Mentalist-b.build/empty-Mentalist_Mentalist.plist (in target 'Mentalist_Mentalist' from project 'Mentalist')
cd /Users/admin/builder/spi-builder-workspace
write-file /Users/admin/builder/spi-builder-workspace/.derivedData/Build/Intermediates.noindex/Mentalist.build/Debug-xros/Mentalist_Mentalist-b.build/empty-Mentalist_Mentalist.plist
WriteAuxiliaryFile /Users/admin/builder/spi-builder-workspace/.derivedData/Build/Intermediates.noindex/Mentalist.build/Debug-xros/Mentalist_Mentalist-b.build/Mentalist_Mentalist.DependencyStaticMetadataFileList (in target 'Mentalist_Mentalist' from project 'Mentalist')
cd /Users/admin/builder/spi-builder-workspace
write-file /Users/admin/builder/spi-builder-workspace/.derivedData/Build/Intermediates.noindex/Mentalist.build/Debug-xros/Mentalist_Mentalist-b.build/Mentalist_Mentalist.DependencyStaticMetadataFileList
WriteAuxiliaryFile /Users/admin/builder/spi-builder-workspace/.derivedData/Build/Intermediates.noindex/Mentalist.build/Debug-xros/Mentalist-t.build/Objects-normal/arm64/Mentalist.SwiftFileList (in target 'Mentalist' from project 'Mentalist')
cd /Users/admin/builder/spi-builder-workspace
write-file /Users/admin/builder/spi-builder-workspace/.derivedData/Build/Intermediates.noindex/Mentalist.build/Debug-xros/Mentalist-t.build/Objects-normal/arm64/Mentalist.SwiftFileList
WriteAuxiliaryFile /Users/admin/builder/spi-builder-workspace/.derivedData/Build/Intermediates.noindex/Mentalist.build/Debug-xros/Mentalist-t.build/Objects-normal/arm64/Mentalist_const_extract_protocols.json (in target 'Mentalist' from project 'Mentalist')
cd /Users/admin/builder/spi-builder-workspace
write-file /Users/admin/builder/spi-builder-workspace/.derivedData/Build/Intermediates.noindex/Mentalist.build/Debug-xros/Mentalist-t.build/Objects-normal/arm64/Mentalist_const_extract_protocols.json
WriteAuxiliaryFile /Users/admin/builder/spi-builder-workspace/.derivedData/Build/Intermediates.noindex/Mentalist.build/Debug-xros/Mentalist-t.build/Objects-normal/arm64/Mentalist.SwiftConstValuesFileList (in target 'Mentalist' from project 'Mentalist')
cd /Users/admin/builder/spi-builder-workspace
write-file /Users/admin/builder/spi-builder-workspace/.derivedData/Build/Intermediates.noindex/Mentalist.build/Debug-xros/Mentalist-t.build/Objects-normal/arm64/Mentalist.SwiftConstValuesFileList
WriteAuxiliaryFile /Users/admin/builder/spi-builder-workspace/.derivedData/Build/Intermediates.noindex/Mentalist.build/Debug-xros/Mentalist-t.build/Objects-normal/arm64/Mentalist.LinkFileList (in target 'Mentalist' from project 'Mentalist')
cd /Users/admin/builder/spi-builder-workspace
write-file /Users/admin/builder/spi-builder-workspace/.derivedData/Build/Intermediates.noindex/Mentalist.build/Debug-xros/Mentalist-t.build/Objects-normal/arm64/Mentalist.LinkFileList
WriteAuxiliaryFile /Users/admin/builder/spi-builder-workspace/.derivedData/Build/Intermediates.noindex/Mentalist.build/Debug-xros/Mentalist-t.build/Objects-normal/arm64/Mentalist-OutputFileMap.json (in target 'Mentalist' from project 'Mentalist')
cd /Users/admin/builder/spi-builder-workspace
write-file /Users/admin/builder/spi-builder-workspace/.derivedData/Build/Intermediates.noindex/Mentalist.build/Debug-xros/Mentalist-t.build/Objects-normal/arm64/Mentalist-OutputFileMap.json
WriteAuxiliaryFile /Users/admin/builder/spi-builder-workspace/.derivedData/Build/Intermediates.noindex/Mentalist.build/Debug-xros/Mentalist-t.build/Mentalist.modulemap (in target 'Mentalist' from project 'Mentalist')
cd /Users/admin/builder/spi-builder-workspace
write-file /Users/admin/builder/spi-builder-workspace/.derivedData/Build/Intermediates.noindex/Mentalist.build/Debug-xros/Mentalist-t.build/Mentalist.modulemap
WriteAuxiliaryFile /Users/admin/builder/spi-builder-workspace/.derivedData/Build/Intermediates.noindex/Mentalist.build/Debug-xros/Mentalist-t.build/Mentalist.DependencyStaticMetadataFileList (in target 'Mentalist' from project 'Mentalist')
cd /Users/admin/builder/spi-builder-workspace
write-file /Users/admin/builder/spi-builder-workspace/.derivedData/Build/Intermediates.noindex/Mentalist.build/Debug-xros/Mentalist-t.build/Mentalist.DependencyStaticMetadataFileList
WriteAuxiliaryFile /Users/admin/builder/spi-builder-workspace/.derivedData/Build/Intermediates.noindex/Mentalist.build/Debug-xros/Mentalist-t.build/Mentalist.DependencyMetadataFileList (in target 'Mentalist' from project 'Mentalist')
cd /Users/admin/builder/spi-builder-workspace
write-file /Users/admin/builder/spi-builder-workspace/.derivedData/Build/Intermediates.noindex/Mentalist.build/Debug-xros/Mentalist-t.build/Mentalist.DependencyMetadataFileList
WriteAuxiliaryFile /Users/admin/builder/spi-builder-workspace/.derivedData/Build/Intermediates.noindex/Mentalist.build/Debug-xros/Mentalist-t.build/70bdf74b75cb2f0ef0ce021c285c543c.sb (in target 'Mentalist' from project 'Mentalist')
cd /Users/admin/builder/spi-builder-workspace
write-file /Users/admin/builder/spi-builder-workspace/.derivedData/Build/Intermediates.noindex/Mentalist.build/Debug-xros/Mentalist-t.build/70bdf74b75cb2f0ef0ce021c285c543c.sb
WriteAuxiliaryFile /Users/admin/builder/spi-builder-workspace/.derivedData/Build/Intermediates.noindex/Mentalist.build/Debug-xros/Mentalist-t.build/43f66d9a5ddfdd2346b8ef19dbc99965.sb (in target 'Mentalist' from project 'Mentalist')
cd /Users/admin/builder/spi-builder-workspace
write-file /Users/admin/builder/spi-builder-workspace/.derivedData/Build/Intermediates.noindex/Mentalist.build/Debug-xros/Mentalist-t.build/43f66d9a5ddfdd2346b8ef19dbc99965.sb
MkDir /Users/admin/builder/spi-builder-workspace/.derivedData/Build/Products/Debug-xros/Mentalist_Mentalist.bundle (in target 'Mentalist_Mentalist' from project 'Mentalist')
cd /Users/admin/builder/spi-builder-workspace
/bin/mkdir -p /Users/admin/builder/spi-builder-workspace/.derivedData/Build/Products/Debug-xros/Mentalist_Mentalist.bundle
WriteAuxiliaryFile /Users/admin/builder/spi-builder-workspace/.derivedData/Build/Intermediates.noindex/Mentalist.build/Debug-xros/Mentalist-t.build/DerivedSources/resource_bundle_accessor.swift (in target 'Mentalist' from project 'Mentalist')
cd /Users/admin/builder/spi-builder-workspace
write-file /Users/admin/builder/spi-builder-workspace/.derivedData/Build/Intermediates.noindex/Mentalist.build/Debug-xros/Mentalist-t.build/DerivedSources/resource_bundle_accessor.swift
Copy /Users/admin/builder/spi-builder-workspace/.derivedData/Build/Intermediates.noindex/GeneratedModuleMaps-xros/Mentalist.modulemap /Users/admin/builder/spi-builder-workspace/.derivedData/Build/Intermediates.noindex/Mentalist.build/Debug-xros/Mentalist-t.build/Mentalist.modulemap (in target 'Mentalist' from project 'Mentalist')
cd /Users/admin/builder/spi-builder-workspace
builtin-copy -exclude .DS_Store -exclude CVS -exclude .svn -exclude .git -exclude .hg -resolve-src-symlinks /Users/admin/builder/spi-builder-workspace/.derivedData/Build/Intermediates.noindex/Mentalist.build/Debug-xros/Mentalist-t.build/Mentalist.modulemap /Users/admin/builder/spi-builder-workspace/.derivedData/Build/Intermediates.noindex/GeneratedModuleMaps-xros
CoreMLModelCompile /Users/admin/builder/spi-builder-workspace/.derivedData/Build/Products/Debug-xros/Mentalist_Mentalist.bundle/ /Users/admin/builder/spi-builder-workspace/Sources/Mentalist/Resources/FacialExpressionModel.mlpackage (in target 'Mentalist_Mentalist' from project 'Mentalist')
cd /Users/admin/builder/spi-builder-workspace
/usr/bin/sandbox-exec -D SCRIPT_OUTPUT_FILE_0\=/Users/admin/builder/spi-builder-workspace/.derivedData/Build/Products/Debug-xros/Mentalist_Mentalist.bundle/FacialExpressionModel.mlmodelc -D SCRIPT_OUTPUT_FILE_1\=/Users/admin/builder/spi-builder-workspace/.derivedData/Build/Intermediates.noindex/Mentalist.build/Debug-xros/Mentalist_Mentalist-b.build/FacialExpressionModel-CoreMLPartialInfo.plist -D SCRIPT_INPUT_FILE_0\=/Users/admin/builder/spi-builder-workspace/Sources/Mentalist/Resources/FacialExpressionModel.mlpackage -D SCRIPT_INPUT_FILE_1\=/Users/admin/builder/spi-builder-workspace/Sources/Mentalist/Resources/FacialExpressionModel.mlpackage -D SCRIPT_INPUT_ANCESTOR_0\=/ -D SCRIPT_INPUT_ANCESTOR_1\=/Users -D SCRIPT_INPUT_ANCESTOR_2\=/Users/admin -D SCRIPT_INPUT_ANCESTOR_3\=/Users/admin/builder -D SCRIPT_INPUT_ANCESTOR_4\=/Users/admin/builder/spi-builder-workspace -D SCRIPT_INPUT_ANCESTOR_5\=/Users/admin/builder/spi-builder-workspace/Sources -D SCRIPT_INPUT_ANCESTOR_6\=/Users/admin/builder/spi-builder-workspace/Sources/Mentalist -D SCRIPT_INPUT_ANCESTOR_7\=/Users/admin/builder/spi-builder-workspace/Sources/Mentalist/Resources -D SCRIPT_OUTPUT_ANCESTOR_0\=/ -D SCRIPT_OUTPUT_ANCESTOR_1\=/Users -D SCRIPT_OUTPUT_ANCESTOR_2\=/Users/admin -D SCRIPT_OUTPUT_ANCESTOR_3\=/Users/admin/builder -D SCRIPT_OUTPUT_ANCESTOR_4\=/Users/admin/builder/spi-builder-workspace -D SCRIPT_OUTPUT_ANCESTOR_5\=/Users/admin/builder/spi-builder-workspace/.derivedData -D SCRIPT_OUTPUT_ANCESTOR_6\=/Users/admin/builder/spi-builder-workspace/.derivedData/Build -D SCRIPT_OUTPUT_ANCESTOR_7\=/Users/admin/builder/spi-builder-workspace/.derivedData/Build/Intermediates.noindex -D SCRIPT_OUTPUT_ANCESTOR_8\=/Users/admin/builder/spi-builder-workspace/.derivedData/Build/Intermediates.noindex/Mentalist.build -D SCRIPT_OUTPUT_ANCESTOR_9\=/Users/admin/builder/spi-builder-workspace/.derivedData/Build/Intermediates.noindex/Mentalist.build/Debug-xros -D SCRIPT_OUTPUT_ANCESTOR_10\=/Users/admin/builder/spi-builder-workspace/.derivedData/Build/Intermediates.noindex/Mentalist.build/Debug-xros/Mentalist_Mentalist-b.build -D SCRIPT_OUTPUT_ANCESTOR_11\=/Users/admin/builder/spi-builder-workspace/.derivedData/Build/Products -D SCRIPT_OUTPUT_ANCESTOR_12\=/Users/admin/builder/spi-builder-workspace/.derivedData/Build/Products/Debug-xros -D SCRIPT_OUTPUT_ANCESTOR_13\=/Users/admin/builder/spi-builder-workspace/.derivedData/Build/Products/Debug-xros/Mentalist_Mentalist.bundle -D SRCROOT\=/Users/admin/builder/spi-builder-workspace -D PROJECT_DIR\=/Users/admin/builder/spi-builder-workspace -D OBJROOT\=/Users/admin/builder/spi-builder-workspace/.derivedData/Build/Intermediates.noindex -D SYMROOT\=/Users/admin/builder/spi-builder-workspace/.derivedData/Build/Products -D DSTROOT\=/tmp/Mentalist.dst -D SHARED_PRECOMPS_DIR\=/Users/admin/builder/spi-builder-workspace/.derivedData/Build/Intermediates.noindex/PrecompiledHeaders -D CACHE_ROOT\=/var/folders/xq/y_g06wb113726d38xsyx71_h0000gn/C/com.apple.DeveloperTools/27.0-27A266a/Xcode -D CONFIGURATION_BUILD_DIR\=/Users/admin/builder/spi-builder-workspace/.derivedData/Build/Products/Debug-xros -D CONFIGURATION_TEMP_DIR\=/Users/admin/builder/spi-builder-workspace/.derivedData/Build/Intermediates.noindex/Mentalist.build/Debug-xros -D LOCROOT\=/Users/admin/builder/spi-builder-workspace -D LOCSYMROOT\=/Users/admin/builder/spi-builder-workspace -D INDEX_PRECOMPS_DIR\=/Users/admin/builder/spi-builder-workspace/.derivedData/Index.noindex/PrecompiledHeaders -D INDEX_DATA_STORE_DIR\=/Users/admin/builder/spi-builder-workspace/.derivedData/Index.noindex/DataStore -D TEMP_DIR\=/Users/admin/builder/spi-builder-workspace/.derivedData/Build/Intermediates.noindex/Mentalist.build/Debug-xros/Mentalist_Mentalist-b.build -D TARGET_TEMP_DIR\=/Users/admin/builder/spi-builder-workspace/.derivedData/Build/Intermediates.noindex/Mentalist.build/Debug-xros/Mentalist_Mentalist-b.build -D DERIVED_FILE_DIR\=/Users/admin/builder/spi-builder-workspace/.derivedData/Build/Intermediates.noindex/Mentalist.build/Debug-xros/Mentalist_Mentalist-b.build/DerivedSources -f /Users/admin/builder/spi-builder-workspace/.derivedData/Build/Intermediates.noindex/Mentalist.build/Debug-xros/Mentalist_Mentalist-b.build/00223c486bd7aa1542b7a26a6084335b.sb /Applications/Xcode-27.0.0-Release.Candidate.app/Contents/Developer/Toolchains/XcodeDefault.xctoolchain/usr/bin/coremlc compile /Users/admin/builder/spi-builder-workspace/Sources/Mentalist/Resources/FacialExpressionModel.mlpackage /Users/admin/builder/spi-builder-workspace/.derivedData/Build/Products/Debug-xros/Mentalist_Mentalist.bundle/ --deployment-target 1.0 --sdkroot /Applications/Xcode-27.0.0-Release.Candidate.app/Contents/Developer/Platforms/XROS.platform/Developer/SDKs/XROS27.0.sdk --platform xros --output-partial-info-plist /Users/admin/builder/spi-builder-workspace/.derivedData/Build/Intermediates.noindex/Mentalist.build/Debug-xros/Mentalist_Mentalist-b.build/FacialExpressionModel-CoreMLPartialInfo.plist --container swift-package
/Users/admin/builder/spi-builder-workspace/.derivedData/Build/Products/Debug-xros/Mentalist_Mentalist.bundle/FacialExpressionModel.mlmodelc/coremldata.bin
/Users/admin/builder/spi-builder-workspace/.derivedData/Build/Products/Debug-xros/Mentalist_Mentalist.bundle/FacialExpressionModel.mlmodelc/model.espresso.weights
/Users/admin/builder/spi-builder-workspace/.derivedData/Build/Products/Debug-xros/Mentalist_Mentalist.bundle/FacialExpressionModel.mlmodelc/model.espresso.shape
/Users/admin/builder/spi-builder-workspace/.derivedData/Build/Products/Debug-xros/Mentalist_Mentalist.bundle/FacialExpressionModel.mlmodelc/model.espresso.net
/Users/admin/builder/spi-builder-workspace/.derivedData/Build/Products/Debug-xros/Mentalist_Mentalist.bundle/FacialExpressionModel.mlmodelc/model/coremldata.bin
/Users/admin/builder/spi-builder-workspace/.derivedData/Build/Products/Debug-xros/Mentalist_Mentalist.bundle/FacialExpressionModel.mlmodelc/neural_network_optionals/coremldata.bin
CoreMLModelCompile /Users/admin/builder/spi-builder-workspace/.derivedData/Build/Products/Debug-xros/ /Users/admin/builder/spi-builder-workspace/Sources/Mentalist/Resources/FacialExpressionModel.mlpackage (in target 'Mentalist' from project 'Mentalist')
cd /Users/admin/builder/spi-builder-workspace
/usr/bin/sandbox-exec -D SCRIPT_OUTPUT_FILE_0\=/Users/admin/builder/spi-builder-workspace/.derivedData/Build/Products/Debug-xros/FacialExpressionModel.mlmodelc -D SCRIPT_OUTPUT_FILE_1\=/Users/admin/builder/spi-builder-workspace/.derivedData/Build/Intermediates.noindex/Mentalist.build/Debug-xros/Mentalist-t.build/FacialExpressionModel-CoreMLPartialInfo.plist -D SCRIPT_INPUT_FILE_0\=/Users/admin/builder/spi-builder-workspace/Sources/Mentalist/Resources/FacialExpressionModel.mlpackage -D SCRIPT_INPUT_FILE_1\=/Users/admin/builder/spi-builder-workspace/Sources/Mentalist/Resources/FacialExpressionModel.mlpackage -D SCRIPT_INPUT_ANCESTOR_0\=/ -D SCRIPT_INPUT_ANCESTOR_1\=/Users -D SCRIPT_INPUT_ANCESTOR_2\=/Users/admin -D SCRIPT_INPUT_ANCESTOR_3\=/Users/admin/builder -D SCRIPT_INPUT_ANCESTOR_4\=/Users/admin/builder/spi-builder-workspace -D SCRIPT_INPUT_ANCESTOR_5\=/Users/admin/builder/spi-builder-workspace/Sources -D SCRIPT_INPUT_ANCESTOR_6\=/Users/admin/builder/spi-builder-workspace/Sources/Mentalist -D SCRIPT_INPUT_ANCESTOR_7\=/Users/admin/builder/spi-builder-workspace/Sources/Mentalist/Resources -D SCRIPT_OUTPUT_ANCESTOR_0\=/ -D SCRIPT_OUTPUT_ANCESTOR_1\=/Users -D SCRIPT_OUTPUT_ANCESTOR_2\=/Users/admin -D SCRIPT_OUTPUT_ANCESTOR_3\=/Users/admin/builder -D SCRIPT_OUTPUT_ANCESTOR_4\=/Users/admin/builder/spi-builder-workspace -D SCRIPT_OUTPUT_ANCESTOR_5\=/Users/admin/builder/spi-builder-workspace/.derivedData -D SCRIPT_OUTPUT_ANCESTOR_6\=/Users/admin/builder/spi-builder-workspace/.derivedData/Build -D SCRIPT_OUTPUT_ANCESTOR_7\=/Users/admin/builder/spi-builder-workspace/.derivedData/Build/Intermediates.noindex -D SCRIPT_OUTPUT_ANCESTOR_8\=/Users/admin/builder/spi-builder-workspace/.derivedData/Build/Intermediates.noindex/Mentalist.build -D SCRIPT_OUTPUT_ANCESTOR_9\=/Users/admin/builder/spi-builder-workspace/.derivedData/Build/Intermediates.noindex/Mentalist.build/Debug-xros -D SCRIPT_OUTPUT_ANCESTOR_10\=/Users/admin/builder/spi-builder-workspace/.derivedData/Build/Intermediates.noindex/Mentalist.build/Debug-xros/Mentalist-t.build -D SCRIPT_OUTPUT_ANCESTOR_11\=/Users/admin/builder/spi-builder-workspace/.derivedData/Build/Products -D SCRIPT_OUTPUT_ANCESTOR_12\=/Users/admin/builder/spi-builder-workspace/.derivedData/Build/Products/Debug-xros -D SRCROOT\=/Users/admin/builder/spi-builder-workspace -D PROJECT_DIR\=/Users/admin/builder/spi-builder-workspace -D OBJROOT\=/Users/admin/builder/spi-builder-workspace/.derivedData/Build/Intermediates.noindex -D SYMROOT\=/Users/admin/builder/spi-builder-workspace/.derivedData/Build/Products -D DSTROOT\=/tmp/Mentalist.dst -D SHARED_PRECOMPS_DIR\=/Users/admin/builder/spi-builder-workspace/.derivedData/Build/Intermediates.noindex/PrecompiledHeaders -D CACHE_ROOT\=/var/folders/xq/y_g06wb113726d38xsyx71_h0000gn/C/com.apple.DeveloperTools/27.0-27A266a/Xcode -D CONFIGURATION_BUILD_DIR\=/Users/admin/builder/spi-builder-workspace/.derivedData/Build/Products/Debug-xros -D CONFIGURATION_TEMP_DIR\=/Users/admin/builder/spi-builder-workspace/.derivedData/Build/Intermediates.noindex/Mentalist.build/Debug-xros -D LOCROOT\=/Users/admin/builder/spi-builder-workspace -D LOCSYMROOT\=/Users/admin/builder/spi-builder-workspace -D INDEX_PRECOMPS_DIR\=/Users/admin/builder/spi-builder-workspace/.derivedData/Index.noindex/PrecompiledHeaders -D INDEX_DATA_STORE_DIR\=/Users/admin/builder/spi-builder-workspace/.derivedData/Index.noindex/DataStore -D TEMP_DIR\=/Users/admin/builder/spi-builder-workspace/.derivedData/Build/Intermediates.noindex/Mentalist.build/Debug-xros/Mentalist-t.build -D TARGET_TEMP_DIR\=/Users/admin/builder/spi-builder-workspace/.derivedData/Build/Intermediates.noindex/Mentalist.build/Debug-xros/Mentalist-t.build -D DERIVED_FILE_DIR\=/Users/admin/builder/spi-builder-workspace/.derivedData/Build/Intermediates.noindex/Mentalist.build/Debug-xros/Mentalist-t.build/DerivedSources -f /Users/admin/builder/spi-builder-workspace/.derivedData/Build/Intermediates.noindex/Mentalist.build/Debug-xros/Mentalist-t.build/43f66d9a5ddfdd2346b8ef19dbc99965.sb /Applications/Xcode-27.0.0-Release.Candidate.app/Contents/Developer/Toolchains/XcodeDefault.xctoolchain/usr/bin/coremlc compile /Users/admin/builder/spi-builder-workspace/Sources/Mentalist/Resources/FacialExpressionModel.mlpackage /Users/admin/builder/spi-builder-workspace/.derivedData/Build/Products/Debug-xros/ --deployment-target 1.0 --sdkroot /Applications/Xcode-27.0.0-Release.Candidate.app/Contents/Developer/Platforms/XROS.platform/Developer/SDKs/XROS27.0.sdk --platform xros --output-partial-info-plist /Users/admin/builder/spi-builder-workspace/.derivedData/Build/Intermediates.noindex/Mentalist.build/Debug-xros/Mentalist-t.build/FacialExpressionModel-CoreMLPartialInfo.plist --container swift-package
/Users/admin/builder/spi-builder-workspace/.derivedData/Build/Products/Debug-xros/FacialExpressionModel.mlmodelc/coremldata.bin
/Users/admin/builder/spi-builder-workspace/.derivedData/Build/Products/Debug-xros/FacialExpressionModel.mlmodelc/model.espresso.weights
/Users/admin/builder/spi-builder-workspace/.derivedData/Build/Products/Debug-xros/FacialExpressionModel.mlmodelc/model.espresso.shape
/Users/admin/builder/spi-builder-workspace/.derivedData/Build/Products/Debug-xros/FacialExpressionModel.mlmodelc/model.espresso.net
/Users/admin/builder/spi-builder-workspace/.derivedData/Build/Products/Debug-xros/FacialExpressionModel.mlmodelc/model/coremldata.bin
/Users/admin/builder/spi-builder-workspace/.derivedData/Build/Products/Debug-xros/FacialExpressionModel.mlmodelc/neural_network_optionals/coremldata.bin
CoreMLModelCodegen /Users/admin/builder/spi-builder-workspace/Sources/Mentalist/Resources/FacialExpressionModel.mlpackage (in target 'Mentalist' from project 'Mentalist')
cd /Users/admin/builder/spi-builder-workspace
/usr/bin/sandbox-exec -D SCRIPT_OUTPUT_FILE_0\=/Users/admin/builder/spi-builder-workspace/.derivedData/Build/Intermediates.noindex/Mentalist.build/Debug-xros/Mentalist-t.build/DerivedSources/CoreMLGenerated/FacialExpressionModel/FacialExpressionModel.swift -D SCRIPT_INPUT_FILE_0\=/Users/admin/builder/spi-builder-workspace/Sources/Mentalist/Resources/FacialExpressionModel.mlpackage -D SCRIPT_INPUT_ANCESTOR_0\=/ -D SCRIPT_INPUT_ANCESTOR_1\=/Users -D SCRIPT_INPUT_ANCESTOR_2\=/Users/admin -D SCRIPT_INPUT_ANCESTOR_3\=/Users/admin/builder -D SCRIPT_INPUT_ANCESTOR_4\=/Users/admin/builder/spi-builder-workspace -D SCRIPT_INPUT_ANCESTOR_5\=/Users/admin/builder/spi-builder-workspace/Sources -D SCRIPT_INPUT_ANCESTOR_6\=/Users/admin/builder/spi-builder-workspace/Sources/Mentalist -D SCRIPT_INPUT_ANCESTOR_7\=/Users/admin/builder/spi-builder-workspace/Sources/Mentalist/Resources -D SCRIPT_OUTPUT_ANCESTOR_0\=/ -D SCRIPT_OUTPUT_ANCESTOR_1\=/Users -D SCRIPT_OUTPUT_ANCESTOR_2\=/Users/admin -D SCRIPT_OUTPUT_ANCESTOR_3\=/Users/admin/builder -D SCRIPT_OUTPUT_ANCESTOR_4\=/Users/admin/builder/spi-builder-workspace -D SCRIPT_OUTPUT_ANCESTOR_5\=/Users/admin/builder/spi-builder-workspace/.derivedData -D SCRIPT_OUTPUT_ANCESTOR_6\=/Users/admin/builder/spi-builder-workspace/.derivedData/Build -D SCRIPT_OUTPUT_ANCESTOR_7\=/Users/admin/builder/spi-builder-workspace/.derivedData/Build/Intermediates.noindex -D SCRIPT_OUTPUT_ANCESTOR_8\=/Users/admin/builder/spi-builder-workspace/.derivedData/Build/Intermediates.noindex/Mentalist.build -D SCRIPT_OUTPUT_ANCESTOR_9\=/Users/admin/builder/spi-builder-workspace/.derivedData/Build/Intermediates.noindex/Mentalist.build/Debug-xros -D SCRIPT_OUTPUT_ANCESTOR_10\=/Users/admin/builder/spi-builder-workspace/.derivedData/Build/Intermediates.noindex/Mentalist.build/Debug-xros/Mentalist-t.build -D SCRIPT_OUTPUT_ANCESTOR_11\=/Users/admin/builder/spi-builder-workspace/.derivedData/Build/Intermediates.noindex/Mentalist.build/Debug-xros/Mentalist-t.build/DerivedSources -D SCRIPT_OUTPUT_ANCESTOR_12\=/Users/admin/builder/spi-builder-workspace/.derivedData/Build/Intermediates.noindex/Mentalist.build/Debug-xros/Mentalist-t.build/DerivedSources/CoreMLGenerated -D SCRIPT_OUTPUT_ANCESTOR_13\=/Users/admin/builder/spi-builder-workspace/.derivedData/Build/Intermediates.noindex/Mentalist.build/Debug-xros/Mentalist-t.build/DerivedSources/CoreMLGenerated/FacialExpressionModel -D SRCROOT\=/Users/admin/builder/spi-builder-workspace -D PROJECT_DIR\=/Users/admin/builder/spi-builder-workspace -D OBJROOT\=/Users/admin/builder/spi-builder-workspace/.derivedData/Build/Intermediates.noindex -D SYMROOT\=/Users/admin/builder/spi-builder-workspace/.derivedData/Build/Products -D DSTROOT\=/tmp/Mentalist.dst -D SHARED_PRECOMPS_DIR\=/Users/admin/builder/spi-builder-workspace/.derivedData/Build/Intermediates.noindex/PrecompiledHeaders -D CACHE_ROOT\=/var/folders/xq/y_g06wb113726d38xsyx71_h0000gn/C/com.apple.DeveloperTools/27.0-27A266a/Xcode -D CONFIGURATION_BUILD_DIR\=/Users/admin/builder/spi-builder-workspace/.derivedData/Build/Products/Debug-xros -D CONFIGURATION_TEMP_DIR\=/Users/admin/builder/spi-builder-workspace/.derivedData/Build/Intermediates.noindex/Mentalist.build/Debug-xros -D LOCROOT\=/Users/admin/builder/spi-builder-workspace -D LOCSYMROOT\=/Users/admin/builder/spi-builder-workspace -D INDEX_PRECOMPS_DIR\=/Users/admin/builder/spi-builder-workspace/.derivedData/Index.noindex/PrecompiledHeaders -D INDEX_DATA_STORE_DIR\=/Users/admin/builder/spi-builder-workspace/.derivedData/Index.noindex/DataStore -D TEMP_DIR\=/Users/admin/builder/spi-builder-workspace/.derivedData/Build/Intermediates.noindex/Mentalist.build/Debug-xros/Mentalist-t.build -D TARGET_TEMP_DIR\=/Users/admin/builder/spi-builder-workspace/.derivedData/Build/Intermediates.noindex/Mentalist.build/Debug-xros/Mentalist-t.build -D DERIVED_FILE_DIR\=/Users/admin/builder/spi-builder-workspace/.derivedData/Build/Intermediates.noindex/Mentalist.build/Debug-xros/Mentalist-t.build/DerivedSources -f /Users/admin/builder/spi-builder-workspace/.derivedData/Build/Intermediates.noindex/Mentalist.build/Debug-xros/Mentalist-t.build/70bdf74b75cb2f0ef0ce021c285c543c.sb /Applications/Xcode-27.0.0-Release.Candidate.app/Contents/Developer/Toolchains/XcodeDefault.xctoolchain/usr/bin/coremlc generate /Users/admin/builder/spi-builder-workspace/Sources/Mentalist/Resources/FacialExpressionModel.mlpackage /Users/admin/builder/spi-builder-workspace/.derivedData/Build/Intermediates.noindex/Mentalist.build/Debug-xros/Mentalist-t.build/DerivedSources/CoreMLGenerated/FacialExpressionModel --deployment-target 1.0 --sdkroot /Applications/Xcode-27.0.0-Release.Candidate.app/Contents/Developer/Platforms/XROS.platform/Developer/SDKs/XROS27.0.sdk --platform xros --output-partial-info-plist /Users/admin/builder/spi-builder-workspace/.derivedData/Build/Intermediates.noindex/Mentalist.build/Debug-xros/Mentalist-t.build/FacialExpressionModel-CoreMLPartialInfo.plist --container swift-package --language Swift --swift-version 5 --public-access
/Users/admin/builder/spi-builder-workspace/.derivedData/Build/Intermediates.noindex/Mentalist.build/Debug-xros/Mentalist-t.build/DerivedSources/CoreMLGenerated/FacialExpressionModel/FacialExpressionModel.swift
ProcessInfoPlistFile /Users/admin/builder/spi-builder-workspace/.derivedData/Build/Products/Debug-xros/Mentalist_Mentalist.bundle/Info.plist /Users/admin/builder/spi-builder-workspace/.derivedData/Build/Intermediates.noindex/Mentalist.build/Debug-xros/Mentalist_Mentalist-b.build/empty-Mentalist_Mentalist.plist (in target 'Mentalist_Mentalist' from project 'Mentalist')
cd /Users/admin/builder/spi-builder-workspace
builtin-infoPlistUtility /Users/admin/builder/spi-builder-workspace/.derivedData/Build/Intermediates.noindex/Mentalist.build/Debug-xros/Mentalist_Mentalist-b.build/empty-Mentalist_Mentalist.plist -producttype com.apple.product-type.bundle -expandbuildsettings -format binary -platform xros -additionalcontentfile /Users/admin/builder/spi-builder-workspace/.derivedData/Build/Intermediates.noindex/Mentalist.build/Debug-xros/Mentalist_Mentalist-b.build/FacialExpressionModel-CoreMLPartialInfo.plist -o /Users/admin/builder/spi-builder-workspace/.derivedData/Build/Products/Debug-xros/Mentalist_Mentalist.bundle/Info.plist
RegisterExecutionPolicyException /Users/admin/builder/spi-builder-workspace/.derivedData/Build/Products/Debug-xros/Mentalist_Mentalist.bundle (in target 'Mentalist_Mentalist' from project 'Mentalist')
cd /Users/admin/builder/spi-builder-workspace
builtin-RegisterExecutionPolicyException /Users/admin/builder/spi-builder-workspace/.derivedData/Build/Products/Debug-xros/Mentalist_Mentalist.bundle
Touch /Users/admin/builder/spi-builder-workspace/.derivedData/Build/Products/Debug-xros/Mentalist_Mentalist.bundle (in target 'Mentalist_Mentalist' from project 'Mentalist')
cd /Users/admin/builder/spi-builder-workspace
/usr/bin/touch -c /Users/admin/builder/spi-builder-workspace/.derivedData/Build/Products/Debug-xros/Mentalist_Mentalist.bundle
SwiftDriver Mentalist normal arm64 com.apple.xcode.tools.swift.compiler (in target 'Mentalist' from project 'Mentalist')
cd /Users/admin/builder/spi-builder-workspace/.swiftpm/xcode
builtin-SwiftDriver -- /Applications/Xcode-27.0.0-Release.Candidate.app/Contents/Developer/Toolchains/XcodeDefault.xctoolchain/usr/bin/swiftc -parse-as-library -module-name Mentalist -Onone @/Users/admin/builder/spi-builder-workspace/.derivedData/Build/Intermediates.noindex/Mentalist.build/Debug-xros/Mentalist-t.build/Objects-normal/arm64/Mentalist.SwiftFileList -DSWIFT_PACKAGE -DDEBUG -DSWIFT_MODULE_RESOURCE_BUNDLE_AVAILABLE -DXcode -plugin-path /Applications/Xcode-27.0.0-Release.Candidate.app/Contents/Developer/Toolchains/XcodeDefault.xctoolchain/usr/lib/swift/host/plugins/testing -enable-experimental-feature DebugDescriptionMacro -sdk /Applications/Xcode-27.0.0-Release.Candidate.app/Contents/Developer/Platforms/XROS.platform/Developer/SDKs/XROS27.0.sdk -target arm64-apple-xros1.0 -g -module-cache-path /Users/admin/builder/spi-builder-workspace/.derivedData/ModuleCache.noindex -Xfrontend -serialize-debugging-options -profile-coverage-mapping -profile-generate -enable-testing -index-store-path /Users/admin/builder/spi-builder-workspace/.derivedData/Index.noindex/DataStore -Xcc -D_LIBCPP_HARDENING_MODE\=_LIBCPP_HARDENING_MODE_DEBUG -swift-version 5 -I /Users/admin/builder/spi-builder-workspace/.derivedData/Build/Products/Debug-xros -Isystem /Applications/Xcode-27.0.0-Release.Candidate.app/Contents/Developer/Platforms/XROS.platform/Developer/usr/lib -F /Users/admin/builder/spi-builder-workspace/.derivedData/Build/Products/Debug-xros -F /Applications/Xcode-27.0.0-Release.Candidate.app/Contents/Developer/Platforms/XROS.platform/Developer/Library/Frameworks -F /Applications/Xcode-27.0.0-Release.Candidate.app/Contents/Developer/Platforms/XROS.platform/Developer/SDKs/XROS27.0.sdk/Developer/Library/Frameworks -c -j10 -enable-batch-mode -incremental -Xcc -ivfsstatcache -Xcc /Users/admin/builder/spi-builder-workspace/.derivedData/SDKStatCaches.noindex/xros27.0-24M361-e829b21a6f8c9b70876ba0858053c044735bd543db762f57723cac368afd1ce4.sdkstatcache -output-file-map /Users/admin/builder/spi-builder-workspace/.derivedData/Build/Intermediates.noindex/Mentalist.build/Debug-xros/Mentalist-t.build/Objects-normal/arm64/Mentalist-OutputFileMap.json -save-temps -no-color-diagnostics -explicit-module-build -module-cache-path /Users/admin/builder/spi-builder-workspace/.derivedData/Build/Intermediates.noindex/SwiftExplicitPrecompiledModules -clang-scanner-module-cache-path /Users/admin/builder/spi-builder-workspace/.derivedData/ModuleCache.noindex -sdk-module-cache-path /Users/admin/builder/spi-builder-workspace/.derivedData/SDKExplicitPrecompiledModules -emit-dependencies -emit-module -emit-module-path /Users/admin/builder/spi-builder-workspace/.derivedData/Build/Intermediates.noindex/Mentalist.build/Debug-xros/Mentalist-t.build/Objects-normal/arm64/Mentalist.swiftmodule -serialize-diagnostics -dependency-scan-serialize-diagnostics-path /Users/admin/builder/spi-builder-workspace/.derivedData/Build/Intermediates.noindex/Mentalist.build/Debug-xros/Mentalist-t.build/Objects-normal/arm64/Mentalist-dependency-scan.dia -validate-clang-modules-once -clang-build-session-file /Users/admin/builder/spi-builder-workspace/.derivedData/ModuleCache.noindex/Session.modulevalidation -Xcc -fmodules-prune-interval\=86400 -Xcc -fmodules-prune-after\=345600 -emit-const-values -const-gather-protocols-list /Users/admin/builder/spi-builder-workspace/.derivedData/Build/Intermediates.noindex/Mentalist.build/Debug-xros/Mentalist-t.build/Objects-normal/arm64/Mentalist_const_extract_protocols.json -Xcc -I/Users/admin/builder/spi-builder-workspace/.derivedData/Build/Products/Debug-xros/include -Xcc -I/Users/admin/builder/spi-builder-workspace/.derivedData/Build/Intermediates.noindex/Mentalist.build/Debug-xros/Mentalist-t.build/DerivedSources-normal/arm64 -Xcc -I/Users/admin/builder/spi-builder-workspace/.derivedData/Build/Intermediates.noindex/Mentalist.build/Debug-xros/Mentalist-t.build/DerivedSources/arm64 -Xcc -I/Users/admin/builder/spi-builder-workspace/.derivedData/Build/Intermediates.noindex/Mentalist.build/Debug-xros/Mentalist-t.build/DerivedSources -Xcc -DSWIFT_PACKAGE -Xcc -DDEBUG\=1 -emit-objc-header -emit-objc-header-path /Users/admin/builder/spi-builder-workspace/.derivedData/Build/Intermediates.noindex/Mentalist.build/Debug-xros/Mentalist-t.build/Objects-normal/arm64/Mentalist-Swift.h -working-directory /Users/admin/builder/spi-builder-workspace/.swiftpm/xcode -experimental-emit-module-separately -disable-cmo
SwiftExplicitDependencyGeneratePcm arm64 /Users/admin/builder/spi-builder-workspace/.derivedData/SDKExplicitPrecompiledModules/_Builtin_stdarg-CDA349K2K4US766844K8E0PVA.pcm
SwiftExplicitDependencyGeneratePcm arm64 /Users/admin/builder/spi-builder-workspace/.derivedData/SDKExplicitPrecompiledModules/ShaderGraph-AW1O397P711WTY8KSK8LZX9YA.pcm
SwiftExplicitDependencyGeneratePcm arm64 /Users/admin/builder/spi-builder-workspace/.derivedData/SDKExplicitPrecompiledModules/_SwiftConcurrencyShims-C8XHKSHX96D5YYALNM4W70Z0O.pcm
SwiftExplicitDependencyGeneratePcm arm64 /Users/admin/builder/spi-builder-workspace/.derivedData/SDKExplicitPrecompiledModules/_Builtin_stddef-5NQ9Z1GV07GBSRQGAQCGXGVRI.pcm
SwiftExplicitDependencyGeneratePcm arm64 /Users/admin/builder/spi-builder-workspace/.derivedData/SDKExplicitPrecompiledModules/SwiftShims-CI4H5RO9IYFFWQ2COB512Q2S9.pcm
SwiftExplicitDependencyGeneratePcm arm64 /Users/admin/builder/spi-builder-workspace/.derivedData/SDKExplicitPrecompiledModules/DeveloperToolsSupport-46GOQP8J1QTHLYQSJW81T8UZ3.pcm
SwiftExplicitDependencyGeneratePcm arm64 /Users/admin/builder/spi-builder-workspace/.derivedData/SDKExplicitPrecompiledModules/_Builtin_stdbool-5BU2ADS7JXQMYENKQHW9X8XOU.pcm
SwiftExplicitDependencyGeneratePcm arm64 /Users/admin/builder/spi-builder-workspace/.derivedData/SDKExplicitPrecompiledModules/_AvailabilityInternal-1Q8IQP6M38UWSGZ95UCEY2M44.pcm
SwiftExplicitDependencyGeneratePcm arm64 /Users/admin/builder/spi-builder-workspace/.derivedData/SDKExplicitPrecompiledModules/ptrcheck-BXA97MNLI4BB0HF5I8MJE403D.pcm
SwiftExplicitDependencyGeneratePcm arm64 /Users/admin/builder/spi-builder-workspace/.derivedData/SDKExplicitPrecompiledModules/_Builtin_float-6WKHNW5S40U2QGHXXGETUDIRA.pcm
SwiftExplicitDependencyGeneratePcm arm64 /Users/admin/builder/spi-builder-workspace/.derivedData/SDKExplicitPrecompiledModules/ptrauth-1WBA714DZSVUL5JQDJ08CLKZ.pcm
SwiftExplicitDependencyGeneratePcm arm64 /Users/admin/builder/spi-builder-workspace/.derivedData/SDKExplicitPrecompiledModules/_DarwinFoundation1-5RGRVV2TZ6WC4WZW5IXF8NQ04.pcm
SwiftExplicitDependencyGeneratePcm arm64 /Users/admin/builder/spi-builder-workspace/.derivedData/SDKExplicitPrecompiledModules/_DarwinFoundation2-ENTECK156YEWITZRRBTOCE4KR.pcm
SwiftExplicitDependencyGeneratePcm arm64 /Users/admin/builder/spi-builder-workspace/.derivedData/SDKExplicitPrecompiledModules/_Builtin_limits-425JDMN5HPM3D0UEI8LEHP6NM.pcm
SwiftExplicitDependencyGeneratePcm arm64 /Users/admin/builder/spi-builder-workspace/.derivedData/SDKExplicitPrecompiledModules/_Builtin_tgmath-BPYSMHWI520EQRL2HW519ZY7Z.pcm
SwiftExplicitDependencyGeneratePcm arm64 /Users/admin/builder/spi-builder-workspace/.derivedData/SDKExplicitPrecompiledModules/sys_types-AYM0BHR77VKMWZCO2T0XGV2HF.pcm
SwiftExplicitDependencyGeneratePcm arm64 /Users/admin/builder/spi-builder-workspace/.derivedData/SDKExplicitPrecompiledModules/string_h-2GT67HHHHK5CF1V1S31LH0PU2.pcm
SwiftExplicitDependencyGeneratePcm arm64 /Users/admin/builder/spi-builder-workspace/.derivedData/SDKExplicitPrecompiledModules/_Builtin_stdint-8OR6T47OOYJA90ZBO3N1USDE.pcm
SwiftExplicitDependencyGeneratePcm arm64 /Users/admin/builder/spi-builder-workspace/.derivedData/SDKExplicitPrecompiledModules/_Builtin_intrinsics-BC5IJI3YI34RQ61ZNVDRDZ6RN.pcm
SwiftExplicitDependencyGeneratePcm arm64 /Users/admin/builder/spi-builder-workspace/.derivedData/SDKExplicitPrecompiledModules/_Builtin_stdatomic-1VUZPM79PNCAHXVBERD53WRSF.pcm
SwiftExplicitDependencyGeneratePcm arm64 /Users/admin/builder/spi-builder-workspace/.derivedData/SDKExplicitPrecompiledModules/_DarwinFoundation3-9ZHN6JKBS40BBA81RQMV8H0IC.pcm
SwiftExplicitDependencyGeneratePcm arm64 /Users/admin/builder/spi-builder-workspace/.derivedData/SDKExplicitPrecompiledModules/_Builtin_inttypes-11B64KJD36B3YOHBR1BBXBJY8.pcm
SwiftExplicitDependencyGeneratePcm arm64 /Users/admin/builder/spi-builder-workspace/.derivedData/SDKExplicitPrecompiledModules/Darwin-60P5LVNQO3ESRRM5DCJ05PFNK.pcm
SwiftExplicitDependencyGeneratePcm arm64 /Users/admin/builder/spi-builder-workspace/.derivedData/SDKExplicitPrecompiledModules/simd-9XXAB17Y6E4BBPQADD61NZ23.pcm
SwiftExplicitDependencyGeneratePcm arm64 /Users/admin/builder/spi-builder-workspace/.derivedData/SDKExplicitPrecompiledModules/Compression-A73VUOXIGFBWKHP7AAN1UMM21.pcm
SwiftExplicitDependencyGeneratePcm arm64 /Users/admin/builder/spi-builder-workspace/.derivedData/SDKExplicitPrecompiledModules/ObjectiveC-26TIBFYCEJZVP216ZZAU1X8KN.pcm
SwiftExplicitDependencyGeneratePcm arm64 /Users/admin/builder/spi-builder-workspace/.derivedData/SDKExplicitPrecompiledModules/MachO-3XTHY7HWV6RF3KXKYQVHUBUXK.pcm
SwiftExplicitDependencyGeneratePcm arm64 /Users/admin/builder/spi-builder-workspace/.derivedData/SDKExplicitPrecompiledModules/os_object-692CJ8BG6RE5H04487EJJOVXW.pcm
SwiftExplicitDependencyGeneratePcm arm64 /Users/admin/builder/spi-builder-workspace/.derivedData/SDKExplicitPrecompiledModules/os_workgroup-4U1VXMWIZD80E7PRUQF2G7P9X.pcm
SwiftExplicitDependencyGeneratePcm arm64 /Users/admin/builder/spi-builder-workspace/.derivedData/SDKExplicitPrecompiledModules/Dispatch-CLT3466HKC22GCKAWSCNG0H7T.pcm
SwiftExplicitDependencyGeneratePcm arm64 /Users/admin/builder/spi-builder-workspace/.derivedData/SDKExplicitPrecompiledModules/Spatial-5E0I2846LO3ZE24CSVR2O57TI.pcm
SwiftExplicitDependencyGeneratePcm arm64 /Users/admin/builder/spi-builder-workspace/.derivedData/SDKExplicitPrecompiledModules/CoreFoundation-AVLTZVCXBU2TO75JCN4AGU8XJ.pcm
SwiftExplicitDependencyGeneratePcm arm64 /Users/admin/builder/spi-builder-workspace/.derivedData/SDKExplicitPrecompiledModules/dnssd-CCUV1M8EULNEQJUXO7L0PJAL4.pcm
SwiftExplicitDependencyGeneratePcm arm64 /Users/admin/builder/spi-builder-workspace/.derivedData/SDKExplicitPrecompiledModules/XPC-EP5EU7FNGP4VOA3EDM18P1KHO.pcm
SwiftExplicitDependencyGeneratePcm arm64 /Users/admin/builder/spi-builder-workspace/.derivedData/SDKExplicitPrecompiledModules/os-1004XEJ3IXOOAU0KL58SM3D0K.pcm
SwiftExplicitDependencyGeneratePcm arm64 /Users/admin/builder/spi-builder-workspace/.derivedData/SDKExplicitPrecompiledModules/CoreGraphics-BFUJ177R223UT2ZI327ZTZY91.pcm
SwiftExplicitDependencyGeneratePcm arm64 /Users/admin/builder/spi-builder-workspace/.derivedData/SDKExplicitPrecompiledModules/CoreAudioTypes-45UXYEQRN95KG6BF2CW0QIYK9.pcm
SwiftExplicitDependencyGeneratePcm arm64 /Users/admin/builder/spi-builder-workspace/.derivedData/SDKExplicitPrecompiledModules/Security-8TH2M8WJIQMET4SADWX0N8372.pcm
SwiftExplicitDependencyGeneratePcm arm64 /Users/admin/builder/spi-builder-workspace/.derivedData/SDKExplicitPrecompiledModules/CFNetwork-5MI70N1VLDQSWTX4COWLMSIRO.pcm
SwiftExplicitDependencyGeneratePcm arm64 /Users/admin/builder/spi-builder-workspace/.derivedData/SDKExplicitPrecompiledModules/CoreAudio-CXS3C78T5TQDGLEGXIBJ04WJ4.pcm
SwiftExplicitDependencyGeneratePcm arm64 /Users/admin/builder/spi-builder-workspace/.derivedData/SDKExplicitPrecompiledModules/Foundation-8GON1KVEKRN3NOQI8RETBRWJP.pcm
SwiftExplicitDependencyGeneratePcm arm64 /Users/admin/builder/spi-builder-workspace/.derivedData/SDKExplicitPrecompiledModules/CoreText-6F9TY5TEPCCZ1K2KYM4GMEGHD.pcm
SwiftExplicitDependencyGeneratePcm arm64 /Users/admin/builder/spi-builder-workspace/.derivedData/SDKExplicitPrecompiledModules/ImageIO-5CC6COR9KJYI1UBL7CSHLU2OG.pcm
SwiftExplicitDependencyGeneratePcm arm64 /Users/admin/builder/spi-builder-workspace/.derivedData/SDKExplicitPrecompiledModules/Accessibility-1DR4J4YDVDGAYQTZ0FKZ1PU09.pcm
SwiftExplicitDependencyGeneratePcm arm64 /Users/admin/builder/spi-builder-workspace/.derivedData/SDKExplicitPrecompiledModules/Symbols-8G2XC01RPQ5HYIZE6JNUT864I.pcm
SwiftExplicitDependencyGeneratePcm arm64 /Users/admin/builder/spi-builder-workspace/.derivedData/SDKExplicitPrecompiledModules/CoreMIDI-7L19IC4ZH9BPYLVTD8IIFWN9R.pcm
SwiftExplicitDependencyGeneratePcm arm64 /Users/admin/builder/spi-builder-workspace/.derivedData/SDKExplicitPrecompiledModules/Network-EQPZZF3W6BWG89K0PY9NZO3T0.pcm
SwiftExplicitDependencyGeneratePcm arm64 /Users/admin/builder/spi-builder-workspace/.derivedData/SDKExplicitPrecompiledModules/UserNotifications-8IIV1V1FPNAPA4LY1Y23LOM2N.pcm
SwiftExplicitDependencyGeneratePcm arm64 /Users/admin/builder/spi-builder-workspace/.derivedData/SDKExplicitPrecompiledModules/CoreTransferable-8TBYAKHCX6UC8QQSS7BD8GQK5.pcm
SwiftExplicitDependencyGeneratePcm arm64 /Users/admin/builder/spi-builder-workspace/.derivedData/SDKExplicitPrecompiledModules/IOSurface-5FE9U89GVFF9A7X7AGO2R8ENI.pcm
SwiftExplicitDependencyGeneratePcm arm64 /Users/admin/builder/spi-builder-workspace/.derivedData/SDKExplicitPrecompiledModules/UniformTypeIdentifiers-E5KMWDZEKS4QW9RO1KBRDEXV6.pcm
SwiftExplicitDependencyGeneratePcm arm64 /Users/admin/builder/spi-builder-workspace/.derivedData/SDKExplicitPrecompiledModules/LocalAuthentication-9MSPUJ85OBXBTOD7NJCT1GZ0O.pcm
SwiftExplicitDependencyGeneratePcm arm64 /Users/admin/builder/spi-builder-workspace/.derivedData/SDKExplicitPrecompiledModules/UIUtilities-AOVGLUWEAN6CG2UZFNESGSP6C.pcm
SwiftExplicitDependencyGeneratePcm arm64 /Users/admin/builder/spi-builder-workspace/.derivedData/SDKExplicitPrecompiledModules/DataDetection-BANTQ3WXXGKZJYC0LLB3MD9K0.pcm
SwiftExplicitDependencyGeneratePcm arm64 /Users/admin/builder/spi-builder-workspace/.derivedData/SDKExplicitPrecompiledModules/_LocationEssentials-8GQGFVARUE99D8VJX3TINY0VP.pcm
SwiftExplicitDependencyGeneratePcm arm64 /Users/admin/builder/spi-builder-workspace/.derivedData/SDKExplicitPrecompiledModules/OSLog-BNGT87TS0GMBFF7TY70HHB69.pcm
SwiftExplicitDependencyGeneratePcm arm64 /Users/admin/builder/spi-builder-workspace/.derivedData/SDKExplicitPrecompiledModules/CoreData-73N6Z547OZUEZ8ADGEC6XRHWN.pcm
SwiftExplicitDependencyGeneratePcm arm64 /Users/admin/builder/spi-builder-workspace/.derivedData/SDKExplicitPrecompiledModules/FileProvider-C9I28SI56F2SEVH1BCWTKGODO.pcm
SwiftExplicitDependencyGeneratePcm arm64 /Users/admin/builder/spi-builder-workspace/.derivedData/SDKExplicitPrecompiledModules/OpenGLES-56BKSYXNVAP91BYZRWAKQZKGI.pcm
SwiftExplicitDependencyGeneratePcm arm64 /Users/admin/builder/spi-builder-workspace/.derivedData/SDKExplicitPrecompiledModules/Metal-EKNUM9P3PRIBHZK1ZBD6BA2T7.pcm
SwiftExplicitDependencyGeneratePcm arm64 /Users/admin/builder/spi-builder-workspace/.derivedData/SDKExplicitPrecompiledModules/AudioToolbox-2K3S8EA590EB3GMH6D6784BWZ.pcm
SwiftExplicitDependencyGeneratePcm arm64 /Users/admin/builder/spi-builder-workspace/.derivedData/SDKExplicitPrecompiledModules/AVRouting-55P8FRNK50AFZOMMB2LBBOX33.pcm
SwiftExplicitDependencyGeneratePcm arm64 /Users/admin/builder/spi-builder-workspace/.derivedData/SDKExplicitPrecompiledModules/CoreLocation-1SN37095DAPVJ068LLP9TBDQX.pcm
SwiftExplicitDependencyGeneratePcm arm64 /Users/admin/builder/spi-builder-workspace/.derivedData/SDKExplicitPrecompiledModules/CoreMotion-10LV922UPGE28QX2SOIO7ALIZ.pcm
SwiftExplicitDependencyCompileModuleFromInterface arm64 /Users/admin/builder/spi-builder-workspace/.derivedData/SDKExplicitPrecompiledModules/ShaderGraph-URHKVVOFZL5Z.swiftmodule
SwiftExplicitDependencyGeneratePcm arm64 /Users/admin/builder/spi-builder-workspace/.derivedData/SDKExplicitPrecompiledModules/CoreVideo-E12HJSJSLO0YKWYBES11UKJ02.pcm
SwiftExplicitDependencyGeneratePcm arm64 /Users/admin/builder/spi-builder-workspace/.derivedData/SDKExplicitPrecompiledModules/CoreML-37QYERWC0RQN4IY4377UD0TY1.pcm
SwiftExplicitDependencyGeneratePcm arm64 /Users/admin/builder/spi-builder-workspace/.derivedData/SDKExplicitPrecompiledModules/Accelerate-2EJV0KG1LAS0FX3VABEWCWM4I.pcm
SwiftExplicitDependencyGeneratePcm arm64 /Users/admin/builder/spi-builder-workspace/.derivedData/SDKExplicitPrecompiledModules/CoreMedia-D1IBHC28BRHWLNUG1Q75G5YN0.pcm
SwiftExplicitDependencyGeneratePcm arm64 /Users/admin/builder/spi-builder-workspace/.derivedData/SDKExplicitPrecompiledModules/ARKitFoundation-3N77COW7DLP77CM0PWZXSR9BD.pcm
SwiftExplicitDependencyGeneratePcm arm64 /Users/admin/builder/spi-builder-workspace/.derivedData/SDKExplicitPrecompiledModules/QuartzCore-12T8WVKUNCL1N7VXH87MM4YOB.pcm
SwiftExplicitDependencyGeneratePcm arm64 /Users/admin/builder/spi-builder-workspace/.derivedData/SDKExplicitPrecompiledModules/CoreImage-8WF1P230U10QM666EQMNV7OF1.pcm
SwiftExplicitDependencyGeneratePcm arm64 /Users/admin/builder/spi-builder-workspace/.derivedData/SDKExplicitPrecompiledModules/SwiftUICore-6OBBMA39VFD4CB6SG2PE41FAP.pcm
SwiftExplicitDependencyGeneratePcm arm64 /Users/admin/builder/spi-builder-workspace/.derivedData/SDKExplicitPrecompiledModules/UIKit-2D2PMAAE45TMO6S28UCGCO5BR.pcm
SwiftExplicitDependencyGeneratePcm arm64 /Users/admin/builder/spi-builder-workspace/.derivedData/SDKExplicitPrecompiledModules/MediaToolbox-1J5U29ERBPNPI1HKEJHXOP8EV.pcm
SwiftExplicitDependencyGeneratePcm arm64 /Users/admin/builder/spi-builder-workspace/.derivedData/SDKExplicitPrecompiledModules/Vision-DVVG9MQGC3IMTVPTC1691MQ6Z.pcm
SwiftExplicitDependencyGeneratePcm arm64 /Users/admin/builder/spi-builder-workspace/.derivedData/SDKExplicitPrecompiledModules/AVFAudio-E8GATWFYYBEBB41O9N0LRRGYC.pcm
SwiftExplicitDependencyGeneratePcm arm64 /Users/admin/builder/spi-builder-workspace/.derivedData/SDKExplicitPrecompiledModules/VideoToolbox-7I4MDYIPJ4IWU1ZSL4JE3I7M6.pcm
SwiftExplicitDependencyGeneratePcm arm64 /Users/admin/builder/spi-builder-workspace/.derivedData/SDKExplicitPrecompiledModules/AVFoundation-DFCX8GQJWVA3CZBITWEHAZEFX.pcm
SwiftExplicitDependencyGeneratePcm arm64 /Users/admin/builder/spi-builder-workspace/.derivedData/SDKExplicitPrecompiledModules/ARKitCore-307YVPJLQNB66BTBIONHZNP86.pcm
SwiftExplicitDependencyGeneratePcm arm64 /Users/admin/builder/spi-builder-workspace/.derivedData/SDKExplicitPrecompiledModules/SwiftUI-77PUPXISY3V3TUF5FJEHUQC86.pcm
SwiftExplicitDependencyGeneratePcm arm64 /Users/admin/builder/spi-builder-workspace/.derivedData/SDKExplicitPrecompiledModules/GameController-7QL0VMQHE24OWQFUR0UFT89DW.pcm
SwiftExplicitDependencyGeneratePcm arm64 /Users/admin/builder/spi-builder-workspace/.derivedData/SDKExplicitPrecompiledModules/ARKit-27VDPOZ50FG2MJG7OFV6IFQYQ.pcm
SwiftEmitModule normal arm64 Emitting\ module\ for\ Mentalist (in target 'Mentalist' from project 'Mentalist')
SwiftCompile normal arm64 (in target 'Mentalist' from project 'Mentalist')
cd /Users/admin/builder/spi-builder-workspace/.swiftpm/xcode
SwiftCompile normal arm64 Compiling\ MentalistCore.swift /Users/admin/builder/spi-builder-workspace/Sources/Mentalist/MentalistCore.swift (in target 'Mentalist' from project 'Mentalist')
SwiftCompile normal arm64 /Users/admin/builder/spi-builder-workspace/Sources/Mentalist/MentalistCore.swift (in target 'Mentalist' from project 'Mentalist')
cd /Users/admin/builder/spi-builder-workspace/.swiftpm/xcode
builtin-SwiftPerFileCompile MentalistCore.swift
SwiftCompile normal arm64 Compiling\ FacialExpressionModel.swift /Users/admin/builder/spi-builder-workspace/.derivedData/Build/Intermediates.noindex/Mentalist.build/Debug-xros/Mentalist-t.build/DerivedSources/CoreMLGenerated/FacialExpressionModel/FacialExpressionModel.swift (in target 'Mentalist' from project 'Mentalist')
SwiftCompile normal arm64 /Users/admin/builder/spi-builder-workspace/.derivedData/Build/Intermediates.noindex/Mentalist.build/Debug-xros/Mentalist-t.build/DerivedSources/CoreMLGenerated/FacialExpressionModel/FacialExpressionModel.swift (in target 'Mentalist' from project 'Mentalist')
cd /Users/admin/builder/spi-builder-workspace/.swiftpm/xcode
builtin-SwiftPerFileCompile FacialExpressionModel.swift
SwiftCompile normal arm64 Compiling\ Emotion.swift /Users/admin/builder/spi-builder-workspace/Sources/Mentalist/Model/Emotion.swift (in target 'Mentalist' from project 'Mentalist')
SwiftCompile normal arm64 /Users/admin/builder/spi-builder-workspace/Sources/Mentalist/Model/Emotion.swift (in target 'Mentalist' from project 'Mentalist')
cd /Users/admin/builder/spi-builder-workspace/.swiftpm/xcode
builtin-SwiftPerFileCompile Emotion.swift
SwiftCompile normal arm64 Compiling\ Mentalist.swift /Users/admin/builder/spi-builder-workspace/Sources/Mentalist/Mentalist.swift (in target 'Mentalist' from project 'Mentalist')
SwiftCompile normal arm64 /Users/admin/builder/spi-builder-workspace/Sources/Mentalist/Mentalist.swift (in target 'Mentalist' from project 'Mentalist')
cd /Users/admin/builder/spi-builder-workspace/.swiftpm/xcode
builtin-SwiftPerFileCompile Mentalist.swift
SwiftCompile normal arm64 Compiling\ EmotionAnalysis.swift /Users/admin/builder/spi-builder-workspace/Sources/Mentalist/Model/EmotionAnalysis.swift (in target 'Mentalist' from project 'Mentalist')
SwiftCompile normal arm64 /Users/admin/builder/spi-builder-workspace/Sources/Mentalist/Model/EmotionAnalysis.swift (in target 'Mentalist' from project 'Mentalist')
cd /Users/admin/builder/spi-builder-workspace/.swiftpm/xcode
builtin-SwiftPerFileCompile EmotionAnalysis.swift
SwiftCompile normal arm64 Compiling\ UIView\ +\ Extension.swift /Users/admin/builder/spi-builder-workspace/Sources/Mentalist/Extension/UIView\ +\ Extension.swift (in target 'Mentalist' from project 'Mentalist')
SwiftCompile normal arm64 /Users/admin/builder/spi-builder-workspace/Sources/Mentalist/Extension/UIView\ +\ Extension.swift (in target 'Mentalist' from project 'Mentalist')
cd /Users/admin/builder/spi-builder-workspace/.swiftpm/xcode
builtin-SwiftPerFileCompile UIView\ +\ Extension.swift
SwiftCompile normal arm64 Compiling\ resource_bundle_accessor.swift /Users/admin/builder/spi-builder-workspace/.derivedData/Build/Intermediates.noindex/Mentalist.build/Debug-xros/Mentalist-t.build/DerivedSources/resource_bundle_accessor.swift (in target 'Mentalist' from project 'Mentalist')
SwiftCompile normal arm64 /Users/admin/builder/spi-builder-workspace/.derivedData/Build/Intermediates.noindex/Mentalist.build/Debug-xros/Mentalist-t.build/DerivedSources/resource_bundle_accessor.swift (in target 'Mentalist' from project 'Mentalist')
cd /Users/admin/builder/spi-builder-workspace/.swiftpm/xcode
builtin-SwiftPerFileCompile resource_bundle_accessor.swift
SwiftCompile normal arm64 Compiling\ FaceImageTool.swift /Users/admin/builder/spi-builder-workspace/Sources/Mentalist/FaceImageTool.swift (in target 'Mentalist' from project 'Mentalist')
SwiftCompile normal arm64 /Users/admin/builder/spi-builder-workspace/Sources/Mentalist/FaceImageTool.swift (in target 'Mentalist' from project 'Mentalist')
cd /Users/admin/builder/spi-builder-workspace/.swiftpm/xcode
builtin-SwiftPerFileCompile FaceImageTool.swift
SwiftCompile normal arm64 Compiling\ View\ +\ Extentsion.swift /Users/admin/builder/spi-builder-workspace/Sources/Mentalist/Extension/View\ +\ Extentsion.swift (in target 'Mentalist' from project 'Mentalist')
/Users/admin/builder/spi-builder-workspace/Sources/Mentalist/Extension/View + Extentsion.swift:16:30: warning: 'windows' was deprecated in visionOS 1.0: Use UIWindowScene.windows on a relevant window scene instead [#DeprecatedDeclaration]
14 |
15 | controller.view.frame = CGRect(x: 0, y: CGFloat(Int.max), width: 1, height: 1)
16 | UIApplication.shared.windows.first!.rootViewController?.view.addSubview(controller.view)
| `- warning: 'windows' was deprecated in visionOS 1.0: Use UIWindowScene.windows on a relevant window scene instead [#DeprecatedDeclaration]
17 |
18 | let size = controller.sizeThatFits(in: UIScreen.main.bounds.size)
/Users/admin/builder/spi-builder-workspace/Sources/Mentalist/Extension/View + Extentsion.swift:18:48: error: 'UIScreen' is unavailable in visionOS
16 | UIApplication.shared.windows.first!.rootViewController?.view.addSubview(controller.view)
17 |
18 | let size = controller.sizeThatFits(in: UIScreen.main.bounds.size)
| `- error: 'UIScreen' is unavailable in visionOS
19 | controller.view.bounds = CGRect(origin: .zero, size: size)
20 | controller.view.sizeToFit()
/Applications/Xcode-27.0.0-Release.Candidate.app/Contents/Developer/Platforms/XROS.platform/Developer/SDKs/XROS27.0.sdk/System/Library/Frameworks/UIKit.framework/Headers/UIScreen.h:54:12: note: 'UIScreen' has been explicitly marked unavailable here
52 |
53 | UIKIT_EXTERN API_AVAILABLE(ios(2.0)) API_UNAVAILABLE(visionos, watchos) NS_SWIFT_UI_ACTOR
54 | @interface UIScreen : NSObject <UITraitEnvironment>
| `- note: 'UIScreen' has been explicitly marked unavailable here
55 |
56 | @property(class, nonatomic, readonly) NSArray<UIScreen *> *screens API_DEPRECATED("Use UIApplication.shared.openSessions to find open sessions with scenes from other screens", ios(3.2, 16.0), visionos(1.0, 1.0)) API_UNAVAILABLE(watchos); // all screens currently attached to the device
[#DeprecatedDeclaration]: <https://docs.swift.org/compiler/documentation/diagnostics/deprecated-declaration>
Failed frontend command:
/Applications/Xcode-27.0.0-Release.Candidate.app/Contents/Developer/Toolchains/XcodeDefault.xctoolchain/usr/bin/swift-frontend -frontend -c /Users/admin/builder/spi-builder-workspace/.derivedData/Build/Intermediates.noindex/Mentalist.build/Debug-xros/Mentalist-t.build/DerivedSources/resource_bundle_accessor.swift /Users/admin/builder/spi-builder-workspace/Sources/Mentalist/Extension/UIView\ +\ Extension.swift -primary-file /Users/admin/builder/spi-builder-workspace/Sources/Mentalist/Extension/View\ +\ Extentsion.swift /Users/admin/builder/spi-builder-workspace/Sources/Mentalist/FaceImageTool.swift /Users/admin/builder/spi-builder-workspace/Sources/Mentalist/Mentalist.swift /Users/admin/builder/spi-builder-workspace/Sources/Mentalist/MentalistCore.swift /Users/admin/builder/spi-builder-workspace/Sources/Mentalist/Model/Emotion.swift /Users/admin/builder/spi-builder-workspace/Sources/Mentalist/Model/EmotionAnalysis.swift /Users/admin/builder/spi-builder-workspace/.derivedData/Build/Intermediates.noindex/Mentalist.build/Debug-xros/Mentalist-t.build/DerivedSources/CoreMLGenerated/FacialExpressionModel/FacialExpressionModel.swift -emit-dependencies-path /Users/admin/builder/spi-builder-workspace/.derivedData/Build/Intermediates.noindex/Mentalist.build/Debug-xros/Mentalist-t.build/Objects-normal/arm64/View\ +\ Extentsion.d -emit-const-values-path /Users/admin/builder/spi-builder-workspace/.derivedData/Build/Intermediates.noindex/Mentalist.build/Debug-xros/Mentalist-t.build/Objects-normal/arm64/View\ +\ Extentsion.swiftconstvalues -emit-reference-dependencies-path /Users/admin/builder/spi-builder-workspace/.derivedData/Build/Intermediates.noindex/Mentalist.build/Debug-xros/Mentalist-t.build/Objects-normal/arm64/View\ +\ Extentsion.swiftdeps -serialize-diagnostics-path /Users/admin/builder/spi-builder-workspace/.derivedData/Build/Intermediates.noindex/Mentalist.build/Debug-xros/Mentalist-t.build/Objects-normal/arm64/View\ +\ Extentsion.dia -target arm64-apple-xros1.0 -disable-cross-import-overlay-search -swift-module-cross-import Vision /Applications/Xcode-27.0.0-Release.Candidate.app/Contents/Developer/Platforms/XROS.platform/Developer/SDKs/XROS.sdk/System/Library/Frameworks/Vision.framework/Modules/Vision.swiftcrossimport/FoundationModels.swiftoverlay -swift-module-cross-import Vision /Applications/Xcode-27.0.0-Release.Candidate.app/Contents/Developer/Platforms/XROS.platform/Developer/SDKs/XROS27.0.sdk/System/Library/Frameworks/Vision.framework/Modules/Vision.swiftcrossimport/FoundationModels.swiftoverlay -load-resolved-plugin /Applications/Xcode-27.0.0-Release.Candidate.app/Contents/Developer/Platforms/XROS.platform/Developer/usr/lib/swift/host/plugins/libFoundationMacros.dylib\#/Applications/Xcode-27.0.0-Release.Candidate.app/Contents/Developer/Platforms/XROS.platform/Developer/usr/bin/swift-plugin-server\#FoundationMacros -load-resolved-plugin /Applications/Xcode-27.0.0-Release.Candidate.app/Contents/Developer/Platforms/XROS.platform/Developer/usr/lib/swift/host/plugins/libObservationMacros.dylib\#/Applications/Xcode-27.0.0-Release.Candidate.app/Contents/Developer/Platforms/XROS.platform/Developer/usr/bin/swift-plugin-server\#ObservationMacros -load-resolved-plugin /Applications/Xcode-27.0.0-Release.Candidate.app/Contents/Developer/Platforms/XROS.platform/Developer/usr/lib/swift/host/plugins/libPreviewsMacros.dylib\#/Applications/Xcode-27.0.0-Release.Candidate.app/Contents/Developer/Platforms/XROS.platform/Developer/usr/bin/swift-plugin-server\#PreviewsMacros -load-resolved-plugin /Applications/Xcode-27.0.0-Release.Candidate.app/Contents/Developer/Platforms/XROS.platform/Developer/usr/lib/swift/host/plugins/libSwiftMacros.dylib\#/Applications/Xcode-27.0.0-Release.Candidate.app/Contents/Developer/Platforms/XROS.platform/Developer/usr/bin/swift-plugin-server\#SwiftMacros -load-resolved-plugin /Applications/Xcode-27.0.0-Release.Candidate.app/Contents/Developer/Platforms/XROS.platform/Developer/usr/lib/swift/host/plugins/libSwiftUIMacros.dylib\#/Applications/Xcode-27.0.0-Release.Candidate.app/Contents/Developer/Platforms/XROS.platform/Developer/usr/bin/swift-plugin-server\#SwiftUIMacros -disable-implicit-swift-modules -Xcc -fno-implicit-modules -Xcc -fno-implicit-module-maps -explicit-swift-module-map-file /Users/admin/builder/spi-builder-workspace/.derivedData/Build/Intermediates.noindex/Mentalist.build/Debug-xros/Mentalist-t.build/Objects-normal/arm64/Mentalist-dependencies-1.json -Xllvm -aarch64-use-tbi -enable-objc-interop -stack-check -sdk /Applications/Xcode-27.0.0-Release.Candidate.app/Contents/Developer/Platforms/XROS.platform/Developer/SDKs/XROS27.0.sdk -I /Users/admin/builder/spi-builder-workspace/.derivedData/Build/Products/Debug-xros -Isystem /Applications/Xcode-27.0.0-Release.Candidate.app/Contents/Developer/Platforms/XROS.platform/Developer/usr/lib -F /Users/admin/builder/spi-builder-workspace/.derivedData/Build/Products/Debug-xros -F /Applications/Xcode-27.0.0-Release.Candidate.app/Contents/Developer/Platforms/XROS.platform/Developer/Library/Frameworks -F /Applications/Xcode-27.0.0-Release.Candidate.app/Contents/Developer/Platforms/XROS.platform/Developer/SDKs/XROS27.0.sdk/Developer/Library/Frameworks -module-cache-path /Users/admin/builder/spi-builder-workspace/.derivedData/Build/Intermediates.noindex/SwiftExplicitPrecompiledModules -no-color-diagnostics -Xcc -fno-color-diagnostics -enable-testing -g -debug-info-format\=dwarf -dwarf-version\=4 -profile-generate -profile-coverage-mapping -swift-version 5 -Onone -D SWIFT_PACKAGE -D DEBUG -D SWIFT_MODULE_RESOURCE_BUNDLE_AVAILABLE -D Xcode -serialize-debugging-options -enable-experimental-feature DebugDescriptionMacro -empty-abi-descriptor -validate-clang-modules-once -clang-build-session-file /Users/admin/builder/spi-builder-workspace/.derivedData/ModuleCache.noindex/Session.modulevalidation -Xcc -working-directory -Xcc /Users/admin/builder/spi-builder-workspace/.swiftpm/xcode -enable-anonymous-context-mangled-names -file-compilation-dir /Users/admin/builder/spi-builder-workspace/.swiftpm/xcode -Xcc -D_LIBCPP_HARDENING_MODE\=_LIBCPP_HARDENING_MODE_DEBUG -Xcc -ivfsstatcache -Xcc /Users/admin/builder/spi-builder-workspace/.derivedData/SDKStatCaches.noindex/xros27.0-24M361-e829b21a6f8c9b70876ba0858053c044735bd543db762f57723cac368afd1ce4.sdkstatcache -Xcc -fmodules-prune-interval\=86400 -Xcc -fmodules-prune-after\=345600 -Xcc -I/Users/admin/builder/spi-builder-workspace/.derivedData/Build/Products/Debug-xros/include -Xcc -I/Users/admin/builder/spi-builder-workspace/.derivedData/Build/Intermediates.noindex/Mentalist.build/Debug-xros/Mentalist-t.build/DerivedSources-normal/arm64 -Xcc -I/Users/admin/builder/spi-builder-workspace/.derivedData/Build/Intermediates.noindex/Mentalist.build/Debug-xros/Mentalist-t.build/DerivedSources/arm64 -Xcc -I/Users/admin/builder/spi-builder-workspace/.derivedData/Build/Intermediates.noindex/Mentalist.build/Debug-xros/Mentalist-t.build/DerivedSources -Xcc -DSWIFT_PACKAGE -Xcc -DDEBUG\=1 -no-auto-bridging-header-chaining -module-name Mentalist -const-gather-protocols-file /Users/admin/builder/spi-builder-workspace/.derivedData/Build/Intermediates.noindex/Mentalist.build/Debug-xros/Mentalist-t.build/Objects-normal/arm64/Mentalist_const_extract_protocols.json -disable-clang-spi -clang-target arm64-apple-xros27.0 -target-sdk-version 27.0 -target-sdk-name xros27.0 -in-process-plugin-server-path /Applications/Xcode-27.0.0-Release.Candidate.app/Contents/Developer/Toolchains/XcodeDefault.xctoolchain/usr/lib/swift/host/libSwiftInProcPluginServer.dylib -parse-as-library -o /Users/admin/builder/spi-builder-workspace/.derivedData/Build/Intermediates.noindex/Mentalist.build/Debug-xros/Mentalist-t.build/Objects-normal/arm64/View\ +\ Extentsion.o -debug-module-path /Users/admin/builder/spi-builder-workspace/.derivedData/Build/Intermediates.noindex/Mentalist.build/Debug-xros/Mentalist-t.build/Objects-normal/arm64/Mentalist.swiftmodule -index-unit-output-path /Mentalist.build/Debug-xros/Mentalist-t.build/Objects-normal/arm64/View\ +\ Extentsion.o -index-store-path /Users/admin/builder/spi-builder-workspace/.derivedData/Index.noindex/DataStore -index-system-modules
SwiftCompile normal arm64 /Users/admin/builder/spi-builder-workspace/Sources/Mentalist/Extension/View\ +\ Extentsion.swift (in target 'Mentalist' from project 'Mentalist')
cd /Users/admin/builder/spi-builder-workspace/.swiftpm/xcode
builtin-SwiftPerFileCompile View\ +\ Extentsion.swift
SwiftDriverJobDiscovery normal arm64 Emitting module for Mentalist (in target 'Mentalist' from project 'Mentalist')
SwiftDriver\ Compilation\ Requirements Mentalist normal arm64 com.apple.xcode.tools.swift.compiler (in target 'Mentalist' from project 'Mentalist')
cd /Users/admin/builder/spi-builder-workspace/.swiftpm/xcode
builtin-Swift-Compilation-Requirements -- /Applications/Xcode-27.0.0-Release.Candidate.app/Contents/Developer/Toolchains/XcodeDefault.xctoolchain/usr/bin/swiftc -parse-as-library -module-name Mentalist -Onone @/Users/admin/builder/spi-builder-workspace/.derivedData/Build/Intermediates.noindex/Mentalist.build/Debug-xros/Mentalist-t.build/Objects-normal/arm64/Mentalist.SwiftFileList -DSWIFT_PACKAGE -DDEBUG -DSWIFT_MODULE_RESOURCE_BUNDLE_AVAILABLE -DXcode -plugin-path /Applications/Xcode-27.0.0-Release.Candidate.app/Contents/Developer/Toolchains/XcodeDefault.xctoolchain/usr/lib/swift/host/plugins/testing -enable-experimental-feature DebugDescriptionMacro -sdk /Applications/Xcode-27.0.0-Release.Candidate.app/Contents/Developer/Platforms/XROS.platform/Developer/SDKs/XROS27.0.sdk -target arm64-apple-xros1.0 -g -module-cache-path /Users/admin/builder/spi-builder-workspace/.derivedData/ModuleCache.noindex -Xfrontend -serialize-debugging-options -profile-coverage-mapping -profile-generate -enable-testing -index-store-path /Users/admin/builder/spi-builder-workspace/.derivedData/Index.noindex/DataStore -Xcc -D_LIBCPP_HARDENING_MODE\=_LIBCPP_HARDENING_MODE_DEBUG -swift-version 5 -I /Users/admin/builder/spi-builder-workspace/.derivedData/Build/Products/Debug-xros -Isystem /Applications/Xcode-27.0.0-Release.Candidate.app/Contents/Developer/Platforms/XROS.platform/Developer/usr/lib -F /Users/admin/builder/spi-builder-workspace/.derivedData/Build/Products/Debug-xros -F /Applications/Xcode-27.0.0-Release.Candidate.app/Contents/Developer/Platforms/XROS.platform/Developer/Library/Frameworks -F /Applications/Xcode-27.0.0-Release.Candidate.app/Contents/Developer/Platforms/XROS.platform/Developer/SDKs/XROS27.0.sdk/Developer/Library/Frameworks -c -j10 -enable-batch-mode -incremental -Xcc -ivfsstatcache -Xcc /Users/admin/builder/spi-builder-workspace/.derivedData/SDKStatCaches.noindex/xros27.0-24M361-e829b21a6f8c9b70876ba0858053c044735bd543db762f57723cac368afd1ce4.sdkstatcache -output-file-map /Users/admin/builder/spi-builder-workspace/.derivedData/Build/Intermediates.noindex/Mentalist.build/Debug-xros/Mentalist-t.build/Objects-normal/arm64/Mentalist-OutputFileMap.json -save-temps -no-color-diagnostics -explicit-module-build -module-cache-path /Users/admin/builder/spi-builder-workspace/.derivedData/Build/Intermediates.noindex/SwiftExplicitPrecompiledModules -clang-scanner-module-cache-path /Users/admin/builder/spi-builder-workspace/.derivedData/ModuleCache.noindex -sdk-module-cache-path /Users/admin/builder/spi-builder-workspace/.derivedData/SDKExplicitPrecompiledModules -emit-dependencies -emit-module -emit-module-path /Users/admin/builder/spi-builder-workspace/.derivedData/Build/Intermediates.noindex/Mentalist.build/Debug-xros/Mentalist-t.build/Objects-normal/arm64/Mentalist.swiftmodule -serialize-diagnostics -dependency-scan-serialize-diagnostics-path /Users/admin/builder/spi-builder-workspace/.derivedData/Build/Intermediates.noindex/Mentalist.build/Debug-xros/Mentalist-t.build/Objects-normal/arm64/Mentalist-dependency-scan.dia -validate-clang-modules-once -clang-build-session-file /Users/admin/builder/spi-builder-workspace/.derivedData/ModuleCache.noindex/Session.modulevalidation -Xcc -fmodules-prune-interval\=86400 -Xcc -fmodules-prune-after\=345600 -emit-const-values -const-gather-protocols-list /Users/admin/builder/spi-builder-workspace/.derivedData/Build/Intermediates.noindex/Mentalist.build/Debug-xros/Mentalist-t.build/Objects-normal/arm64/Mentalist_const_extract_protocols.json -Xcc -I/Users/admin/builder/spi-builder-workspace/.derivedData/Build/Products/Debug-xros/include -Xcc -I/Users/admin/builder/spi-builder-workspace/.derivedData/Build/Intermediates.noindex/Mentalist.build/Debug-xros/Mentalist-t.build/DerivedSources-normal/arm64 -Xcc -I/Users/admin/builder/spi-builder-workspace/.derivedData/Build/Intermediates.noindex/Mentalist.build/Debug-xros/Mentalist-t.build/DerivedSources/arm64 -Xcc -I/Users/admin/builder/spi-builder-workspace/.derivedData/Build/Intermediates.noindex/Mentalist.build/Debug-xros/Mentalist-t.build/DerivedSources -Xcc -DSWIFT_PACKAGE -Xcc -DDEBUG\=1 -emit-objc-header -emit-objc-header-path /Users/admin/builder/spi-builder-workspace/.derivedData/Build/Intermediates.noindex/Mentalist.build/Debug-xros/Mentalist-t.build/Objects-normal/arm64/Mentalist-Swift.h -working-directory /Users/admin/builder/spi-builder-workspace/.swiftpm/xcode -experimental-emit-module-separately -disable-cmo
SwiftMergeGeneratedHeaders /Users/admin/builder/spi-builder-workspace/.derivedData/Build/Intermediates.noindex/GeneratedModuleMaps-xros/Mentalist-Swift.h /Users/admin/builder/spi-builder-workspace/.derivedData/Build/Intermediates.noindex/Mentalist.build/Debug-xros/Mentalist-t.build/Objects-normal/arm64/Mentalist-Swift.h (in target 'Mentalist' from project 'Mentalist')
cd /Users/admin/builder/spi-builder-workspace
builtin-swiftHeaderTool -arch arm64 /Users/admin/builder/spi-builder-workspace/.derivedData/Build/Intermediates.noindex/Mentalist.build/Debug-xros/Mentalist-t.build/Objects-normal/arm64/Mentalist-Swift.h -o /Users/admin/builder/spi-builder-workspace/.derivedData/Build/Intermediates.noindex/GeneratedModuleMaps-xros/Mentalist-Swift.h
Copy /Users/admin/builder/spi-builder-workspace/.derivedData/Build/Products/Debug-xros/Mentalist.swiftmodule/arm64-apple-xros.swiftmodule /Users/admin/builder/spi-builder-workspace/.derivedData/Build/Intermediates.noindex/Mentalist.build/Debug-xros/Mentalist-t.build/Objects-normal/arm64/Mentalist.swiftmodule (in target 'Mentalist' from project 'Mentalist')
cd /Users/admin/builder/spi-builder-workspace
builtin-copy -exclude .DS_Store -exclude CVS -exclude .svn -exclude .git -exclude .hg -resolve-src-symlinks -rename /Users/admin/builder/spi-builder-workspace/.derivedData/Build/Intermediates.noindex/Mentalist.build/Debug-xros/Mentalist-t.build/Objects-normal/arm64/Mentalist.swiftmodule /Users/admin/builder/spi-builder-workspace/.derivedData/Build/Products/Debug-xros/Mentalist.swiftmodule/arm64-apple-xros.swiftmodule
Copy /Users/admin/builder/spi-builder-workspace/.derivedData/Build/Products/Debug-xros/Mentalist.swiftmodule/arm64-apple-xros.swiftdoc /Users/admin/builder/spi-builder-workspace/.derivedData/Build/Intermediates.noindex/Mentalist.build/Debug-xros/Mentalist-t.build/Objects-normal/arm64/Mentalist.swiftdoc (in target 'Mentalist' from project 'Mentalist')
cd /Users/admin/builder/spi-builder-workspace
builtin-copy -exclude .DS_Store -exclude CVS -exclude .svn -exclude .git -exclude .hg -resolve-src-symlinks -rename /Users/admin/builder/spi-builder-workspace/.derivedData/Build/Intermediates.noindex/Mentalist.build/Debug-xros/Mentalist-t.build/Objects-normal/arm64/Mentalist.swiftdoc /Users/admin/builder/spi-builder-workspace/.derivedData/Build/Products/Debug-xros/Mentalist.swiftmodule/arm64-apple-xros.swiftdoc
Copy /Users/admin/builder/spi-builder-workspace/.derivedData/Build/Products/Debug-xros/Mentalist.swiftmodule/arm64-apple-xros.abi.json /Users/admin/builder/spi-builder-workspace/.derivedData/Build/Intermediates.noindex/Mentalist.build/Debug-xros/Mentalist-t.build/Objects-normal/arm64/Mentalist.abi.json (in target 'Mentalist' from project 'Mentalist')
cd /Users/admin/builder/spi-builder-workspace
builtin-copy -exclude .DS_Store -exclude CVS -exclude .svn -exclude .git -exclude .hg -resolve-src-symlinks -rename /Users/admin/builder/spi-builder-workspace/.derivedData/Build/Intermediates.noindex/Mentalist.build/Debug-xros/Mentalist-t.build/Objects-normal/arm64/Mentalist.abi.json /Users/admin/builder/spi-builder-workspace/.derivedData/Build/Products/Debug-xros/Mentalist.swiftmodule/arm64-apple-xros.abi.json
Copy /Users/admin/builder/spi-builder-workspace/.derivedData/Build/Products/Debug-xros/Mentalist.swiftmodule/Project/arm64-apple-xros.swiftsourceinfo /Users/admin/builder/spi-builder-workspace/.derivedData/Build/Intermediates.noindex/Mentalist.build/Debug-xros/Mentalist-t.build/Objects-normal/arm64/Mentalist.swiftsourceinfo (in target 'Mentalist' from project 'Mentalist')
cd /Users/admin/builder/spi-builder-workspace
builtin-copy -exclude .DS_Store -exclude CVS -exclude .svn -exclude .git -exclude .hg -resolve-src-symlinks -rename /Users/admin/builder/spi-builder-workspace/.derivedData/Build/Intermediates.noindex/Mentalist.build/Debug-xros/Mentalist-t.build/Objects-normal/arm64/Mentalist.swiftsourceinfo /Users/admin/builder/spi-builder-workspace/.derivedData/Build/Products/Debug-xros/Mentalist.swiftmodule/Project/arm64-apple-xros.swiftsourceinfo
SwiftDriverJobDiscovery normal arm64 Compiling Emotion.swift (in target 'Mentalist' from project 'Mentalist')
SwiftDriverJobDiscovery normal arm64 Compiling resource_bundle_accessor.swift (in target 'Mentalist' from project 'Mentalist')
SwiftDriverJobDiscovery normal arm64 Compiling EmotionAnalysis.swift (in target 'Mentalist' from project 'Mentalist')
SwiftDriverJobDiscovery normal arm64 Compiling FacialExpressionModel.swift (in target 'Mentalist' from project 'Mentalist')
SwiftDriverJobDiscovery normal arm64 Compiling MentalistCore.swift (in target 'Mentalist' from project 'Mentalist')
SwiftDriverJobDiscovery normal arm64 Compiling UIView + Extension.swift (in target 'Mentalist' from project 'Mentalist')
SwiftDriverJobDiscovery normal arm64 Compiling FaceImageTool.swift (in target 'Mentalist' from project 'Mentalist')
PruneExplicitPrecompiledModules /Users/admin/builder/spi-builder-workspace/.derivedData/Build/Intermediates.noindex/ExplicitPrecompiledModules
PruneExplicitPrecompiledModules /Users/admin/builder/spi-builder-workspace/.derivedData/Build/Intermediates.noindex/SwiftExplicitPrecompiledModules
PruneExplicitPrecompiledModules /Users/admin/builder/spi-builder-workspace/.derivedData/SDKExplicitPrecompiledModules
2026-09-21 10:26:28.511 xcodebuild[668:4318] [MT] IDERunDestination: Supported platforms for the buildables in the current scheme is empty.
2026-09-21 10:26:28.756 xcodebuild[668:4318] [MT] IDERunDestination: Supported platforms for the buildables in the current scheme is empty.
** BUILD FAILED **
The following build commands failed:
SwiftCompile normal arm64 Compiling\ View\ +\ Extentsion.swift /Users/admin/builder/spi-builder-workspace/Sources/Mentalist/Extension/View\ +\ Extentsion.swift (in target 'Mentalist' from project 'Mentalist')
SwiftCompile normal arm64 /Users/admin/builder/spi-builder-workspace/Sources/Mentalist/Extension/View\ +\ Extentsion.swift (in target 'Mentalist' from project 'Mentalist')
Building workspace Mentalist with scheme Mentalist
(3 failures)
Command line invocation:
/Applications/Xcode-27.0.0-Release.Candidate.app/Contents/Developer/usr/bin/xcodebuild -IDEClonedSourcePackagesDirPathOverride=/Users/admin/builder/spi-builder-workspace/.dependencies -resolvePackageDependencies
Resolve Package Graph
Resolved source packages:
Mentalist: /Users/admin/builder/spi-builder-workspace
resolved source packages: Mentalist
2026-09-21 10:26:40.658 xcodebuild[791:4796] [MT] IDERunDestination: Supported platforms for the buildables in the current scheme is empty.
2026-09-21 10:26:40.760 xcodebuild[791:4796] [MT] IDERunDestination: Supported platforms for the buildables in the current scheme is empty.
{
"dependencies" : [
],
"manifest_display_name" : "Mentalist",
"name" : "Mentalist",
"path" : "/Users/admin/builder/spi-builder-workspace",
"platforms" : [
{
"name" : "macos",
"version" : "10.13"
},
{
"name" : "ios",
"version" : "15.0"
}
],
"products" : [
{
"name" : "Mentalist",
"targets" : [
"Mentalist"
],
"type" : {
"library" : [
"automatic"
]
}
}
],
"targets" : [
{
"c99name" : "MentalistTests",
"module_type" : "SwiftTarget",
"name" : "MentalistTests",
"path" : "Tests/MentalistTests",
"resources" : [
{
"path" : "/Users/admin/builder/spi-builder-workspace/Tests/MentalistTests/Resources/FaceImage.xcassets",
"rule" : {
"process" : {
}
}
}
],
"sources" : [
"FaceImageToolTests.swift",
"MentalistTests.swift"
],
"target_dependencies" : [
"Mentalist"
],
"type" : "test"
},
{
"c99name" : "Mentalist",
"module_type" : "SwiftTarget",
"name" : "Mentalist",
"path" : "Sources/Mentalist",
"product_memberships" : [
"Mentalist"
],
"resources" : [
{
"path" : "/Users/admin/builder/spi-builder-workspace/Sources/Mentalist/Resources/FacialExpressionModel.mlpackage/Data/com.apple.CoreML/model.mlmodel",
"rule" : {
"process" : {
}
}
},
{
"path" : "/Users/admin/builder/spi-builder-workspace/Sources/Mentalist/Resources/FacialExpressionModel.mlpackage/Manifest.json",
"rule" : {
"process" : {
}
}
}
],
"sources" : [
"Extension/UIView + Extension.swift",
"Extension/View + Extentsion.swift",
"FaceImageTool.swift",
"Mentalist.swift",
"MentalistCore.swift",
"Model/Emotion.swift",
"Model/EmotionAnalysis.swift"
],
"type" : "library"
}
],
"tools_version" : "5.6"
}
{
"workspace" : {
"name" : "Mentalist",
"schemes" : [
"Mentalist",
"MentalistTests"
]
}
}
2026-09-21 10:26:41.893 xcodebuild[799:4872] [MT] IDERunDestination: Supported platforms for the buildables in the current scheme is empty.
2026-09-21 10:26:41.994 xcodebuild[799:4872] [MT] IDERunDestination: Supported platforms for the buildables in the current scheme is empty.
{
"workspace" : {
"name" : "Mentalist",
"schemes" : [
"Mentalist",
"MentalistTests"
]
}
}
2026-09-21 10:26:42.864 xcodebuild[801:4900] [MT] IDERunDestination: Supported platforms for the buildables in the current scheme is empty.
2026-09-21 10:26:42.967 xcodebuild[801:4900] [MT] IDERunDestination: Supported platforms for the buildables in the current scheme is empty.
Running build ...
env DEVELOPER_DIR=/Applications/Xcode-27.0.0-Release.Candidate.app xcrun xcodebuild -IDEClonedSourcePackagesDirPathOverride=$PWD/.dependencies -skipMacroValidation -skipPackagePluginValidation -derivedDataPath $PWD/.derivedData build -scheme Mentalist -destination generic/platform=xrOS
Command line invocation:
/Applications/Xcode-27.0.0-Release.Candidate.app/Contents/Developer/usr/bin/xcodebuild -IDEClonedSourcePackagesDirPathOverride=/Users/admin/builder/spi-builder-workspace/.dependencies -skipMacroValidation -skipPackagePluginValidation -derivedDataPath /Users/admin/builder/spi-builder-workspace/.derivedData build -scheme Mentalist -destination generic/platform=xrOS
Resolve Package Graph
Resolved source packages:
Mentalist: /Users/admin/builder/spi-builder-workspace
ComputePackagePrebuildTargetDependencyGraph
Prepare packages
CreateBuildRequest
SendProjectDescription
CreateBuildOperation
ComputeTargetDependencyGraph
note: Building targets in dependency order
note: Target dependency graph (3 targets)
Target 'Mentalist-product' in project 'Mentalist'
➜ Explicit dependency on target 'Mentalist' in project 'Mentalist'
➜ Explicit dependency on target 'Mentalist_Mentalist' in project 'Mentalist'
Target 'Mentalist' in project 'Mentalist'
➜ Explicit dependency on target 'Mentalist_Mentalist' in project 'Mentalist'
Target 'Mentalist_Mentalist' in project 'Mentalist' (no dependencies)
GatherProvisioningInputs
CreateBuildDescription
ClangStatCache /Applications/Xcode-27.0.0-Release.Candidate.app/Contents/Developer/Toolchains/XcodeDefault.xctoolchain/usr/bin/clang-stat-cache /Applications/Xcode-27.0.0-Release.Candidate.app/Contents/Developer/Platforms/XROS.platform/Developer/SDKs/XROS27.0.sdk /Users/admin/builder/spi-builder-workspace/.derivedData/SDKStatCaches.noindex/xros27.0-24M361-e829b21a6f8c9b70876ba0858053c044735bd543db762f57723cac368afd1ce4.sdkstatcache
cd /Users/admin/builder/spi-builder-workspace/.swiftpm/xcode
/Applications/Xcode-27.0.0-Release.Candidate.app/Contents/Developer/Toolchains/XcodeDefault.xctoolchain/usr/bin/clang-stat-cache /Applications/Xcode-27.0.0-Release.Candidate.app/Contents/Developer/Platforms/XROS.platform/Developer/SDKs/XROS27.0.sdk -o /Users/admin/builder/spi-builder-workspace/.derivedData/SDKStatCaches.noindex/xros27.0-24M361-e829b21a6f8c9b70876ba0858053c044735bd543db762f57723cac368afd1ce4.sdkstatcache
SwiftDriver Mentalist normal arm64 com.apple.xcode.tools.swift.compiler (in target 'Mentalist' from project 'Mentalist')
cd /Users/admin/builder/spi-builder-workspace/.swiftpm/xcode
builtin-SwiftDriver -- /Applications/Xcode-27.0.0-Release.Candidate.app/Contents/Developer/Toolchains/XcodeDefault.xctoolchain/usr/bin/swiftc -parse-as-library -module-name Mentalist -Onone @/Users/admin/builder/spi-builder-workspace/.derivedData/Build/Intermediates.noindex/Mentalist.build/Debug-xros/Mentalist-t.build/Objects-normal/arm64/Mentalist.SwiftFileList -DSWIFT_PACKAGE -DDEBUG -DSWIFT_MODULE_RESOURCE_BUNDLE_AVAILABLE -DXcode -plugin-path /Applications/Xcode-27.0.0-Release.Candidate.app/Contents/Developer/Toolchains/XcodeDefault.xctoolchain/usr/lib/swift/host/plugins/testing -enable-experimental-feature DebugDescriptionMacro -sdk /Applications/Xcode-27.0.0-Release.Candidate.app/Contents/Developer/Platforms/XROS.platform/Developer/SDKs/XROS27.0.sdk -target arm64-apple-xros1.0 -g -module-cache-path /Users/admin/builder/spi-builder-workspace/.derivedData/ModuleCache.noindex -Xfrontend -serialize-debugging-options -profile-coverage-mapping -profile-generate -enable-testing -index-store-path /Users/admin/builder/spi-builder-workspace/.derivedData/Index.noindex/DataStore -Xcc -D_LIBCPP_HARDENING_MODE\=_LIBCPP_HARDENING_MODE_DEBUG -swift-version 5 -I /Users/admin/builder/spi-builder-workspace/.derivedData/Build/Products/Debug-xros -Isystem /Applications/Xcode-27.0.0-Release.Candidate.app/Contents/Developer/Platforms/XROS.platform/Developer/usr/lib -F /Users/admin/builder/spi-builder-workspace/.derivedData/Build/Products/Debug-xros -F /Applications/Xcode-27.0.0-Release.Candidate.app/Contents/Developer/Platforms/XROS.platform/Developer/Library/Frameworks -F /Applications/Xcode-27.0.0-Release.Candidate.app/Contents/Developer/Platforms/XROS.platform/Developer/SDKs/XROS27.0.sdk/Developer/Library/Frameworks -c -j10 -enable-batch-mode -incremental -Xcc -ivfsstatcache -Xcc /Users/admin/builder/spi-builder-workspace/.derivedData/SDKStatCaches.noindex/xros27.0-24M361-e829b21a6f8c9b70876ba0858053c044735bd543db762f57723cac368afd1ce4.sdkstatcache -output-file-map /Users/admin/builder/spi-builder-workspace/.derivedData/Build/Intermediates.noindex/Mentalist.build/Debug-xros/Mentalist-t.build/Objects-normal/arm64/Mentalist-OutputFileMap.json -save-temps -no-color-diagnostics -explicit-module-build -module-cache-path /Users/admin/builder/spi-builder-workspace/.derivedData/Build/Intermediates.noindex/SwiftExplicitPrecompiledModules -clang-scanner-module-cache-path /Users/admin/builder/spi-builder-workspace/.derivedData/ModuleCache.noindex -sdk-module-cache-path /Users/admin/builder/spi-builder-workspace/.derivedData/SDKExplicitPrecompiledModules -emit-dependencies -emit-module -emit-module-path /Users/admin/builder/spi-builder-workspace/.derivedData/Build/Intermediates.noindex/Mentalist.build/Debug-xros/Mentalist-t.build/Objects-normal/arm64/Mentalist.swiftmodule -serialize-diagnostics -dependency-scan-serialize-diagnostics-path /Users/admin/builder/spi-builder-workspace/.derivedData/Build/Intermediates.noindex/Mentalist.build/Debug-xros/Mentalist-t.build/Objects-normal/arm64/Mentalist-dependency-scan.dia -validate-clang-modules-once -clang-build-session-file /Users/admin/builder/spi-builder-workspace/.derivedData/ModuleCache.noindex/Session.modulevalidation -Xcc -fmodules-prune-interval\=86400 -Xcc -fmodules-prune-after\=345600 -emit-const-values -const-gather-protocols-list /Users/admin/builder/spi-builder-workspace/.derivedData/Build/Intermediates.noindex/Mentalist.build/Debug-xros/Mentalist-t.build/Objects-normal/arm64/Mentalist_const_extract_protocols.json -Xcc -I/Users/admin/builder/spi-builder-workspace/.derivedData/Build/Products/Debug-xros/include -Xcc -I/Users/admin/builder/spi-builder-workspace/.derivedData/Build/Intermediates.noindex/Mentalist.build/Debug-xros/Mentalist-t.build/DerivedSources-normal/arm64 -Xcc -I/Users/admin/builder/spi-builder-workspace/.derivedData/Build/Intermediates.noindex/Mentalist.build/Debug-xros/Mentalist-t.build/DerivedSources/arm64 -Xcc -I/Users/admin/builder/spi-builder-workspace/.derivedData/Build/Intermediates.noindex/Mentalist.build/Debug-xros/Mentalist-t.build/DerivedSources -Xcc -DSWIFT_PACKAGE -Xcc -DDEBUG\=1 -emit-objc-header -emit-objc-header-path /Users/admin/builder/spi-builder-workspace/.derivedData/Build/Intermediates.noindex/Mentalist.build/Debug-xros/Mentalist-t.build/Objects-normal/arm64/Mentalist-Swift.h -working-directory /Users/admin/builder/spi-builder-workspace/.swiftpm/xcode -experimental-emit-module-separately -disable-cmo
SwiftCompile normal arm64 Compiling\ Mentalist.swift /Users/admin/builder/spi-builder-workspace/Sources/Mentalist/Mentalist.swift (in target 'Mentalist' from project 'Mentalist')
SwiftCompile normal arm64 /Users/admin/builder/spi-builder-workspace/Sources/Mentalist/Mentalist.swift (in target 'Mentalist' from project 'Mentalist')
cd /Users/admin/builder/spi-builder-workspace/.swiftpm/xcode
builtin-SwiftPerFileCompile Mentalist.swift
SwiftCompile normal arm64 Compiling\ View\ +\ Extentsion.swift /Users/admin/builder/spi-builder-workspace/Sources/Mentalist/Extension/View\ +\ Extentsion.swift (in target 'Mentalist' from project 'Mentalist')
/Users/admin/builder/spi-builder-workspace/Sources/Mentalist/Extension/View + Extentsion.swift:16:30: warning: 'windows' was deprecated in visionOS 1.0: Use UIWindowScene.windows on a relevant window scene instead [#DeprecatedDeclaration]
14 |
15 | controller.view.frame = CGRect(x: 0, y: CGFloat(Int.max), width: 1, height: 1)
16 | UIApplication.shared.windows.first!.rootViewController?.view.addSubview(controller.view)
| `- warning: 'windows' was deprecated in visionOS 1.0: Use UIWindowScene.windows on a relevant window scene instead [#DeprecatedDeclaration]
17 |
18 | let size = controller.sizeThatFits(in: UIScreen.main.bounds.size)
/Users/admin/builder/spi-builder-workspace/Sources/Mentalist/Extension/View + Extentsion.swift:18:48: error: 'UIScreen' is unavailable in visionOS
16 | UIApplication.shared.windows.first!.rootViewController?.view.addSubview(controller.view)
17 |
18 | let size = controller.sizeThatFits(in: UIScreen.main.bounds.size)
| `- error: 'UIScreen' is unavailable in visionOS
19 | controller.view.bounds = CGRect(origin: .zero, size: size)
20 | controller.view.sizeToFit()
/Applications/Xcode-27.0.0-Release.Candidate.app/Contents/Developer/Platforms/XROS.platform/Developer/SDKs/XROS27.0.sdk/System/Library/Frameworks/UIKit.framework/Headers/UIScreen.h:54:12: note: 'UIScreen' has been explicitly marked unavailable here
52 |
53 | UIKIT_EXTERN API_AVAILABLE(ios(2.0)) API_UNAVAILABLE(visionos, watchos) NS_SWIFT_UI_ACTOR
54 | @interface UIScreen : NSObject <UITraitEnvironment>
| `- note: 'UIScreen' has been explicitly marked unavailable here
55 |
56 | @property(class, nonatomic, readonly) NSArray<UIScreen *> *screens API_DEPRECATED("Use UIApplication.shared.openSessions to find open sessions with scenes from other screens", ios(3.2, 16.0), visionos(1.0, 1.0)) API_UNAVAILABLE(watchos); // all screens currently attached to the device
[#DeprecatedDeclaration]: <https://docs.swift.org/compiler/documentation/diagnostics/deprecated-declaration>
Failed frontend command:
SwiftCompile normal arm64 /Users/admin/builder/spi-builder-workspace/Sources/Mentalist/Extension/View\ +\ Extentsion.swift (in target 'Mentalist' from project 'Mentalist')
cd /Users/admin/builder/spi-builder-workspace/.swiftpm/xcode
builtin-SwiftPerFileCompile View\ +\ Extentsion.swift
/Applications/Xcode-27.0.0-Release.Candidate.app/Contents/Developer/Toolchains/XcodeDefault.xctoolchain/usr/bin/swift-frontend -frontend -c /Users/admin/builder/spi-builder-workspace/.derivedData/Build/Intermediates.noindex/Mentalist.build/Debug-xros/Mentalist-t.build/DerivedSources/resource_bundle_accessor.swift /Users/admin/builder/spi-builder-workspace/Sources/Mentalist/Extension/UIView\ +\ Extension.swift -primary-file /Users/admin/builder/spi-builder-workspace/Sources/Mentalist/Extension/View\ +\ Extentsion.swift /Users/admin/builder/spi-builder-workspace/Sources/Mentalist/FaceImageTool.swift /Users/admin/builder/spi-builder-workspace/Sources/Mentalist/Mentalist.swift /Users/admin/builder/spi-builder-workspace/Sources/Mentalist/MentalistCore.swift /Users/admin/builder/spi-builder-workspace/Sources/Mentalist/Model/Emotion.swift /Users/admin/builder/spi-builder-workspace/Sources/Mentalist/Model/EmotionAnalysis.swift /Users/admin/builder/spi-builder-workspace/.derivedData/Build/Intermediates.noindex/Mentalist.build/Debug-xros/Mentalist-t.build/DerivedSources/CoreMLGenerated/FacialExpressionModel/FacialExpressionModel.swift -emit-dependencies-path /Users/admin/builder/spi-builder-workspace/.derivedData/Build/Intermediates.noindex/Mentalist.build/Debug-xros/Mentalist-t.build/Objects-normal/arm64/View\ +\ Extentsion.d -emit-const-values-path /Users/admin/builder/spi-builder-workspace/.derivedData/Build/Intermediates.noindex/Mentalist.build/Debug-xros/Mentalist-t.build/Objects-normal/arm64/View\ +\ Extentsion.swiftconstvalues -emit-reference-dependencies-path /Users/admin/builder/spi-builder-workspace/.derivedData/Build/Intermediates.noindex/Mentalist.build/Debug-xros/Mentalist-t.build/Objects-normal/arm64/View\ +\ Extentsion.swiftdeps -serialize-diagnostics-path /Users/admin/builder/spi-builder-workspace/.derivedData/Build/Intermediates.noindex/Mentalist.build/Debug-xros/Mentalist-t.build/Objects-normal/arm64/View\ +\ Extentsion.dia -target arm64-apple-xros1.0 -disable-cross-import-overlay-search -swift-module-cross-import Vision /Applications/Xcode-27.0.0-Release.Candidate.app/Contents/Developer/Platforms/XROS.platform/Developer/SDKs/XROS.sdk/System/Library/Frameworks/Vision.framework/Modules/Vision.swiftcrossimport/FoundationModels.swiftoverlay -swift-module-cross-import Vision /Applications/Xcode-27.0.0-Release.Candidate.app/Contents/Developer/Platforms/XROS.platform/Developer/SDKs/XROS27.0.sdk/System/Library/Frameworks/Vision.framework/Modules/Vision.swiftcrossimport/FoundationModels.swiftoverlay -load-resolved-plugin /Applications/Xcode-27.0.0-Release.Candidate.app/Contents/Developer/Platforms/XROS.platform/Developer/usr/lib/swift/host/plugins/libFoundationMacros.dylib\#/Applications/Xcode-27.0.0-Release.Candidate.app/Contents/Developer/Platforms/XROS.platform/Developer/usr/bin/swift-plugin-server\#FoundationMacros -load-resolved-plugin /Applications/Xcode-27.0.0-Release.Candidate.app/Contents/Developer/Platforms/XROS.platform/Developer/usr/lib/swift/host/plugins/libObservationMacros.dylib\#/Applications/Xcode-27.0.0-Release.Candidate.app/Contents/Developer/Platforms/XROS.platform/Developer/usr/bin/swift-plugin-server\#ObservationMacros -load-resolved-plugin /Applications/Xcode-27.0.0-Release.Candidate.app/Contents/Developer/Platforms/XROS.platform/Developer/usr/lib/swift/host/plugins/libPreviewsMacros.dylib\#/Applications/Xcode-27.0.0-Release.Candidate.app/Contents/Developer/Platforms/XROS.platform/Developer/usr/bin/swift-plugin-server\#PreviewsMacros -load-resolved-plugin /Applications/Xcode-27.0.0-Release.Candidate.app/Contents/Developer/Platforms/XROS.platform/Developer/usr/lib/swift/host/plugins/libSwiftMacros.dylib\#/Applications/Xcode-27.0.0-Release.Candidate.app/Contents/Developer/Platforms/XROS.platform/Developer/usr/bin/swift-plugin-server\#SwiftMacros -load-resolved-plugin /Applications/Xcode-27.0.0-Release.Candidate.app/Contents/Developer/Platforms/XROS.platform/Developer/usr/lib/swift/host/plugins/libSwiftUIMacros.dylib\#/Applications/Xcode-27.0.0-Release.Candidate.app/Contents/Developer/Platforms/XROS.platform/Developer/usr/bin/swift-plugin-server\#SwiftUIMacros -disable-implicit-swift-modules -Xcc -fno-implicit-modules -Xcc -fno-implicit-module-maps -explicit-swift-module-map-file /Users/admin/builder/spi-builder-workspace/.derivedData/Build/Intermediates.noindex/Mentalist.build/Debug-xros/Mentalist-t.build/Objects-normal/arm64/Mentalist-dependencies-1.json -Xllvm -aarch64-use-tbi -enable-objc-interop -stack-check -sdk /Applications/Xcode-27.0.0-Release.Candidate.app/Contents/Developer/Platforms/XROS.platform/Developer/SDKs/XROS27.0.sdk -I /Users/admin/builder/spi-builder-workspace/.derivedData/Build/Products/Debug-xros -Isystem /Applications/Xcode-27.0.0-Release.Candidate.app/Contents/Developer/Platforms/XROS.platform/Developer/usr/lib -F /Users/admin/builder/spi-builder-workspace/.derivedData/Build/Products/Debug-xros -F /Applications/Xcode-27.0.0-Release.Candidate.app/Contents/Developer/Platforms/XROS.platform/Developer/Library/Frameworks -F /Applications/Xcode-27.0.0-Release.Candidate.app/Contents/Developer/Platforms/XROS.platform/Developer/SDKs/XROS27.0.sdk/Developer/Library/Frameworks -module-cache-path /Users/admin/builder/spi-builder-workspace/.derivedData/Build/Intermediates.noindex/SwiftExplicitPrecompiledModules -no-color-diagnostics -Xcc -fno-color-diagnostics -enable-testing -g -debug-info-format\=dwarf -dwarf-version\=4 -profile-generate -profile-coverage-mapping -swift-version 5 -Onone -D SWIFT_PACKAGE -D DEBUG -D SWIFT_MODULE_RESOURCE_BUNDLE_AVAILABLE -D Xcode -serialize-debugging-options -enable-experimental-feature DebugDescriptionMacro -empty-abi-descriptor -validate-clang-modules-once -clang-build-session-file /Users/admin/builder/spi-builder-workspace/.derivedData/ModuleCache.noindex/Session.modulevalidation -Xcc -working-directory -Xcc /Users/admin/builder/spi-builder-workspace/.swiftpm/xcode -enable-anonymous-context-mangled-names -file-compilation-dir /Users/admin/builder/spi-builder-workspace/.swiftpm/xcode -Xcc -D_LIBCPP_HARDENING_MODE\=_LIBCPP_HARDENING_MODE_DEBUG -Xcc -ivfsstatcache -Xcc /Users/admin/builder/spi-builder-workspace/.derivedData/SDKStatCaches.noindex/xros27.0-24M361-e829b21a6f8c9b70876ba0858053c044735bd543db762f57723cac368afd1ce4.sdkstatcache -Xcc -fmodules-prune-interval\=86400 -Xcc -fmodules-prune-after\=345600 -Xcc -I/Users/admin/builder/spi-builder-workspace/.derivedData/Build/Products/Debug-xros/include -Xcc -I/Users/admin/builder/spi-builder-workspace/.derivedData/Build/Intermediates.noindex/Mentalist.build/Debug-xros/Mentalist-t.build/DerivedSources-normal/arm64 -Xcc -I/Users/admin/builder/spi-builder-workspace/.derivedData/Build/Intermediates.noindex/Mentalist.build/Debug-xros/Mentalist-t.build/DerivedSources/arm64 -Xcc -I/Users/admin/builder/spi-builder-workspace/.derivedData/Build/Intermediates.noindex/Mentalist.build/Debug-xros/Mentalist-t.build/DerivedSources -Xcc -DSWIFT_PACKAGE -Xcc -DDEBUG\=1 -no-auto-bridging-header-chaining -module-name Mentalist -const-gather-protocols-file /Users/admin/builder/spi-builder-workspace/.derivedData/Build/Intermediates.noindex/Mentalist.build/Debug-xros/Mentalist-t.build/Objects-normal/arm64/Mentalist_const_extract_protocols.json -disable-clang-spi -clang-target arm64-apple-xros27.0 -target-sdk-version 27.0 -target-sdk-name xros27.0 -in-process-plugin-server-path /Applications/Xcode-27.0.0-Release.Candidate.app/Contents/Developer/Toolchains/XcodeDefault.xctoolchain/usr/lib/swift/host/libSwiftInProcPluginServer.dylib -parse-as-library -o /Users/admin/builder/spi-builder-workspace/.derivedData/Build/Intermediates.noindex/Mentalist.build/Debug-xros/Mentalist-t.build/Objects-normal/arm64/View\ +\ Extentsion.o -debug-module-path /Users/admin/builder/spi-builder-workspace/.derivedData/Build/Intermediates.noindex/Mentalist.build/Debug-xros/Mentalist-t.build/Objects-normal/arm64/Mentalist.swiftmodule -index-unit-output-path /Mentalist.build/Debug-xros/Mentalist-t.build/Objects-normal/arm64/View\ +\ Extentsion.o -index-store-path /Users/admin/builder/spi-builder-workspace/.derivedData/Index.noindex/DataStore -index-system-modules
SwiftEmitModule normal arm64 Emitting\ module\ for\ Mentalist (in target 'Mentalist' from project 'Mentalist')
SwiftCompile normal arm64 (in target 'Mentalist' from project 'Mentalist')
cd /Users/admin/builder/spi-builder-workspace/.swiftpm/xcode
SwiftDriverJobDiscovery normal arm64 Compiling Mentalist.swift (in target 'Mentalist' from project 'Mentalist')
PruneExplicitPrecompiledModules /Users/admin/builder/spi-builder-workspace/.derivedData/Build/Intermediates.noindex/SwiftExplicitPrecompiledModules
PruneExplicitPrecompiledModules /Users/admin/builder/spi-builder-workspace/.derivedData/SDKExplicitPrecompiledModules
PruneExplicitPrecompiledModules /Users/admin/builder/spi-builder-workspace/.derivedData/Build/Intermediates.noindex/ExplicitPrecompiledModules
2026-09-21 10:26:43.809 xcodebuild[802:4923] [MT] IDERunDestination: Supported platforms for the buildables in the current scheme is empty.
2026-09-21 10:26:43.913 xcodebuild[802:4923] [MT] IDERunDestination: Supported platforms for the buildables in the current scheme is empty.
** BUILD FAILED **
The following build commands failed:
SwiftCompile normal arm64 /Users/admin/builder/spi-builder-workspace/Sources/Mentalist/Extension/View\ +\ Extentsion.swift (in target 'Mentalist' from project 'Mentalist')
SwiftCompile normal arm64 Compiling\ View\ +\ Extentsion.swift /Users/admin/builder/spi-builder-workspace/Sources/Mentalist/Extension/View\ +\ Extentsion.swift (in target 'Mentalist' from project 'Mentalist')
Building workspace Mentalist with scheme Mentalist
(3 failures)
BUILD FAILURE 6.4 visionOS