The Swift Package Index logo.Swift Package Index

Build Information

Failed to build SnapKit, reference develop (250529), with Swift 6.1 for Linux on 18 Jul 2026 06:26:01 UTC.

Build Command

bash -c docker run --pull=always --rm -v "checkouts-54344844-0":/host -w "$PWD" -e JAVA_HOME="/root/.sdkman/candidates/java/current" -e SPI_BUILD="1" -e SPI_PROCESSING="1" registry.gitlab.com/saguaro1/spi-images:basic-6.1-latest swift build --triple x86_64-unknown-linux-gnu 2>&1

Build Log

========================================
RunAll
========================================
Builder version: 333316120c8b89ed7d21f1b34865290794301d91
Interrupt handler set up.
========================================
Checkout
========================================
Clone URL: https://github.com/SnapKit/SnapKit.git
Reference: develop
Initialized empty Git repository in /host/spi-builder-workspace/.git/
hint: Using 'master' as the name for the initial branch. This default branch name
hint: is subject to change. To configure the initial branch name to use in all
hint: of your new repositories, which will suppress this warning, call:
hint:
hint: 	git config --global init.defaultBranch <name>
hint:
hint: Names commonly chosen instead of 'master' are 'main', 'trunk' and
hint: 'development'. The just-created branch can be renamed via this command:
hint:
hint: 	git branch -m <name>
From https://github.com/SnapKit/SnapKit
 * branch            develop    -> FETCH_HEAD
 * [new branch]      develop    -> origin/develop
HEAD is now at 250529b Remove explicit 'make' label from constraint closures (#837)
Cloned https://github.com/SnapKit/SnapKit.git
Revision (git rev-parse @):
250529bec615066185ff328984855101820fcbee
SUCCESS checkout https://github.com/SnapKit/SnapKit.git at develop
========================================
Build
========================================
Selected platform:         linux
Swift version:             6.1
Building package at path:  $PWD
https://github.com/SnapKit/SnapKit.git
https://github.com/SnapKit/SnapKit.git
WARNING: environment variable SUPPRESS_SWIFT_6_FLAGS is not set
Running build ...
bash -c docker run --pull=always --rm -v "checkouts-54344844-0":/host -w "$PWD" -e JAVA_HOME="/root/.sdkman/candidates/java/current" -e SPI_BUILD="1" -e SPI_PROCESSING="1" registry.gitlab.com/saguaro1/spi-images:basic-6.1-latest swift build --triple x86_64-unknown-linux-gnu -Xswiftc -Xfrontend -Xswiftc -stats-output-dir -Xswiftc -Xfrontend -Xswiftc .stats -Xswiftc -strict-concurrency=complete -Xswiftc -enable-upcoming-feature -Xswiftc StrictConcurrency -Xswiftc -enable-upcoming-feature -Xswiftc DisableOutwardActorInference -Xswiftc -enable-upcoming-feature -Xswiftc GlobalActorIsolatedTypesUsability -Xswiftc -enable-upcoming-feature -Xswiftc InferSendableFromCaptures 2>&1
basic-6.1-latest: Pulling from saguaro1/spi-images
Digest: sha256:0f094b998e61bb35b7a666f42e392cfb12929ea8fa9160622b1badd8b73d5c87
Status: Image is up to date for registry.gitlab.com/saguaro1/spi-images:basic-6.1-latest
Building for debugging...
[0/6] Write sources
[0/6] Copying PrivacyInfo.xcprivacy
[2/6] Write swift-version-24593BA9C3E375BF.txt
[4/41] Compiling SnapKit ConstraintLayoutSupportDSL.swift
/host/spi-builder-workspace/Sources/Constraint.swift:27:12: error: no such module 'AppKit'
 25 |     import UIKit
 26 | #else
 27 |     import AppKit
    |            `- error: no such module 'AppKit'
 28 | #endif
 29 |
[5/41] Compiling SnapKit ConstraintMaker.swift
/host/spi-builder-workspace/Sources/Constraint.swift:27:12: error: no such module 'AppKit'
 25 |     import UIKit
 26 | #else
 27 |     import AppKit
    |            `- error: no such module 'AppKit'
 28 | #endif
 29 |
[6/41] Compiling SnapKit ConstraintMakerEditable.swift
/host/spi-builder-workspace/Sources/Constraint.swift:27:12: error: no such module 'AppKit'
 25 |     import UIKit
 26 | #else
 27 |     import AppKit
    |            `- error: no such module 'AppKit'
 28 | #endif
 29 |
[7/41] Compiling SnapKit ConstraintMakerExtendable.swift
/host/spi-builder-workspace/Sources/Constraint.swift:27:12: error: no such module 'AppKit'
 25 |     import UIKit
 26 | #else
 27 |     import AppKit
    |            `- error: no such module 'AppKit'
 28 | #endif
 29 |
[8/41] Compiling SnapKit ConstraintMakerFinalizable.swift
/host/spi-builder-workspace/Sources/Constraint.swift:27:12: error: no such module 'AppKit'
 25 |     import UIKit
 26 | #else
 27 |     import AppKit
    |            `- error: no such module 'AppKit'
 28 | #endif
 29 |
[9/45] Compiling SnapKit ConstraintView.swift
/host/spi-builder-workspace/Sources/Constraint.swift:27:12: error: no such module 'AppKit'
 25 |     import UIKit
 26 | #else
 27 |     import AppKit
    |            `- error: no such module 'AppKit'
 28 | #endif
 29 |
[10/45] Compiling SnapKit ConstraintViewDSL.swift
/host/spi-builder-workspace/Sources/Constraint.swift:27:12: error: no such module 'AppKit'
 25 |     import UIKit
 26 | #else
 27 |     import AppKit
    |            `- error: no such module 'AppKit'
 28 | #endif
 29 |
[11/45] Compiling SnapKit Debugging.swift
/host/spi-builder-workspace/Sources/Constraint.swift:27:12: error: no such module 'AppKit'
 25 |     import UIKit
 26 | #else
 27 |     import AppKit
    |            `- error: no such module 'AppKit'
 28 | #endif
 29 |
[12/45] Compiling SnapKit LayoutConstraint.swift
/host/spi-builder-workspace/Sources/Constraint.swift:27:12: error: no such module 'AppKit'
 25 |     import UIKit
 26 | #else
 27 |     import AppKit
    |            `- error: no such module 'AppKit'
 28 | #endif
 29 |
[13/45] Compiling SnapKit ConstraintMakerPrioritizable.swift
/host/spi-builder-workspace/Sources/Constraint.swift:27:12: error: no such module 'AppKit'
 25 |     import UIKit
 26 | #else
 27 |     import AppKit
    |            `- error: no such module 'AppKit'
 28 | #endif
 29 |
[14/45] Compiling SnapKit ConstraintMakerRelatable+Extensions.swift
/host/spi-builder-workspace/Sources/Constraint.swift:27:12: error: no such module 'AppKit'
 25 |     import UIKit
 26 | #else
 27 |     import AppKit
    |            `- error: no such module 'AppKit'
 28 | #endif
 29 |
[15/45] Compiling SnapKit ConstraintMakerRelatable.swift
/host/spi-builder-workspace/Sources/Constraint.swift:27:12: error: no such module 'AppKit'
 25 |     import UIKit
 26 | #else
 27 |     import AppKit
    |            `- error: no such module 'AppKit'
 28 | #endif
 29 |
[16/45] Compiling SnapKit ConstraintMultiplierTarget.swift
/host/spi-builder-workspace/Sources/Constraint.swift:27:12: error: no such module 'AppKit'
 25 |     import UIKit
 26 | #else
 27 |     import AppKit
    |            `- error: no such module 'AppKit'
 28 | #endif
 29 |
[17/45] Compiling SnapKit ConstraintOffsetTarget.swift
/host/spi-builder-workspace/Sources/Constraint.swift:27:12: error: no such module 'AppKit'
 25 |     import UIKit
 26 | #else
 27 |     import AppKit
    |            `- error: no such module 'AppKit'
 28 | #endif
 29 |
[18/45] Compiling SnapKit ConstraintPriority.swift
/host/spi-builder-workspace/Sources/Constraint.swift:27:12: error: no such module 'AppKit'
 25 |     import UIKit
 26 | #else
 27 |     import AppKit
    |            `- error: no such module 'AppKit'
 28 | #endif
 29 |
[19/45] Compiling SnapKit ConstraintPriorityTarget.swift
/host/spi-builder-workspace/Sources/Constraint.swift:27:12: error: no such module 'AppKit'
 25 |     import UIKit
 26 | #else
 27 |     import AppKit
    |            `- error: no such module 'AppKit'
 28 | #endif
 29 |
[20/45] Compiling SnapKit ConstraintRelatableTarget.swift
/host/spi-builder-workspace/Sources/Constraint.swift:27:12: error: no such module 'AppKit'
 25 |     import UIKit
 26 | #else
 27 |     import AppKit
    |            `- error: no such module 'AppKit'
 28 | #endif
 29 |
[21/45] Compiling SnapKit ConstraintRelation.swift
/host/spi-builder-workspace/Sources/Constraint.swift:27:12: error: no such module 'AppKit'
 25 |     import UIKit
 26 | #else
 27 |     import AppKit
    |            `- error: no such module 'AppKit'
 28 | #endif
 29 |
[22/45] Compiling SnapKit ConstraintView+Extensions.swift
/host/spi-builder-workspace/Sources/Constraint.swift:27:12: error: no such module 'AppKit'
 25 |     import UIKit
 26 | #else
 27 |     import AppKit
    |            `- error: no such module 'AppKit'
 28 | #endif
 29 |
[23/45] Compiling SnapKit ConstraintItem.swift
/host/spi-builder-workspace/Sources/Constraint.swift:27:12: error: no such module 'AppKit'
 25 |     import UIKit
 26 | #else
 27 |     import AppKit
    |            `- error: no such module 'AppKit'
 28 | #endif
 29 |
[24/45] Compiling SnapKit ConstraintLayoutGuide+Extensions.swift
/host/spi-builder-workspace/Sources/Constraint.swift:27:12: error: no such module 'AppKit'
 25 |     import UIKit
 26 | #else
 27 |     import AppKit
    |            `- error: no such module 'AppKit'
 28 | #endif
 29 |
[25/45] Compiling SnapKit ConstraintLayoutGuide.swift
/host/spi-builder-workspace/Sources/Constraint.swift:27:12: error: no such module 'AppKit'
 25 |     import UIKit
 26 | #else
 27 |     import AppKit
    |            `- error: no such module 'AppKit'
 28 | #endif
 29 |
[26/45] Compiling SnapKit ConstraintLayoutGuideDSL.swift
/host/spi-builder-workspace/Sources/Constraint.swift:27:12: error: no such module 'AppKit'
 25 |     import UIKit
 26 | #else
 27 |     import AppKit
    |            `- error: no such module 'AppKit'
 28 | #endif
 29 |
[27/45] Compiling SnapKit ConstraintLayoutSupport.swift
/host/spi-builder-workspace/Sources/Constraint.swift:27:12: error: no such module 'AppKit'
 25 |     import UIKit
 26 | #else
 27 |     import AppKit
    |            `- error: no such module 'AppKit'
 28 | #endif
 29 |
[28/45] Compiling SnapKit ConstraintDescription.swift
/host/spi-builder-workspace/Sources/Constraint.swift:27:12: error: no such module 'AppKit'
 25 |     import UIKit
 26 | #else
 27 |     import AppKit
    |            `- error: no such module 'AppKit'
 28 | #endif
 29 |
[29/45] Compiling SnapKit ConstraintDirectionalInsetTarget.swift
/host/spi-builder-workspace/Sources/Constraint.swift:27:12: error: no such module 'AppKit'
 25 |     import UIKit
 26 | #else
 27 |     import AppKit
    |            `- error: no such module 'AppKit'
 28 | #endif
 29 |
[30/45] Compiling SnapKit ConstraintDirectionalInsets.swift
/host/spi-builder-workspace/Sources/Constraint.swift:27:12: error: no such module 'AppKit'
 25 |     import UIKit
 26 | #else
 27 |     import AppKit
    |            `- error: no such module 'AppKit'
 28 | #endif
 29 |
[31/45] Compiling SnapKit ConstraintInsetTarget.swift
/host/spi-builder-workspace/Sources/Constraint.swift:27:12: error: no such module 'AppKit'
 25 |     import UIKit
 26 | #else
 27 |     import AppKit
    |            `- error: no such module 'AppKit'
 28 | #endif
 29 |
[32/45] Compiling SnapKit ConstraintInsets.swift
/host/spi-builder-workspace/Sources/Constraint.swift:27:12: error: no such module 'AppKit'
 25 |     import UIKit
 26 | #else
 27 |     import AppKit
    |            `- error: no such module 'AppKit'
 28 | #endif
 29 |
error: emit-module command failed with exit code 1 (use -v to see invocation)
[33/45] Emitting module SnapKit
/host/spi-builder-workspace/Sources/Constraint.swift:27:12: error: no such module 'AppKit'
 25 |     import UIKit
 26 | #else
 27 |     import AppKit
    |            `- error: no such module 'AppKit'
 28 | #endif
 29 |
[34/45] Compiling SnapKit Constraint.swift
/host/spi-builder-workspace/Sources/Constraint.swift:27:12: error: no such module 'AppKit'
 25 |     import UIKit
 26 | #else
 27 |     import AppKit
    |            `- error: no such module 'AppKit'
 28 | #endif
 29 |
[35/45] Compiling SnapKit ConstraintAttributes.swift
/host/spi-builder-workspace/Sources/Constraint.swift:27:12: error: no such module 'AppKit'
 25 |     import UIKit
 26 | #else
 27 |     import AppKit
    |            `- error: no such module 'AppKit'
 28 | #endif
 29 |
[36/45] Compiling SnapKit ConstraintConfig.swift
/host/spi-builder-workspace/Sources/Constraint.swift:27:12: error: no such module 'AppKit'
 25 |     import UIKit
 26 | #else
 27 |     import AppKit
    |            `- error: no such module 'AppKit'
 28 | #endif
 29 |
[37/45] Compiling SnapKit ConstraintConstantTarget.swift
/host/spi-builder-workspace/Sources/Constraint.swift:27:12: error: no such module 'AppKit'
 25 |     import UIKit
 26 | #else
 27 |     import AppKit
    |            `- error: no such module 'AppKit'
 28 | #endif
 29 |
[38/45] Compiling SnapKit ConstraintDSL.swift
/host/spi-builder-workspace/Sources/Constraint.swift:27:12: error: no such module 'AppKit'
 25 |     import UIKit
 26 | #else
 27 |     import AppKit
    |            `- error: no such module 'AppKit'
 28 | #endif
 29 |
[39/45] Compiling SnapKit LayoutConstraintItem.swift
/host/spi-builder-workspace/Sources/Constraint.swift:27:12: error: no such module 'AppKit'
 25 |     import UIKit
 26 | #else
 27 |     import AppKit
    |            `- error: no such module 'AppKit'
 28 | #endif
 29 |
[40/45] Compiling SnapKit Typealiases.swift
/host/spi-builder-workspace/Sources/Constraint.swift:27:12: error: no such module 'AppKit'
 25 |     import UIKit
 26 | #else
 27 |     import AppKit
    |            `- error: no such module 'AppKit'
 28 | #endif
 29 |
[41/45] Compiling SnapKit UILayoutSupport+Extensions.swift
/host/spi-builder-workspace/Sources/Constraint.swift:27:12: error: no such module 'AppKit'
 25 |     import UIKit
 26 | #else
 27 |     import AppKit
    |            `- error: no such module 'AppKit'
 28 | #endif
 29 |
[42/45] Compiling SnapKit resource_bundle_accessor.swift
/host/spi-builder-workspace/Sources/Constraint.swift:27:12: error: no such module 'AppKit'
 25 |     import UIKit
 26 | #else
 27 |     import AppKit
    |            `- error: no such module 'AppKit'
 28 | #endif
 29 |
Running build ...
bash -c docker run --pull=always --rm -v "checkouts-54344844-0":/host -w "$PWD" -e JAVA_HOME="/root/.sdkman/candidates/java/current" -e SPI_BUILD="1" -e SPI_PROCESSING="1" registry.gitlab.com/saguaro1/spi-images:basic-6.1-latest swift build --triple x86_64-unknown-linux-gnu 2>&1
basic-6.1-latest: Pulling from saguaro1/spi-images
Digest: sha256:0f094b998e61bb35b7a666f42e392cfb12929ea8fa9160622b1badd8b73d5c87
Status: Image is up to date for registry.gitlab.com/saguaro1/spi-images:basic-6.1-latest
warning: 'spi-builder-workspace': found 1 file(s) which are unhandled; explicitly declare them as resources or exclude from the target
    /host/spi-builder-workspace/Tests/SnapKitTests/Info.plist
[0/1] Planning build
Building for debugging...
[0/4] Write swift-version-24593BA9C3E375BF.txt
[2/39] Compiling SnapKit ConstraintDescription.swift
/host/spi-builder-workspace/Sources/Constraint.swift:27:12: error: no such module 'AppKit'
 25 |     import UIKit
 26 | #else
 27 |     import AppKit
    |            `- error: no such module 'AppKit'
 28 | #endif
 29 |
[3/39] Compiling SnapKit ConstraintDirectionalInsetTarget.swift
/host/spi-builder-workspace/Sources/Constraint.swift:27:12: error: no such module 'AppKit'
 25 |     import UIKit
 26 | #else
 27 |     import AppKit
    |            `- error: no such module 'AppKit'
 28 | #endif
 29 |
[4/39] Compiling SnapKit ConstraintDirectionalInsets.swift
/host/spi-builder-workspace/Sources/Constraint.swift:27:12: error: no such module 'AppKit'
 25 |     import UIKit
 26 | #else
 27 |     import AppKit
    |            `- error: no such module 'AppKit'
 28 | #endif
 29 |
[5/39] Compiling SnapKit ConstraintInsetTarget.swift
/host/spi-builder-workspace/Sources/Constraint.swift:27:12: error: no such module 'AppKit'
 25 |     import UIKit
 26 | #else
 27 |     import AppKit
    |            `- error: no such module 'AppKit'
 28 | #endif
 29 |
[6/39] Compiling SnapKit ConstraintInsets.swift
/host/spi-builder-workspace/Sources/Constraint.swift:27:12: error: no such module 'AppKit'
 25 |     import UIKit
 26 | #else
 27 |     import AppKit
    |            `- error: no such module 'AppKit'
 28 | #endif
 29 |
[7/43] Compiling SnapKit ConstraintItem.swift
/host/spi-builder-workspace/Sources/Constraint.swift:27:12: error: no such module 'AppKit'
 25 |     import UIKit
 26 | #else
 27 |     import AppKit
    |            `- error: no such module 'AppKit'
 28 | #endif
 29 |
[8/43] Compiling SnapKit ConstraintLayoutGuide+Extensions.swift
/host/spi-builder-workspace/Sources/Constraint.swift:27:12: error: no such module 'AppKit'
 25 |     import UIKit
 26 | #else
 27 |     import AppKit
    |            `- error: no such module 'AppKit'
 28 | #endif
 29 |
[9/43] Compiling SnapKit ConstraintLayoutGuide.swift
/host/spi-builder-workspace/Sources/Constraint.swift:27:12: error: no such module 'AppKit'
 25 |     import UIKit
 26 | #else
 27 |     import AppKit
    |            `- error: no such module 'AppKit'
 28 | #endif
 29 |
[10/43] Compiling SnapKit ConstraintLayoutGuideDSL.swift
/host/spi-builder-workspace/Sources/Constraint.swift:27:12: error: no such module 'AppKit'
 25 |     import UIKit
 26 | #else
 27 |     import AppKit
    |            `- error: no such module 'AppKit'
 28 | #endif
 29 |
[11/43] Compiling SnapKit ConstraintLayoutSupport.swift
/host/spi-builder-workspace/Sources/Constraint.swift:27:12: error: no such module 'AppKit'
 25 |     import UIKit
 26 | #else
 27 |     import AppKit
    |            `- error: no such module 'AppKit'
 28 | #endif
 29 |
[12/43] Compiling SnapKit ConstraintPriority.swift
/host/spi-builder-workspace/Sources/Constraint.swift:27:12: error: no such module 'AppKit'
 25 |     import UIKit
 26 | #else
 27 |     import AppKit
    |            `- error: no such module 'AppKit'
 28 | #endif
 29 |
[13/43] Compiling SnapKit ConstraintPriorityTarget.swift
/host/spi-builder-workspace/Sources/Constraint.swift:27:12: error: no such module 'AppKit'
 25 |     import UIKit
 26 | #else
 27 |     import AppKit
    |            `- error: no such module 'AppKit'
 28 | #endif
 29 |
[14/43] Compiling SnapKit ConstraintRelatableTarget.swift
/host/spi-builder-workspace/Sources/Constraint.swift:27:12: error: no such module 'AppKit'
 25 |     import UIKit
 26 | #else
 27 |     import AppKit
    |            `- error: no such module 'AppKit'
 28 | #endif
 29 |
[15/43] Compiling SnapKit ConstraintRelation.swift
/host/spi-builder-workspace/Sources/Constraint.swift:27:12: error: no such module 'AppKit'
 25 |     import UIKit
 26 | #else
 27 |     import AppKit
    |            `- error: no such module 'AppKit'
 28 | #endif
 29 |
[16/43] Compiling SnapKit ConstraintView+Extensions.swift
/host/spi-builder-workspace/Sources/Constraint.swift:27:12: error: no such module 'AppKit'
 25 |     import UIKit
 26 | #else
 27 |     import AppKit
    |            `- error: no such module 'AppKit'
 28 | #endif
 29 |
[17/43] Compiling SnapKit ConstraintMakerPrioritizable.swift
/host/spi-builder-workspace/Sources/Constraint.swift:27:12: error: no such module 'AppKit'
 25 |     import UIKit
 26 | #else
 27 |     import AppKit
    |            `- error: no such module 'AppKit'
 28 | #endif
 29 |
[18/43] Compiling SnapKit ConstraintMakerRelatable+Extensions.swift
/host/spi-builder-workspace/Sources/Constraint.swift:27:12: error: no such module 'AppKit'
 25 |     import UIKit
 26 | #else
 27 |     import AppKit
    |            `- error: no such module 'AppKit'
 28 | #endif
 29 |
[19/43] Compiling SnapKit ConstraintMakerRelatable.swift
/host/spi-builder-workspace/Sources/Constraint.swift:27:12: error: no such module 'AppKit'
 25 |     import UIKit
 26 | #else
 27 |     import AppKit
    |            `- error: no such module 'AppKit'
 28 | #endif
 29 |
[20/43] Compiling SnapKit ConstraintMultiplierTarget.swift
/host/spi-builder-workspace/Sources/Constraint.swift:27:12: error: no such module 'AppKit'
 25 |     import UIKit
 26 | #else
 27 |     import AppKit
    |            `- error: no such module 'AppKit'
 28 | #endif
 29 |
[21/43] Compiling SnapKit ConstraintOffsetTarget.swift
/host/spi-builder-workspace/Sources/Constraint.swift:27:12: error: no such module 'AppKit'
 25 |     import UIKit
 26 | #else
 27 |     import AppKit
    |            `- error: no such module 'AppKit'
 28 | #endif
 29 |
[22/43] Compiling SnapKit ConstraintLayoutSupportDSL.swift
/host/spi-builder-workspace/Sources/Constraint.swift:27:12: error: no such module 'AppKit'
 25 |     import UIKit
 26 | #else
 27 |     import AppKit
    |            `- error: no such module 'AppKit'
 28 | #endif
 29 |
[23/43] Compiling SnapKit ConstraintMaker.swift
/host/spi-builder-workspace/Sources/Constraint.swift:27:12: error: no such module 'AppKit'
 25 |     import UIKit
 26 | #else
 27 |     import AppKit
    |            `- error: no such module 'AppKit'
 28 | #endif
 29 |
[24/43] Compiling SnapKit ConstraintMakerEditable.swift
/host/spi-builder-workspace/Sources/Constraint.swift:27:12: error: no such module 'AppKit'
 25 |     import UIKit
 26 | #else
 27 |     import AppKit
    |            `- error: no such module 'AppKit'
 28 | #endif
 29 |
[25/43] Compiling SnapKit ConstraintMakerExtendable.swift
/host/spi-builder-workspace/Sources/Constraint.swift:27:12: error: no such module 'AppKit'
 25 |     import UIKit
 26 | #else
 27 |     import AppKit
    |            `- error: no such module 'AppKit'
 28 | #endif
 29 |
[26/43] Compiling SnapKit ConstraintMakerFinalizable.swift
/host/spi-builder-workspace/Sources/Constraint.swift:27:12: error: no such module 'AppKit'
 25 |     import UIKit
 26 | #else
 27 |     import AppKit
    |            `- error: no such module 'AppKit'
 28 | #endif
 29 |
error: emit-module command failed with exit code 1 (use -v to see invocation)
[27/43] Emitting module SnapKit
/host/spi-builder-workspace/Sources/Constraint.swift:27:12: error: no such module 'AppKit'
 25 |     import UIKit
 26 | #else
 27 |     import AppKit
    |            `- error: no such module 'AppKit'
 28 | #endif
 29 |
[28/43] Compiling SnapKit LayoutConstraintItem.swift
/host/spi-builder-workspace/Sources/Constraint.swift:27:12: error: no such module 'AppKit'
 25 |     import UIKit
 26 | #else
 27 |     import AppKit
    |            `- error: no such module 'AppKit'
 28 | #endif
 29 |
[29/43] Compiling SnapKit Typealiases.swift
/host/spi-builder-workspace/Sources/Constraint.swift:27:12: error: no such module 'AppKit'
 25 |     import UIKit
 26 | #else
 27 |     import AppKit
    |            `- error: no such module 'AppKit'
 28 | #endif
 29 |
[30/43] Compiling SnapKit UILayoutSupport+Extensions.swift
/host/spi-builder-workspace/Sources/Constraint.swift:27:12: error: no such module 'AppKit'
 25 |     import UIKit
 26 | #else
 27 |     import AppKit
    |            `- error: no such module 'AppKit'
 28 | #endif
 29 |
[31/43] Compiling SnapKit resource_bundle_accessor.swift
/host/spi-builder-workspace/Sources/Constraint.swift:27:12: error: no such module 'AppKit'
 25 |     import UIKit
 26 | #else
 27 |     import AppKit
    |            `- error: no such module 'AppKit'
 28 | #endif
 29 |
[32/43] Compiling SnapKit ConstraintView.swift
/host/spi-builder-workspace/Sources/Constraint.swift:27:12: error: no such module 'AppKit'
 25 |     import UIKit
 26 | #else
 27 |     import AppKit
    |            `- error: no such module 'AppKit'
 28 | #endif
 29 |
[33/43] Compiling SnapKit ConstraintViewDSL.swift
/host/spi-builder-workspace/Sources/Constraint.swift:27:12: error: no such module 'AppKit'
 25 |     import UIKit
 26 | #else
 27 |     import AppKit
    |            `- error: no such module 'AppKit'
 28 | #endif
 29 |
[34/43] Compiling SnapKit Debugging.swift
/host/spi-builder-workspace/Sources/Constraint.swift:27:12: error: no such module 'AppKit'
 25 |     import UIKit
 26 | #else
 27 |     import AppKit
    |            `- error: no such module 'AppKit'
 28 | #endif
 29 |
[35/43] Compiling SnapKit LayoutConstraint.swift
/host/spi-builder-workspace/Sources/Constraint.swift:27:12: error: no such module 'AppKit'
 25 |     import UIKit
 26 | #else
 27 |     import AppKit
    |            `- error: no such module 'AppKit'
 28 | #endif
 29 |
[36/43] Compiling SnapKit Constraint.swift
/host/spi-builder-workspace/Sources/Constraint.swift:27:12: error: no such module 'AppKit'
 25 |     import UIKit
 26 | #else
 27 |     import AppKit
    |            `- error: no such module 'AppKit'
 28 | #endif
 29 |
[37/43] Compiling SnapKit ConstraintAttributes.swift
/host/spi-builder-workspace/Sources/Constraint.swift:27:12: error: no such module 'AppKit'
 25 |     import UIKit
 26 | #else
 27 |     import AppKit
    |            `- error: no such module 'AppKit'
 28 | #endif
 29 |
[38/43] Compiling SnapKit ConstraintConfig.swift
/host/spi-builder-workspace/Sources/Constraint.swift:27:12: error: no such module 'AppKit'
 25 |     import UIKit
 26 | #else
 27 |     import AppKit
    |            `- error: no such module 'AppKit'
 28 | #endif
 29 |
[39/43] Compiling SnapKit ConstraintConstantTarget.swift
/host/spi-builder-workspace/Sources/Constraint.swift:27:12: error: no such module 'AppKit'
 25 |     import UIKit
 26 | #else
 27 |     import AppKit
    |            `- error: no such module 'AppKit'
 28 | #endif
 29 |
[40/43] Compiling SnapKit ConstraintDSL.swift
/host/spi-builder-workspace/Sources/Constraint.swift:27:12: error: no such module 'AppKit'
 25 |     import UIKit
 26 | #else
 27 |     import AppKit
    |            `- error: no such module 'AppKit'
 28 | #endif
 29 |
BUILD FAILURE 6.1 linux