The Swift Package Index logo.Swift Package Index

Track the adoption of Swift 6 strict concurrency checks for data race safety. How many packages are Ready for Swift 6?

Build Information

Failed to build swift-package-collection-generator with Swift 5.9 for macOS (Xcode) using Xcode 15.2 at main (a8beb0) on 27 Jun 2024 16:55:59 UTC.

Build Command

env DEVELOPER_DIR=/Applications/Xcode-15.2.0.app xcrun xcodebuild -IDEClonedSourcePackagesDirPathOverride=$workDir/.dependencies -skipMacroValidation -skipPackagePluginValidation -derivedDataPath $workDir/.derivedData build -scheme swift-package-collection-generator-Package -destination platform=macOS,arch=arm64

Build Log

WriteAuxiliaryFile /Users/builder/builds/TDmZkXJm/1/finestructure/swiftpackageindex-builder/spi-builder-workspace/.derivedData/Build/Intermediates.noindex/swift-package-collection-generator.build/Debug/UtilitiesTests.build/empty-UtilitiesTests.plist (in target 'UtilitiesTests' from project 'swift-package-collection-generator')
    cd /Users/builder/builds/TDmZkXJm/1/finestructure/swiftpackageindex-builder/spi-builder-workspace
    write-file /Users/builder/builds/TDmZkXJm/1/finestructure/swiftpackageindex-builder/spi-builder-workspace/.derivedData/Build/Intermediates.noindex/swift-package-collection-generator.build/Debug/UtilitiesTests.build/empty-UtilitiesTests.plist
WriteAuxiliaryFile /Users/builder/builds/TDmZkXJm/1/finestructure/swiftpackageindex-builder/spi-builder-workspace/.derivedData/Build/Intermediates.noindex/swift-package-collection-generator.build/Debug/PackageCollectionDiffTests.build/Objects-normal/arm64/PackageCollectionDiffTests_const_extract_protocols.json (in target 'PackageCollectionDiffTests' from project 'swift-package-collection-generator')
    cd /Users/builder/builds/TDmZkXJm/1/finestructure/swiftpackageindex-builder/spi-builder-workspace
    write-file /Users/builder/builds/TDmZkXJm/1/finestructure/swiftpackageindex-builder/spi-builder-workspace/.derivedData/Build/Intermediates.noindex/swift-package-collection-generator.build/Debug/PackageCollectionDiffTests.build/Objects-normal/arm64/PackageCollectionDiffTests_const_extract_protocols.json
WriteAuxiliaryFile /Users/builder/builds/TDmZkXJm/1/finestructure/swiftpackageindex-builder/spi-builder-workspace/.derivedData/Build/Intermediates.noindex/swift-package-collection-generator.build/Debug/PackageCollectionDiffTests.build/Objects-normal/arm64/PackageCollectionDiffTests.SwiftFileList (in target 'PackageCollectionDiffTests' from project 'swift-package-collection-generator')
    cd /Users/builder/builds/TDmZkXJm/1/finestructure/swiftpackageindex-builder/spi-builder-workspace
    write-file /Users/builder/builds/TDmZkXJm/1/finestructure/swiftpackageindex-builder/spi-builder-workspace/.derivedData/Build/Intermediates.noindex/swift-package-collection-generator.build/Debug/PackageCollectionDiffTests.build/Objects-normal/arm64/PackageCollectionDiffTests.SwiftFileList
WriteAuxiliaryFile /Users/builder/builds/TDmZkXJm/1/finestructure/swiftpackageindex-builder/spi-builder-workspace/.derivedData/Build/Intermediates.noindex/swift-package-collection-generator.build/Debug/PackageCollectionDiffTests.build/Objects-normal/arm64/PackageCollectionDiffTests-OutputFileMap.json (in target 'PackageCollectionDiffTests' from project 'swift-package-collection-generator')
    cd /Users/builder/builds/TDmZkXJm/1/finestructure/swiftpackageindex-builder/spi-builder-workspace
    write-file /Users/builder/builds/TDmZkXJm/1/finestructure/swiftpackageindex-builder/spi-builder-workspace/.derivedData/Build/Intermediates.noindex/swift-package-collection-generator.build/Debug/PackageCollectionDiffTests.build/Objects-normal/arm64/PackageCollectionDiffTests-OutputFileMap.json
SwiftDriver PackageCollectionValidatorTests normal arm64 com.apple.xcode.tools.swift.compiler (in target 'PackageCollectionValidatorTests' from project 'swift-package-collection-generator')
    cd /Users/builder/builds/TDmZkXJm/1/finestructure/swiftpackageindex-builder/spi-builder-workspace
    builtin-SwiftDriver -- /Applications/Xcode-15.2.0.app/Contents/Developer/Toolchains/XcodeDefault.xctoolchain/usr/bin/swiftc -module-name PackageCollectionValidatorTests -Onone -enforce-exclusivity\=checked @/Users/builder/builds/TDmZkXJm/1/finestructure/swiftpackageindex-builder/spi-builder-workspace/.derivedData/Build/Intermediates.noindex/swift-package-collection-generator.build/Debug/PackageCollectionValidatorTests.build/Objects-normal/arm64/PackageCollectionValidatorTests.SwiftFileList -DSWIFT_PACKAGE -DDEBUG -Xcc -fmodule-map-file\=/Users/builder/builds/TDmZkXJm/1/finestructure/swiftpackageindex-builder/spi-builder-workspace/.dependencies/checkouts/swift-package-manager/Sources/SPMSQLite3/module.modulemap -Xcc -fmodule-map-file\=/Users/builder/builds/TDmZkXJm/1/finestructure/swiftpackageindex-builder/spi-builder-workspace/.derivedData/Build/Intermediates.noindex/GeneratedModuleMaps/CBacktrace.modulemap -DXcode -sdk /Applications/Xcode-15.2.0.app/Contents/Developer/Platforms/MacOSX.platform/Developer/SDKs/MacOSX14.2.sdk -target arm64-apple-macos13.0 -g -module-cache-path /Users/builder/builds/TDmZkXJm/1/finestructure/swiftpackageindex-builder/spi-builder-workspace/.derivedData/ModuleCache.noindex -Xfrontend -serialize-debugging-options -profile-coverage-mapping -profile-generate -enable-testing -index-store-path /Users/builder/builds/TDmZkXJm/1/finestructure/swiftpackageindex-builder/spi-builder-workspace/.derivedData/Index.noindex/DataStore -swift-version 5 -I /Users/builder/builds/TDmZkXJm/1/finestructure/swiftpackageindex-builder/spi-builder-workspace/.derivedData/Build/Products/Debug -I /Applications/Xcode-15.2.0.app/Contents/Developer/Platforms/MacOSX.platform/Developer/usr/lib -F /Users/builder/builds/TDmZkXJm/1/finestructure/swiftpackageindex-builder/spi-builder-workspace/.derivedData/Build/Products/Debug/PackageFrameworks -F /Users/builder/builds/TDmZkXJm/1/finestructure/swiftpackageindex-builder/spi-builder-workspace/.derivedData/Build/Products/Debug/PackageFrameworks -F /Users/builder/builds/TDmZkXJm/1/finestructure/swiftpackageindex-builder/spi-builder-workspace/.derivedData/Build/Products/Debug/PackageFrameworks -F /Users/builder/builds/TDmZkXJm/1/finestructure/swiftpackageindex-builder/spi-builder-workspace/.derivedData/Build/Products/Debug/PackageFrameworks -F /Users/builder/builds/TDmZkXJm/1/finestructure/swiftpackageindex-builder/spi-builder-workspace/.derivedData/Build/Products/Debug/PackageFrameworks -F /Users/builder/builds/TDmZkXJm/1/finestructure/swiftpackageindex-builder/spi-builder-workspace/.derivedData/Build/Products/Debug/PackageFrameworks -F /Users/builder/builds/TDmZkXJm/1/finestructure/swiftpackageindex-builder/spi-builder-workspace/.derivedData/Build/Products/Debug/PackageFrameworks -F /Users/builder/builds/TDmZkXJm/1/finestructure/swiftpackageindex-builder/spi-builder-workspace/.derivedData/Build/Products/Debug/PackageFrameworks -F /Users/builder/builds/TDmZkXJm/1/finestructure/swiftpackageindex-builder/spi-builder-workspace/.derivedData/Build/Products/Debug/PackageFrameworks -F /Users/builder/builds/TDmZkXJm/1/finestructure/swiftpackageindex-builder/spi-builder-workspace/.derivedData/Build/Products/Debug/PackageFrameworks -F /Users/builder/builds/TDmZkXJm/1/finestructure/swiftpackageindex-builder/spi-builder-workspace/.derivedData/Build/Products/Debug/PackageFrameworks -F /Users/builder/builds/TDmZkXJm/1/finestructure/swiftpackageindex-builder/spi-builder-workspace/.derivedData/Build/Products/Debug/PackageFrameworks -F /Users/builder/builds/TDmZkXJm/1/finestructure/swiftpackageindex-builder/spi-builder-workspace/.derivedData/Build/Products/Debug/PackageFrameworks -F /Users/builder/builds/TDmZkXJm/1/finestructure/swiftpackageindex-builder/spi-builder-workspace/.derivedData/Build/Products/Debug/PackageFrameworks -F /Users/builder/builds/TDmZkXJm/1/finestructure/swiftpackageindex-builder/spi-builder-workspace/.derivedData/Build/Products/Debug/PackageFrameworks -F /Users/builder/builds/TDmZkXJm/1/finestructure/swiftpackageindex-builder/spi-builder-workspace/.derivedData/Build/Products/Debug/PackageFrameworks -F /Users/builder/builds/TDmZkXJm/1/finestructure/swiftpackageindex-builder/spi-builder-workspace/.derivedData/Build/Products/Debug/PackageFrameworks -F /Users/builder/builds/TDmZkXJm/1/finestructure/swiftpackageindex-builder/spi-builder-workspace/.derivedData/Build/Products/Debug/PackageFrameworks -F /Users/builder/builds/TDmZkXJm/1/finestructure/swiftpackageindex-builder/spi-builder-workspace/.derivedData/Build/Products/Debug/PackageFrameworks -F /Users/builder/builds/TDmZkXJm/1/finestructure/swiftpackageindex-builder/spi-builder-workspace/.derivedData/Build/Products/Debug/PackageFrameworks -F /Users/builder/builds/TDmZkXJm/1/finestructure/swiftpackageindex-builder/spi-builder-workspace/.derivedData/Build/Products/Debug/PackageFrameworks -F /Users/builder/builds/TDmZkXJm/1/finestructure/swiftpackageindex-builder/spi-builder-workspace/.derivedData/Build/Products/Debug/PackageFrameworks -F /Users/builder/builds/TDmZkXJm/1/finestructure/swiftpackageindex-builder/spi-builder-workspace/.derivedData/Build/Products/Debug/PackageFrameworks -F /Users/builder/builds/TDmZkXJm/1/finestructure/swiftpackageindex-builder/spi-builder-workspace/.derivedData/Build/Products/Debug/PackageFrameworks -F /Users/builder/builds/TDmZkXJm/1/finestructure/swiftpackageindex-builder/spi-builder-workspace/.derivedData/Build/Products/Debug/PackageFrameworks -F /Users/builder/builds/TDmZkXJm/1/finestructure/swiftpackageindex-builder/spi-builder-workspace/.derivedData/Build/Products/Debug/PackageFrameworks -F /Users/builder/builds/TDmZkXJm/1/finestructure/swiftpackageindex-builder/spi-builder-workspace/.derivedData/Build/Products/Debug/PackageFrameworks -F /Users/builder/builds/TDmZkXJm/1/finestructure/swiftpackageindex-builder/spi-builder-workspace/.derivedData/Build/Products/Debug/PackageFrameworks -F /Users/builder/builds/TDmZkXJm/1/finestructure/swiftpackageindex-builder/spi-builder-workspace/.derivedData/Build/Products/Debug/PackageFrameworks -F /Users/builder/builds/TDmZkXJm/1/finestructure/swiftpackageindex-builder/spi-builder-workspace/.derivedData/Build/Products/Debug/PackageFrameworks -F /Users/builder/builds/TDmZkXJm/1/finestructure/swiftpackageindex-builder/spi-builder-workspace/.derivedData/Build/Products/Debug -F /Applications/Xcode-15.2.0.app/Contents/Developer/Platforms/MacOSX.platform/Developer/Library/Frameworks -parse-as-library -c -j8 -enable-batch-mode -incremental -Xcc -ivfsstatcache -Xcc /Users/builder/builds/TDmZkXJm/1/finestructure/swiftpackageindex-builder/spi-builder-workspace/.derivedData/SDKStatCaches.noindex/macosx14.2-23C53-ddea79c7890ab41bba4a63928c655a96.sdkstatcache -output-file-map /Users/builder/builds/TDmZkXJm/1/finestructure/swiftpackageindex-builder/spi-builder-workspace/.derivedData/Build/Intermediates.noindex/swift-package-collection-generator.build/Debug/PackageCollectionValidatorTests.build/Objects-normal/arm64/PackageCollectionValidatorTests-OutputFileMap.json -use-frontend-parseable-output -save-temps -no-color-diagnostics -serialize-diagnostics -emit-dependencies -emit-module -emit-module-path /Users/builder/builds/TDmZkXJm/1/finestructure/swiftpackageindex-builder/spi-builder-workspace/.derivedData/Build/Intermediates.noindex/swift-package-collection-generator.build/Debug/PackageCollectionValidatorTests.build/Objects-normal/arm64/PackageCollectionValidatorTests.swiftmodule -validate-clang-modules-once -clang-build-session-file /Users/builder/builds/TDmZkXJm/1/finestructure/swiftpackageindex-builder/spi-builder-workspace/.derivedData/ModuleCache.noindex/Session.modulevalidation -emit-const-values -Xfrontend -const-gather-protocols-file -Xfrontend /Users/builder/builds/TDmZkXJm/1/finestructure/swiftpackageindex-builder/spi-builder-workspace/.derivedData/Build/Intermediates.noindex/swift-package-collection-generator.build/Debug/PackageCollectionValidatorTests.build/Objects-normal/arm64/PackageCollectionValidatorTests_const_extract_protocols.json -Xcc -I/Users/builder/builds/TDmZkXJm/1/finestructure/swiftpackageindex-builder/spi-builder-workspace/.dependencies/checkouts/swift-tools-support-core/Sources/TSCclibc/include -Xcc -I/Users/builder/builds/TDmZkXJm/1/finestructure/swiftpackageindex-builder/spi-builder-workspace/.dependencies/checkouts/swift-system/Sources/CSystem/include -Xcc -I/Users/builder/builds/TDmZkXJm/1/finestructure/swiftpackageindex-builder/spi-builder-workspace/.dependencies/checkouts/swift-crypto/Sources/CCryptoBoringSSLShims/include -Xcc -I/Users/builder/builds/TDmZkXJm/1/finestructure/swiftpackageindex-builder/spi-builder-workspace/.dependencies/checkouts/swift-crypto/Sources/CCryptoBoringSSL/include -Xcc -I/Users/builder/builds/TDmZkXJm/1/finestructure/swiftpackageindex-builder/spi-builder-workspace/.dependencies/checkouts/swift-backtrace/Sources/CBacktrace/include -Xcc -I/Users/builder/builds/TDmZkXJm/1/finestructure/swiftpackageindex-builder/spi-builder-workspace/.derivedData/Build/Products/Debug/include -Xcc -I/Users/builder/builds/TDmZkXJm/1/finestructure/swiftpackageindex-builder/spi-builder-workspace/.derivedData/Build/Intermediates.noindex/swift-package-collection-generator.build/Debug/PackageCollectionValidatorTests.build/DerivedSources-normal/arm64 -Xcc -I/Users/builder/builds/TDmZkXJm/1/finestructure/swiftpackageindex-builder/spi-builder-workspace/.derivedData/Build/Intermediates.noindex/swift-package-collection-generator.build/Debug/PackageCollectionValidatorTests.build/DerivedSources/arm64 -Xcc -I/Users/builder/builds/TDmZkXJm/1/finestructure/swiftpackageindex-builder/spi-builder-workspace/.derivedData/Build/Intermediates.noindex/swift-package-collection-generator.build/Debug/PackageCollectionValidatorTests.build/DerivedSources -Xcc -DSWIFT_PACKAGE -Xcc -DDEBUG\=1 -working-directory /Users/builder/builds/TDmZkXJm/1/finestructure/swiftpackageindex-builder/spi-builder-workspace -experimental-emit-module-separately -disable-cmo
SwiftDriver TestUtilities normal arm64 com.apple.xcode.tools.swift.compiler (in target 'TestUtilities' from project 'swift-package-collection-generator')
    cd /Users/builder/builds/TDmZkXJm/1/finestructure/swiftpackageindex-builder/spi-builder-workspace
    builtin-SwiftDriver -- /Applications/Xcode-15.2.0.app/Contents/Developer/Toolchains/XcodeDefault.xctoolchain/usr/bin/swiftc -module-name TestUtilities -Onone -enforce-exclusivity\=checked @/Users/builder/builds/TDmZkXJm/1/finestructure/swiftpackageindex-builder/spi-builder-workspace/.derivedData/Build/Intermediates.noindex/swift-package-collection-generator.build/Debug/TestUtilities.build/Objects-normal/arm64/TestUtilities.SwiftFileList -DSWIFT_PACKAGE -DDEBUG -Xcc -fmodule-map-file\=/Users/builder/builds/TDmZkXJm/1/finestructure/swiftpackageindex-builder/spi-builder-workspace/.dependencies/checkouts/swift-package-manager/Sources/SPMSQLite3/module.modulemap -DXcode -sdk /Applications/Xcode-15.2.0.app/Contents/Developer/Platforms/MacOSX.platform/Developer/SDKs/MacOSX14.2.sdk -target arm64-apple-macos13.0 -g -module-cache-path /Users/builder/builds/TDmZkXJm/1/finestructure/swiftpackageindex-builder/spi-builder-workspace/.derivedData/ModuleCache.noindex -Xfrontend -serialize-debugging-options -profile-coverage-mapping -profile-generate -enable-testing -index-store-path /Users/builder/builds/TDmZkXJm/1/finestructure/swiftpackageindex-builder/spi-builder-workspace/.derivedData/Index.noindex/DataStore -swift-version 5 -I /Users/builder/builds/TDmZkXJm/1/finestructure/swiftpackageindex-builder/spi-builder-workspace/.derivedData/Build/Products/Debug -I /Applications/Xcode-15.2.0.app/Contents/Developer/Platforms/MacOSX.platform/Developer/usr/lib -F /Users/builder/builds/TDmZkXJm/1/finestructure/swiftpackageindex-builder/spi-builder-workspace/.derivedData/Build/Products/Debug/PackageFrameworks -F /Users/builder/builds/TDmZkXJm/1/finestructure/swiftpackageindex-builder/spi-builder-workspace/.derivedData/Build/Products/Debug/PackageFrameworks -F /Users/builder/builds/TDmZkXJm/1/finestructure/swiftpackageindex-builder/spi-builder-workspace/.derivedData/Build/Products/Debug/PackageFrameworks -F /Users/builder/builds/TDmZkXJm/1/finestructure/swiftpackageindex-builder/spi-builder-workspace/.derivedData/Build/Products/Debug/PackageFrameworks -F /Users/builder/builds/TDmZkXJm/1/finestructure/swiftpackageindex-builder/spi-builder-workspace/.derivedData/Build/Products/Debug/PackageFrameworks -F /Users/builder/builds/TDmZkXJm/1/finestructure/swiftpackageindex-builder/spi-builder-workspace/.derivedData/Build/Products/Debug/PackageFrameworks -F /Users/builder/builds/TDmZkXJm/1/finestructure/swiftpackageindex-builder/spi-builder-workspace/.derivedData/Build/Products/Debug/PackageFrameworks -F /Users/builder/builds/TDmZkXJm/1/finestructure/swiftpackageindex-builder/spi-builder-workspace/.derivedData/Build/Products/Debug/PackageFrameworks -F /Users/builder/builds/TDmZkXJm/1/finestructure/swiftpackageindex-builder/spi-builder-workspace/.derivedData/Build/Products/Debug/PackageFrameworks -F /Users/builder/builds/TDmZkXJm/1/finestructure/swiftpackageindex-builder/spi-builder-workspace/.derivedData/Build/Products/Debug/PackageFrameworks -F /Users/builder/builds/TDmZkXJm/1/finestructure/swiftpackageindex-builder/spi-builder-workspace/.derivedData/Build/Products/Debug/PackageFrameworks -F /Users/builder/builds/TDmZkXJm/1/finestructure/swiftpackageindex-builder/spi-builder-workspace/.derivedData/Build/Products/Debug/PackageFrameworks -F /Users/builder/builds/TDmZkXJm/1/finestructure/swiftpackageindex-builder/spi-builder-workspace/.derivedData/Build/Products/Debug/PackageFrameworks -F /Users/builder/builds/TDmZkXJm/1/finestructure/swiftpackageindex-builder/spi-builder-workspace/.derivedData/Build/Products/Debug/PackageFrameworks -F /Users/builder/builds/TDmZkXJm/1/finestructure/swiftpackageindex-builder/spi-builder-workspace/.derivedData/Build/Products/Debug/PackageFrameworks -F /Users/builder/builds/TDmZkXJm/1/finestructure/swiftpackageindex-builder/spi-builder-workspace/.derivedData/Build/Products/Debug/PackageFrameworks -F /Users/builder/builds/TDmZkXJm/1/finestructure/swiftpackageindex-builder/spi-builder-workspace/.derivedData/Build/Products/Debug/PackageFrameworks -F /Users/builder/builds/TDmZkXJm/1/finestructure/swiftpackageindex-builder/spi-builder-workspace/.derivedData/Build/Products/Debug/PackageFrameworks -F /Users/builder/builds/TDmZkXJm/1/finestructure/swiftpackageindex-builder/spi-builder-workspace/.derivedData/Build/Products/Debug/PackageFrameworks -F /Users/builder/builds/TDmZkXJm/1/finestructure/swiftpackageindex-builder/spi-builder-workspace/.derivedData/Build/Products/Debug/PackageFrameworks -F /Users/builder/builds/TDmZkXJm/1/finestructure/swiftpackageindex-builder/spi-builder-workspace/.derivedData/Build/Products/Debug/PackageFrameworks -F /Users/builder/builds/TDmZkXJm/1/finestructure/swiftpackageindex-builder/spi-builder-workspace/.derivedData/Build/Products/Debug/PackageFrameworks -F /Users/builder/builds/TDmZkXJm/1/finestructure/swiftpackageindex-builder/spi-builder-workspace/.derivedData/Build/Products/Debug/PackageFrameworks -F /Users/builder/builds/TDmZkXJm/1/finestructure/swiftpackageindex-builder/spi-builder-workspace/.derivedData/Build/Products/Debug/PackageFrameworks -F /Users/builder/builds/TDmZkXJm/1/finestructure/swiftpackageindex-builder/spi-builder-workspace/.derivedData/Build/Products/Debug/PackageFrameworks -F /Users/builder/builds/TDmZkXJm/1/finestructure/swiftpackageindex-builder/spi-builder-workspace/.derivedData/Build/Products/Debug -F /Applications/Xcode-15.2.0.app/Contents/Developer/Platforms/MacOSX.platform/Developer/Library/Frameworks -parse-as-library -c -j8 -enable-batch-mode -incremental -Xcc -ivfsstatcache -Xcc /Users/builder/builds/TDmZkXJm/1/finestructure/swiftpackageindex-builder/spi-builder-workspace/.derivedData/SDKStatCaches.noindex/macosx14.2-23C53-ddea79c7890ab41bba4a63928c655a96.sdkstatcache -output-file-map /Users/builder/builds/TDmZkXJm/1/finestructure/swiftpackageindex-builder/spi-builder-workspace/.derivedData/Build/Intermediates.noindex/swift-package-collection-generator.build/Debug/TestUtilities.build/Objects-normal/arm64/TestUtilities-OutputFileMap.json -use-frontend-parseable-output -save-temps -no-color-diagnostics -serialize-diagnostics -emit-dependencies -emit-module -emit-module-path /Users/builder/builds/TDmZkXJm/1/finestructure/swiftpackageindex-builder/spi-builder-workspace/.derivedData/Build/Intermediates.noindex/swift-package-collection-generator.build/Debug/TestUtilities.build/Objects-normal/arm64/TestUtilities.swiftmodule -validate-clang-modules-once -clang-build-session-file /Users/builder/builds/TDmZkXJm/1/finestructure/swiftpackageindex-builder/spi-builder-workspace/.derivedData/ModuleCache.noindex/Session.modulevalidation -Xcc -I/Users/builder/builds/TDmZkXJm/1/finestructure/swiftpackageindex-builder/spi-builder-workspace/.derivedData/Build/Intermediates.noindex/swift-package-collection-generator.build/Debug/TestUtilities.build/swift-overrides.hmap -emit-const-values -Xfrontend -const-gather-protocols-file -Xfrontend /Users/builder/builds/TDmZkXJm/1/finestructure/swiftpackageindex-builder/spi-builder-workspace/.derivedData/Build/Intermediates.noindex/swift-package-collection-generator.build/Debug/TestUtilities.build/Objects-normal/arm64/TestUtilities_const_extract_protocols.json -Xcc -I/Users/builder/builds/TDmZkXJm/1/finestructure/swiftpackageindex-builder/spi-builder-workspace/.dependencies/checkouts/swift-tools-support-core/Sources/TSCclibc/include -Xcc -I/Users/builder/builds/TDmZkXJm/1/finestructure/swiftpackageindex-builder/spi-builder-workspace/.dependencies/checkouts/swift-system/Sources/CSystem/include -Xcc -I/Users/builder/builds/TDmZkXJm/1/finestructure/swiftpackageindex-builder/spi-builder-workspace/.dependencies/checkouts/swift-crypto/Sources/CCryptoBoringSSLShims/include -Xcc -I/Users/builder/builds/TDmZkXJm/1/finestructure/swiftpackageindex-builder/spi-builder-workspace/.dependencies/checkouts/swift-crypto/Sources/CCryptoBoringSSL/include -Xcc -I/Users/builder/builds/TDmZkXJm/1/finestructure/swiftpackageindex-builder/spi-builder-workspace/.derivedData/Build/Products/Debug/include -Xcc -I/Users/builder/builds/TDmZkXJm/1/finestructure/swiftpackageindex-builder/spi-builder-workspace/.derivedData/Build/Intermediates.noindex/swift-package-collection-generator.build/Debug/TestUtilities.build/DerivedSources-normal/arm64 -Xcc -I/Users/builder/builds/TDmZkXJm/1/finestructure/swiftpackageindex-builder/spi-builder-workspace/.derivedData/Build/Intermediates.noindex/swift-package-collection-generator.build/Debug/TestUtilities.build/DerivedSources/arm64 -Xcc -I/Users/builder/builds/TDmZkXJm/1/finestructure/swiftpackageindex-builder/spi-builder-workspace/.derivedData/Build/Intermediates.noindex/swift-package-collection-generator.build/Debug/TestUtilities.build/DerivedSources -Xcc -DSWIFT_PACKAGE -Xcc -DDEBUG\=1 -emit-objc-header -emit-objc-header-path /Users/builder/builds/TDmZkXJm/1/finestructure/swiftpackageindex-builder/spi-builder-workspace/.derivedData/Build/Intermediates.noindex/swift-package-collection-generator.build/Debug/TestUtilities.build/Objects-normal/arm64/TestUtilities-Swift.h -working-directory /Users/builder/builds/TDmZkXJm/1/finestructure/swiftpackageindex-builder/spi-builder-workspace -experimental-emit-module-separately -disable-cmo
SwiftDriver PackageCollectionSignerTests normal arm64 com.apple.xcode.tools.swift.compiler (in target 'PackageCollectionSignerTests' from project 'swift-package-collection-generator')
    cd /Users/builder/builds/TDmZkXJm/1/finestructure/swiftpackageindex-builder/spi-builder-workspace
    builtin-SwiftDriver -- /Applications/Xcode-15.2.0.app/Contents/Developer/Toolchains/XcodeDefault.xctoolchain/usr/bin/swiftc -module-name PackageCollectionSignerTests -Onone -enforce-exclusivity\=checked @/Users/builder/builds/TDmZkXJm/1/finestructure/swiftpackageindex-builder/spi-builder-workspace/.derivedData/Build/Intermediates.noindex/swift-package-collection-generator.build/Debug/PackageCollectionSignerTests.build/Objects-normal/arm64/PackageCollectionSignerTests.SwiftFileList -DSWIFT_PACKAGE -DDEBUG -Xcc -fmodule-map-file\=/Users/builder/builds/TDmZkXJm/1/finestructure/swiftpackageindex-builder/spi-builder-workspace/.dependencies/checkouts/swift-package-manager/Sources/SPMSQLite3/module.modulemap -Xcc -fmodule-map-file\=/Users/builder/builds/TDmZkXJm/1/finestructure/swiftpackageindex-builder/spi-builder-workspace/.derivedData/Build/Intermediates.noindex/GeneratedModuleMaps/CBacktrace.modulemap -DXcode -sdk /Applications/Xcode-15.2.0.app/Contents/Developer/Platforms/MacOSX.platform/Developer/SDKs/MacOSX14.2.sdk -target arm64-apple-macos13.0 -g -module-cache-path /Users/builder/builds/TDmZkXJm/1/finestructure/swiftpackageindex-builder/spi-builder-workspace/.derivedData/ModuleCache.noindex -Xfrontend -serialize-debugging-options -profile-coverage-mapping -profile-generate -enable-testing -index-store-path /Users/builder/builds/TDmZkXJm/1/finestructure/swiftpackageindex-builder/spi-builder-workspace/.derivedData/Index.noindex/DataStore -swift-version 5 -I /Users/builder/builds/TDmZkXJm/1/finestructure/swiftpackageindex-builder/spi-builder-workspace/.derivedData/Build/Products/Debug -I /Applications/Xcode-15.2.0.app/Contents/Developer/Platforms/MacOSX.platform/Developer/usr/lib -F /Users/builder/builds/TDmZkXJm/1/finestructure/swiftpackageindex-builder/spi-builder-workspace/.derivedData/Build/Products/Debug/PackageFrameworks -F /Users/builder/builds/TDmZkXJm/1/finestructure/swiftpackageindex-builder/spi-builder-workspace/.derivedData/Build/Products/Debug/PackageFrameworks -F /Users/builder/builds/TDmZkXJm/1/finestructure/swiftpackageindex-builder/spi-builder-workspace/.derivedData/Build/Products/Debug/PackageFrameworks -F /Users/builder/builds/TDmZkXJm/1/finestructure/swiftpackageindex-builder/spi-builder-workspace/.derivedData/Build/Products/Debug/PackageFrameworks -F /Users/builder/builds/TDmZkXJm/1/finestructure/swiftpackageindex-builder/spi-builder-workspace/.derivedData/Build/Products/Debug/PackageFrameworks -F /Users/builder/builds/TDmZkXJm/1/finestructure/swiftpackageindex-builder/spi-builder-workspace/.derivedData/Build/Products/Debug/PackageFrameworks -F /Users/builder/builds/TDmZkXJm/1/finestructure/swiftpackageindex-builder/spi-builder-workspace/.derivedData/Build/Products/Debug/PackageFrameworks -F /Users/builder/builds/TDmZkXJm/1/finestructure/swiftpackageindex-builder/spi-builder-workspace/.derivedData/Build/Products/Debug/PackageFrameworks -F /Users/builder/builds/TDmZkXJm/1/finestructure/swiftpackageindex-builder/spi-builder-workspace/.derivedData/Build/Products/Debug/PackageFrameworks -F /Users/builder/builds/TDmZkXJm/1/finestructure/swiftpackageindex-builder/spi-builder-workspace/.derivedData/Build/Products/Debug/PackageFrameworks -F /Users/builder/builds/TDmZkXJm/1/finestructure/swiftpackageindex-builder/spi-builder-workspace/.derivedData/Build/Products/Debug/PackageFrameworks -F /Users/builder/builds/TDmZkXJm/1/finestructure/swiftpackageindex-builder/spi-builder-workspace/.derivedData/Build/Products/Debug/PackageFrameworks -F /Users/builder/builds/TDmZkXJm/1/finestructure/swiftpackageindex-builder/spi-builder-workspace/.derivedData/Build/Products/Debug/PackageFrameworks -F /Users/builder/builds/TDmZkXJm/1/finestructure/swiftpackageindex-builder/spi-builder-workspace/.derivedData/Build/Products/Debug/PackageFrameworks -F /Users/builder/builds/TDmZkXJm/1/finestructure/swiftpackageindex-builder/spi-builder-workspace/.derivedData/Build/Products/Debug/PackageFrameworks -F /Users/builder/builds/TDmZkXJm/1/finestructure/swiftpackageindex-builder/spi-builder-workspace/.derivedData/Build/Products/Debug/PackageFrameworks -F /Users/builder/builds/TDmZkXJm/1/finestructure/swiftpackageindex-builder/spi-builder-workspace/.derivedData/Build/Products/Debug/PackageFrameworks -F /Users/builder/builds/TDmZkXJm/1/finestructure/swiftpackageindex-builder/spi-builder-workspace/.derivedData/Build/Products/Debug/PackageFrameworks -F /Users/builder/builds/TDmZkXJm/1/finestructure/swiftpackageindex-builder/spi-builder-workspace/.derivedData/Build/Products/Debug/PackageFrameworks -F /Users/builder/builds/TDmZkXJm/1/finestructure/swiftpackageindex-builder/spi-builder-workspace/.derivedData/Build/Products/Debug/PackageFrameworks -F /Users/builder/builds/TDmZkXJm/1/finestructure/swiftpackageindex-builder/spi-builder-workspace/.derivedData/Build/Products/Debug/PackageFrameworks -F /Users/builder/builds/TDmZkXJm/1/finestructure/swiftpackageindex-builder/spi-builder-workspace/.derivedData/Build/Products/Debug/PackageFrameworks -F /Users/builder/builds/TDmZkXJm/1/finestructure/swiftpackageindex-builder/spi-builder-workspace/.derivedData/Build/Products/Debug/PackageFrameworks -F /Users/builder/builds/TDmZkXJm/1/finestructure/swiftpackageindex-builder/spi-builder-workspace/.derivedData/Build/Products/Debug/PackageFrameworks -F /Users/builder/builds/TDmZkXJm/1/finestructure/swiftpackageindex-builder/spi-builder-workspace/.derivedData/Build/Products/Debug/PackageFrameworks -F /Users/builder/builds/TDmZkXJm/1/finestructure/swiftpackageindex-builder/spi-builder-workspace/.derivedData/Build/Products/Debug/PackageFrameworks -F /Users/builder/builds/TDmZkXJm/1/finestructure/swiftpackageindex-builder/spi-builder-workspace/.derivedData/Build/Products/Debug/PackageFrameworks -F /Users/builder/builds/TDmZkXJm/1/finestructure/swiftpackageindex-builder/spi-builder-workspace/.derivedData/Build/Products/Debug/PackageFrameworks -F /Users/builder/builds/TDmZkXJm/1/finestructure/swiftpackageindex-builder/spi-builder-workspace/.derivedData/Build/Products/Debug/PackageFrameworks -F /Users/builder/builds/TDmZkXJm/1/finestructure/swiftpackageindex-builder/spi-builder-workspace/.derivedData/Build/Products/Debug/PackageFrameworks -F /Users/builder/builds/TDmZkXJm/1/finestructure/swiftpackageindex-builder/spi-builder-workspace/.derivedData/Build/Products/Debug -F /Applications/Xcode-15.2.0.app/Contents/Developer/Platforms/MacOSX.platform/Developer/Library/Frameworks -parse-as-library -c -j8 -enable-batch-mode -incremental -Xcc -ivfsstatcache -Xcc /Users/builder/builds/TDmZkXJm/1/finestructure/swiftpackageindex-builder/spi-builder-workspace/.derivedData/SDKStatCaches.noindex/macosx14.2-23C53-ddea79c7890ab41bba4a63928c655a96.sdkstatcache -output-file-map /Users/builder/builds/TDmZkXJm/1/finestructure/swiftpackageindex-builder/spi-builder-workspace/.derivedData/Build/Intermediates.noindex/swift-package-collection-generator.build/Debug/PackageCollectionSignerTests.build/Objects-normal/arm64/PackageCollectionSignerTests-OutputFileMap.json -use-frontend-parseable-output -save-temps -no-color-diagnostics -serialize-diagnostics -emit-dependencies -emit-module -emit-module-path /Users/builder/builds/TDmZkXJm/1/finestructure/swiftpackageindex-builder/spi-builder-workspace/.derivedData/Build/Intermediates.noindex/swift-package-collection-generator.build/Debug/PackageCollectionSignerTests.build/Objects-normal/arm64/PackageCollectionSignerTests.swiftmodule -validate-clang-modules-once -clang-build-session-file /Users/builder/builds/TDmZkXJm/1/finestructure/swiftpackageindex-builder/spi-builder-workspace/.derivedData/ModuleCache.noindex/Session.modulevalidation -emit-const-values -Xfrontend -const-gather-protocols-file -Xfrontend /Users/builder/builds/TDmZkXJm/1/finestructure/swiftpackageindex-builder/spi-builder-workspace/.derivedData/Build/Intermediates.noindex/swift-package-collection-generator.build/Debug/PackageCollectionSignerTests.build/Objects-normal/arm64/PackageCollectionSignerTests_const_extract_protocols.json -Xcc -I/Users/builder/builds/TDmZkXJm/1/finestructure/swiftpackageindex-builder/spi-builder-workspace/.dependencies/checkouts/swift-tools-support-core/Sources/TSCclibc/include -Xcc -I/Users/builder/builds/TDmZkXJm/1/finestructure/swiftpackageindex-builder/spi-builder-workspace/.dependencies/checkouts/swift-system/Sources/CSystem/include -Xcc -I/Users/builder/builds/TDmZkXJm/1/finestructure/swiftpackageindex-builder/spi-builder-workspace/.dependencies/checkouts/swift-crypto/Sources/CCryptoBoringSSLShims/include -Xcc -I/Users/builder/builds/TDmZkXJm/1/finestructure/swiftpackageindex-builder/spi-builder-workspace/.dependencies/checkouts/swift-crypto/Sources/CCryptoBoringSSL/include -Xcc -I/Users/builder/builds/TDmZkXJm/1/finestructure/swiftpackageindex-builder/spi-builder-workspace/.dependencies/checkouts/swift-backtrace/Sources/CBacktrace/include -Xcc -I/Users/builder/builds/TDmZkXJm/1/finestructure/swiftpackageindex-builder/spi-builder-workspace/.derivedData/Build/Products/Debug/include -Xcc -I/Users/builder/builds/TDmZkXJm/1/finestructure/swiftpackageindex-builder/spi-builder-workspace/.derivedData/Build/Intermediates.noindex/swift-package-collection-generator.build/Debug/PackageCollectionSignerTests.build/DerivedSources-normal/arm64 -Xcc -I/Users/builder/builds/TDmZkXJm/1/finestructure/swiftpackageindex-builder/spi-builder-workspace/.derivedData/Build/Intermediates.noindex/swift-package-collection-generator.build/Debug/PackageCollectionSignerTests.build/DerivedSources/arm64 -Xcc -I/Users/builder/builds/TDmZkXJm/1/finestructure/swiftpackageindex-builder/spi-builder-workspace/.derivedData/Build/Intermediates.noindex/swift-package-collection-generator.build/Debug/PackageCollectionSignerTests.build/DerivedSources -Xcc -DSWIFT_PACKAGE -Xcc -DDEBUG\=1 -working-directory /Users/builder/builds/TDmZkXJm/1/finestructure/swiftpackageindex-builder/spi-builder-workspace -experimental-emit-module-separately -disable-cmo
SwiftDriver UtilitiesTests normal arm64 com.apple.xcode.tools.swift.compiler (in target 'UtilitiesTests' from project 'swift-package-collection-generator')
    cd /Users/builder/builds/TDmZkXJm/1/finestructure/swiftpackageindex-builder/spi-builder-workspace
    builtin-SwiftDriver -- /Applications/Xcode-15.2.0.app/Contents/Developer/Toolchains/XcodeDefault.xctoolchain/usr/bin/swiftc -module-name UtilitiesTests -Onone -enforce-exclusivity\=checked @/Users/builder/builds/TDmZkXJm/1/finestructure/swiftpackageindex-builder/spi-builder-workspace/.derivedData/Build/Intermediates.noindex/swift-package-collection-generator.build/Debug/UtilitiesTests.build/Objects-normal/arm64/UtilitiesTests.SwiftFileList -DSWIFT_PACKAGE -DDEBUG -Xcc -fmodule-map-file\=/Users/builder/builds/TDmZkXJm/1/finestructure/swiftpackageindex-builder/spi-builder-workspace/.dependencies/checkouts/swift-package-manager/Sources/SPMSQLite3/module.modulemap -DXcode -sdk /Applications/Xcode-15.2.0.app/Contents/Developer/Platforms/MacOSX.platform/Developer/SDKs/MacOSX14.2.sdk -target arm64-apple-macos13.0 -g -module-cache-path /Users/builder/builds/TDmZkXJm/1/finestructure/swiftpackageindex-builder/spi-builder-workspace/.derivedData/ModuleCache.noindex -Xfrontend -serialize-debugging-options -profile-coverage-mapping -profile-generate -enable-testing -index-store-path /Users/builder/builds/TDmZkXJm/1/finestructure/swiftpackageindex-builder/spi-builder-workspace/.derivedData/Index.noindex/DataStore -swift-version 5 -I /Users/builder/builds/TDmZkXJm/1/finestructure/swiftpackageindex-builder/spi-builder-workspace/.derivedData/Build/Products/Debug -I /Applications/Xcode-15.2.0.app/Contents/Developer/Platforms/MacOSX.platform/Developer/usr/lib -F /Users/builder/builds/TDmZkXJm/1/finestructure/swiftpackageindex-builder/spi-builder-workspace/.derivedData/Build/Products/Debug/PackageFrameworks -F /Users/builder/builds/TDmZkXJm/1/finestructure/swiftpackageindex-builder/spi-builder-workspace/.derivedData/Build/Products/Debug/PackageFrameworks -F /Users/builder/builds/TDmZkXJm/1/finestructure/swiftpackageindex-builder/spi-builder-workspace/.derivedData/Build/Products/Debug/PackageFrameworks -F /Users/builder/builds/TDmZkXJm/1/finestructure/swiftpackageindex-builder/spi-builder-workspace/.derivedData/Build/Products/Debug/PackageFrameworks -F /Users/builder/builds/TDmZkXJm/1/finestructure/swiftpackageindex-builder/spi-builder-workspace/.derivedData/Build/Products/Debug/PackageFrameworks -F /Users/builder/builds/TDmZkXJm/1/finestructure/swiftpackageindex-builder/spi-builder-workspace/.derivedData/Build/Products/Debug/PackageFrameworks -F /Users/builder/builds/TDmZkXJm/1/finestructure/swiftpackageindex-builder/spi-builder-workspace/.derivedData/Build/Products/Debug/PackageFrameworks -F /Users/builder/builds/TDmZkXJm/1/finestructure/swiftpackageindex-builder/spi-builder-workspace/.derivedData/Build/Products/Debug/PackageFrameworks -F /Users/builder/builds/TDmZkXJm/1/finestructure/swiftpackageindex-builder/spi-builder-workspace/.derivedData/Build/Products/Debug/PackageFrameworks -F /Users/builder/builds/TDmZkXJm/1/finestructure/swiftpackageindex-builder/spi-builder-workspace/.derivedData/Build/Products/Debug/PackageFrameworks -F /Users/builder/builds/TDmZkXJm/1/finestructure/swiftpackageindex-builder/spi-builder-workspace/.derivedData/Build/Products/Debug/PackageFrameworks -F /Users/builder/builds/TDmZkXJm/1/finestructure/swiftpackageindex-builder/spi-builder-workspace/.derivedData/Build/Products/Debug/PackageFrameworks -F /Users/builder/builds/TDmZkXJm/1/finestructure/swiftpackageindex-builder/spi-builder-workspace/.derivedData/Build/Products/Debug/PackageFrameworks -F /Users/builder/builds/TDmZkXJm/1/finestructure/swiftpackageindex-builder/spi-builder-workspace/.derivedData/Build/Products/Debug/PackageFrameworks -F /Users/builder/builds/TDmZkXJm/1/finestructure/swiftpackageindex-builder/spi-builder-workspace/.derivedData/Build/Products/Debug/PackageFrameworks -F /Users/builder/builds/TDmZkXJm/1/finestructure/swiftpackageindex-builder/spi-builder-workspace/.derivedData/Build/Products/Debug/PackageFrameworks -F /Users/builder/builds/TDmZkXJm/1/finestructure/swiftpackageindex-builder/spi-builder-workspace/.derivedData/Build/Products/Debug/PackageFrameworks -F /Users/builder/builds/TDmZkXJm/1/finestructure/swiftpackageindex-builder/spi-builder-workspace/.derivedData/Build/Products/Debug/PackageFrameworks -F /Users/builder/builds/TDmZkXJm/1/finestructure/swiftpackageindex-builder/spi-builder-workspace/.derivedData/Build/Products/Debug/PackageFrameworks -F /Users/builder/builds/TDmZkXJm/1/finestructure/swiftpackageindex-builder/spi-builder-workspace/.derivedData/Build/Products/Debug/PackageFrameworks -F /Users/builder/builds/TDmZkXJm/1/finestructure/swiftpackageindex-builder/spi-builder-workspace/.derivedData/Build/Products/Debug/PackageFrameworks -F /Users/builder/builds/TDmZkXJm/1/finestructure/swiftpackageindex-builder/spi-builder-workspace/.derivedData/Build/Products/Debug/PackageFrameworks -F /Users/builder/builds/TDmZkXJm/1/finestructure/swiftpackageindex-builder/spi-builder-workspace/.derivedData/Build/Products/Debug/PackageFrameworks -F /Users/builder/builds/TDmZkXJm/1/finestructure/swiftpackageindex-builder/spi-builder-workspace/.derivedData/Build/Products/Debug/PackageFrameworks -F /Users/builder/builds/TDmZkXJm/1/finestructure/swiftpackageindex-builder/spi-builder-workspace/.derivedData/Build/Products/Debug -F /Applications/Xcode-15.2.0.app/Contents/Developer/Platforms/MacOSX.platform/Developer/Library/Frameworks -parse-as-library -c -j8 -enable-batch-mode -incremental -Xcc -ivfsstatcache -Xcc /Users/builder/builds/TDmZkXJm/1/finestructure/swiftpackageindex-builder/spi-builder-workspace/.derivedData/SDKStatCaches.noindex/macosx14.2-23C53-ddea79c7890ab41bba4a63928c655a96.sdkstatcache -output-file-map /Users/builder/builds/TDmZkXJm/1/finestructure/swiftpackageindex-builder/spi-builder-workspace/.derivedData/Build/Intermediates.noindex/swift-package-collection-generator.build/Debug/UtilitiesTests.build/Objects-normal/arm64/UtilitiesTests-OutputFileMap.json -use-frontend-parseable-output -save-temps -no-color-diagnostics -serialize-diagnostics -emit-dependencies -emit-module -emit-module-path /Users/builder/builds/TDmZkXJm/1/finestructure/swiftpackageindex-builder/spi-builder-workspace/.derivedData/Build/Intermediates.noindex/swift-package-collection-generator.build/Debug/UtilitiesTests.build/Objects-normal/arm64/UtilitiesTests.swiftmodule -validate-clang-modules-once -clang-build-session-file /Users/builder/builds/TDmZkXJm/1/finestructure/swiftpackageindex-builder/spi-builder-workspace/.derivedData/ModuleCache.noindex/Session.modulevalidation -emit-const-values -Xfrontend -const-gather-protocols-file -Xfrontend /Users/builder/builds/TDmZkXJm/1/finestructure/swiftpackageindex-builder/spi-builder-workspace/.derivedData/Build/Intermediates.noindex/swift-package-collection-generator.build/Debug/UtilitiesTests.build/Objects-normal/arm64/UtilitiesTests_const_extract_protocols.json -Xcc -I/Users/builder/builds/TDmZkXJm/1/finestructure/swiftpackageindex-builder/spi-builder-workspace/.dependencies/checkouts/swift-tools-support-core/Sources/TSCclibc/include -Xcc -I/Users/builder/builds/TDmZkXJm/1/finestructure/swiftpackageindex-builder/spi-builder-workspace/.dependencies/checkouts/swift-system/Sources/CSystem/include -Xcc -I/Users/builder/builds/TDmZkXJm/1/finestructure/swiftpackageindex-builder/spi-builder-workspace/.dependencies/checkouts/swift-crypto/Sources/CCryptoBoringSSLShims/include -Xcc -I/Users/builder/builds/TDmZkXJm/1/finestructure/swiftpackageindex-builder/spi-builder-workspace/.dependencies/checkouts/swift-crypto/Sources/CCryptoBoringSSL/include -Xcc -I/Users/builder/builds/TDmZkXJm/1/finestructure/swiftpackageindex-builder/spi-builder-workspace/.derivedData/Build/Products/Debug/include -Xcc -I/Users/builder/builds/TDmZkXJm/1/finestructure/swiftpackageindex-builder/spi-builder-workspace/.derivedData/Build/Intermediates.noindex/swift-package-collection-generator.build/Debug/UtilitiesTests.build/DerivedSources-normal/arm64 -Xcc -I/Users/builder/builds/TDmZkXJm/1/finestructure/swiftpackageindex-builder/spi-builder-workspace/.derivedData/Build/Intermediates.noindex/swift-package-collection-generator.build/Debug/UtilitiesTests.build/DerivedSources/arm64 -Xcc -I/Users/builder/builds/TDmZkXJm/1/finestructure/swiftpackageindex-builder/spi-builder-workspace/.derivedData/Build/Intermediates.noindex/swift-package-collection-generator.build/Debug/UtilitiesTests.build/DerivedSources -Xcc -DSWIFT_PACKAGE -Xcc -DDEBUG\=1 -working-directory /Users/builder/builds/TDmZkXJm/1/finestructure/swiftpackageindex-builder/spi-builder-workspace -experimental-emit-module-separately -disable-cmo
SwiftDriver PackageCollectionGeneratorTests normal arm64 com.apple.xcode.tools.swift.compiler (in target 'PackageCollectionGeneratorTests' from project 'swift-package-collection-generator')
    cd /Users/builder/builds/TDmZkXJm/1/finestructure/swiftpackageindex-builder/spi-builder-workspace
    builtin-SwiftDriver -- /Applications/Xcode-15.2.0.app/Contents/Developer/Toolchains/XcodeDefault.xctoolchain/usr/bin/swiftc -module-name PackageCollectionGeneratorTests -Onone -enforce-exclusivity\=checked @/Users/builder/builds/TDmZkXJm/1/finestructure/swiftpackageindex-builder/spi-builder-workspace/.derivedData/Build/Intermediates.noindex/swift-package-collection-generator.build/Debug/PackageCollectionGeneratorTests.build/Objects-normal/arm64/PackageCollectionGeneratorTests.SwiftFileList -DSWIFT_PACKAGE -DDEBUG -Xcc -fmodule-map-file\=/Users/builder/builds/TDmZkXJm/1/finestructure/swiftpackageindex-builder/spi-builder-workspace/.dependencies/checkouts/swift-package-manager/Sources/SPMSQLite3/module.modulemap -Xcc -fmodule-map-file\=/Users/builder/builds/TDmZkXJm/1/finestructure/swiftpackageindex-builder/spi-builder-workspace/.derivedData/Build/Intermediates.noindex/GeneratedModuleMaps/CBacktrace.modulemap -DXcode -sdk /Applications/Xcode-15.2.0.app/Contents/Developer/Platforms/MacOSX.platform/Developer/SDKs/MacOSX14.2.sdk -target arm64-apple-macos13.0 -g -module-cache-path /Users/builder/builds/TDmZkXJm/1/finestructure/swiftpackageindex-builder/spi-builder-workspace/.derivedData/ModuleCache.noindex -Xfrontend -serialize-debugging-options -profile-coverage-mapping -profile-generate -enable-testing -index-store-path /Users/builder/builds/TDmZkXJm/1/finestructure/swiftpackageindex-builder/spi-builder-workspace/.derivedData/Index.noindex/DataStore -swift-version 5 -I /Users/builder/builds/TDmZkXJm/1/finestructure/swiftpackageindex-builder/spi-builder-workspace/.derivedData/Build/Products/Debug -I /Applications/Xcode-15.2.0.app/Contents/Developer/Platforms/MacOSX.platform/Developer/usr/lib -F /Users/builder/builds/TDmZkXJm/1/finestructure/swiftpackageindex-builder/spi-builder-workspace/.derivedData/Build/Products/Debug/PackageFrameworks -F /Users/builder/builds/TDmZkXJm/1/finestructure/swiftpackageindex-builder/spi-builder-workspace/.derivedData/Build/Products/Debug/PackageFrameworks -F /Users/builder/builds/TDmZkXJm/1/finestructure/swiftpackageindex-builder/spi-builder-workspace/.derivedData/Build/Products/Debug/PackageFrameworks -F /Users/builder/builds/TDmZkXJm/1/finestructure/swiftpackageindex-builder/spi-builder-workspace/.derivedData/Build/Products/Debug/PackageFrameworks -F /Users/builder/builds/TDmZkXJm/1/finestructure/swiftpackageindex-builder/spi-builder-workspace/.derivedData/Build/Products/Debug/PackageFrameworks -F /Users/builder/builds/TDmZkXJm/1/finestructure/swiftpackageindex-builder/spi-builder-workspace/.derivedData/Build/Products/Debug/PackageFrameworks -F /Users/builder/builds/TDmZkXJm/1/finestructure/swiftpackageindex-builder/spi-builder-workspace/.derivedData/Build/Products/Debug/PackageFrameworks -F /Users/builder/builds/TDmZkXJm/1/finestructure/swiftpackageindex-builder/spi-builder-workspace/.derivedData/Build/Products/Debug/PackageFrameworks -F /Users/builder/builds/TDmZkXJm/1/finestructure/swiftpackageindex-builder/spi-builder-workspace/.derivedData/Build/Products/Debug/PackageFrameworks -F /Users/builder/builds/TDmZkXJm/1/finestructure/swiftpackageindex-builder/spi-builder-workspace/.derivedData/Build/Products/Debug/PackageFrameworks -F /Users/builder/builds/TDmZkXJm/1/finestructure/swiftpackageindex-builder/spi-builder-workspace/.derivedData/Build/Products/Debug/PackageFrameworks -F /Users/builder/builds/TDmZkXJm/1/finestructure/swiftpackageindex-builder/spi-builder-workspace/.derivedData/Build/Products/Debug/PackageFrameworks -F /Users/builder/builds/TDmZkXJm/1/finestructure/swiftpackageindex-builder/spi-builder-workspace/.derivedData/Build/Products/Debug/PackageFrameworks -F /Users/builder/builds/TDmZkXJm/1/finestructure/swiftpackageindex-builder/spi-builder-workspace/.derivedData/Build/Products/Debug/PackageFrameworks -F /Users/builder/builds/TDmZkXJm/1/finestructure/swiftpackageindex-builder/spi-builder-workspace/.derivedData/Build/Products/Debug/PackageFrameworks -F /Users/builder/builds/TDmZkXJm/1/finestructure/swiftpackageindex-builder/spi-builder-workspace/.derivedData/Build/Products/Debug/PackageFrameworks -F /Users/builder/builds/TDmZkXJm/1/finestructure/swiftpackageindex-builder/spi-builder-workspace/.derivedData/Build/Products/Debug/PackageFrameworks -F /Users/builder/builds/TDmZkXJm/1/finestructure/swiftpackageindex-builder/spi-builder-workspace/.derivedData/Build/Products/Debug/PackageFrameworks -F /Users/builder/builds/TDmZkXJm/1/finestructure/swiftpackageindex-builder/spi-builder-workspace/.derivedData/Build/Products/Debug/PackageFrameworks -F /Users/builder/builds/TDmZkXJm/1/finestructure/swiftpackageindex-builder/spi-builder-workspace/.derivedData/Build/Products/Debug/PackageFrameworks -F /Users/builder/builds/TDmZkXJm/1/finestructure/swiftpackageindex-builder/spi-builder-workspace/.derivedData/Build/Products/Debug/PackageFrameworks -F /Users/builder/builds/TDmZkXJm/1/finestructure/swiftpackageindex-builder/spi-builder-workspace/.derivedData/Build/Products/Debug/PackageFrameworks -F /Users/builder/builds/TDmZkXJm/1/finestructure/swiftpackageindex-builder/spi-builder-workspace/.derivedData/Build/Products/Debug/PackageFrameworks -F /Users/builder/builds/TDmZkXJm/1/finestructure/swiftpackageindex-builder/spi-builder-workspace/.derivedData/Build/Products/Debug/PackageFrameworks -F /Users/builder/builds/TDmZkXJm/1/finestructure/swiftpackageindex-builder/spi-builder-workspace/.derivedData/Build/Products/Debug/PackageFrameworks -F /Users/builder/builds/TDmZkXJm/1/finestructure/swiftpackageindex-builder/spi-builder-workspace/.derivedData/Build/Products/Debug/PackageFrameworks -F /Users/builder/builds/TDmZkXJm/1/finestructure/swiftpackageindex-builder/spi-builder-workspace/.derivedData/Build/Products/Debug/PackageFrameworks -F /Users/builder/builds/TDmZkXJm/1/finestructure/swiftpackageindex-builder/spi-builder-workspace/.derivedData/Build/Products/Debug/PackageFrameworks -F /Users/builder/builds/TDmZkXJm/1/finestructure/swiftpackageindex-builder/spi-builder-workspace/.derivedData/Build/Products/Debug/PackageFrameworks -F /Users/builder/builds/TDmZkXJm/1/finestructure/swiftpackageindex-builder/spi-builder-workspace/.derivedData/Build/Products/Debug -F /Applications/Xcode-15.2.0.app/Contents/Developer/Platforms/MacOSX.platform/Developer/Library/Frameworks -c -j8 -enable-batch-mode -incremental -Xcc -ivfsstatcache -Xcc /Users/builder/builds/TDmZkXJm/1/finestructure/swiftpackageindex-builder/spi-builder-workspace/.derivedData/SDKStatCaches.noindex/macosx14.2-23C53-ddea79c7890ab41bba4a63928c655a96.sdkstatcache -output-file-map /Users/builder/builds/TDmZkXJm/1/finestructure/swiftpackageindex-builder/spi-builder-workspace/.derivedData/Build/Intermediates.noindex/swift-package-collection-generator.build/Debug/PackageCollectionGeneratorTests.build/Objects-normal/arm64/PackageCollectionGeneratorTests-OutputFileMap.json -use-frontend-parseable-output -save-temps -no-color-diagnostics -serialize-diagnostics -emit-dependencies -emit-module -emit-module-path /Users/builder/builds/TDmZkXJm/1/finestructure/swiftpackageindex-builder/spi-builder-workspace/.derivedData/Build/Intermediates.noindex/swift-package-collection-generator.build/Debug/PackageCollectionGeneratorTests.build/Objects-normal/arm64/PackageCollectionGeneratorTests.swiftmodule -validate-clang-modules-once -clang-build-session-file /Users/builder/builds/TDmZkXJm/1/finestructure/swiftpackageindex-builder/spi-builder-workspace/.derivedData/ModuleCache.noindex/Session.modulevalidation -emit-const-values -Xfrontend -const-gather-protocols-file -Xfrontend /Users/builder/builds/TDmZkXJm/1/finestructure/swiftpackageindex-builder/spi-builder-workspace/.derivedData/Build/Intermediates.noindex/swift-package-collection-generator.build/Debug/PackageCollectionGeneratorTests.build/Objects-normal/arm64/PackageCollectionGeneratorTests_const_extract_protocols.json -Xcc -I/Users/builder/builds/TDmZkXJm/1/finestructure/swiftpackageindex-builder/spi-builder-workspace/.dependencies/checkouts/swift-tools-support-core/Sources/TSCclibc/include -Xcc -I/Users/builder/builds/TDmZkXJm/1/finestructure/swiftpackageindex-builder/spi-builder-workspace/.dependencies/checkouts/swift-system/Sources/CSystem/include -Xcc -I/Users/builder/builds/TDmZkXJm/1/finestructure/swiftpackageindex-builder/spi-builder-workspace/.dependencies/checkouts/swift-crypto/Sources/CCryptoBoringSSLShims/include -Xcc -I/Users/builder/builds/TDmZkXJm/1/finestructure/swiftpackageindex-builder/spi-builder-workspace/.dependencies/checkouts/swift-crypto/Sources/CCryptoBoringSSL/include -Xcc -I/Users/builder/builds/TDmZkXJm/1/finestructure/swiftpackageindex-builder/spi-builder-workspace/.dependencies/checkouts/swift-backtrace/Sources/CBacktrace/include -Xcc -I/Users/builder/builds/TDmZkXJm/1/finestructure/swiftpackageindex-builder/spi-builder-workspace/.derivedData/Build/Products/Debug/include -Xcc -I/Users/builder/builds/TDmZkXJm/1/finestructure/swiftpackageindex-builder/spi-builder-workspace/.derivedData/Build/Intermediates.noindex/swift-package-collection-generator.build/Debug/PackageCollectionGeneratorTests.build/DerivedSources-normal/arm64 -Xcc -I/Users/builder/builds/TDmZkXJm/1/finestructure/swiftpackageindex-builder/spi-builder-workspace/.derivedData/Build/Intermediates.noindex/swift-package-collection-generator.build/Debug/PackageCollectionGeneratorTests.build/DerivedSources/arm64 -Xcc -I/Users/builder/builds/TDmZkXJm/1/finestructure/swiftpackageindex-builder/spi-builder-workspace/.derivedData/Build/Intermediates.noindex/swift-package-collection-generator.build/Debug/PackageCollectionGeneratorTests.build/DerivedSources -Xcc -DSWIFT_PACKAGE -Xcc -DDEBUG\=1 -working-directory /Users/builder/builds/TDmZkXJm/1/finestructure/swiftpackageindex-builder/spi-builder-workspace -experimental-emit-module-separately -disable-cmo
Ld /Users/builder/builds/TDmZkXJm/1/finestructure/swiftpackageindex-builder/spi-builder-workspace/.derivedData/Build/Products/Debug/package-collection-sign normal (in target 'package-collection-sign' from project 'swift-package-collection-generator')
    cd /Users/builder/builds/TDmZkXJm/1/finestructure/swiftpackageindex-builder/spi-builder-workspace
    /Applications/Xcode-15.2.0.app/Contents/Developer/Toolchains/XcodeDefault.xctoolchain/usr/bin/clang -Xlinker -reproducible -target arm64-apple-macos13.0 -isysroot /Applications/Xcode-15.2.0.app/Contents/Developer/Platforms/MacOSX.platform/Developer/SDKs/MacOSX14.2.sdk -O0 -L/Users/builder/builds/TDmZkXJm/1/finestructure/swiftpackageindex-builder/spi-builder-workspace/.derivedData/Build/Intermediates.noindex/EagerLinkingTBDs/Debug -L/Users/builder/builds/TDmZkXJm/1/finestructure/swiftpackageindex-builder/spi-builder-workspace/.derivedData/Build/Products/Debug -L/Applications/Xcode-15.2.0.app/Contents/Developer/Platforms/MacOSX.platform/Developer/usr/lib -F/Users/builder/builds/TDmZkXJm/1/finestructure/swiftpackageindex-builder/spi-builder-workspace/.derivedData/Build/Intermediates.noindex/EagerLinkingTBDs/Debug -F/Users/builder/builds/TDmZkXJm/1/finestructure/swiftpackageindex-builder/spi-builder-workspace/.derivedData/Build/Products/Debug/PackageFrameworks -F/Users/builder/builds/TDmZkXJm/1/finestructure/swiftpackageindex-builder/spi-builder-workspace/.derivedData/Build/Products/Debug/PackageFrameworks -F/Users/builder/builds/TDmZkXJm/1/finestructure/swiftpackageindex-builder/spi-builder-workspace/.derivedData/Build/Products/Debug/PackageFrameworks -F/Users/builder/builds/TDmZkXJm/1/finestructure/swiftpackageindex-builder/spi-builder-workspace/.derivedData/Build/Products/Debug/PackageFrameworks -F/Users/builder/builds/TDmZkXJm/1/finestructure/swiftpackageindex-builder/spi-builder-workspace/.derivedData/Build/Products/Debug/PackageFrameworks -F/Users/builder/builds/TDmZkXJm/1/finestructure/swiftpackageindex-builder/spi-builder-workspace/.derivedData/Build/Products/Debug/PackageFrameworks -F/Users/builder/builds/TDmZkXJm/1/finestructure/swiftpackageindex-builder/spi-builder-workspace/.derivedData/Build/Products/Debug/PackageFrameworks -F/Users/builder/builds/TDmZkXJm/1/finestructure/swiftpackageindex-builder/spi-builder-workspace/.derivedData/Build/Products/Debug/PackageFrameworks -F/Users/builder/builds/TDmZkXJm/1/finestructure/swiftpackageindex-builder/spi-builder-workspace/.derivedData/Build/Products/Debug/PackageFrameworks -F/Users/builder/builds/TDmZkXJm/1/finestructure/swiftpackageindex-builder/spi-builder-workspace/.derivedData/Build/Products/Debug/PackageFrameworks -F/Users/builder/builds/TDmZkXJm/1/finestructure/swiftpackageindex-builder/spi-builder-workspace/.derivedData/Build/Products/Debug/PackageFrameworks -F/Users/builder/builds/TDmZkXJm/1/finestructure/swiftpackageindex-builder/spi-builder-workspace/.derivedData/Build/Products/Debug/PackageFrameworks -F/Users/builder/builds/TDmZkXJm/1/finestructure/swiftpackageindex-builder/spi-builder-workspace/.derivedData/Build/Products/Debug/PackageFrameworks -F/Users/builder/builds/TDmZkXJm/1/finestructure/swiftpackageindex-builder/spi-builder-workspace/.derivedData/Build/Products/Debug/PackageFrameworks -F/Users/builder/builds/TDmZkXJm/1/finestructure/swiftpackageindex-builder/spi-builder-workspace/.derivedData/Build/Products/Debug/PackageFrameworks -F/Users/builder/builds/TDmZkXJm/1/finestructure/swiftpackageindex-builder/spi-builder-workspace/.derivedData/Build/Products/Debug/PackageFrameworks -F/Users/builder/builds/TDmZkXJm/1/finestructure/swiftpackageindex-builder/spi-builder-workspace/.derivedData/Build/Products/Debug/PackageFrameworks -F/Users/builder/builds/TDmZkXJm/1/finestructure/swiftpackageindex-builder/spi-builder-workspace/.derivedData/Build/Products/Debug/PackageFrameworks -F/Users/builder/builds/TDmZkXJm/1/finestructure/swiftpackageindex-builder/spi-builder-workspace/.derivedData/Build/Products/Debug/PackageFrameworks -F/Users/builder/builds/TDmZkXJm/1/finestructure/swiftpackageindex-builder/spi-builder-workspace/.derivedData/Build/Products/Debug/PackageFrameworks -F/Users/builder/builds/TDmZkXJm/1/finestructure/swiftpackageindex-builder/spi-builder-workspace/.derivedData/Build/Products/Debug/PackageFrameworks -F/Users/builder/builds/TDmZkXJm/1/finestructure/swiftpackageindex-builder/spi-builder-workspace/.derivedData/Build/Products/Debug/PackageFrameworks -F/Users/builder/builds/TDmZkXJm/1/finestructure/swiftpackageindex-builder/spi-builder-workspace/.derivedData/Build/Products/Debug/PackageFrameworks -F/Users/builder/builds/TDmZkXJm/1/finestructure/swiftpackageindex-builder/spi-builder-workspace/.derivedData/Build/Products/Debug/PackageFrameworks -F/Users/builder/builds/TDmZkXJm/1/finestructure/swiftpackageindex-builder/spi-builder-workspace/.derivedData/Build/Products/Debug/PackageFrameworks -F/Users/builder/builds/TDmZkXJm/1/finestructure/swiftpackageindex-builder/spi-builder-workspace/.derivedData/Build/Products/Debug/PackageFrameworks -F/Users/builder/builds/TDmZkXJm/1/finestructure/swiftpackageindex-builder/spi-builder-workspace/.derivedData/Build/Products/Debug/PackageFrameworks -F/Users/builder/builds/TDmZkXJm/1/finestructure/swiftpackageindex-builder/spi-builder-workspace/.derivedData/Build/Products/Debug/PackageFrameworks -F/Users/builder/builds/TDmZkXJm/1/finestructure/swiftpackageindex-builder/spi-builder-workspace/.derivedData/Build/Products/Debug -F/Applications/Xcode-15.2.0.app/Contents/Developer/Platforms/MacOSX.platform/Developer/Library/Frameworks -iframework /Applications/Xcode-15.2.0.app/Contents/Developer/Platforms/MacOSX.platform/Developer/Library/Frameworks -filelist /Users/builder/builds/TDmZkXJm/1/finestructure/swiftpackageindex-builder/spi-builder-workspace/.derivedData/Build/Intermediates.noindex/swift-package-collection-generator.build/Debug/package-collection-sign.build/Objects-normal/arm64/package-collection-sign.LinkFileList -Xlinker -rpath -Xlinker /Users/builder/builds/TDmZkXJm/1/finestructure/swiftpackageindex-builder/spi-builder-workspace/.derivedData/Build/Products/Debug/PackageFrameworks -Xlinker -rpath -Xlinker @executable_path/../lib -Xlinker -object_path_lto -Xlinker /Users/builder/builds/TDmZkXJm/1/finestructure/swiftpackageindex-builder/spi-builder-workspace/.derivedData/Build/Intermediates.noindex/swift-package-collection-generator.build/Debug/package-collection-sign.build/Objects-normal/arm64/package-collection-sign_lto.o -Xlinker -export_dynamic -Xlinker -no_deduplicate -Xlinker -debug_variant -fobjc-link-runtime -fprofile-instr-generate -L/Applications/Xcode-15.2.0.app/Contents/Developer/Toolchains/XcodeDefault.xctoolchain/usr/lib/swift/macosx -L/usr/lib/swift -Xlinker -add_ast_path -Xlinker /Users/builder/builds/TDmZkXJm/1/finestructure/swiftpackageindex-builder/spi-builder-workspace/.derivedData/Build/Intermediates.noindex/swift-package-collection-generator.build/Debug/package-collection-sign.build/Objects-normal/arm64/package_collection_sign.swiftmodule -Wl,-no_warn_duplicate_libraries -Wl,-no_warn_duplicate_libraries -Wl,-no_warn_duplicate_libraries -Wl,-no_warn_duplicate_libraries -Wl,-no_warn_duplicate_libraries -Wl,-no_warn_duplicate_libraries -Wl,-no_warn_duplicate_libraries -Wl,-no_warn_duplicate_libraries -Wl,-no_warn_duplicate_libraries -Wl,-no_warn_duplicate_libraries -Wl,-no_warn_duplicate_libraries -Wl,-no_warn_duplicate_libraries -Wl,-no_warn_duplicate_libraries -Wl,-no_warn_duplicate_libraries -Wl,-no_warn_duplicate_libraries -Wl,-no_warn_duplicate_libraries -Wl,-no_warn_duplicate_libraries -Wl,-no_warn_duplicate_libraries -Wl,-no_warn_duplicate_libraries -Wl,-no_warn_duplicate_libraries -Wl,-no_warn_duplicate_libraries -Wl,-no_warn_duplicate_libraries -Wl,-no_warn_duplicate_libraries -Wl,-no_warn_duplicate_libraries -Wl,-no_warn_duplicate_libraries -Wl,-no_warn_duplicate_libraries -Wl,-no_warn_duplicate_libraries -Wl,-no_warn_duplicate_libraries -Xlinker -dependency_info -Xlinker /Users/builder/builds/TDmZkXJm/1/finestructure/swiftpackageindex-builder/spi-builder-workspace/.derivedData/Build/Intermediates.noindex/swift-package-collection-generator.build/Debug/package-collection-sign.build/Objects-normal/arm64/package-collection-sign_dependency_info.dat -o /Users/builder/builds/TDmZkXJm/1/finestructure/swiftpackageindex-builder/spi-builder-workspace/.derivedData/Build/Products/Debug/package-collection-sign -Xlinker -add_ast_path -Xlinker /Users/builder/builds/TDmZkXJm/1/finestructure/swiftpackageindex-builder/spi-builder-workspace/.derivedData/Build/Intermediates.noindex/SwiftPM.build/Debug/PackageCollections.build/Objects-normal/arm64/PackageCollections.swiftmodule -Xlinker -add_ast_path -Xlinker /Users/builder/builds/TDmZkXJm/1/finestructure/swiftpackageindex-builder/spi-builder-workspace/.derivedData/Build/Intermediates.noindex/SwiftPM.build/Debug/PackageCollectionsModel.build/Objects-normal/arm64/PackageCollectionsModel.swiftmodule -Xlinker -add_ast_path -Xlinker /Users/builder/builds/TDmZkXJm/1/finestructure/swiftpackageindex-builder/spi-builder-workspace/.derivedData/Build/Intermediates.noindex/SwiftPM.build/Debug/PackageCollectionsSigning.build/Objects-normal/arm64/PackageCollectionsSigning.swiftmodule -Xlinker -add_ast_path -Xlinker /Users/builder/builds/TDmZkXJm/1/finestructure/swiftpackageindex-builder/spi-builder-workspace/.derivedData/Build/Intermediates.noindex/SwiftPM.build/Debug/PackageModel.build/Objects-normal/arm64/PackageModel.swiftmodule -Xlinker -add_ast_path -Xlinker /Users/builder/builds/TDmZkXJm/1/finestructure/swiftpackageindex-builder/spi-builder-workspace/.derivedData/Build/Intermediates.noindex/swift-collections.build/Debug/DequeModule.build/Objects-normal/arm64/DequeModule.swiftmodule -Xlinker -add_ast_path -Xlinker /Users/builder/builds/TDmZkXJm/1/finestructure/swiftpackageindex-builder/spi-builder-workspace/.derivedData/Build/Intermediates.noindex/swift-collections.build/Debug/InternalCollectionsUtilities.build/Objects-normal/arm64/InternalCollectionsUtilities.swiftmodule -Xlinker -add_ast_path -Xlinker /Users/builder/builds/TDmZkXJm/1/finestructure/swiftpackageindex-builder/spi-builder-workspace/.derivedData/Build/Intermediates.noindex/swift-collections.build/Debug/OrderedCollections.build/Objects-normal/arm64/OrderedCollections.swiftmodule -Xlinker -add_ast_path -Xlinker /Users/builder/builds/TDmZkXJm/1/finestructure/swiftpackageindex-builder/spi-builder-workspace/.derivedData/Build/Intermediates.noindex/swift-tools-support-core.build/Debug/TSCBasic.build/Objects-normal/arm64/TSCBasic.swiftmodule -Xlinker -add_ast_path -Xlinker /Users/builder/builds/TDmZkXJm/1/finestructure/swiftpackageindex-builder/spi-builder-workspace/.derivedData/Build/Intermediates.noindex/swift-tools-support-core.build/Debug/TSCUtility.build/Objects-normal/arm64/TSCUtility.swiftmodule -Xlinker -add_ast_path -Xlinker /Users/builder/builds/TDmZkXJm/1/finestructure/swiftpackageindex-builder/spi-builder-workspace/.derivedData/Build/Intermediates.noindex/swift-tools-support-core.build/Debug/TSCLibc.build/Objects-normal/arm64/TSCLibc.swiftmodule -Xlinker -add_ast_path -Xlinker /Users/builder/builds/TDmZkXJm/1/finestructure/swiftpackageindex-builder/spi-builder-workspace/.derivedData/Build/Intermediates.noindex/swift-system.build/Debug/SystemPackage.build/Objects-normal/arm64/SystemPackage.swiftmodule -Xlinker -add_ast_path -Xlinker /Users/builder/builds/TDmZkXJm/1/finestructure/swiftpackageindex-builder/spi-builder-workspace/.derivedData/Build/Intermediates.noindex/SwiftPM.build/Debug/Basics.build/Objects-normal/arm64/Basics.swiftmodule -Xlinker -add_ast_path -Xlinker /Users/builder/builds/TDmZkXJm/1/finestructure/swiftpackageindex-builder/spi-builder-workspace/.derivedData/Build/Intermediates.noindex/swift-crypto.build/Debug/Crypto.build/Objects-normal/arm64/Crypto.swiftmodule -Xlinker -add_ast_path -Xlinker /Users/builder/builds/TDmZkXJm/1/finestructure/swiftpackageindex-builder/spi-builder-workspace/.derivedData/Build/Intermediates.noindex/swift-certificates.build/Debug/X509.build/Objects-normal/arm64/X509.swiftmodule -Xlinker -add_ast_path -Xlinker /Users/builder/builds/TDmZkXJm/1/finestructure/swiftpackageindex-builder/spi-builder-workspace/.derivedData/Build/Intermediates.noindex/swift-certificates.build/Debug/_CertificateInternals.build/Objects-normal/arm64/_CertificateInternals.swiftmodule -Xlinker -add_ast_path -Xlinker /Users/builder/builds/TDmZkXJm/1/finestructure/swiftpackageindex-builder/spi-builder-workspace/.derivedData/Build/Intermediates.noindex/swift-asn1.build/Debug/SwiftASN1.build/Objects-normal/arm64/SwiftASN1.swiftmodule -Xlinker -add_ast_path -Xlinker /Users/builder/builds/TDmZkXJm/1/finestructure/swiftpackageindex-builder/spi-builder-workspace/.derivedData/Build/Intermediates.noindex/swift-crypto.build/Debug/_CryptoExtras.build/Objects-normal/arm64/_CryptoExtras.swiftmodule -Xlinker -add_ast_path -Xlinker /Users/builder/builds/TDmZkXJm/1/finestructure/swiftpackageindex-builder/spi-builder-workspace/.derivedData/Build/Intermediates.noindex/swift-crypto.build/Debug/CryptoBoringWrapper.build/Objects-normal/arm64/CryptoBoringWrapper.swiftmodule -Xlinker -add_ast_path -Xlinker /Users/builder/builds/TDmZkXJm/1/finestructure/swiftpackageindex-builder/spi-builder-workspace/.derivedData/Build/Intermediates.noindex/SwiftPM.build/Debug/SourceControl.build/Objects-normal/arm64/SourceControl.swiftmodule -Xlinker -add_ast_path -Xlinker /Users/builder/builds/TDmZkXJm/1/finestructure/swiftpackageindex-builder/spi-builder-workspace/.derivedData/Build/Intermediates.noindex/swift-package-collection-generator.build/Debug/Utilities.build/Objects-normal/arm64/Utilities.swiftmodule -Xlinker -add_ast_path -Xlinker /Users/builder/builds/TDmZkXJm/1/finestructure/swiftpackageindex-builder/spi-builder-workspace/.derivedData/Build/Intermediates.noindex/swift-argument-parser.build/Debug/ArgumentParser.build/Objects-normal/arm64/ArgumentParser.swiftmodule -Xlinker -add_ast_path -Xlinker /Users/builder/builds/TDmZkXJm/1/finestructure/swiftpackageindex-builder/spi-builder-workspace/.derivedData/Build/Intermediates.noindex/swift-argument-parser.build/Debug/ArgumentParserToolInfo.build/Objects-normal/arm64/ArgumentParserToolInfo.swiftmodule -Xlinker -add_ast_path -Xlinker /Users/builder/builds/TDmZkXJm/1/finestructure/swiftpackageindex-builder/spi-builder-workspace/.derivedData/Build/Intermediates.noindex/swift-backtrace.build/Debug/Backtrace.build/Objects-normal/arm64/Backtrace.swiftmodule
Ld /Users/builder/builds/TDmZkXJm/1/finestructure/swiftpackageindex-builder/spi-builder-workspace/.derivedData/Build/Products/Debug/package-collection-generate normal (in target 'package-collection-generate' from project 'swift-package-collection-generator')
    cd /Users/builder/builds/TDmZkXJm/1/finestructure/swiftpackageindex-builder/spi-builder-workspace
    /Applications/Xcode-15.2.0.app/Contents/Developer/Toolchains/XcodeDefault.xctoolchain/usr/bin/clang -Xlinker -reproducible -target arm64-apple-macos13.0 -isysroot /Applications/Xcode-15.2.0.app/Contents/Developer/Platforms/MacOSX.platform/Developer/SDKs/MacOSX14.2.sdk -O0 -L/Users/builder/builds/TDmZkXJm/1/finestructure/swiftpackageindex-builder/spi-builder-workspace/.derivedData/Build/Intermediates.noindex/EagerLinkingTBDs/Debug -L/Users/builder/builds/TDmZkXJm/1/finestructure/swiftpackageindex-builder/spi-builder-workspace/.derivedData/Build/Products/Debug -L/Applications/Xcode-15.2.0.app/Contents/Developer/Platforms/MacOSX.platform/Developer/usr/lib -F/Users/builder/builds/TDmZkXJm/1/finestructure/swiftpackageindex-builder/spi-builder-workspace/.derivedData/Build/Intermediates.noindex/EagerLinkingTBDs/Debug -F/Users/builder/builds/TDmZkXJm/1/finestructure/swiftpackageindex-builder/spi-builder-workspace/.derivedData/Build/Products/Debug/PackageFrameworks -F/Users/builder/builds/TDmZkXJm/1/finestructure/swiftpackageindex-builder/spi-builder-workspace/.derivedData/Build/Products/Debug/PackageFrameworks -F/Users/builder/builds/TDmZkXJm/1/finestructure/swiftpackageindex-builder/spi-builder-workspace/.derivedData/Build/Products/Debug/PackageFrameworks -F/Users/builder/builds/TDmZkXJm/1/finestructure/swiftpackageindex-builder/spi-builder-workspace/.derivedData/Build/Products/Debug/PackageFrameworks -F/Users/builder/builds/TDmZkXJm/1/finestructure/swiftpackageindex-builder/spi-builder-workspace/.derivedData/Build/Products/Debug/PackageFrameworks -F/Users/builder/builds/TDmZkXJm/1/finestructure/swiftpackageindex-builder/spi-builder-workspace/.derivedData/Build/Products/Debug/PackageFrameworks -F/Users/builder/builds/TDmZkXJm/1/finestructure/swiftpackageindex-builder/spi-builder-workspace/.derivedData/Build/Products/Debug/PackageFrameworks -F/Users/builder/builds/TDmZkXJm/1/finestructure/swiftpackageindex-builder/spi-builder-workspace/.derivedData/Build/Products/Debug/PackageFrameworks -F/Users/builder/builds/TDmZkXJm/1/finestructure/swiftpackageindex-builder/spi-builder-workspace/.derivedData/Build/Products/Debug/PackageFrameworks -F/Users/builder/builds/TDmZkXJm/1/finestructure/swiftpackageindex-builder/spi-builder-workspace/.derivedData/Build/Products/Debug/PackageFrameworks -F/Users/builder/builds/TDmZkXJm/1/finestructure/swiftpackageindex-builder/spi-builder-workspace/.derivedData/Build/Products/Debug/PackageFrameworks -F/Users/builder/builds/TDmZkXJm/1/finestructure/swiftpackageindex-builder/spi-builder-workspace/.derivedData/Build/Products/Debug/PackageFrameworks -F/Users/builder/builds/TDmZkXJm/1/finestructure/swiftpackageindex-builder/spi-builder-workspace/.derivedData/Build/Products/Debug/PackageFrameworks -F/Users/builder/builds/TDmZkXJm/1/finestructure/swiftpackageindex-builder/spi-builder-workspace/.derivedData/Build/Products/Debug/PackageFrameworks -F/Users/builder/builds/TDmZkXJm/1/finestructure/swiftpackageindex-builder/spi-builder-workspace/.derivedData/Build/Products/Debug/PackageFrameworks -F/Users/builder/builds/TDmZkXJm/1/finestructure/swiftpackageindex-builder/spi-builder-workspace/.derivedData/Build/Products/Debug/PackageFrameworks -F/Users/builder/builds/TDmZkXJm/1/finestructure/swiftpackageindex-builder/spi-builder-workspace/.derivedData/Build/Products/Debug/PackageFrameworks -F/Users/builder/builds/TDmZkXJm/1/finestructure/swiftpackageindex-builder/spi-builder-workspace/.derivedData/Build/Products/Debug/PackageFrameworks -F/Users/builder/builds/TDmZkXJm/1/finestructure/swiftpackageindex-builder/spi-builder-workspace/.derivedData/Build/Products/Debug/PackageFrameworks -F/Users/builder/builds/TDmZkXJm/1/finestructure/swiftpackageindex-builder/spi-builder-workspace/.derivedData/Build/Products/Debug/PackageFrameworks -F/Users/builder/builds/TDmZkXJm/1/finestructure/swiftpackageindex-builder/spi-builder-workspace/.derivedData/Build/Products/Debug/PackageFrameworks -F/Users/builder/builds/TDmZkXJm/1/finestructure/swiftpackageindex-builder/spi-builder-workspace/.derivedData/Build/Products/Debug/PackageFrameworks -F/Users/builder/builds/TDmZkXJm/1/finestructure/swiftpackageindex-builder/spi-builder-workspace/.derivedData/Build/Products/Debug/PackageFrameworks -F/Users/builder/builds/TDmZkXJm/1/finestructure/swiftpackageindex-builder/spi-builder-workspace/.derivedData/Build/Products/Debug/PackageFrameworks -F/Users/builder/builds/TDmZkXJm/1/finestructure/swiftpackageindex-builder/spi-builder-workspace/.derivedData/Build/Products/Debug/PackageFrameworks -F/Users/builder/builds/TDmZkXJm/1/finestructure/swiftpackageindex-builder/spi-builder-workspace/.derivedData/Build/Products/Debug/PackageFrameworks -F/Users/builder/builds/TDmZkXJm/1/finestructure/swiftpackageindex-builder/spi-builder-workspace/.derivedData/Build/Products/Debug/PackageFrameworks -F/Users/builder/builds/TDmZkXJm/1/finestructure/swiftpackageindex-builder/spi-builder-workspace/.derivedData/Build/Products/Debug/PackageFrameworks -F/Users/builder/builds/TDmZkXJm/1/finestructure/swiftpackageindex-builder/spi-builder-workspace/.derivedData/Build/Products/Debug -F/Applications/Xcode-15.2.0.app/Contents/Developer/Platforms/MacOSX.platform/Developer/Library/Frameworks -iframework /Applications/Xcode-15.2.0.app/Contents/Developer/Platforms/MacOSX.platform/Developer/Library/Frameworks -filelist /Users/builder/builds/TDmZkXJm/1/finestructure/swiftpackageindex-builder/spi-builder-workspace/.derivedData/Build/Intermediates.noindex/swift-package-collection-generator.build/Debug/package-collection-generate.build/Objects-normal/arm64/package-collection-generate.LinkFileList -Xlinker -rpath -Xlinker /Users/builder/builds/TDmZkXJm/1/finestructure/swiftpackageindex-builder/spi-builder-workspace/.derivedData/Build/Products/Debug/PackageFrameworks -Xlinker -rpath -Xlinker @executable_path/../lib -Xlinker -object_path_lto -Xlinker /Users/builder/builds/TDmZkXJm/1/finestructure/swiftpackageindex-builder/spi-builder-workspace/.derivedData/Build/Intermediates.noindex/swift-package-collection-generator.build/Debug/package-collection-generate.build/Objects-normal/arm64/package-collection-generate_lto.o -Xlinker -export_dynamic -Xlinker -no_deduplicate -Xlinker -debug_variant -fobjc-link-runtime -fprofile-instr-generate -L/Applications/Xcode-15.2.0.app/Contents/Developer/Toolchains/XcodeDefault.xctoolchain/usr/lib/swift/macosx -L/usr/lib/swift -Xlinker -add_ast_path -Xlinker /Users/builder/builds/TDmZkXJm/1/finestructure/swiftpackageindex-builder/spi-builder-workspace/.derivedData/Build/Intermediates.noindex/swift-package-collection-generator.build/Debug/package-collection-generate.build/Objects-normal/arm64/package_collection_generate.swiftmodule -Wl,-no_warn_duplicate_libraries -Wl,-no_warn_duplicate_libraries -Wl,-no_warn_duplicate_libraries -Wl,-no_warn_duplicate_libraries -Wl,-no_warn_duplicate_libraries -Wl,-no_warn_duplicate_libraries -Wl,-no_warn_duplicate_libraries -Wl,-no_warn_duplicate_libraries -Wl,-no_warn_duplicate_libraries -Wl,-no_warn_duplicate_libraries -Wl,-no_warn_duplicate_libraries -Wl,-no_warn_duplicate_libraries -Wl,-no_warn_duplicate_libraries -Wl,-no_warn_duplicate_libraries -Wl,-no_warn_duplicate_libraries -Wl,-no_warn_duplicate_libraries -Wl,-no_warn_duplicate_libraries -Wl,-no_warn_duplicate_libraries -Wl,-no_warn_duplicate_libraries -Wl,-no_warn_duplicate_libraries -Wl,-no_warn_duplicate_libraries -Wl,-no_warn_duplicate_libraries -Wl,-no_warn_duplicate_libraries -Wl,-no_warn_duplicate_libraries -Wl,-no_warn_duplicate_libraries -Wl,-no_warn_duplicate_libraries -Wl,-no_warn_duplicate_libraries -Wl,-no_warn_duplicate_libraries -Xlinker -dependency_info -Xlinker /Users/builder/builds/TDmZkXJm/1/finestructure/swiftpackageindex-builder/spi-builder-workspace/.derivedData/Build/Intermediates.noindex/swift-package-collection-generator.build/Debug/package-collection-generate.build/Objects-normal/arm64/package-collection-generate_dependency_info.dat -o /Users/builder/builds/TDmZkXJm/1/finestructure/swiftpackageindex-builder/spi-builder-workspace/.derivedData/Build/Products/Debug/package-collection-generate -Xlinker -add_ast_path -Xlinker /Users/builder/builds/TDmZkXJm/1/finestructure/swiftpackageindex-builder/spi-builder-workspace/.derivedData/Build/Intermediates.noindex/SwiftPM.build/Debug/PackageCollections.build/Objects-normal/arm64/PackageCollections.swiftmodule -Xlinker -add_ast_path -Xlinker /Users/builder/builds/TDmZkXJm/1/finestructure/swiftpackageindex-builder/spi-builder-workspace/.derivedData/Build/Intermediates.noindex/SwiftPM.build/Debug/PackageCollectionsModel.build/Objects-normal/arm64/PackageCollectionsModel.swiftmodule -Xlinker -add_ast_path -Xlinker /Users/builder/builds/TDmZkXJm/1/finestructure/swiftpackageindex-builder/spi-builder-workspace/.derivedData/Build/Intermediates.noindex/SwiftPM.build/Debug/PackageCollectionsSigning.build/Objects-normal/arm64/PackageCollectionsSigning.swiftmodule -Xlinker -add_ast_path -Xlinker /Users/builder/builds/TDmZkXJm/1/finestructure/swiftpackageindex-builder/spi-builder-workspace/.derivedData/Build/Intermediates.noindex/SwiftPM.build/Debug/PackageModel.build/Objects-normal/arm64/PackageModel.swiftmodule -Xlinker -add_ast_path -Xlinker /Users/builder/builds/TDmZkXJm/1/finestructure/swiftpackageindex-builder/spi-builder-workspace/.derivedData/Build/Intermediates.noindex/swift-collections.build/Debug/DequeModule.build/Objects-normal/arm64/DequeModule.swiftmodule -Xlinker -add_ast_path -Xlinker /Users/builder/builds/TDmZkXJm/1/finestructure/swiftpackageindex-builder/spi-builder-workspace/.derivedData/Build/Intermediates.noindex/swift-collections.build/Debug/InternalCollectionsUtilities.build/Objects-normal/arm64/InternalCollectionsUtilities.swiftmodule -Xlinker -add_ast_path -Xlinker /Users/builder/builds/TDmZkXJm/1/finestructure/swiftpackageindex-builder/spi-builder-workspace/.derivedData/Build/Intermediates.noindex/swift-collections.build/Debug/OrderedCollections.build/Objects-normal/arm64/OrderedCollections.swiftmodule -Xlinker -add_ast_path -Xlinker /Users/builder/builds/TDmZkXJm/1/finestructure/swiftpackageindex-builder/spi-builder-workspace/.derivedData/Build/Intermediates.noindex/swift-tools-support-core.build/Debug/TSCBasic.build/Objects-normal/arm64/TSCBasic.swiftmodule -Xlinker -add_ast_path -Xlinker /Users/builder/builds/TDmZkXJm/1/finestructure/swiftpackageindex-builder/spi-builder-workspace/.derivedData/Build/Intermediates.noindex/swift-tools-support-core.build/Debug/TSCUtility.build/Objects-normal/arm64/TSCUtility.swiftmodule -Xlinker -add_ast_path -Xlinker /Users/builder/builds/TDmZkXJm/1/finestructure/swiftpackageindex-builder/spi-builder-workspace/.derivedData/Build/Intermediates.noindex/swift-tools-support-core.build/Debug/TSCLibc.build/Objects-normal/arm64/TSCLibc.swiftmodule -Xlinker -add_ast_path -Xlinker /Users/builder/builds/TDmZkXJm/1/finestructure/swiftpackageindex-builder/spi-builder-workspace/.derivedData/Build/Intermediates.noindex/swift-system.build/Debug/SystemPackage.build/Objects-normal/arm64/SystemPackage.swiftmodule -Xlinker -add_ast_path -Xlinker /Users/builder/builds/TDmZkXJm/1/finestructure/swiftpackageindex-builder/spi-builder-workspace/.derivedData/Build/Intermediates.noindex/SwiftPM.build/Debug/Basics.build/Objects-normal/arm64/Basics.swiftmodule -Xlinker -add_ast_path -Xlinker /Users/builder/builds/TDmZkXJm/1/finestructure/swiftpackageindex-builder/spi-builder-workspace/.derivedData/Build/Intermediates.noindex/swift-crypto.build/Debug/Crypto.build/Objects-normal/arm64/Crypto.swiftmodule -Xlinker -add_ast_path -Xlinker /Users/builder/builds/TDmZkXJm/1/finestructure/swiftpackageindex-builder/spi-builder-workspace/.derivedData/Build/Intermediates.noindex/swift-certificates.build/Debug/X509.build/Objects-normal/arm64/X509.swiftmodule -Xlinker -add_ast_path -Xlinker /Users/builder/builds/TDmZkXJm/1/finestructure/swiftpackageindex-builder/spi-builder-workspace/.derivedData/Build/Intermediates.noindex/swift-certificates.build/Debug/_CertificateInternals.build/Objects-normal/arm64/_CertificateInternals.swiftmodule -Xlinker -add_ast_path -Xlinker /Users/builder/builds/TDmZkXJm/1/finestructure/swiftpackageindex-builder/spi-builder-workspace/.derivedData/Build/Intermediates.noindex/swift-asn1.build/Debug/SwiftASN1.build/Objects-normal/arm64/SwiftASN1.swiftmodule -Xlinker -add_ast_path -Xlinker /Users/builder/builds/TDmZkXJm/1/finestructure/swiftpackageindex-builder/spi-builder-workspace/.derivedData/Build/Intermediates.noindex/swift-crypto.build/Debug/_CryptoExtras.build/Objects-normal/arm64/_CryptoExtras.swiftmodule -Xlinker -add_ast_path -Xlinker /Users/builder/builds/TDmZkXJm/1/finestructure/swiftpackageindex-builder/spi-builder-workspace/.derivedData/Build/Intermediates.noindex/swift-crypto.build/Debug/CryptoBoringWrapper.build/Objects-normal/arm64/CryptoBoringWrapper.swiftmodule -Xlinker -add_ast_path -Xlinker /Users/builder/builds/TDmZkXJm/1/finestructure/swiftpackageindex-builder/spi-builder-workspace/.derivedData/Build/Intermediates.noindex/SwiftPM.build/Debug/SourceControl.build/Objects-normal/arm64/SourceControl.swiftmodule -Xlinker -add_ast_path -Xlinker /Users/builder/builds/TDmZkXJm/1/finestructure/swiftpackageindex-builder/spi-builder-workspace/.derivedData/Build/Intermediates.noindex/swift-package-collection-generator.build/Debug/Utilities.build/Objects-normal/arm64/Utilities.swiftmodule -Xlinker -add_ast_path -Xlinker /Users/builder/builds/TDmZkXJm/1/finestructure/swiftpackageindex-builder/spi-builder-workspace/.derivedData/Build/Intermediates.noindex/swift-argument-parser.build/Debug/ArgumentParser.build/Objects-normal/arm64/ArgumentParser.swiftmodule -Xlinker -add_ast_path -Xlinker /Users/builder/builds/TDmZkXJm/1/finestructure/swiftpackageindex-builder/spi-builder-workspace/.derivedData/Build/Intermediates.noindex/swift-argument-parser.build/Debug/ArgumentParserToolInfo.build/Objects-normal/arm64/ArgumentParserToolInfo.swiftmodule -Xlinker -add_ast_path -Xlinker /Users/builder/builds/TDmZkXJm/1/finestructure/swiftpackageindex-builder/spi-builder-workspace/.derivedData/Build/Intermediates.noindex/swift-backtrace.build/Debug/Backtrace.build/Objects-normal/arm64/Backtrace.swiftmodule
Ld /Users/builder/builds/TDmZkXJm/1/finestructure/swiftpackageindex-builder/spi-builder-workspace/.derivedData/Build/Products/Debug/package-collection-validate normal (in target 'package-collection-validate' from project 'swift-package-collection-generator')
    cd /Users/builder/builds/TDmZkXJm/1/finestructure/swiftpackageindex-builder/spi-builder-workspace
    /Applications/Xcode-15.2.0.app/Contents/Developer/Toolchains/XcodeDefault.xctoolchain/usr/bin/clang -Xlinker -reproducible -target arm64-apple-macos13.0 -isysroot /Applications/Xcode-15.2.0.app/Contents/Developer/Platforms/MacOSX.platform/Developer/SDKs/MacOSX14.2.sdk -O0 -L/Users/builder/builds/TDmZkXJm/1/finestructure/swiftpackageindex-builder/spi-builder-workspace/.derivedData/Build/Intermediates.noindex/EagerLinkingTBDs/Debug -L/Users/builder/builds/TDmZkXJm/1/finestructure/swiftpackageindex-builder/spi-builder-workspace/.derivedData/Build/Products/Debug -L/Applications/Xcode-15.2.0.app/Contents/Developer/Platforms/MacOSX.platform/Developer/usr/lib -F/Users/builder/builds/TDmZkXJm/1/finestructure/swiftpackageindex-builder/spi-builder-workspace/.derivedData/Build/Intermediates.noindex/EagerLinkingTBDs/Debug -F/Users/builder/builds/TDmZkXJm/1/finestructure/swiftpackageindex-builder/spi-builder-workspace/.derivedData/Build/Products/Debug/PackageFrameworks -F/Users/builder/builds/TDmZkXJm/1/finestructure/swiftpackageindex-builder/spi-builder-workspace/.derivedData/Build/Products/Debug/PackageFrameworks -F/Users/builder/builds/TDmZkXJm/1/finestructure/swiftpackageindex-builder/spi-builder-workspace/.derivedData/Build/Products/Debug/PackageFrameworks -F/Users/builder/builds/TDmZkXJm/1/finestructure/swiftpackageindex-builder/spi-builder-workspace/.derivedData/Build/Products/Debug/PackageFrameworks -F/Users/builder/builds/TDmZkXJm/1/finestructure/swiftpackageindex-builder/spi-builder-workspace/.derivedData/Build/Products/Debug/PackageFrameworks -F/Users/builder/builds/TDmZkXJm/1/finestructure/swiftpackageindex-builder/spi-builder-workspace/.derivedData/Build/Products/Debug/PackageFrameworks -F/Users/builder/builds/TDmZkXJm/1/finestructure/swiftpackageindex-builder/spi-builder-workspace/.derivedData/Build/Products/Debug/PackageFrameworks -F/Users/builder/builds/TDmZkXJm/1/finestructure/swiftpackageindex-builder/spi-builder-workspace/.derivedData/Build/Products/Debug/PackageFrameworks -F/Users/builder/builds/TDmZkXJm/1/finestructure/swiftpackageindex-builder/spi-builder-workspace/.derivedData/Build/Products/Debug/PackageFrameworks -F/Users/builder/builds/TDmZkXJm/1/finestructure/swiftpackageindex-builder/spi-builder-workspace/.derivedData/Build/Products/Debug/PackageFrameworks -F/Users/builder/builds/TDmZkXJm/1/finestructure/swiftpackageindex-builder/spi-builder-workspace/.derivedData/Build/Products/Debug/PackageFrameworks -F/Users/builder/builds/TDmZkXJm/1/finestructure/swiftpackageindex-builder/spi-builder-workspace/.derivedData/Build/Products/Debug/PackageFrameworks -F/Users/builder/builds/TDmZkXJm/1/finestructure/swiftpackageindex-builder/spi-builder-workspace/.derivedData/Build/Products/Debug/PackageFrameworks -F/Users/builder/builds/TDmZkXJm/1/finestructure/swiftpackageindex-builder/spi-builder-workspace/.derivedData/Build/Products/Debug/PackageFrameworks -F/Users/builder/builds/TDmZkXJm/1/finestructure/swiftpackageindex-builder/spi-builder-workspace/.derivedData/Build/Products/Debug/PackageFrameworks -F/Users/builder/builds/TDmZkXJm/1/finestructure/swiftpackageindex-builder/spi-builder-workspace/.derivedData/Build/Products/Debug/PackageFrameworks -F/Users/builder/builds/TDmZkXJm/1/finestructure/swiftpackageindex-builder/spi-builder-workspace/.derivedData/Build/Products/Debug/PackageFrameworks -F/Users/builder/builds/TDmZkXJm/1/finestructure/swiftpackageindex-builder/spi-builder-workspace/.derivedData/Build/Products/Debug/PackageFrameworks -F/Users/builder/builds/TDmZkXJm/1/finestructure/swiftpackageindex-builder/spi-builder-workspace/.derivedData/Build/Products/Debug/PackageFrameworks -F/Users/builder/builds/TDmZkXJm/1/finestructure/swiftpackageindex-builder/spi-builder-workspace/.derivedData/Build/Products/Debug/PackageFrameworks -F/Users/builder/builds/TDmZkXJm/1/finestructure/swiftpackageindex-builder/spi-builder-workspace/.derivedData/Build/Products/Debug/PackageFrameworks -F/Users/builder/builds/TDmZkXJm/1/finestructure/swiftpackageindex-builder/spi-builder-workspace/.derivedData/Build/Products/Debug/PackageFrameworks -F/Users/builder/builds/TDmZkXJm/1/finestructure/swiftpackageindex-builder/spi-builder-workspace/.derivedData/Build/Products/Debug/PackageFrameworks -F/Users/builder/builds/TDmZkXJm/1/finestructure/swiftpackageindex-builder/spi-builder-workspace/.derivedData/Build/Products/Debug/PackageFrameworks -F/Users/builder/builds/TDmZkXJm/1/finestructure/swiftpackageindex-builder/spi-builder-workspace/.derivedData/Build/Products/Debug/PackageFrameworks -F/Users/builder/builds/TDmZkXJm/1/finestructure/swiftpackageindex-builder/spi-builder-workspace/.derivedData/Build/Products/Debug/PackageFrameworks -F/Users/builder/builds/TDmZkXJm/1/finestructure/swiftpackageindex-builder/spi-builder-workspace/.derivedData/Build/Products/Debug/PackageFrameworks -F/Users/builder/builds/TDmZkXJm/1/finestructure/swiftpackageindex-builder/spi-builder-workspace/.derivedData/Build/Products/Debug/PackageFrameworks -F/Users/builder/builds/TDmZkXJm/1/finestructure/swiftpackageindex-builder/spi-builder-workspace/.derivedData/Build/Products/Debug -F/Applications/Xcode-15.2.0.app/Contents/Developer/Platforms/MacOSX.platform/Developer/Library/Frameworks -iframework /Applications/Xcode-15.2.0.app/Contents/Developer/Platforms/MacOSX.platform/Developer/Library/Frameworks -filelist /Users/builder/builds/TDmZkXJm/1/finestructure/swiftpackageindex-builder/spi-builder-workspace/.derivedData/Build/Intermediates.noindex/swift-package-collection-generator.build/Debug/package-collection-validate.build/Objects-normal/arm64/package-collection-validate.LinkFileList -Xlinker -rpath -Xlinker /Users/builder/builds/TDmZkXJm/1/finestructure/swiftpackageindex-builder/spi-builder-workspace/.derivedData/Build/Products/Debug/PackageFrameworks -Xlinker -rpath -Xlinker @executable_path/../lib -Xlinker -object_path_lto -Xlinker /Users/builder/builds/TDmZkXJm/1/finestructure/swiftpackageindex-builder/spi-builder-workspace/.derivedData/Build/Intermediates.noindex/swift-package-collection-generator.build/Debug/package-collection-validate.build/Objects-normal/arm64/package-collection-validate_lto.o -Xlinker -export_dynamic -Xlinker -no_deduplicate -Xlinker -debug_variant -fobjc-link-runtime -fprofile-instr-generate -L/Applications/Xcode-15.2.0.app/Contents/Developer/Toolchains/XcodeDefault.xctoolchain/usr/lib/swift/macosx -L/usr/lib/swift -Xlinker -add_ast_path -Xlinker /Users/builder/builds/TDmZkXJm/1/finestructure/swiftpackageindex-builder/spi-builder-workspace/.derivedData/Build/Intermediates.noindex/swift-package-collection-generator.build/Debug/package-collection-validate.build/Objects-normal/arm64/package_collection_validate.swiftmodule -Wl,-no_warn_duplicate_libraries -Wl,-no_warn_duplicate_libraries -Wl,-no_warn_duplicate_libraries -Wl,-no_warn_duplicate_libraries -Wl,-no_warn_duplicate_libraries -Wl,-no_warn_duplicate_libraries -Wl,-no_warn_duplicate_libraries -Wl,-no_warn_duplicate_libraries -Wl,-no_warn_duplicate_libraries -Wl,-no_warn_duplicate_libraries -Wl,-no_warn_duplicate_libraries -Wl,-no_warn_duplicate_libraries -Wl,-no_warn_duplicate_libraries -Wl,-no_warn_duplicate_libraries -Wl,-no_warn_duplicate_libraries -Wl,-no_warn_duplicate_libraries -Wl,-no_warn_duplicate_libraries -Wl,-no_warn_duplicate_libraries -Wl,-no_warn_duplicate_libraries -Wl,-no_warn_duplicate_libraries -Wl,-no_warn_duplicate_libraries -Wl,-no_warn_duplicate_libraries -Wl,-no_warn_duplicate_libraries -Wl,-no_warn_duplicate_libraries -Wl,-no_warn_duplicate_libraries -Wl,-no_warn_duplicate_libraries -Wl,-no_warn_duplicate_libraries -Wl,-no_warn_duplicate_libraries -Xlinker -dependency_info -Xlinker /Users/builder/builds/TDmZkXJm/1/finestructure/swiftpackageindex-builder/spi-builder-workspace/.derivedData/Build/Intermediates.noindex/swift-package-collection-generator.build/Debug/package-collection-validate.build/Objects-normal/arm64/package-collection-validate_dependency_info.dat -o /Users/builder/builds/TDmZkXJm/1/finestructure/swiftpackageindex-builder/spi-builder-workspace/.derivedData/Build/Products/Debug/package-collection-validate -Xlinker -add_ast_path -Xlinker /Users/builder/builds/TDmZkXJm/1/finestructure/swiftpackageindex-builder/spi-builder-workspace/.derivedData/Build/Intermediates.noindex/SwiftPM.build/Debug/PackageCollections.build/Objects-normal/arm64/PackageCollections.swiftmodule -Xlinker -add_ast_path -Xlinker /Users/builder/builds/TDmZkXJm/1/finestructure/swiftpackageindex-builder/spi-builder-workspace/.derivedData/Build/Intermediates.noindex/SwiftPM.build/Debug/PackageCollectionsModel.build/Objects-normal/arm64/PackageCollectionsModel.swiftmodule -Xlinker -add_ast_path -Xlinker /Users/builder/builds/TDmZkXJm/1/finestructure/swiftpackageindex-builder/spi-builder-workspace/.derivedData/Build/Intermediates.noindex/SwiftPM.build/Debug/PackageCollectionsSigning.build/Objects-normal/arm64/PackageCollectionsSigning.swiftmodule -Xlinker -add_ast_path -Xlinker /Users/builder/builds/TDmZkXJm/1/finestructure/swiftpackageindex-builder/spi-builder-workspace/.derivedData/Build/Intermediates.noindex/SwiftPM.build/Debug/PackageModel.build/Objects-normal/arm64/PackageModel.swiftmodule -Xlinker -add_ast_path -Xlinker /Users/builder/builds/TDmZkXJm/1/finestructure/swiftpackageindex-builder/spi-builder-workspace/.derivedData/Build/Intermediates.noindex/swift-collections.build/Debug/DequeModule.build/Objects-normal/arm64/DequeModule.swiftmodule -Xlinker -add_ast_path -Xlinker /Users/builder/builds/TDmZkXJm/1/finestructure/swiftpackageindex-builder/spi-builder-workspace/.derivedData/Build/Intermediates.noindex/swift-collections.build/Debug/InternalCollectionsUtilities.build/Objects-normal/arm64/InternalCollectionsUtilities.swiftmodule -Xlinker -add_ast_path -Xlinker /Users/builder/builds/TDmZkXJm/1/finestructure/swiftpackageindex-builder/spi-builder-workspace/.derivedData/Build/Intermediates.noindex/swift-collections.build/Debug/OrderedCollections.build/Objects-normal/arm64/OrderedCollections.swiftmodule -Xlinker -add_ast_path -Xlinker /Users/builder/builds/TDmZkXJm/1/finestructure/swiftpackageindex-builder/spi-builder-workspace/.derivedData/Build/Intermediates.noindex/swift-tools-support-core.build/Debug/TSCBasic.build/Objects-normal/arm64/TSCBasic.swiftmodule -Xlinker -add_ast_path -Xlinker /Users/builder/builds/TDmZkXJm/1/finestructure/swiftpackageindex-builder/spi-builder-workspace/.derivedData/Build/Intermediates.noindex/swift-tools-support-core.build/Debug/TSCUtility.build/Objects-normal/arm64/TSCUtility.swiftmodule -Xlinker -add_ast_path -Xlinker /Users/builder/builds/TDmZkXJm/1/finestructure/swiftpackageindex-builder/spi-builder-workspace/.derivedData/Build/Intermediates.noindex/swift-tools-support-core.build/Debug/TSCLibc.build/Objects-normal/arm64/TSCLibc.swiftmodule -Xlinker -add_ast_path -Xlinker /Users/builder/builds/TDmZkXJm/1/finestructure/swiftpackageindex-builder/spi-builder-workspace/.derivedData/Build/Intermediates.noindex/swift-system.build/Debug/SystemPackage.build/Objects-normal/arm64/SystemPackage.swiftmodule -Xlinker -add_ast_path -Xlinker /Users/builder/builds/TDmZkXJm/1/finestructure/swiftpackageindex-builder/spi-builder-workspace/.derivedData/Build/Intermediates.noindex/SwiftPM.build/Debug/Basics.build/Objects-normal/arm64/Basics.swiftmodule -Xlinker -add_ast_path -Xlinker /Users/builder/builds/TDmZkXJm/1/finestructure/swiftpackageindex-builder/spi-builder-workspace/.derivedData/Build/Intermediates.noindex/swift-crypto.build/Debug/Crypto.build/Objects-normal/arm64/Crypto.swiftmodule -Xlinker -add_ast_path -Xlinker /Users/builder/builds/TDmZkXJm/1/finestructure/swiftpackageindex-builder/spi-builder-workspace/.derivedData/Build/Intermediates.noindex/swift-certificates.build/Debug/X509.build/Objects-normal/arm64/X509.swiftmodule -Xlinker -add_ast_path -Xlinker /Users/builder/builds/TDmZkXJm/1/finestructure/swiftpackageindex-builder/spi-builder-workspace/.derivedData/Build/Intermediates.noindex/swift-certificates.build/Debug/_CertificateInternals.build/Objects-normal/arm64/_CertificateInternals.swiftmodule -Xlinker -add_ast_path -Xlinker /Users/builder/builds/TDmZkXJm/1/finestructure/swiftpackageindex-builder/spi-builder-workspace/.derivedData/Build/Intermediates.noindex/swift-asn1.build/Debug/SwiftASN1.build/Objects-normal/arm64/SwiftASN1.swiftmodule -Xlinker -add_ast_path -Xlinker /Users/builder/builds/TDmZkXJm/1/finestructure/swiftpackageindex-builder/spi-builder-workspace/.derivedData/Build/Intermediates.noindex/swift-crypto.build/Debug/_CryptoExtras.build/Objects-normal/arm64/_CryptoExtras.swiftmodule -Xlinker -add_ast_path -Xlinker /Users/builder/builds/TDmZkXJm/1/finestructure/swiftpackageindex-builder/spi-builder-workspace/.derivedData/Build/Intermediates.noindex/swift-crypto.build/Debug/CryptoBoringWrapper.build/Objects-normal/arm64/CryptoBoringWrapper.swiftmodule -Xlinker -add_ast_path -Xlinker /Users/builder/builds/TDmZkXJm/1/finestructure/swiftpackageindex-builder/spi-builder-workspace/.derivedData/Build/Intermediates.noindex/SwiftPM.build/Debug/SourceControl.build/Objects-normal/arm64/SourceControl.swiftmodule -Xlinker -add_ast_path -Xlinker /Users/builder/builds/TDmZkXJm/1/finestructure/swiftpackageindex-builder/spi-builder-workspace/.derivedData/Build/Intermediates.noindex/swift-package-collection-generator.build/Debug/Utilities.build/Objects-normal/arm64/Utilities.swiftmodule -Xlinker -add_ast_path -Xlinker /Users/builder/builds/TDmZkXJm/1/finestructure/swiftpackageindex-builder/spi-builder-workspace/.derivedData/Build/Intermediates.noindex/swift-argument-parser.build/Debug/ArgumentParser.build/Objects-normal/arm64/ArgumentParser.swiftmodule -Xlinker -add_ast_path -Xlinker /Users/builder/builds/TDmZkXJm/1/finestructure/swiftpackageindex-builder/spi-builder-workspace/.derivedData/Build/Intermediates.noindex/swift-argument-parser.build/Debug/ArgumentParserToolInfo.build/Objects-normal/arm64/ArgumentParserToolInfo.swiftmodule -Xlinker -add_ast_path -Xlinker /Users/builder/builds/TDmZkXJm/1/finestructure/swiftpackageindex-builder/spi-builder-workspace/.derivedData/Build/Intermediates.noindex/swift-backtrace.build/Debug/Backtrace.build/Objects-normal/arm64/Backtrace.swiftmodule
Ld /Users/builder/builds/TDmZkXJm/1/finestructure/swiftpackageindex-builder/spi-builder-workspace/.derivedData/Build/Products/Debug/package-collection-diff normal (in target 'package-collection-diff' from project 'swift-package-collection-generator')
    cd /Users/builder/builds/TDmZkXJm/1/finestructure/swiftpackageindex-builder/spi-builder-workspace
    /Applications/Xcode-15.2.0.app/Contents/Developer/Toolchains/XcodeDefault.xctoolchain/usr/bin/clang -Xlinker -reproducible -target arm64-apple-macos13.0 -isysroot /Applications/Xcode-15.2.0.app/Contents/Developer/Platforms/MacOSX.platform/Developer/SDKs/MacOSX14.2.sdk -O0 -L/Users/builder/builds/TDmZkXJm/1/finestructure/swiftpackageindex-builder/spi-builder-workspace/.derivedData/Build/Intermediates.noindex/EagerLinkingTBDs/Debug -L/Users/builder/builds/TDmZkXJm/1/finestructure/swiftpackageindex-builder/spi-builder-workspace/.derivedData/Build/Products/Debug -L/Applications/Xcode-15.2.0.app/Contents/Developer/Platforms/MacOSX.platform/Developer/usr/lib -F/Users/builder/builds/TDmZkXJm/1/finestructure/swiftpackageindex-builder/spi-builder-workspace/.derivedData/Build/Intermediates.noindex/EagerLinkingTBDs/Debug -F/Users/builder/builds/TDmZkXJm/1/finestructure/swiftpackageindex-builder/spi-builder-workspace/.derivedData/Build/Products/Debug/PackageFrameworks -F/Users/builder/builds/TDmZkXJm/1/finestructure/swiftpackageindex-builder/spi-builder-workspace/.derivedData/Build/Products/Debug/PackageFrameworks -F/Users/builder/builds/TDmZkXJm/1/finestructure/swiftpackageindex-builder/spi-builder-workspace/.derivedData/Build/Products/Debug/PackageFrameworks -F/Users/builder/builds/TDmZkXJm/1/finestructure/swiftpackageindex-builder/spi-builder-workspace/.derivedData/Build/Products/Debug/PackageFrameworks -F/Users/builder/builds/TDmZkXJm/1/finestructure/swiftpackageindex-builder/spi-builder-workspace/.derivedData/Build/Products/Debug/PackageFrameworks -F/Users/builder/builds/TDmZkXJm/1/finestructure/swiftpackageindex-builder/spi-builder-workspace/.derivedData/Build/Products/Debug/PackageFrameworks -F/Users/builder/builds/TDmZkXJm/1/finestructure/swiftpackageindex-builder/spi-builder-workspace/.derivedData/Build/Products/Debug/PackageFrameworks -F/Users/builder/builds/TDmZkXJm/1/finestructure/swiftpackageindex-builder/spi-builder-workspace/.derivedData/Build/Products/Debug/PackageFrameworks -F/Users/builder/builds/TDmZkXJm/1/finestructure/swiftpackageindex-builder/spi-builder-workspace/.derivedData/Build/Products/Debug/PackageFrameworks -F/Users/builder/builds/TDmZkXJm/1/finestructure/swiftpackageindex-builder/spi-builder-workspace/.derivedData/Build/Products/Debug/PackageFrameworks -F/Users/builder/builds/TDmZkXJm/1/finestructure/swiftpackageindex-builder/spi-builder-workspace/.derivedData/Build/Products/Debug/PackageFrameworks -F/Users/builder/builds/TDmZkXJm/1/finestructure/swiftpackageindex-builder/spi-builder-workspace/.derivedData/Build/Products/Debug/PackageFrameworks -F/Users/builder/builds/TDmZkXJm/1/finestructure/swiftpackageindex-builder/spi-builder-workspace/.derivedData/Build/Products/Debug/PackageFrameworks -F/Users/builder/builds/TDmZkXJm/1/finestructure/swiftpackageindex-builder/spi-builder-workspace/.derivedData/Build/Products/Debug/PackageFrameworks -F/Users/builder/builds/TDmZkXJm/1/finestructure/swiftpackageindex-builder/spi-builder-workspace/.derivedData/Build/Products/Debug/PackageFrameworks -F/Users/builder/builds/TDmZkXJm/1/finestructure/swiftpackageindex-builder/spi-builder-workspace/.derivedData/Build/Products/Debug/PackageFrameworks -F/Users/builder/builds/TDmZkXJm/1/finestructure/swiftpackageindex-builder/spi-builder-workspace/.derivedData/Build/Products/Debug/PackageFrameworks -F/Users/builder/builds/TDmZkXJm/1/finestructure/swiftpackageindex-builder/spi-builder-workspace/.derivedData/Build/Products/Debug/PackageFrameworks -F/Users/builder/builds/TDmZkXJm/1/finestructure/swiftpackageindex-builder/spi-builder-workspace/.derivedData/Build/Products/Debug/PackageFrameworks -F/Users/builder/builds/TDmZkXJm/1/finestructure/swiftpackageindex-builder/spi-builder-workspace/.derivedData/Build/Products/Debug/PackageFrameworks -F/Users/builder/builds/TDmZkXJm/1/finestructure/swiftpackageindex-builder/spi-builder-workspace/.derivedData/Build/Products/Debug/PackageFrameworks -F/Users/builder/builds/TDmZkXJm/1/finestructure/swiftpackageindex-builder/spi-builder-workspace/.derivedData/Build/Products/Debug/PackageFrameworks -F/Users/builder/builds/TDmZkXJm/1/finestructure/swiftpackageindex-builder/spi-builder-workspace/.derivedData/Build/Products/Debug/PackageFrameworks -F/Users/builder/builds/TDmZkXJm/1/finestructure/swiftpackageindex-builder/spi-builder-workspace/.derivedData/Build/Products/Debug/PackageFrameworks -F/Users/builder/builds/TDmZkXJm/1/finestructure/swiftpackageindex-builder/spi-builder-workspace/.derivedData/Build/Products/Debug/PackageFrameworks -F/Users/builder/builds/TDmZkXJm/1/finestructure/swiftpackageindex-builder/spi-builder-workspace/.derivedData/Build/Products/Debug/PackageFrameworks -F/Users/builder/builds/TDmZkXJm/1/finestructure/swiftpackageindex-builder/spi-builder-workspace/.derivedData/Build/Products/Debug/PackageFrameworks -F/Users/builder/builds/TDmZkXJm/1/finestructure/swiftpackageindex-builder/spi-builder-workspace/.derivedData/Build/Products/Debug/PackageFrameworks -F/Users/builder/builds/TDmZkXJm/1/finestructure/swiftpackageindex-builder/spi-builder-workspace/.derivedData/Build/Products/Debug -F/Applications/Xcode-15.2.0.app/Contents/Developer/Platforms/MacOSX.platform/Developer/Library/Frameworks -iframework /Applications/Xcode-15.2.0.app/Contents/Developer/Platforms/MacOSX.platform/Developer/Library/Frameworks -filelist /Users/builder/builds/TDmZkXJm/1/finestructure/swiftpackageindex-builder/spi-builder-workspace/.derivedData/Build/Intermediates.noindex/swift-package-collection-generator.build/Debug/package-collection-diff.build/Objects-normal/arm64/package-collection-diff.LinkFileList -Xlinker -rpath -Xlinker /Users/builder/builds/TDmZkXJm/1/finestructure/swiftpackageindex-builder/spi-builder-workspace/.derivedData/Build/Products/Debug/PackageFrameworks -Xlinker -rpath -Xlinker @executable_path/../lib -Xlinker -object_path_lto -Xlinker /Users/builder/builds/TDmZkXJm/1/finestructure/swiftpackageindex-builder/spi-builder-workspace/.derivedData/Build/Intermediates.noindex/swift-package-collection-generator.build/Debug/package-collection-diff.build/Objects-normal/arm64/package-collection-diff_lto.o -Xlinker -export_dynamic -Xlinker -no_deduplicate -Xlinker -debug_variant -fobjc-link-runtime -fprofile-instr-generate -L/Applications/Xcode-15.2.0.app/Contents/Developer/Toolchains/XcodeDefault.xctoolchain/usr/lib/swift/macosx -L/usr/lib/swift -Xlinker -add_ast_path -Xlinker /Users/builder/builds/TDmZkXJm/1/finestructure/swiftpackageindex-builder/spi-builder-workspace/.derivedData/Build/Intermediates.noindex/swift-package-collection-generator.build/Debug/package-collection-diff.build/Objects-normal/arm64/package_collection_diff.swiftmodule -Wl,-no_warn_duplicate_libraries -Wl,-no_warn_duplicate_libraries -Wl,-no_warn_duplicate_libraries -Wl,-no_warn_duplicate_libraries -Wl,-no_warn_duplicate_libraries -Wl,-no_warn_duplicate_libraries -Wl,-no_warn_duplicate_libraries -Wl,-no_warn_duplicate_libraries -Wl,-no_warn_duplicate_libraries -Wl,-no_warn_duplicate_libraries -Wl,-no_warn_duplicate_libraries -Wl,-no_warn_duplicate_libraries -Wl,-no_warn_duplicate_libraries -Wl,-no_warn_duplicate_libraries -Wl,-no_warn_duplicate_libraries -Wl,-no_warn_duplicate_libraries -Wl,-no_warn_duplicate_libraries -Wl,-no_warn_duplicate_libraries -Wl,-no_warn_duplicate_libraries -Wl,-no_warn_duplicate_libraries -Wl,-no_warn_duplicate_libraries -Wl,-no_warn_duplicate_libraries -Wl,-no_warn_duplicate_libraries -Wl,-no_warn_duplicate_libraries -Wl,-no_warn_duplicate_libraries -Wl,-no_warn_duplicate_libraries -Wl,-no_warn_duplicate_libraries -Wl,-no_warn_duplicate_libraries -Xlinker -dependency_info -Xlinker /Users/builder/builds/TDmZkXJm/1/finestructure/swiftpackageindex-builder/spi-builder-workspace/.derivedData/Build/Intermediates.noindex/swift-package-collection-generator.build/Debug/package-collection-diff.build/Objects-normal/arm64/package-collection-diff_dependency_info.dat -o /Users/builder/builds/TDmZkXJm/1/finestructure/swiftpackageindex-builder/spi-builder-workspace/.derivedData/Build/Products/Debug/package-collection-diff -Xlinker -add_ast_path -Xlinker /Users/builder/builds/TDmZkXJm/1/finestructure/swiftpackageindex-builder/spi-builder-workspace/.derivedData/Build/Intermediates.noindex/SwiftPM.build/Debug/PackageCollections.build/Objects-normal/arm64/PackageCollections.swiftmodule -Xlinker -add_ast_path -Xlinker /Users/builder/builds/TDmZkXJm/1/finestructure/swiftpackageindex-builder/spi-builder-workspace/.derivedData/Build/Intermediates.noindex/SwiftPM.build/Debug/PackageCollectionsModel.build/Objects-normal/arm64/PackageCollectionsModel.swiftmodule -Xlinker -add_ast_path -Xlinker /Users/builder/builds/TDmZkXJm/1/finestructure/swiftpackageindex-builder/spi-builder-workspace/.derivedData/Build/Intermediates.noindex/SwiftPM.build/Debug/PackageCollectionsSigning.build/Objects-normal/arm64/PackageCollectionsSigning.swiftmodule -Xlinker -add_ast_path -Xlinker /Users/builder/builds/TDmZkXJm/1/finestructure/swiftpackageindex-builder/spi-builder-workspace/.derivedData/Build/Intermediates.noindex/SwiftPM.build/Debug/PackageModel.build/Objects-normal/arm64/PackageModel.swiftmodule -Xlinker -add_ast_path -Xlinker /Users/builder/builds/TDmZkXJm/1/finestructure/swiftpackageindex-builder/spi-builder-workspace/.derivedData/Build/Intermediates.noindex/swift-collections.build/Debug/DequeModule.build/Objects-normal/arm64/DequeModule.swiftmodule -Xlinker -add_ast_path -Xlinker /Users/builder/builds/TDmZkXJm/1/finestructure/swiftpackageindex-builder/spi-builder-workspace/.derivedData/Build/Intermediates.noindex/swift-collections.build/Debug/InternalCollectionsUtilities.build/Objects-normal/arm64/InternalCollectionsUtilities.swiftmodule -Xlinker -add_ast_path -Xlinker /Users/builder/builds/TDmZkXJm/1/finestructure/swiftpackageindex-builder/spi-builder-workspace/.derivedData/Build/Intermediates.noindex/swift-collections.build/Debug/OrderedCollections.build/Objects-normal/arm64/OrderedCollections.swiftmodule -Xlinker -add_ast_path -Xlinker /Users/builder/builds/TDmZkXJm/1/finestructure/swiftpackageindex-builder/spi-builder-workspace/.derivedData/Build/Intermediates.noindex/swift-tools-support-core.build/Debug/TSCBasic.build/Objects-normal/arm64/TSCBasic.swiftmodule -Xlinker -add_ast_path -Xlinker /Users/builder/builds/TDmZkXJm/1/finestructure/swiftpackageindex-builder/spi-builder-workspace/.derivedData/Build/Intermediates.noindex/swift-tools-support-core.build/Debug/TSCUtility.build/Objects-normal/arm64/TSCUtility.swiftmodule -Xlinker -add_ast_path -Xlinker /Users/builder/builds/TDmZkXJm/1/finestructure/swiftpackageindex-builder/spi-builder-workspace/.derivedData/Build/Intermediates.noindex/swift-tools-support-core.build/Debug/TSCLibc.build/Objects-normal/arm64/TSCLibc.swiftmodule -Xlinker -add_ast_path -Xlinker /Users/builder/builds/TDmZkXJm/1/finestructure/swiftpackageindex-builder/spi-builder-workspace/.derivedData/Build/Intermediates.noindex/swift-system.build/Debug/SystemPackage.build/Objects-normal/arm64/SystemPackage.swiftmodule -Xlinker -add_ast_path -Xlinker /Users/builder/builds/TDmZkXJm/1/finestructure/swiftpackageindex-builder/spi-builder-workspace/.derivedData/Build/Intermediates.noindex/SwiftPM.build/Debug/Basics.build/Objects-normal/arm64/Basics.swiftmodule -Xlinker -add_ast_path -Xlinker /Users/builder/builds/TDmZkXJm/1/finestructure/swiftpackageindex-builder/spi-builder-workspace/.derivedData/Build/Intermediates.noindex/swift-crypto.build/Debug/Crypto.build/Objects-normal/arm64/Crypto.swiftmodule -Xlinker -add_ast_path -Xlinker /Users/builder/builds/TDmZkXJm/1/finestructure/swiftpackageindex-builder/spi-builder-workspace/.derivedData/Build/Intermediates.noindex/swift-certificates.build/Debug/X509.build/Objects-normal/arm64/X509.swiftmodule -Xlinker -add_ast_path -Xlinker /Users/builder/builds/TDmZkXJm/1/finestructure/swiftpackageindex-builder/spi-builder-workspace/.derivedData/Build/Intermediates.noindex/swift-certificates.build/Debug/_CertificateInternals.build/Objects-normal/arm64/_CertificateInternals.swiftmodule -Xlinker -add_ast_path -Xlinker /Users/builder/builds/TDmZkXJm/1/finestructure/swiftpackageindex-builder/spi-builder-workspace/.derivedData/Build/Intermediates.noindex/swift-asn1.build/Debug/SwiftASN1.build/Objects-normal/arm64/SwiftASN1.swiftmodule -Xlinker -add_ast_path -Xlinker /Users/builder/builds/TDmZkXJm/1/finestructure/swiftpackageindex-builder/spi-builder-workspace/.derivedData/Build/Intermediates.noindex/swift-crypto.build/Debug/_CryptoExtras.build/Objects-normal/arm64/_CryptoExtras.swiftmodule -Xlinker -add_ast_path -Xlinker /Users/builder/builds/TDmZkXJm/1/finestructure/swiftpackageindex-builder/spi-builder-workspace/.derivedData/Build/Intermediates.noindex/swift-crypto.build/Debug/CryptoBoringWrapper.build/Objects-normal/arm64/CryptoBoringWrapper.swiftmodule -Xlinker -add_ast_path -Xlinker /Users/builder/builds/TDmZkXJm/1/finestructure/swiftpackageindex-builder/spi-builder-workspace/.derivedData/Build/Intermediates.noindex/SwiftPM.build/Debug/SourceControl.build/Objects-normal/arm64/SourceControl.swiftmodule -Xlinker -add_ast_path -Xlinker /Users/builder/builds/TDmZkXJm/1/finestructure/swiftpackageindex-builder/spi-builder-workspace/.derivedData/Build/Intermediates.noindex/swift-package-collection-generator.build/Debug/Utilities.build/Objects-normal/arm64/Utilities.swiftmodule -Xlinker -add_ast_path -Xlinker /Users/builder/builds/TDmZkXJm/1/finestructure/swiftpackageindex-builder/spi-builder-workspace/.derivedData/Build/Intermediates.noindex/swift-argument-parser.build/Debug/ArgumentParser.build/Objects-normal/arm64/ArgumentParser.swiftmodule -Xlinker -add_ast_path -Xlinker /Users/builder/builds/TDmZkXJm/1/finestructure/swiftpackageindex-builder/spi-builder-workspace/.derivedData/Build/Intermediates.noindex/swift-argument-parser.build/Debug/ArgumentParserToolInfo.build/Objects-normal/arm64/ArgumentParserToolInfo.swiftmodule -Xlinker -add_ast_path -Xlinker /Users/builder/builds/TDmZkXJm/1/finestructure/swiftpackageindex-builder/spi-builder-workspace/.derivedData/Build/Intermediates.noindex/swift-backtrace.build/Debug/Backtrace.build/Objects-normal/arm64/Backtrace.swiftmodule
Ld /Users/builder/builds/TDmZkXJm/1/finestructure/swiftpackageindex-builder/spi-builder-workspace/.derivedData/Build/Products/Debug/ExecutableModules/PackageCollectionValidator.o normal (in target 'PackageCollectionValidator' from project 'swift-package-collection-generator')
    cd /Users/builder/builds/TDmZkXJm/1/finestructure/swiftpackageindex-builder/spi-builder-workspace
    /Applications/Xcode-15.2.0.app/Contents/Developer/Toolchains/XcodeDefault.xctoolchain/usr/bin/clang -Xlinker -reproducible -target arm64-apple-macos13.0 -r -isysroot /Applications/Xcode-15.2.0.app/Contents/Developer/Platforms/MacOSX.platform/Developer/SDKs/MacOSX14.2.sdk -O0 -L/Users/builder/builds/TDmZkXJm/1/finestructure/swiftpackageindex-builder/spi-builder-workspace/.derivedData/Build/Intermediates.noindex/EagerLinkingTBDs/Debug -L/Users/builder/builds/TDmZkXJm/1/finestructure/swiftpackageindex-builder/spi-builder-workspace/.derivedData/Build/Products/Debug -L/Applications/Xcode-15.2.0.app/Contents/Developer/Platforms/MacOSX.platform/Developer/usr/lib -F/Users/builder/builds/TDmZkXJm/1/finestructure/swiftpackageindex-builder/spi-builder-workspace/.derivedData/Build/Intermediates.noindex/EagerLinkingTBDs/Debug -F/Users/builder/builds/TDmZkXJm/1/finestructure/swiftpackageindex-builder/spi-builder-workspace/.derivedData/Build/Products/Debug/PackageFrameworks -F/Users/builder/builds/TDmZkXJm/1/finestructure/swiftpackageindex-builder/spi-builder-workspace/.derivedData/Build/Products/Debug/PackageFrameworks -F/Users/builder/builds/TDmZkXJm/1/finestructure/swiftpackageindex-builder/spi-builder-workspace/.derivedData/Build/Products/Debug/PackageFrameworks -F/Users/builder/builds/TDmZkXJm/1/finestructure/swiftpackageindex-builder/spi-builder-workspace/.derivedData/Build/Products/Debug/PackageFrameworks -F/Users/builder/builds/TDmZkXJm/1/finestructure/swiftpackageindex-builder/spi-builder-workspace/.derivedData/Build/Products/Debug/PackageFrameworks -F/Users/builder/builds/TDmZkXJm/1/finestructure/swiftpackageindex-builder/spi-builder-workspace/.derivedData/Build/Products/Debug/PackageFrameworks -F/Users/builder/builds/TDmZkXJm/1/finestructure/swiftpackageindex-builder/spi-builder-workspace/.derivedData/Build/Products/Debug/PackageFrameworks -F/Users/builder/builds/TDmZkXJm/1/finestructure/swiftpackageindex-builder/spi-builder-workspace/.derivedData/Build/Products/Debug/PackageFrameworks -F/Users/builder/builds/TDmZkXJm/1/finestructure/swiftpackageindex-builder/spi-builder-workspace/.derivedData/Build/Products/Debug/PackageFrameworks -F/Users/builder/builds/TDmZkXJm/1/finestructure/swiftpackageindex-builder/spi-builder-workspace/.derivedData/Build/Products/Debug/PackageFrameworks -F/Users/builder/builds/TDmZkXJm/1/finestructure/swiftpackageindex-builder/spi-builder-workspace/.derivedData/Build/Products/Debug/PackageFrameworks -F/Users/builder/builds/TDmZkXJm/1/finestructure/swiftpackageindex-builder/spi-builder-workspace/.derivedData/Build/Products/Debug/PackageFrameworks -F/Users/builder/builds/TDmZkXJm/1/finestructure/swiftpackageindex-builder/spi-builder-workspace/.derivedData/Build/Products/Debug/PackageFrameworks -F/Users/builder/builds/TDmZkXJm/1/finestructure/swiftpackageindex-builder/spi-builder-workspace/.derivedData/Build/Products/Debug/PackageFrameworks -F/Users/builder/builds/TDmZkXJm/1/finestructure/swiftpackageindex-builder/spi-builder-workspace/.derivedData/Build/Products/Debug/PackageFrameworks -F/Users/builder/builds/TDmZkXJm/1/finestructure/swiftpackageindex-builder/spi-builder-workspace/.derivedData/Build/Products/Debug/PackageFrameworks -F/Users/builder/builds/TDmZkXJm/1/finestructure/swiftpackageindex-builder/spi-builder-workspace/.derivedData/Build/Products/Debug/PackageFrameworks -F/Users/builder/builds/TDmZkXJm/1/finestructure/swiftpackageindex-builder/spi-builder-workspace/.derivedData/Build/Products/Debug/PackageFrameworks -F/Users/builder/builds/TDmZkXJm/1/finestructure/swiftpackageindex-builder/spi-builder-workspace/.derivedData/Build/Products/Debug/PackageFrameworks -F/Users/builder/builds/TDmZkXJm/1/finestructure/swiftpackageindex-builder/spi-builder-workspace/.derivedData/Build/Products/Debug/PackageFrameworks -F/Users/builder/builds/TDmZkXJm/1/finestructure/swiftpackageindex-builder/spi-builder-workspace/.derivedData/Build/Products/Debug/PackageFrameworks -F/Users/builder/builds/TDmZkXJm/1/finestructure/swiftpackageindex-builder/spi-builder-workspace/.derivedData/Build/Products/Debug/PackageFrameworks -F/Users/builder/builds/TDmZkXJm/1/finestructure/swiftpackageindex-builder/spi-builder-workspace/.derivedData/Build/Products/Debug/PackageFrameworks -F/Users/builder/builds/TDmZkXJm/1/finestructure/swiftpackageindex-builder/spi-builder-workspace/.derivedData/Build/Products/Debug/PackageFrameworks -F/Users/builder/builds/TDmZkXJm/1/finestructure/swiftpackageindex-builder/spi-builder-workspace/.derivedData/Build/Products/Debug/PackageFrameworks -F/Users/builder/builds/TDmZkXJm/1/finestructure/swiftpackageindex-builder/spi-builder-workspace/.derivedData/Build/Products/Debug/PackageFrameworks -F/Users/builder/builds/TDmZkXJm/1/finestructure/swiftpackageindex-builder/spi-builder-workspace/.derivedData/Build/Products/Debug/PackageFrameworks -F/Users/builder/builds/TDmZkXJm/1/finestructure/swiftpackageindex-builder/spi-builder-workspace/.derivedData/Build/Products/Debug/PackageFrameworks -F/Users/builder/builds/TDmZkXJm/1/finestructure/swiftpackageindex-builder/spi-builder-workspace/.derivedData/Build/Products/Debug -F/Applications/Xcode-15.2.0.app/Contents/Developer/Platforms/MacOSX.platform/Developer/Library/Frameworks -iframework /Applications/Xcode-15.2.0.app/Contents/Developer/Platforms/MacOSX.platform/Developer/Library/Frameworks -filelist /Users/builder/builds/TDmZkXJm/1/finestructure/swiftpackageindex-builder/spi-builder-workspace/.derivedData/Build/Intermediates.noindex/swift-package-collection-generator.build/Debug/PackageCollectionValidator--4922B6760E1DFF88-testable.build/Objects-normal/arm64/PackageCollectionValidator--4922B6760E1DFF88-testable.LinkFileList -nostdlib -Xlinker -object_path_lto -Xlinker /Users/builder/builds/TDmZkXJm/1/finestructure/swiftpackageindex-builder/spi-builder-workspace/.derivedData/Build/Intermediates.noindex/swift-package-collection-generator.build/Debug/PackageCollectionValidator--4922B6760E1DFF88-testable.build/Objects-normal/arm64/PackageCollectionValidator--4922B6760E1DFF88-testable_lto.o -Xlinker -export_dynamic -Xlinker -no_deduplicate -Xlinker -debug_variant -fobjc-link-runtime -L/Applications/Xcode-15.2.0.app/Contents/Developer/Toolchains/XcodeDefault.xctoolchain/usr/lib/swift/macosx -L/usr/lib/swift -Xlinker -add_ast_path -Xlinker /Users/builder/builds/TDmZkXJm/1/finestructure/swiftpackageindex-builder/spi-builder-workspace/.derivedData/Build/Intermediates.noindex/swift-package-collection-generator.build/Debug/PackageCollectionValidator--4922B6760E1DFF88-testable.build/Objects-normal/arm64/PackageCollectionValidator.swiftmodule -Xlinker -dependency_info -Xlinker /Users/builder/builds/TDmZkXJm/1/finestructure/swiftpackageindex-builder/spi-builder-workspace/.derivedData/Build/Intermediates.noindex/swift-package-collection-generator.build/Debug/PackageCollectionValidator--4922B6760E1DFF88-testable.build/Objects-normal/arm64/PackageCollectionValidator--4922B6760E1DFF88-testable_dependency_info.dat -o /Users/builder/builds/TDmZkXJm/1/finestructure/swiftpackageindex-builder/spi-builder-workspace/.derivedData/Build/Products/Debug/ExecutableModules/PackageCollectionValidator.o
Ld /Users/builder/builds/TDmZkXJm/1/finestructure/swiftpackageindex-builder/spi-builder-workspace/.derivedData/Build/Products/Debug/ExecutableModules/PackageCollectionSigner.o normal (in target 'PackageCollectionSigner' from project 'swift-package-collection-generator')
    cd /Users/builder/builds/TDmZkXJm/1/finestructure/swiftpackageindex-builder/spi-builder-workspace
    /Applications/Xcode-15.2.0.app/Contents/Developer/Toolchains/XcodeDefault.xctoolchain/usr/bin/clang -Xlinker -reproducible -target arm64-apple-macos13.0 -r -isysroot /Applications/Xcode-15.2.0.app/Contents/Developer/Platforms/MacOSX.platform/Developer/SDKs/MacOSX14.2.sdk -O0 -L/Users/builder/builds/TDmZkXJm/1/finestructure/swiftpackageindex-builder/spi-builder-workspace/.derivedData/Build/Intermediates.noindex/EagerLinkingTBDs/Debug -L/Users/builder/builds/TDmZkXJm/1/finestructure/swiftpackageindex-builder/spi-builder-workspace/.derivedData/Build/Products/Debug -L/Applications/Xcode-15.2.0.app/Contents/Developer/Platforms/MacOSX.platform/Developer/usr/lib -F/Users/builder/builds/TDmZkXJm/1/finestructure/swiftpackageindex-builder/spi-builder-workspace/.derivedData/Build/Intermediates.noindex/EagerLinkingTBDs/Debug -F/Users/builder/builds/TDmZkXJm/1/finestructure/swiftpackageindex-builder/spi-builder-workspace/.derivedData/Build/Products/Debug/PackageFrameworks -F/Users/builder/builds/TDmZkXJm/1/finestructure/swiftpackageindex-builder/spi-builder-workspace/.derivedData/Build/Products/Debug/PackageFrameworks -F/Users/builder/builds/TDmZkXJm/1/finestructure/swiftpackageindex-builder/spi-builder-workspace/.derivedData/Build/Products/Debug/PackageFrameworks -F/Users/builder/builds/TDmZkXJm/1/finestructure/swiftpackageindex-builder/spi-builder-workspace/.derivedData/Build/Products/Debug/PackageFrameworks -F/Users/builder/builds/TDmZkXJm/1/finestructure/swiftpackageindex-builder/spi-builder-workspace/.derivedData/Build/Products/Debug/PackageFrameworks -F/Users/builder/builds/TDmZkXJm/1/finestructure/swiftpackageindex-builder/spi-builder-workspace/.derivedData/Build/Products/Debug/PackageFrameworks -F/Users/builder/builds/TDmZkXJm/1/finestructure/swiftpackageindex-builder/spi-builder-workspace/.derivedData/Build/Products/Debug/PackageFrameworks -F/Users/builder/builds/TDmZkXJm/1/finestructure/swiftpackageindex-builder/spi-builder-workspace/.derivedData/Build/Products/Debug/PackageFrameworks -F/Users/builder/builds/TDmZkXJm/1/finestructure/swiftpackageindex-builder/spi-builder-workspace/.derivedData/Build/Products/Debug/PackageFrameworks -F/Users/builder/builds/TDmZkXJm/1/finestructure/swiftpackageindex-builder/spi-builder-workspace/.derivedData/Build/Products/Debug/PackageFrameworks -F/Users/builder/builds/TDmZkXJm/1/finestructure/swiftpackageindex-builder/spi-builder-workspace/.derivedData/Build/Products/Debug/PackageFrameworks -F/Users/builder/builds/TDmZkXJm/1/finestructure/swiftpackageindex-builder/spi-builder-workspace/.derivedData/Build/Products/Debug/PackageFrameworks -F/Users/builder/builds/TDmZkXJm/1/finestructure/swiftpackageindex-builder/spi-builder-workspace/.derivedData/Build/Products/Debug/PackageFrameworks -F/Users/builder/builds/TDmZkXJm/1/finestructure/swiftpackageindex-builder/spi-builder-workspace/.derivedData/Build/Products/Debug/PackageFrameworks -F/Users/builder/builds/TDmZkXJm/1/finestructure/swiftpackageindex-builder/spi-builder-workspace/.derivedData/Build/Products/Debug/PackageFrameworks -F/Users/builder/builds/TDmZkXJm/1/finestructure/swiftpackageindex-builder/spi-builder-workspace/.derivedData/Build/Products/Debug/PackageFrameworks -F/Users/builder/builds/TDmZkXJm/1/finestructure/swiftpackageindex-builder/spi-builder-workspace/.derivedData/Build/Products/Debug/PackageFrameworks -F/Users/builder/builds/TDmZkXJm/1/finestructure/swiftpackageindex-builder/spi-builder-workspace/.derivedData/Build/Products/Debug/PackageFrameworks -F/Users/builder/builds/TDmZkXJm/1/finestructure/swiftpackageindex-builder/spi-builder-workspace/.derivedData/Build/Products/Debug/PackageFrameworks -F/Users/builder/builds/TDmZkXJm/1/finestructure/swiftpackageindex-builder/spi-builder-workspace/.derivedData/Build/Products/Debug/PackageFrameworks -F/Users/builder/builds/TDmZkXJm/1/finestructure/swiftpackageindex-builder/spi-builder-workspace/.derivedData/Build/Products/Debug/PackageFrameworks -F/Users/builder/builds/TDmZkXJm/1/finestructure/swiftpackageindex-builder/spi-builder-workspace/.derivedData/Build/Products/Debug/PackageFrameworks -F/Users/builder/builds/TDmZkXJm/1/finestructure/swiftpackageindex-builder/spi-builder-workspace/.derivedData/Build/Products/Debug/PackageFrameworks -F/Users/builder/builds/TDmZkXJm/1/finestructure/swiftpackageindex-builder/spi-builder-workspace/.derivedData/Build/Products/Debug/PackageFrameworks -F/Users/builder/builds/TDmZkXJm/1/finestructure/swiftpackageindex-builder/spi-builder-workspace/.derivedData/Build/Products/Debug/PackageFrameworks -F/Users/builder/builds/TDmZkXJm/1/finestructure/swiftpackageindex-builder/spi-builder-workspace/.derivedData/Build/Products/Debug/PackageFrameworks -F/Users/builder/builds/TDmZkXJm/1/finestructure/swiftpackageindex-builder/spi-builder-workspace/.derivedData/Build/Products/Debug/PackageFrameworks -F/Users/builder/builds/TDmZkXJm/1/finestructure/swiftpackageindex-builder/spi-builder-workspace/.derivedData/Build/Products/Debug/PackageFrameworks -F/Users/builder/builds/TDmZkXJm/1/finestructure/swiftpackageindex-builder/spi-builder-workspace/.derivedData/Build/Products/Debug -F/Applications/Xcode-15.2.0.app/Contents/Developer/Platforms/MacOSX.platform/Developer/Library/Frameworks -iframework /Applications/Xcode-15.2.0.app/Contents/Developer/Platforms/MacOSX.platform/Developer/Library/Frameworks -filelist /Users/builder/builds/TDmZkXJm/1/finestructure/swiftpackageindex-builder/spi-builder-workspace/.derivedData/Build/Intermediates.noindex/swift-package-collection-generator.build/Debug/PackageCollectionSigner--44A972FDCD28F8C9-testable.build/Objects-normal/arm64/PackageCollectionSigner--44A972FDCD28F8C9-testable.LinkFileList -nostdlib -Xlinker -object_path_lto -Xlinker /Users/builder/builds/TDmZkXJm/1/finestructure/swiftpackageindex-builder/spi-builder-workspace/.derivedData/Build/Intermediates.noindex/swift-package-collection-generator.build/Debug/PackageCollectionSigner--44A972FDCD28F8C9-testable.build/Objects-normal/arm64/PackageCollectionSigner--44A972FDCD28F8C9-testable_lto.o -Xlinker -export_dynamic -Xlinker -no_deduplicate -Xlinker -debug_variant -fobjc-link-runtime -L/Applications/Xcode-15.2.0.app/Contents/Developer/Toolchains/XcodeDefault.xctoolchain/usr/lib/swift/macosx -L/usr/lib/swift -Xlinker -add_ast_path -Xlinker /Users/builder/builds/TDmZkXJm/1/finestructure/swiftpackageindex-builder/spi-builder-workspace/.derivedData/Build/Intermediates.noindex/swift-package-collection-generator.build/Debug/PackageCollectionSigner--44A972FDCD28F8C9-testable.build/Objects-normal/arm64/PackageCollectionSigner.swiftmodule -Xlinker -dependency_info -Xlinker /Users/builder/builds/TDmZkXJm/1/finestructure/swiftpackageindex-builder/spi-builder-workspace/.derivedData/Build/Intermediates.noindex/swift-package-collection-generator.build/Debug/PackageCollectionSigner--44A972FDCD28F8C9-testable.build/Objects-normal/arm64/PackageCollectionSigner--44A972FDCD28F8C9-testable_dependency_info.dat -o /Users/builder/builds/TDmZkXJm/1/finestructure/swiftpackageindex-builder/spi-builder-workspace/.derivedData/Build/Products/Debug/ExecutableModules/PackageCollectionSigner.o
Ld /Users/builder/builds/TDmZkXJm/1/finestructure/swiftpackageindex-builder/spi-builder-workspace/.derivedData/Build/Products/Debug/ExecutableModules/PackageCollectionGenerator.o normal (in target 'PackageCollectionGenerator' from project 'swift-package-collection-generator')
    cd /Users/builder/builds/TDmZkXJm/1/finestructure/swiftpackageindex-builder/spi-builder-workspace
    /Applications/Xcode-15.2.0.app/Contents/Developer/Toolchains/XcodeDefault.xctoolchain/usr/bin/clang -Xlinker -reproducible -target arm64-apple-macos13.0 -r -isysroot /Applications/Xcode-15.2.0.app/Contents/Developer/Platforms/MacOSX.platform/Developer/SDKs/MacOSX14.2.sdk -O0 -L/Users/builder/builds/TDmZkXJm/1/finestructure/swiftpackageindex-builder/spi-builder-workspace/.derivedData/Build/Intermediates.noindex/EagerLinkingTBDs/Debug -L/Users/builder/builds/TDmZkXJm/1/finestructure/swiftpackageindex-builder/spi-builder-workspace/.derivedData/Build/Products/Debug -L/Applications/Xcode-15.2.0.app/Contents/Developer/Platforms/MacOSX.platform/Developer/usr/lib -F/Users/builder/builds/TDmZkXJm/1/finestructure/swiftpackageindex-builder/spi-builder-workspace/.derivedData/Build/Intermediates.noindex/EagerLinkingTBDs/Debug -F/Users/builder/builds/TDmZkXJm/1/finestructure/swiftpackageindex-builder/spi-builder-workspace/.derivedData/Build/Products/Debug/PackageFrameworks -F/Users/builder/builds/TDmZkXJm/1/finestructure/swiftpackageindex-builder/spi-builder-workspace/.derivedData/Build/Products/Debug/PackageFrameworks -F/Users/builder/builds/TDmZkXJm/1/finestructure/swiftpackageindex-builder/spi-builder-workspace/.derivedData/Build/Products/Debug/PackageFrameworks -F/Users/builder/builds/TDmZkXJm/1/finestructure/swiftpackageindex-builder/spi-builder-workspace/.derivedData/Build/Products/Debug/PackageFrameworks -F/Users/builder/builds/TDmZkXJm/1/finestructure/swiftpackageindex-builder/spi-builder-workspace/.derivedData/Build/Products/Debug/PackageFrameworks -F/Users/builder/builds/TDmZkXJm/1/finestructure/swiftpackageindex-builder/spi-builder-workspace/.derivedData/Build/Products/Debug/PackageFrameworks -F/Users/builder/builds/TDmZkXJm/1/finestructure/swiftpackageindex-builder/spi-builder-workspace/.derivedData/Build/Products/Debug/PackageFrameworks -F/Users/builder/builds/TDmZkXJm/1/finestructure/swiftpackageindex-builder/spi-builder-workspace/.derivedData/Build/Products/Debug/PackageFrameworks -F/Users/builder/builds/TDmZkXJm/1/finestructure/swiftpackageindex-builder/spi-builder-workspace/.derivedData/Build/Products/Debug/PackageFrameworks -F/Users/builder/builds/TDmZkXJm/1/finestructure/swiftpackageindex-builder/spi-builder-workspace/.derivedData/Build/Products/Debug/PackageFrameworks -F/Users/builder/builds/TDmZkXJm/1/finestructure/swiftpackageindex-builder/spi-builder-workspace/.derivedData/Build/Products/Debug/PackageFrameworks -F/Users/builder/builds/TDmZkXJm/1/finestructure/swiftpackageindex-builder/spi-builder-workspace/.derivedData/Build/Products/Debug/PackageFrameworks -F/Users/builder/builds/TDmZkXJm/1/finestructure/swiftpackageindex-builder/spi-builder-workspace/.derivedData/Build/Products/Debug/PackageFrameworks -F/Users/builder/builds/TDmZkXJm/1/finestructure/swiftpackageindex-builder/spi-builder-workspace/.derivedData/Build/Products/Debug/PackageFrameworks -F/Users/builder/builds/TDmZkXJm/1/finestructure/swiftpackageindex-builder/spi-builder-workspace/.derivedData/Build/Products/Debug/PackageFrameworks -F/Users/builder/builds/TDmZkXJm/1/finestructure/swiftpackageindex-builder/spi-builder-workspace/.derivedData/Build/Products/Debug/PackageFrameworks -F/Users/builder/builds/TDmZkXJm/1/finestructure/swiftpackageindex-builder/spi-builder-workspace/.derivedData/Build/Products/Debug/PackageFrameworks -F/Users/builder/builds/TDmZkXJm/1/finestructure/swiftpackageindex-builder/spi-builder-workspace/.derivedData/Build/Products/Debug/PackageFrameworks -F/Users/builder/builds/TDmZkXJm/1/finestructure/swiftpackageindex-builder/spi-builder-workspace/.derivedData/Build/Products/Debug/PackageFrameworks -F/Users/builder/builds/TDmZkXJm/1/finestructure/swiftpackageindex-builder/spi-builder-workspace/.derivedData/Build/Products/Debug/PackageFrameworks -F/Users/builder/builds/TDmZkXJm/1/finestructure/swiftpackageindex-builder/spi-builder-workspace/.derivedData/Build/Products/Debug/PackageFrameworks -F/Users/builder/builds/TDmZkXJm/1/finestructure/swiftpackageindex-builder/spi-builder-workspace/.derivedData/Build/Products/Debug/PackageFrameworks -F/Users/builder/builds/TDmZkXJm/1/finestructure/swiftpackageindex-builder/spi-builder-workspace/.derivedData/Build/Products/Debug/PackageFrameworks -F/Users/builder/builds/TDmZkXJm/1/finestructure/swiftpackageindex-builder/spi-builder-workspace/.derivedData/Build/Products/Debug/PackageFrameworks -F/Users/builder/builds/TDmZkXJm/1/finestructure/swiftpackageindex-builder/spi-builder-workspace/.derivedData/Build/Products/Debug/PackageFrameworks -F/Users/builder/builds/TDmZkXJm/1/finestructure/swiftpackageindex-builder/spi-builder-workspace/.derivedData/Build/Products/Debug/PackageFrameworks -F/Users/builder/builds/TDmZkXJm/1/finestructure/swiftpackageindex-builder/spi-builder-workspace/.derivedData/Build/Products/Debug/PackageFrameworks -F/Users/builder/builds/TDmZkXJm/1/finestructure/swiftpackageindex-builder/spi-builder-workspace/.derivedData/Build/Products/Debug/PackageFrameworks -F/Users/builder/builds/TDmZkXJm/1/finestructure/swiftpackageindex-builder/spi-builder-workspace/.derivedData/Build/Products/Debug -F/Applications/Xcode-15.2.0.app/Contents/Developer/Platforms/MacOSX.platform/Developer/Library/Frameworks -iframework /Applications/Xcode-15.2.0.app/Contents/Developer/Platforms/MacOSX.platform/Developer/Library/Frameworks -filelist /Users/builder/builds/TDmZkXJm/1/finestructure/swiftpackageindex-builder/spi-builder-workspace/.derivedData/Build/Intermediates.noindex/swift-package-collection-generator.build/Debug/PackageCollectionGenerator--447392958F242B87-testable.build/Objects-normal/arm64/PackageCollectionGenerator--447392958F242B87-testable.LinkFileList -nostdlib -Xlinker -object_path_lto -Xlinker /Users/builder/builds/TDmZkXJm/1/finestructure/swiftpackageindex-builder/spi-builder-workspace/.derivedData/Build/Intermediates.noindex/swift-package-collection-generator.build/Debug/PackageCollectionGenerator--447392958F242B87-testable.build/Objects-normal/arm64/PackageCollectionGenerator--447392958F242B87-testable_lto.o -Xlinker -export_dynamic -Xlinker -no_deduplicate -Xlinker -debug_variant -fobjc-link-runtime -L/Applications/Xcode-15.2.0.app/Contents/Developer/Toolchains/XcodeDefault.xctoolchain/usr/lib/swift/macosx -L/usr/lib/swift -Xlinker -add_ast_path -Xlinker /Users/builder/builds/TDmZkXJm/1/finestructure/swiftpackageindex-builder/spi-builder-workspace/.derivedData/Build/Intermediates.noindex/swift-package-collection-generator.build/Debug/PackageCollectionGenerator--447392958F242B87-testable.build/Objects-normal/arm64/PackageCollectionGenerator.swiftmodule -Xlinker -dependency_info -Xlinker /Users/builder/builds/TDmZkXJm/1/finestructure/swiftpackageindex-builder/spi-builder-workspace/.derivedData/Build/Intermediates.noindex/swift-package-collection-generator.build/Debug/PackageCollectionGenerator--447392958F242B87-testable.build/Objects-normal/arm64/PackageCollectionGenerator--447392958F242B87-testable_dependency_info.dat -o /Users/builder/builds/TDmZkXJm/1/finestructure/swiftpackageindex-builder/spi-builder-workspace/.derivedData/Build/Products/Debug/ExecutableModules/PackageCollectionGenerator.o
SwiftDriver PackageCollectionDiffTests normal arm64 com.apple.xcode.tools.swift.compiler (in target 'PackageCollectionDiffTests' from project 'swift-package-collection-generator')
    cd /Users/builder/builds/TDmZkXJm/1/finestructure/swiftpackageindex-builder/spi-builder-workspace
    builtin-SwiftDriver -- /Applications/Xcode-15.2.0.app/Contents/Developer/Toolchains/XcodeDefault.xctoolchain/usr/bin/swiftc -module-name PackageCollectionDiffTests -Onone -enforce-exclusivity\=checked @/Users/builder/builds/TDmZkXJm/1/finestructure/swiftpackageindex-builder/spi-builder-workspace/.derivedData/Build/Intermediates.noindex/swift-package-collection-generator.build/Debug/PackageCollectionDiffTests.build/Objects-normal/arm64/PackageCollectionDiffTests.SwiftFileList -DSWIFT_PACKAGE -DDEBUG -Xcc -fmodule-map-file\=/Users/builder/builds/TDmZkXJm/1/finestructure/swiftpackageindex-builder/spi-builder-workspace/.dependencies/checkouts/swift-package-manager/Sources/SPMSQLite3/module.modulemap -Xcc -fmodule-map-file\=/Users/builder/builds/TDmZkXJm/1/finestructure/swiftpackageindex-builder/spi-builder-workspace/.derivedData/Build/Intermediates.noindex/GeneratedModuleMaps/CBacktrace.modulemap -DXcode -sdk /Applications/Xcode-15.2.0.app/Contents/Developer/Platforms/MacOSX.platform/Developer/SDKs/MacOSX14.2.sdk -target arm64-apple-macos13.0 -g -module-cache-path /Users/builder/builds/TDmZkXJm/1/finestructure/swiftpackageindex-builder/spi-builder-workspace/.derivedData/ModuleCache.noindex -Xfrontend -serialize-debugging-options -profile-coverage-mapping -profile-generate -enable-testing -index-store-path /Users/builder/builds/TDmZkXJm/1/finestructure/swiftpackageindex-builder/spi-builder-workspace/.derivedData/Index.noindex/DataStore -swift-version 5 -I /Users/builder/builds/TDmZkXJm/1/finestructure/swiftpackageindex-builder/spi-builder-workspace/.derivedData/Build/Products/Debug -I /Applications/Xcode-15.2.0.app/Contents/Developer/Platforms/MacOSX.platform/Developer/usr/lib -F /Users/builder/builds/TDmZkXJm/1/finestructure/swiftpackageindex-builder/spi-builder-workspace/.derivedData/Build/Products/Debug/PackageFrameworks -F /Users/builder/builds/TDmZkXJm/1/finestructure/swiftpackageindex-builder/spi-builder-workspace/.derivedData/Build/Products/Debug/PackageFrameworks -F /Users/builder/builds/TDmZkXJm/1/finestructure/swiftpackageindex-builder/spi-builder-workspace/.derivedData/Build/Products/Debug/PackageFrameworks -F /Users/builder/builds/TDmZkXJm/1/finestructure/swiftpackageindex-builder/spi-builder-workspace/.derivedData/Build/Products/Debug/PackageFrameworks -F /Users/builder/builds/TDmZkXJm/1/finestructure/swiftpackageindex-builder/spi-builder-workspace/.derivedData/Build/Products/Debug/PackageFrameworks -F /Users/builder/builds/TDmZkXJm/1/finestructure/swiftpackageindex-builder/spi-builder-workspace/.derivedData/Build/Products/Debug/PackageFrameworks -F /Users/builder/builds/TDmZkXJm/1/finestructure/swiftpackageindex-builder/spi-builder-workspace/.derivedData/Build/Products/Debug/PackageFrameworks -F /Users/builder/builds/TDmZkXJm/1/finestructure/swiftpackageindex-builder/spi-builder-workspace/.derivedData/Build/Products/Debug/PackageFrameworks -F /Users/builder/builds/TDmZkXJm/1/finestructure/swiftpackageindex-builder/spi-builder-workspace/.derivedData/Build/Products/Debug/PackageFrameworks -F /Users/builder/builds/TDmZkXJm/1/finestructure/swiftpackageindex-builder/spi-builder-workspace/.derivedData/Build/Products/Debug/PackageFrameworks -F /Users/builder/builds/TDmZkXJm/1/finestructure/swiftpackageindex-builder/spi-builder-workspace/.derivedData/Build/Products/Debug/PackageFrameworks -F /Users/builder/builds/TDmZkXJm/1/finestructure/swiftpackageindex-builder/spi-builder-workspace/.derivedData/Build/Products/Debug/PackageFrameworks -F /Users/builder/builds/TDmZkXJm/1/finestructure/swiftpackageindex-builder/spi-builder-workspace/.derivedData/Build/Products/Debug/PackageFrameworks -F /Users/builder/builds/TDmZkXJm/1/finestructure/swiftpackageindex-builder/spi-builder-workspace/.derivedData/Build/Products/Debug/PackageFrameworks -F /Users/builder/builds/TDmZkXJm/1/finestructure/swiftpackageindex-builder/spi-builder-workspace/.derivedData/Build/Products/Debug/PackageFrameworks -F /Users/builder/builds/TDmZkXJm/1/finestructure/swiftpackageindex-builder/spi-builder-workspace/.derivedData/Build/Products/Debug/PackageFrameworks -F /Users/builder/builds/TDmZkXJm/1/finestructure/swiftpackageindex-builder/spi-builder-workspace/.derivedData/Build/Products/Debug/PackageFrameworks -F /Users/builder/builds/TDmZkXJm/1/finestructure/swiftpackageindex-builder/spi-builder-workspace/.derivedData/Build/Products/Debug/PackageFrameworks -F /Users/builder/builds/TDmZkXJm/1/finestructure/swiftpackageindex-builder/spi-builder-workspace/.derivedData/Build/Products/Debug/PackageFrameworks -F /Users/builder/builds/TDmZkXJm/1/finestructure/swiftpackageindex-builder/spi-builder-workspace/.derivedData/Build/Products/Debug/PackageFrameworks -F /Users/builder/builds/TDmZkXJm/1/finestructure/swiftpackageindex-builder/spi-builder-workspace/.derivedData/Build/Products/Debug/PackageFrameworks -F /Users/builder/builds/TDmZkXJm/1/finestructure/swiftpackageindex-builder/spi-builder-workspace/.derivedData/Build/Products/Debug/PackageFrameworks -F /Users/builder/builds/TDmZkXJm/1/finestructure/swiftpackageindex-builder/spi-builder-workspace/.derivedData/Build/Products/Debug/PackageFrameworks -F /Users/builder/builds/TDmZkXJm/1/finestructure/swiftpackageindex-builder/spi-builder-workspace/.derivedData/Build/Products/Debug/PackageFrameworks -F /Users/builder/builds/TDmZkXJm/1/finestructure/swiftpackageindex-builder/spi-builder-workspace/.derivedData/Build/Products/Debug/PackageFrameworks -F /Users/builder/builds/TDmZkXJm/1/finestructure/swiftpackageindex-builder/spi-builder-workspace/.derivedData/Build/Products/Debug/PackageFrameworks -F /Users/builder/builds/TDmZkXJm/1/finestructure/swiftpackageindex-builder/spi-builder-workspace/.derivedData/Build/Products/Debug/PackageFrameworks -F /Users/builder/builds/TDmZkXJm/1/finestructure/swiftpackageindex-builder/spi-builder-workspace/.derivedData/Build/Products/Debug/PackageFrameworks -F /Users/builder/builds/TDmZkXJm/1/finestructure/swiftpackageindex-builder/spi-builder-workspace/.derivedData/Build/Products/Debug/PackageFrameworks -F /Users/builder/builds/TDmZkXJm/1/finestructure/swiftpackageindex-builder/spi-builder-workspace/.derivedData/Build/Products/Debug/PackageFrameworks -F /Users/builder/builds/TDmZkXJm/1/finestructure/swiftpackageindex-builder/spi-builder-workspace/.derivedData/Build/Products/Debug -F /Applications/Xcode-15.2.0.app/Contents/Developer/Platforms/MacOSX.platform/Developer/Library/Frameworks -parse-as-library -c -j8 -enable-batch-mode -incremental -Xcc -ivfsstatcache -Xcc /Users/builder/builds/TDmZkXJm/1/finestructure/swiftpackageindex-builder/spi-builder-workspace/.derivedData/SDKStatCaches.noindex/macosx14.2-23C53-ddea79c7890ab41bba4a63928c655a96.sdkstatcache -output-file-map /Users/builder/builds/TDmZkXJm/1/finestructure/swiftpackageindex-builder/spi-builder-workspace/.derivedData/Build/Intermediates.noindex/swift-package-collection-generator.build/Debug/PackageCollectionDiffTests.build/Objects-normal/arm64/PackageCollectionDiffTests-OutputFileMap.json -use-frontend-parseable-output -save-temps -no-color-diagnostics -serialize-diagnostics -emit-dependencies -emit-module -emit-module-path /Users/builder/builds/TDmZkXJm/1/finestructure/swiftpackageindex-builder/spi-builder-workspace/.derivedData/Build/Intermediates.noindex/swift-package-collection-generator.build/Debug/PackageCollectionDiffTests.build/Objects-normal/arm64/PackageCollectionDiffTests.swiftmodule -validate-clang-modules-once -clang-build-session-file /Users/builder/builds/TDmZkXJm/1/finestructure/swiftpackageindex-builder/spi-builder-workspace/.derivedData/ModuleCache.noindex/Session.modulevalidation -emit-const-values -Xfrontend -const-gather-protocols-file -Xfrontend /Users/builder/builds/TDmZkXJm/1/finestructure/swiftpackageindex-builder/spi-builder-workspace/.derivedData/Build/Intermediates.noindex/swift-package-collection-generator.build/Debug/PackageCollectionDiffTests.build/Objects-normal/arm64/PackageCollectionDiffTests_const_extract_protocols.json -Xcc -I/Users/builder/builds/TDmZkXJm/1/finestructure/swiftpackageindex-builder/spi-builder-workspace/.dependencies/checkouts/swift-tools-support-core/Sources/TSCclibc/include -Xcc -I/Users/builder/builds/TDmZkXJm/1/finestructure/swiftpackageindex-builder/spi-builder-workspace/.dependencies/checkouts/swift-system/Sources/CSystem/include -Xcc -I/Users/builder/builds/TDmZkXJm/1/finestructure/swiftpackageindex-builder/spi-builder-workspace/.dependencies/checkouts/swift-crypto/Sources/CCryptoBoringSSLShims/include -Xcc -I/Users/builder/builds/TDmZkXJm/1/finestructure/swiftpackageindex-builder/spi-builder-workspace/.dependencies/checkouts/swift-crypto/Sources/CCryptoBoringSSL/include -Xcc -I/Users/builder/builds/TDmZkXJm/1/finestructure/swiftpackageindex-builder/spi-builder-workspace/.dependencies/checkouts/swift-backtrace/Sources/CBacktrace/include -Xcc -I/Users/builder/builds/TDmZkXJm/1/finestructure/swiftpackageindex-builder/spi-builder-workspace/.derivedData/Build/Products/Debug/include -Xcc -I/Users/builder/builds/TDmZkXJm/1/finestructure/swiftpackageindex-builder/spi-builder-workspace/.derivedData/Build/Intermediates.noindex/swift-package-collection-generator.build/Debug/PackageCollectionDiffTests.build/DerivedSources-normal/arm64 -Xcc -I/Users/builder/builds/TDmZkXJm/1/finestructure/swiftpackageindex-builder/spi-builder-workspace/.derivedData/Build/Intermediates.noindex/swift-package-collection-generator.build/Debug/PackageCollectionDiffTests.build/DerivedSources/arm64 -Xcc -I/Users/builder/builds/TDmZkXJm/1/finestructure/swiftpackageindex-builder/spi-builder-workspace/.derivedData/Build/Intermediates.noindex/swift-package-collection-generator.build/Debug/PackageCollectionDiffTests.build/DerivedSources -Xcc -DSWIFT_PACKAGE -Xcc -DDEBUG\=1 -working-directory /Users/builder/builds/TDmZkXJm/1/finestructure/swiftpackageindex-builder/spi-builder-workspace -experimental-emit-module-separately -disable-cmo
Ld /Users/builder/builds/TDmZkXJm/1/finestructure/swiftpackageindex-builder/spi-builder-workspace/.derivedData/Build/Products/Debug/ExecutableModules/PackageCollectionDiff.o normal (in target 'PackageCollectionDiff' from project 'swift-package-collection-generator')
    cd /Users/builder/builds/TDmZkXJm/1/finestructure/swiftpackageindex-builder/spi-builder-workspace
    /Applications/Xcode-15.2.0.app/Contents/Developer/Toolchains/XcodeDefault.xctoolchain/usr/bin/clang -Xlinker -reproducible -target arm64-apple-macos13.0 -r -isysroot /Applications/Xcode-15.2.0.app/Contents/Developer/Platforms/MacOSX.platform/Developer/SDKs/MacOSX14.2.sdk -O0 -L/Users/builder/builds/TDmZkXJm/1/finestructure/swiftpackageindex-builder/spi-builder-workspace/.derivedData/Build/Intermediates.noindex/EagerLinkingTBDs/Debug -L/Users/builder/builds/TDmZkXJm/1/finestructure/swiftpackageindex-builder/spi-builder-workspace/.derivedData/Build/Products/Debug -L/Applications/Xcode-15.2.0.app/Contents/Developer/Platforms/MacOSX.platform/Developer/usr/lib -F/Users/builder/builds/TDmZkXJm/1/finestructure/swiftpackageindex-builder/spi-builder-workspace/.derivedData/Build/Intermediates.noindex/EagerLinkingTBDs/Debug -F/Users/builder/builds/TDmZkXJm/1/finestructure/swiftpackageindex-builder/spi-builder-workspace/.derivedData/Build/Products/Debug/PackageFrameworks -F/Users/builder/builds/TDmZkXJm/1/finestructure/swiftpackageindex-builder/spi-builder-workspace/.derivedData/Build/Products/Debug/PackageFrameworks -F/Users/builder/builds/TDmZkXJm/1/finestructure/swiftpackageindex-builder/spi-builder-workspace/.derivedData/Build/Products/Debug/PackageFrameworks -F/Users/builder/builds/TDmZkXJm/1/finestructure/swiftpackageindex-builder/spi-builder-workspace/.derivedData/Build/Products/Debug/PackageFrameworks -F/Users/builder/builds/TDmZkXJm/1/finestructure/swiftpackageindex-builder/spi-builder-workspace/.derivedData/Build/Products/Debug/PackageFrameworks -F/Users/builder/builds/TDmZkXJm/1/finestructure/swiftpackageindex-builder/spi-builder-workspace/.derivedData/Build/Products/Debug/PackageFrameworks -F/Users/builder/builds/TDmZkXJm/1/finestructure/swiftpackageindex-builder/spi-builder-workspace/.derivedData/Build/Products/Debug/PackageFrameworks -F/Users/builder/builds/TDmZkXJm/1/finestructure/swiftpackageindex-builder/spi-builder-workspace/.derivedData/Build/Products/Debug/PackageFrameworks -F/Users/builder/builds/TDmZkXJm/1/finestructure/swiftpackageindex-builder/spi-builder-workspace/.derivedData/Build/Products/Debug/PackageFrameworks -F/Users/builder/builds/TDmZkXJm/1/finestructure/swiftpackageindex-builder/spi-builder-workspace/.derivedData/Build/Products/Debug/PackageFrameworks -F/Users/builder/builds/TDmZkXJm/1/finestructure/swiftpackageindex-builder/spi-builder-workspace/.derivedData/Build/Products/Debug/PackageFrameworks -F/Users/builder/builds/TDmZkXJm/1/finestructure/swiftpackageindex-builder/spi-builder-workspace/.derivedData/Build/Products/Debug/PackageFrameworks -F/Users/builder/builds/TDmZkXJm/1/finestructure/swiftpackageindex-builder/spi-builder-workspace/.derivedData/Build/Products/Debug/PackageFrameworks -F/Users/builder/builds/TDmZkXJm/1/finestructure/swiftpackageindex-builder/spi-builder-workspace/.derivedData/Build/Products/Debug/PackageFrameworks -F/Users/builder/builds/TDmZkXJm/1/finestructure/swiftpackageindex-builder/spi-builder-workspace/.derivedData/Build/Products/Debug/PackageFrameworks -F/Users/builder/builds/TDmZkXJm/1/finestructure/swiftpackageindex-builder/spi-builder-workspace/.derivedData/Build/Products/Debug/PackageFrameworks -F/Users/builder/builds/TDmZkXJm/1/finestructure/swiftpackageindex-builder/spi-builder-workspace/.derivedData/Build/Products/Debug/PackageFrameworks -F/Users/builder/builds/TDmZkXJm/1/finestructure/swiftpackageindex-builder/spi-builder-workspace/.derivedData/Build/Products/Debug/PackageFrameworks -F/Users/builder/builds/TDmZkXJm/1/finestructure/swiftpackageindex-builder/spi-builder-workspace/.derivedData/Build/Products/Debug/PackageFrameworks -F/Users/builder/builds/TDmZkXJm/1/finestructure/swiftpackageindex-builder/spi-builder-workspace/.derivedData/Build/Products/Debug/PackageFrameworks -F/Users/builder/builds/TDmZkXJm/1/finestructure/swiftpackageindex-builder/spi-builder-workspace/.derivedData/Build/Products/Debug/PackageFrameworks -F/Users/builder/builds/TDmZkXJm/1/finestructure/swiftpackageindex-builder/spi-builder-workspace/.derivedData/Build/Products/Debug/PackageFrameworks -F/Users/builder/builds/TDmZkXJm/1/finestructure/swiftpackageindex-builder/spi-builder-workspace/.derivedData/Build/Products/Debug/PackageFrameworks -F/Users/builder/builds/TDmZkXJm/1/finestructure/swiftpackageindex-builder/spi-builder-workspace/.derivedData/Build/Products/Debug/PackageFrameworks -F/Users/builder/builds/TDmZkXJm/1/finestructure/swiftpackageindex-builder/spi-builder-workspace/.derivedData/Build/Products/Debug/PackageFrameworks -F/Users/builder/builds/TDmZkXJm/1/finestructure/swiftpackageindex-builder/spi-builder-workspace/.derivedData/Build/Products/Debug/PackageFrameworks -F/Users/builder/builds/TDmZkXJm/1/finestructure/swiftpackageindex-builder/spi-builder-workspace/.derivedData/Build/Products/Debug/PackageFrameworks -F/Users/builder/builds/TDmZkXJm/1/finestructure/swiftpackageindex-builder/spi-builder-workspace/.derivedData/Build/Products/Debug/PackageFrameworks -F/Users/builder/builds/TDmZkXJm/1/finestructure/swiftpackageindex-builder/spi-builder-workspace/.derivedData/Build/Products/Debug -F/Applications/Xcode-15.2.0.app/Contents/Developer/Platforms/MacOSX.platform/Developer/Library/Frameworks -iframework /Applications/Xcode-15.2.0.app/Contents/Developer/Platforms/MacOSX.platform/Developer/Library/Frameworks -filelist /Users/builder/builds/TDmZkXJm/1/finestructure/swiftpackageindex-builder/spi-builder-workspace/.derivedData/Build/Intermediates.noindex/swift-package-collection-generator.build/Debug/PackageCollectionDiff-612BE43D02228946-testable.build/Objects-normal/arm64/PackageCollectionDiff-612BE43D02228946-testable.LinkFileList -nostdlib -Xlinker -object_path_lto -Xlinker /Users/builder/builds/TDmZkXJm/1/finestructure/swiftpackageindex-builder/spi-builder-workspace/.derivedData/Build/Intermediates.noindex/swift-package-collection-generator.build/Debug/PackageCollectionDiff-612BE43D02228946-testable.build/Objects-normal/arm64/PackageCollectionDiff-612BE43D02228946-testable_lto.o -Xlinker -export_dynamic -Xlinker -no_deduplicate -Xlinker -debug_variant -fobjc-link-runtime -L/Applications/Xcode-15.2.0.app/Contents/Developer/Toolchains/XcodeDefault.xctoolchain/usr/lib/swift/macosx -L/usr/lib/swift -Xlinker -add_ast_path -Xlinker /Users/builder/builds/TDmZkXJm/1/finestructure/swiftpackageindex-builder/spi-builder-workspace/.derivedData/Build/Intermediates.noindex/swift-package-collection-generator.build/Debug/PackageCollectionDiff-612BE43D02228946-testable.build/Objects-normal/arm64/PackageCollectionDiff.swiftmodule -Xlinker -dependency_info -Xlinker /Users/builder/builds/TDmZkXJm/1/finestructure/swiftpackageindex-builder/spi-builder-workspace/.derivedData/Build/Intermediates.noindex/swift-package-collection-generator.build/Debug/PackageCollectionDiff-612BE43D02228946-testable.build/Objects-normal/arm64/PackageCollectionDiff-612BE43D02228946-testable_dependency_info.dat -o /Users/builder/builds/TDmZkXJm/1/finestructure/swiftpackageindex-builder/spi-builder-workspace/.derivedData/Build/Products/Debug/ExecutableModules/PackageCollectionDiff.o
SwiftEmitModule normal arm64 Emitting\ module\ for\ UtilitiesTests (in target 'UtilitiesTests' from project 'swift-package-collection-generator')
    cd /Users/builder/builds/TDmZkXJm/1/finestructure/swiftpackageindex-builder/spi-builder-workspace
    builtin-swiftTaskExecution -- /Applications/Xcode-15.2.0.app/Contents/Developer/Toolchains/XcodeDefault.xctoolchain/usr/bin/swift-frontend -frontend -emit-module -experimental-skip-non-inlinable-function-bodies-without-types /Users/builder/builds/TDmZkXJm/1/finestructure/swiftpackageindex-builder/spi-builder-workspace/Tests/UtilitiesTests/GitUtilitiesTests.swift -target arm64-apple-macos13.0 -Xllvm -aarch64-use-tbi -enable-objc-interop -stack-check -sdk /Applications/Xcode-15.2.0.app/Contents/Developer/Platforms/MacOSX.platform/Developer/SDKs/MacOSX14.2.sdk -I /Users/builder/builds/TDmZkXJm/1/finestructure/swiftpackageindex-builder/spi-builder-workspace/.derivedData/Build/Products/Debug -I /Applications/Xcode-15.2.0.app/Contents/Developer/Platforms/MacOSX.platform/Developer/usr/lib -F /Users/builder/builds/TDmZkXJm/1/finestructure/swiftpackageindex-builder/spi-builder-workspace/.derivedData/Build/Products/Debug/PackageFrameworks -F /Users/builder/builds/TDmZkXJm/1/finestructure/swiftpackageindex-builder/spi-builder-workspace/.derivedData/Build/Products/Debug/PackageFrameworks -F /Users/builder/builds/TDmZkXJm/1/finestructure/swiftpackageindex-builder/spi-builder-workspace/.derivedData/Build/Products/Debug/PackageFrameworks -F /Users/builder/builds/TDmZkXJm/1/finestructure/swiftpackageindex-builder/spi-builder-workspace/.derivedData/Build/Products/Debug/PackageFrameworks -F /Users/builder/builds/TDmZkXJm/1/finestructure/swiftpackageindex-builder/spi-builder-workspace/.derivedData/Build/Products/Debug/PackageFrameworks -F /Users/builder/builds/TDmZkXJm/1/finestructure/swiftpackageindex-builder/spi-builder-workspace/.derivedData/Build/Products/Debug/PackageFrameworks -F /Users/builder/builds/TDmZkXJm/1/finestructure/swiftpackageindex-builder/spi-builder-workspace/.derivedData/Build/Products/Debug/PackageFrameworks -F /Users/builder/builds/TDmZkXJm/1/finestructure/swiftpackageindex-builder/spi-builder-workspace/.derivedData/Build/Products/Debug/PackageFrameworks -F /Users/builder/builds/TDmZkXJm/1/finestructure/swiftpackageindex-builder/spi-builder-workspace/.derivedData/Build/Products/Debug/PackageFrameworks -F /Users/builder/builds/TDmZkXJm/1/finestructure/swiftpackageindex-builder/spi-builder-workspace/.derivedData/Build/Products/Debug/PackageFrameworks -F /Users/builder/builds/TDmZkXJm/1/finestructure/swiftpackageindex-builder/spi-builder-workspace/.derivedData/Build/Products/Debug/PackageFrameworks -F /Users/builder/builds/TDmZkXJm/1/finestructure/swiftpackageindex-builder/spi-builder-workspace/.derivedData/Build/Products/Debug/PackageFrameworks -F /Users/builder/builds/TDmZkXJm/1/finestructure/swiftpackageindex-builder/spi-builder-workspace/.derivedData/Build/Products/Debug/PackageFrameworks -F /Users/builder/builds/TDmZkXJm/1/finestructure/swiftpackageindex-builder/spi-builder-workspace/.derivedData/Build/Products/Debug/PackageFrameworks -F /Users/builder/builds/TDmZkXJm/1/finestructure/swiftpackageindex-builder/spi-builder-workspace/.derivedData/Build/Products/Debug/PackageFrameworks -F /Users/builder/builds/TDmZkXJm/1/finestructure/swiftpackageindex-builder/spi-builder-workspace/.derivedData/Build/Products/Debug/PackageFrameworks -F /Users/builder/builds/TDmZkXJm/1/finestructure/swiftpackageindex-builder/spi-builder-workspace/.derivedData/Build/Products/Debug/PackageFrameworks -F /Users/builder/builds/TDmZkXJm/1/finestructure/swiftpackageindex-builder/spi-builder-workspace/.derivedData/Build/Products/Debug/PackageFrameworks -F /Users/builder/builds/TDmZkXJm/1/finestructure/swiftpackageindex-builder/spi-builder-workspace/.derivedData/Build/Products/Debug/PackageFrameworks -F /Users/builder/builds/TDmZkXJm/1/finestructure/swiftpackageindex-builder/spi-builder-workspace/.derivedData/Build/Products/Debug/PackageFrameworks -F /Users/builder/builds/TDmZkXJm/1/finestructure/swiftpackageindex-builder/spi-builder-workspace/.derivedData/Build/Products/Debug/PackageFrameworks -F /Users/builder/builds/TDmZkXJm/1/finestructure/swiftpackageindex-builder/spi-builder-workspace/.derivedData/Build/Products/Debug/PackageFrameworks -F /Users/builder/builds/TDmZkXJm/1/finestructure/swiftpackageindex-builder/spi-builder-workspace/.derivedData/Build/Products/Debug/PackageFrameworks -F /Users/builder/builds/TDmZkXJm/1/finestructure/swiftpackageindex-builder/spi-builder-workspace/.derivedData/Build/Products/Debug/PackageFrameworks -F /Users/builder/builds/TDmZkXJm/1/finestructure/swiftpackageindex-builder/spi-builder-workspace/.derivedData/Build/Products/Debug -F /Applications/Xcode-15.2.0.app/Contents/Developer/Platforms/MacOSX.platform/Developer/Library/Frameworks -no-color-diagnostics -enable-testing -g -module-cache-path /Users/builder/builds/TDmZkXJm/1/finestructure/swiftpackageindex-builder/spi-builder-workspace/.derivedData/ModuleCache.noindex -profile-generate -profile-coverage-mapping -swift-version 5 -enforce-exclusivity\=checked -Onone -D SWIFT_PACKAGE -D DEBUG -D Xcode -serialize-debugging-options -const-gather-protocols-file /Users/builder/builds/TDmZkXJm/1/finestructure/swiftpackageindex-builder/spi-builder-workspace/.derivedData/Build/Intermediates.noindex/swift-package-collection-generator.build/Debug/UtilitiesTests.build/Objects-normal/arm64/UtilitiesTests_const_extract_protocols.json -empty-abi-descriptor -validate-clang-modules-once -clang-build-session-file /Users/builder/builds/TDmZkXJm/1/finestructure/swiftpackageindex-builder/spi-builder-workspace/.derivedData/ModuleCache.noindex/Session.modulevalidation -Xcc -working-directory -Xcc /Users/builder/builds/TDmZkXJm/1/finestructure/swiftpackageindex-builder/spi-builder-workspace -resource-dir /Applications/Xcode-15.2.0.app/Contents/Developer/Toolchains/XcodeDefault.xctoolchain/usr/lib/swift -enable-anonymous-context-mangled-names -Xcc -fmodule-map-file\=/Users/builder/builds/TDmZkXJm/1/finestructure/swiftpackageindex-builder/spi-builder-workspace/.dependencies/checkouts/swift-package-manager/Sources/SPMSQLite3/module.modulemap -Xcc -ivfsstatcache -Xcc /Users/builder/builds/TDmZkXJm/1/finestructure/swiftpackageindex-builder/spi-builder-workspace/.derivedData/SDKStatCaches.noindex/macosx14.2-23C53-ddea79c7890ab41bba4a63928c655a96.sdkstatcache -Xcc -I/Users/builder/builds/TDmZkXJm/1/finestructure/swiftpackageindex-builder/spi-builder-workspace/.dependencies/checkouts/swift-tools-support-core/Sources/TSCclibc/include -Xcc -I/Users/builder/builds/TDmZkXJm/1/finestructure/swiftpackageindex-builder/spi-builder-workspace/.dependencies/checkouts/swift-system/Sources/CSystem/include -Xcc -I/Users/builder/builds/TDmZkXJm/1/finestructure/swiftpackageindex-builder/spi-builder-workspace/.dependencies/checkouts/swift-crypto/Sources/CCryptoBoringSSLShims/include -Xcc -I/Users/builder/builds/TDmZkXJm/1/finestructure/swiftpackageindex-builder/spi-builder-workspace/.dependencies/checkouts/swift-crypto/Sources/CCryptoBoringSSL/include -Xcc -I/Users/builder/builds/TDmZkXJm/1/finestructure/swiftpackageindex-builder/spi-builder-workspace/.derivedData/Build/Products/Debug/include -Xcc -I/Users/builder/builds/TDmZkXJm/1/finestructure/swiftpackageindex-builder/spi-builder-workspace/.derivedData/Build/Intermediates.noindex/swift-package-collection-generator.build/Debug/UtilitiesTests.build/DerivedSources-normal/arm64 -Xcc -I/Users/builder/builds/TDmZkXJm/1/finestructure/swiftpackageindex-builder/spi-builder-workspace/.derivedData/Build/Intermediates.noindex/swift-package-collection-generator.build/Debug/UtilitiesTests.build/DerivedSources/arm64 -Xcc -I/Users/builder/builds/TDmZkXJm/1/finestructure/swiftpackageindex-builder/spi-builder-workspace/.derivedData/Build/Intermediates.noindex/swift-package-collection-generator.build/Debug/UtilitiesTests.build/DerivedSources -Xcc -DSWIFT_PACKAGE -Xcc -DDEBUG\=1 -module-name UtilitiesTests -disable-clang-spi -target-sdk-version 14.2 -target-sdk-name macosx14.2 -external-plugin-path /Applications/Xcode-15.2.0.app/Contents/Developer/Platforms/MacOSX.platform/Developer/SDKs/MacOSX14.2.sdk/usr/lib/swift/host/plugins\#/Applications/Xcode-15.2.0.app/Contents/Developer/Platforms/MacOSX.platform/Developer/SDKs/MacOSX14.2.sdk/usr/bin/swift-plugin-server -external-plugin-path /Applications/Xcode-15.2.0.app/Contents/Developer/Platforms/MacOSX.platform/Developer/SDKs/MacOSX14.2.sdk/usr/local/lib/swift/host/plugins\#/Applications/Xcode-15.2.0.app/Contents/Developer/Platforms/MacOSX.platform/Developer/SDKs/MacOSX14.2.sdk/usr/bin/swift-plugin-server -external-plugin-path /Applications/Xcode-15.2.0.app/Contents/Developer/Platforms/MacOSX.platform/Developer/usr/lib/swift/host/plugins\#/Applications/Xcode-15.2.0.app/Contents/Developer/Platforms/MacOSX.platform/Developer/usr/bin/swift-plugin-server -external-plugin-path /Applications/Xcode-15.2.0.app/Contents/Developer/Platforms/MacOSX.platform/Developer/usr/local/lib/swift/host/plugins\#/Applications/Xcode-15.2.0.app/Contents/Developer/Platforms/MacOSX.platform/Developer/usr/bin/swift-plugin-server -plugin-path /Applications/Xcode-15.2.0.app/Contents/Developer/Toolchains/XcodeDefault.xctoolchain/usr/lib/swift/host/plugins -plugin-path /Applications/Xcode-15.2.0.app/Contents/Developer/Toolchains/XcodeDefault.xctoolchain/usr/local/lib/swift/host/plugins -emit-module-doc-path /Users/builder/builds/TDmZkXJm/1/finestructure/swiftpackageindex-builder/spi-builder-workspace/.derivedData/Build/Intermediates.noindex/swift-package-collection-generator.build/Debug/UtilitiesTests.build/Objects-normal/arm64/UtilitiesTests.swiftdoc -emit-module-source-info-path /Users/builder/builds/TDmZkXJm/1/finestructure/swiftpackageindex-builder/spi-builder-workspace/.derivedData/Build/Intermediates.noindex/swift-package-collection-generator.build/Debug/UtilitiesTests.build/Objects-normal/arm64/UtilitiesTests.swiftsourceinfo -serialize-diagnostics-path /Users/builder/builds/TDmZkXJm/1/finestructure/swiftpackageindex-builder/spi-builder-workspace/.derivedData/Build/Intermediates.noindex/swift-package-collection-generator.build/Debug/UtilitiesTests.build/Objects-normal/arm64/UtilitiesTests-master-emit-module.dia -emit-dependencies-path /Users/builder/builds/TDmZkXJm/1/finestructure/swiftpackageindex-builder/spi-builder-workspace/.derivedData/Build/Intermediates.noindex/swift-package-collection-generator.build/Debug/UtilitiesTests.build/Objects-normal/arm64/UtilitiesTests-master-emit-module.d -parse-as-library -o /Users/builder/builds/TDmZkXJm/1/finestructure/swiftpackageindex-builder/spi-builder-workspace/.derivedData/Build/Intermediates.noindex/swift-package-collection-generator.build/Debug/UtilitiesTests.build/Objects-normal/arm64/UtilitiesTests.swiftmodule -emit-abi-descriptor-path /Users/builder/builds/TDmZkXJm/1/finestructure/swiftpackageindex-builder/spi-builder-workspace/.derivedData/Build/Intermediates.noindex/swift-package-collection-generator.build/Debug/UtilitiesTests.build/Objects-normal/arm64/UtilitiesTests.abi.json
SwiftEmitModule normal arm64 Emitting\ module\ for\ TestUtilities (in target 'TestUtilities' from project 'swift-package-collection-generator')
    cd /Users/builder/builds/TDmZkXJm/1/finestructure/swiftpackageindex-builder/spi-builder-workspace
    builtin-swiftTaskExecution -- /Applications/Xcode-15.2.0.app/Contents/Developer/Toolchains/XcodeDefault.xctoolchain/usr/bin/swift-frontend -frontend -emit-module -experimental-skip-non-inlinable-function-bodies-without-types /Users/builder/builds/TDmZkXJm/1/finestructure/swiftpackageindex-builder/spi-builder-workspace/Sources/TestUtilities/TestUtilities.swift -target arm64-apple-macos13.0 -Xllvm -aarch64-use-tbi -enable-objc-interop -stack-check -sdk /Applications/Xcode-15.2.0.app/Contents/Developer/Platforms/MacOSX.platform/Developer/SDKs/MacOSX14.2.sdk -I /Users/builder/builds/TDmZkXJm/1/finestructure/swiftpackageindex-builder/spi-builder-workspace/.derivedData/Build/Products/Debug -I /Applications/Xcode-15.2.0.app/Contents/Developer/Platforms/MacOSX.platform/Developer/usr/lib -F /Users/builder/builds/TDmZkXJm/1/finestructure/swiftpackageindex-builder/spi-builder-workspace/.derivedData/Build/Products/Debug/PackageFrameworks -F /Users/builder/builds/TDmZkXJm/1/finestructure/swiftpackageindex-builder/spi-builder-workspace/.derivedData/Build/Products/Debug/PackageFrameworks -F /Users/builder/builds/TDmZkXJm/1/finestructure/swiftpackageindex-builder/spi-builder-workspace/.derivedData/Build/Products/Debug/PackageFrameworks -F /Users/builder/builds/TDmZkXJm/1/finestructure/swiftpackageindex-builder/spi-builder-workspace/.derivedData/Build/Products/Debug/PackageFrameworks -F /Users/builder/builds/TDmZkXJm/1/finestructure/swiftpackageindex-builder/spi-builder-workspace/.derivedData/Build/Products/Debug/PackageFrameworks -F /Users/builder/builds/TDmZkXJm/1/finestructure/swiftpackageindex-builder/spi-builder-workspace/.derivedData/Build/Products/Debug/PackageFrameworks -F /Users/builder/builds/TDmZkXJm/1/finestructure/swiftpackageindex-builder/spi-builder-workspace/.derivedData/Build/Products/Debug/PackageFrameworks -F /Users/builder/builds/TDmZkXJm/1/finestructure/swiftpackageindex-builder/spi-builder-workspace/.derivedData/Build/Products/Debug/PackageFrameworks -F /Users/builder/builds/TDmZkXJm/1/finestructure/swiftpackageindex-builder/spi-builder-workspace/.derivedData/Build/Products/Debug/PackageFrameworks -F /Users/builder/builds/TDmZkXJm/1/finestructure/swiftpackageindex-builder/spi-builder-workspace/.derivedData/Build/Products/Debug/PackageFrameworks -F /Users/builder/builds/TDmZkXJm/1/finestructure/swiftpackageindex-builder/spi-builder-workspace/.derivedData/Build/Products/Debug/PackageFrameworks -F /Users/builder/builds/TDmZkXJm/1/finestructure/swiftpackageindex-builder/spi-builder-workspace/.derivedData/Build/Products/Debug/PackageFrameworks -F /Users/builder/builds/TDmZkXJm/1/finestructure/swiftpackageindex-builder/spi-builder-workspace/.derivedData/Build/Products/Debug/PackageFrameworks -F /Users/builder/builds/TDmZkXJm/1/finestructure/swiftpackageindex-builder/spi-builder-workspace/.derivedData/Build/Products/Debug/PackageFrameworks -F /Users/builder/builds/TDmZkXJm/1/finestructure/swiftpackageindex-builder/spi-builder-workspace/.derivedData/Build/Products/Debug/PackageFrameworks -F /Users/builder/builds/TDmZkXJm/1/finestructure/swiftpackageindex-builder/spi-builder-workspace/.derivedData/Build/Products/Debug/PackageFrameworks -F /Users/builder/builds/TDmZkXJm/1/finestructure/swiftpackageindex-builder/spi-builder-workspace/.derivedData/Build/Products/Debug/PackageFrameworks -F /Users/builder/builds/TDmZkXJm/1/finestructure/swiftpackageindex-builder/spi-builder-workspace/.derivedData/Build/Products/Debug/PackageFrameworks -F /Users/builder/builds/TDmZkXJm/1/finestructure/swiftpackageindex-builder/spi-builder-workspace/.derivedData/Build/Products/Debug/PackageFrameworks -F /Users/builder/builds/TDmZkXJm/1/finestructure/swiftpackageindex-builder/spi-builder-workspace/.derivedData/Build/Products/Debug/PackageFrameworks -F /Users/builder/builds/TDmZkXJm/1/finestructure/swiftpackageindex-builder/spi-builder-workspace/.derivedData/Build/Products/Debug/PackageFrameworks -F /Users/builder/builds/TDmZkXJm/1/finestructure/swiftpackageindex-builder/spi-builder-workspace/.derivedData/Build/Products/Debug/PackageFrameworks -F /Users/builder/builds/TDmZkXJm/1/finestructure/swiftpackageindex-builder/spi-builder-workspace/.derivedData/Build/Products/Debug/PackageFrameworks -F /Users/builder/builds/TDmZkXJm/1/finestructure/swiftpackageindex-builder/spi-builder-workspace/.derivedData/Build/Products/Debug/PackageFrameworks -F /Users/builder/builds/TDmZkXJm/1/finestructure/swiftpackageindex-builder/spi-builder-workspace/.derivedData/Build/Products/Debug/PackageFrameworks -F /Users/builder/builds/TDmZkXJm/1/finestructure/swiftpackageindex-builder/spi-builder-workspace/.derivedData/Build/Products/Debug -F /Applications/Xcode-15.2.0.app/Contents/Developer/Platforms/MacOSX.platform/Developer/Library/Frameworks -no-color-diagnostics -enable-testing -g -module-cache-path /Users/builder/builds/TDmZkXJm/1/finestructure/swiftpackageindex-builder/spi-builder-workspace/.derivedData/ModuleCache.noindex -profile-generate -profile-coverage-mapping -swift-version 5 -enforce-exclusivity\=checked -Onone -D SWIFT_PACKAGE -D DEBUG -D Xcode -serialize-debugging-options -const-gather-protocols-file /Users/builder/builds/TDmZkXJm/1/finestructure/swiftpackageindex-builder/spi-builder-workspace/.derivedData/Build/Intermediates.noindex/swift-package-collection-generator.build/Debug/TestUtilities.build/Objects-normal/arm64/TestUtilities_const_extract_protocols.json -empty-abi-descriptor -validate-clang-modules-once -clang-build-session-file /Users/builder/builds/TDmZkXJm/1/finestructure/swiftpackageindex-builder/spi-builder-workspace/.derivedData/ModuleCache.noindex/Session.modulevalidation -Xcc -working-directory -Xcc /Users/builder/builds/TDmZkXJm/1/finestructure/swiftpackageindex-builder/spi-builder-workspace -resource-dir /Applications/Xcode-15.2.0.app/Contents/Developer/Toolchains/XcodeDefault.xctoolchain/usr/lib/swift -enable-anonymous-context-mangled-names -Xcc -fmodule-map-file\=/Users/builder/builds/TDmZkXJm/1/finestructure/swiftpackageindex-builder/spi-builder-workspace/.dependencies/checkouts/swift-package-manager/Sources/SPMSQLite3/module.modulemap -Xcc -ivfsstatcache -Xcc /Users/builder/builds/TDmZkXJm/1/finestructure/swiftpackageindex-builder/spi-builder-workspace/.derivedData/SDKStatCaches.noindex/macosx14.2-23C53-ddea79c7890ab41bba4a63928c655a96.sdkstatcache -Xcc -I/Users/builder/builds/TDmZkXJm/1/finestructure/swiftpackageindex-builder/spi-builder-workspace/.derivedData/Build/Intermediates.noindex/swift-package-collection-generator.build/Debug/TestUtilities.build/swift-overrides.hmap -Xcc -I/Users/builder/builds/TDmZkXJm/1/finestructure/swiftpackageindex-builder/spi-builder-workspace/.dependencies/checkouts/swift-tools-support-core/Sources/TSCclibc/include -Xcc -I/Users/builder/builds/TDmZkXJm/1/finestructure/swiftpackageindex-builder/spi-builder-workspace/.dependencies/checkouts/swift-system/Sources/CSystem/include -Xcc -I/Users/builder/builds/TDmZkXJm/1/finestructure/swiftpackageindex-builder/spi-builder-workspace/.dependencies/checkouts/swift-crypto/Sources/CCryptoBoringSSLShims/include -Xcc -I/Users/builder/builds/TDmZkXJm/1/finestructure/swiftpackageindex-builder/spi-builder-workspace/.dependencies/checkouts/swift-crypto/Sources/CCryptoBoringSSL/include -Xcc -I/Users/builder/builds/TDmZkXJm/1/finestructure/swiftpackageindex-builder/spi-builder-workspace/.derivedData/Build/Products/Debug/include -Xcc -I/Users/builder/builds/TDmZkXJm/1/finestructure/swiftpackageindex-builder/spi-builder-workspace/.derivedData/Build/Intermediates.noindex/swift-package-collection-generator.build/Debug/TestUtilities.build/DerivedSources-normal/arm64 -Xcc -I/Users/builder/builds/TDmZkXJm/1/finestructure/swiftpackageindex-builder/spi-builder-workspace/.derivedData/Build/Intermediates.noindex/swift-package-collection-generator.build/Debug/TestUtilities.build/DerivedSources/arm64 -Xcc -I/Users/builder/builds/TDmZkXJm/1/finestructure/swiftpackageindex-builder/spi-builder-workspace/.derivedData/Build/Intermediates.noindex/swift-package-collection-generator.build/Debug/TestUtilities.build/DerivedSources -Xcc -DSWIFT_PACKAGE -Xcc -DDEBUG\=1 -module-name TestUtilities -disable-clang-spi -target-sdk-version 14.2 -target-sdk-name macosx14.2 -external-plugin-path /Applications/Xcode-15.2.0.app/Contents/Developer/Platforms/MacOSX.platform/Developer/SDKs/MacOSX14.2.sdk/usr/lib/swift/host/plugins\#/Applications/Xcode-15.2.0.app/Contents/Developer/Platforms/MacOSX.platform/Developer/SDKs/MacOSX14.2.sdk/usr/bin/swift-plugin-server -external-plugin-path /Applications/Xcode-15.2.0.app/Contents/Developer/Platforms/MacOSX.platform/Developer/SDKs/MacOSX14.2.sdk/usr/local/lib/swift/host/plugins\#/Applications/Xcode-15.2.0.app/Contents/Developer/Platforms/MacOSX.platform/Developer/SDKs/MacOSX14.2.sdk/usr/bin/swift-plugin-server -external-plugin-path /Applications/Xcode-15.2.0.app/Contents/Developer/Platforms/MacOSX.platform/Developer/usr/lib/swift/host/plugins\#/Applications/Xcode-15.2.0.app/Contents/Developer/Platforms/MacOSX.platform/Developer/usr/bin/swift-plugin-server -external-plugin-path /Applications/Xcode-15.2.0.app/Contents/Developer/Platforms/MacOSX.platform/Developer/usr/local/lib/swift/host/plugins\#/Applications/Xcode-15.2.0.app/Contents/Developer/Platforms/MacOSX.platform/Developer/usr/bin/swift-plugin-server -plugin-path /Applications/Xcode-15.2.0.app/Contents/Developer/Toolchains/XcodeDefault.xctoolchain/usr/lib/swift/host/plugins -plugin-path /Applications/Xcode-15.2.0.app/Contents/Developer/Toolchains/XcodeDefault.xctoolchain/usr/local/lib/swift/host/plugins -emit-module-doc-path /Users/builder/builds/TDmZkXJm/1/finestructure/swiftpackageindex-builder/spi-builder-workspace/.derivedData/Build/Intermediates.noindex/swift-package-collection-generator.build/Debug/TestUtilities.build/Objects-normal/arm64/TestUtilities.swiftdoc -emit-module-source-info-path /Users/builder/builds/TDmZkXJm/1/finestructure/swiftpackageindex-builder/spi-builder-workspace/.derivedData/Build/Intermediates.noindex/swift-package-collection-generator.build/Debug/TestUtilities.build/Objects-normal/arm64/TestUtilities.swiftsourceinfo -emit-objc-header-path /Users/builder/builds/TDmZkXJm/1/finestructure/swiftpackageindex-builder/spi-builder-workspace/.derivedData/Build/Intermediates.noindex/swift-package-collection-generator.build/Debug/TestUtilities.build/Objects-normal/arm64/TestUtilities-Swift.h -serialize-diagnostics-path /Users/builder/builds/TDmZkXJm/1/finestructure/swiftpackageindex-builder/spi-builder-workspace/.derivedData/Build/Intermediates.noindex/swift-package-collection-generator.build/Debug/TestUtilities.build/Objects-normal/arm64/TestUtilities-master-emit-module.dia -emit-dependencies-path /Users/builder/builds/TDmZkXJm/1/finestructure/swiftpackageindex-builder/spi-builder-workspace/.derivedData/Build/Intermediates.noindex/swift-package-collection-generator.build/Debug/TestUtilities.build/Objects-normal/arm64/TestUtilities-master-emit-module.d -parse-as-library -o /Users/builder/builds/TDmZkXJm/1/finestructure/swiftpackageindex-builder/spi-builder-workspace/.derivedData/Build/Intermediates.noindex/swift-package-collection-generator.build/Debug/TestUtilities.build/Objects-normal/arm64/TestUtilities.swiftmodule -emit-abi-descriptor-path /Users/builder/builds/TDmZkXJm/1/finestructure/swiftpackageindex-builder/spi-builder-workspace/.derivedData/Build/Intermediates.noindex/swift-package-collection-generator.build/Debug/TestUtilities.build/Objects-normal/arm64/TestUtilities.abi.json
SwiftEmitModule normal arm64 Emitting\ module\ for\ PackageCollectionValidatorTests (in target 'PackageCollectionValidatorTests' from project 'swift-package-collection-generator')
    cd /Users/builder/builds/TDmZkXJm/1/finestructure/swiftpackageindex-builder/spi-builder-workspace
    builtin-swiftTaskExecution -- /Applications/Xcode-15.2.0.app/Contents/Developer/Toolchains/XcodeDefault.xctoolchain/usr/bin/swift-frontend -frontend -emit-module -experimental-skip-non-inlinable-function-bodies-without-types /Users/builder/builds/TDmZkXJm/1/finestructure/swiftpackageindex-builder/spi-builder-workspace/Tests/PackageCollectionValidatorTests/PackageCollectionValidateTests.swift -target arm64-apple-macos13.0 -Xllvm -aarch64-use-tbi -enable-objc-interop -stack-check -sdk /Applications/Xcode-15.2.0.app/Contents/Developer/Platforms/MacOSX.platform/Developer/SDKs/MacOSX14.2.sdk -I /Users/builder/builds/TDmZkXJm/1/finestructure/swiftpackageindex-builder/spi-builder-workspace/.derivedData/Build/Products/Debug -I /Applications/Xcode-15.2.0.app/Contents/Developer/Platforms/MacOSX.platform/Developer/usr/lib -F /Users/builder/builds/TDmZkXJm/1/finestructure/swiftpackageindex-builder/spi-builder-workspace/.derivedData/Build/Products/Debug/PackageFrameworks -F /Users/builder/builds/TDmZkXJm/1/finestructure/swiftpackageindex-builder/spi-builder-workspace/.derivedData/Build/Products/Debug/PackageFrameworks -F /Users/builder/builds/TDmZkXJm/1/finestructure/swiftpackageindex-builder/spi-builder-workspace/.derivedData/Build/Products/Debug/PackageFrameworks -F /Users/builder/builds/TDmZkXJm/1/finestructure/swiftpackageindex-builder/spi-builder-workspace/.derivedData/Build/Products/Debug/PackageFrameworks -F /Users/builder/builds/TDmZkXJm/1/finestructure/swiftpackageindex-builder/spi-builder-workspace/.derivedData/Build/Products/Debug/PackageFrameworks -F /Users/builder/builds/TDmZkXJm/1/finestructure/swiftpackageindex-builder/spi-builder-workspace/.derivedData/Build/Products/Debug/PackageFrameworks -F /Users/builder/builds/TDmZkXJm/1/finestructure/swiftpackageindex-builder/spi-builder-workspace/.derivedData/Build/Products/Debug/PackageFrameworks -F /Users/builder/builds/TDmZkXJm/1/finestructure/swiftpackageindex-builder/spi-builder-workspace/.derivedData/Build/Products/Debug/PackageFrameworks -F /Users/builder/builds/TDmZkXJm/1/finestructure/swiftpackageindex-builder/spi-builder-workspace/.derivedData/Build/Products/Debug/PackageFrameworks -F /Users/builder/builds/TDmZkXJm/1/finestructure/swiftpackageindex-builder/spi-builder-workspace/.derivedData/Build/Products/Debug/PackageFrameworks -F /Users/builder/builds/TDmZkXJm/1/finestructure/swiftpackageindex-builder/spi-builder-workspace/.derivedData/Build/Products/Debug/PackageFrameworks -F /Users/builder/builds/TDmZkXJm/1/finestructure/swiftpackageindex-builder/spi-builder-workspace/.derivedData/Build/Products/Debug/PackageFrameworks -F /Users/builder/builds/TDmZkXJm/1/finestructure/swiftpackageindex-builder/spi-builder-workspace/.derivedData/Build/Products/Debug/PackageFrameworks -F /Users/builder/builds/TDmZkXJm/1/finestructure/swiftpackageindex-builder/spi-builder-workspace/.derivedData/Build/Products/Debug/PackageFrameworks -F /Users/builder/builds/TDmZkXJm/1/finestructure/swiftpackageindex-builder/spi-builder-workspace/.derivedData/Build/Products/Debug/PackageFrameworks -F /Users/builder/builds/TDmZkXJm/1/finestructure/swiftpackageindex-builder/spi-builder-workspace/.derivedData/Build/Products/Debug/PackageFrameworks -F /Users/builder/builds/TDmZkXJm/1/finestructure/swiftpackageindex-builder/spi-builder-workspace/.derivedData/Build/Products/Debug/PackageFrameworks -F /Users/builder/builds/TDmZkXJm/1/finestructure/swiftpackageindex-builder/spi-builder-workspace/.derivedData/Build/Products/Debug/PackageFrameworks -F /Users/builder/builds/TDmZkXJm/1/finestructure/swiftpackageindex-builder/spi-builder-workspace/.derivedData/Build/Products/Debug/PackageFrameworks -F /Users/builder/builds/TDmZkXJm/1/finestructure/swiftpackageindex-builder/spi-builder-workspace/.derivedData/Build/Products/Debug/PackageFrameworks -F /Users/builder/builds/TDmZkXJm/1/finestructure/swiftpackageindex-builder/spi-builder-workspace/.derivedData/Build/Products/Debug/PackageFrameworks -F /Users/builder/builds/TDmZkXJm/1/finestructure/swiftpackageindex-builder/spi-builder-workspace/.derivedData/Build/Products/Debug/PackageFrameworks -F /Users/builder/builds/TDmZkXJm/1/finestructure/swiftpackageindex-builder/spi-builder-workspace/.derivedData/Build/Products/Debug/PackageFrameworks -F /Users/builder/builds/TDmZkXJm/1/finestructure/swiftpackageindex-builder/spi-builder-workspace/.derivedData/Build/Products/Debug/PackageFrameworks -F /Users/builder/builds/TDmZkXJm/1/finestructure/swiftpackageindex-builder/spi-builder-workspace/.derivedData/Build/Products/Debug/PackageFrameworks -F /Users/builder/builds/TDmZkXJm/1/finestructure/swiftpackageindex-builder/spi-builder-workspace/.derivedData/Build/Products/Debug/PackageFrameworks -F /Users/builder/builds/TDmZkXJm/1/finestructure/swiftpackageindex-builder/spi-builder-workspace/.derivedData/Build/Products/Debug/PackageFrameworks -F /Users/builder/builds/TDmZkXJm/1/finestructure/swiftpackageindex-builder/spi-builder-workspace/.derivedData/Build/Products/Debug/PackageFrameworks -F /Users/builder/builds/TDmZkXJm/1/finestructure/swiftpackageindex-builder/spi-builder-workspace/.derivedData/Build/Products/Debug/PackageFrameworks -F /Users/builder/builds/TDmZkXJm/1/finestructure/swiftpackageindex-builder/spi-builder-workspace/.derivedData/Build/Products/Debug/PackageFrameworks -F /Users/builder/builds/TDmZkXJm/1/finestructure/swiftpackageindex-builder/spi-builder-workspace/.derivedData/Build/Products/Debug -F /Applications/Xcode-15.2.0.app/Contents/Developer/Platforms/MacOSX.platform/Developer/Library/Frameworks -no-color-diagnostics -enable-testing -g -module-cache-path /Users/builder/builds/TDmZkXJm/1/finestructure/swiftpackageindex-builder/spi-builder-workspace/.derivedData/ModuleCache.noindex -profile-generate -profile-coverage-mapping -swift-version 5 -enforce-exclusivity\=checked -Onone -D SWIFT_PACKAGE -D DEBUG -D Xcode -serialize-debugging-options -const-gather-protocols-file /Users/builder/builds/TDmZkXJm/1/finestructure/swiftpackageindex-builder/spi-builder-workspace/.derivedData/Build/Intermediates.noindex/swift-package-collection-generator.build/Debug/PackageCollectionValidatorTests.build/Objects-normal/arm64/PackageCollectionValidatorTests_const_extract_protocols.json -empty-abi-descriptor -validate-clang-modules-once -clang-build-session-file /Users/builder/builds/TDmZkXJm/1/finestructure/swiftpackageindex-builder/spi-builder-workspace/.derivedData/ModuleCache.noindex/Session.modulevalidation -Xcc -working-directory -Xcc /Users/builder/builds/TDmZkXJm/1/finestructure/swiftpackageindex-builder/spi-builder-workspace -resource-dir /Applications/Xcode-15.2.0.app/Contents/Developer/Toolchains/XcodeDefault.xctoolchain/usr/lib/swift -enable-anonymous-context-mangled-names -Xcc -fmodule-map-file\=/Users/builder/builds/TDmZkXJm/1/finestructure/swiftpackageindex-builder/spi-builder-workspace/.dependencies/checkouts/swift-package-manager/Sources/SPMSQLite3/module.modulemap -Xcc -fmodule-map-file\=/Users/builder/builds/TDmZkXJm/1/finestructure/swiftpackageindex-builder/spi-builder-workspace/.derivedData/Build/Intermediates.noindex/GeneratedModuleMaps/CBacktrace.modulemap -Xcc -ivfsstatcache -Xcc /Users/builder/builds/TDmZkXJm/1/finestructure/swiftpackageindex-builder/spi-builder-workspace/.derivedData/SDKStatCaches.noindex/macosx14.2-23C53-ddea79c7890ab41bba4a63928c655a96.sdkstatcache -Xcc -I/Users/builder/builds/TDmZkXJm/1/finestructure/swiftpackageindex-builder/spi-builder-workspace/.dependencies/checkouts/swift-tools-support-core/Sources/TSCclibc/include -Xcc -I/Users/builder/builds/TDmZkXJm/1/finestructure/swiftpackageindex-builder/spi-builder-workspace/.dependencies/checkouts/swift-system/Sources/CSystem/include -Xcc -I/Users/builder/builds/TDmZkXJm/1/finestructure/swiftpackageindex-builder/spi-builder-workspace/.dependencies/checkouts/swift-crypto/Sources/CCryptoBoringSSLShims/include -Xcc -I/Users/builder/builds/TDmZkXJm/1/finestructure/swiftpackageindex-builder/spi-builder-workspace/.dependencies/checkouts/swift-crypto/Sources/CCryptoBoringSSL/include -Xcc -I/Users/builder/builds/TDmZkXJm/1/finestructure/swiftpackageindex-builder/spi-builder-workspace/.dependencies/checkouts/swift-backtrace/Sources/CBacktrace/include -Xcc -I/Users/builder/builds/TDmZkXJm/1/finestructure/swiftpackageindex-builder/spi-builder-workspace/.derivedData/Build/Products/Debug/include -Xcc -I/Users/builder/builds/TDmZkXJm/1/finestructure/swiftpackageindex-builder/spi-builder-workspace/.derivedData/Build/Intermediates.noindex/swift-package-collection-generator.build/Debug/PackageCollectionValidatorTests.build/DerivedSources-normal/arm64 -Xcc -I/Users/builder/builds/TDmZkXJm/1/finestructure/swiftpackageindex-builder/spi-builder-workspace/.derivedData/Build/Intermediates.noindex/swift-package-collection-generator.build/Debug/PackageCollectionValidatorTests.build/DerivedSources/arm64 -Xcc -I/Users/builder/builds/TDmZkXJm/1/finestructure/swiftpackageindex-builder/spi-builder-workspace/.derivedData/Build/Intermediates.noindex/swift-package-collection-generator.build/Debug/PackageCollectionValidatorTests.build/DerivedSources -Xcc -DSWIFT_PACKAGE -Xcc -DDEBUG\=1 -module-name PackageCollectionValidatorTests -disable-clang-spi -target-sdk-version 14.2 -target-sdk-name macosx14.2 -external-plugin-path /Applications/Xcode-15.2.0.app/Contents/Developer/Platforms/MacOSX.platform/Developer/SDKs/MacOSX14.2.sdk/usr/lib/swift/host/plugins\#/Applications/Xcode-15.2.0.app/Contents/Developer/Platforms/MacOSX.platform/Developer/SDKs/MacOSX14.2.sdk/usr/bin/swift-plugin-server -external-plugin-path /Applications/Xcode-15.2.0.app/Contents/Developer/Platforms/MacOSX.platform/Developer/SDKs/MacOSX14.2.sdk/usr/local/lib/swift/host/plugins\#/Applications/Xcode-15.2.0.app/Contents/Developer/Platforms/MacOSX.platform/Developer/SDKs/MacOSX14.2.sdk/usr/bin/swift-plugin-server -external-plugin-path /Applications/Xcode-15.2.0.app/Contents/Developer/Platforms/MacOSX.platform/Developer/usr/lib/swift/host/plugins\#/Applications/Xcode-15.2.0.app/Contents/Developer/Platforms/MacOSX.platform/Developer/usr/bin/swift-plugin-server -external-plugin-path /Applications/Xcode-15.2.0.app/Contents/Developer/Platforms/MacOSX.platform/Developer/usr/local/lib/swift/host/plugins\#/Applications/Xcode-15.2.0.app/Contents/Developer/Platforms/MacOSX.platform/Developer/usr/bin/swift-plugin-server -plugin-path /Applications/Xcode-15.2.0.app/Contents/Developer/Toolchains/XcodeDefault.xctoolchain/usr/lib/swift/host/plugins -plugin-path /Applications/Xcode-15.2.0.app/Contents/Developer/Toolchains/XcodeDefault.xctoolchain/usr/local/lib/swift/host/plugins -emit-module-doc-path /Users/builder/builds/TDmZkXJm/1/finestructure/swiftpackageindex-builder/spi-builder-workspace/.derivedData/Build/Intermediates.noindex/swift-package-collection-generator.build/Debug/PackageCollectionValidatorTests.build/Objects-normal/arm64/PackageCollectionValidatorTests.swiftdoc -emit-module-source-info-path /Users/builder/builds/TDmZkXJm/1/finestructure/swiftpackageindex-builder/spi-builder-workspace/.derivedData/Build/Intermediates.noindex/swift-package-collection-generator.build/Debug/PackageCollectionValidatorTests.build/Objects-normal/arm64/PackageCollectionValidatorTests.swiftsourceinfo -serialize-diagnostics-path /Users/builder/builds/TDmZkXJm/1/finestructure/swiftpackageindex-builder/spi-builder-workspace/.derivedData/Build/Intermediates.noindex/swift-package-collection-generator.build/Debug/PackageCollectionValidatorTests.build/Objects-normal/arm64/PackageCollectionValidatorTests-master-emit-module.dia -emit-dependencies-path /Users/builder/builds/TDmZkXJm/1/finestructure/swiftpackageindex-builder/spi-builder-workspace/.derivedData/Build/Intermediates.noindex/swift-package-collection-generator.build/Debug/PackageCollectionValidatorTests.build/Objects-normal/arm64/PackageCollectionValidatorTests-master-emit-module.d -parse-as-library -o /Users/builder/builds/TDmZkXJm/1/finestructure/swiftpackageindex-builder/spi-builder-workspace/.derivedData/Build/Intermediates.noindex/swift-package-collection-generator.build/Debug/PackageCollectionValidatorTests.build/Objects-normal/arm64/PackageCollectionValidatorTests.swiftmodule -emit-abi-descriptor-path /Users/builder/builds/TDmZkXJm/1/finestructure/swiftpackageindex-builder/spi-builder-workspace/.derivedData/Build/Intermediates.noindex/swift-package-collection-generator.build/Debug/PackageCollectionValidatorTests.build/Objects-normal/arm64/PackageCollectionValidatorTests.abi.json
SwiftEmitModule normal arm64 Emitting\ module\ for\ PackageCollectionSignerTests (in target 'PackageCollectionSignerTests' from project 'swift-package-collection-generator')
    cd /Users/builder/builds/TDmZkXJm/1/finestructure/swiftpackageindex-builder/spi-builder-workspace
    builtin-swiftTaskExecution -- /Applications/Xcode-15.2.0.app/Contents/Developer/Toolchains/XcodeDefault.xctoolchain/usr/bin/swift-frontend -frontend -emit-module -experimental-skip-non-inlinable-function-bodies-without-types /Users/builder/builds/TDmZkXJm/1/finestructure/swiftpackageindex-builder/spi-builder-workspace/Tests/PackageCollectionSignerTests/PackageCollectionSignTests.swift -target arm64-apple-macos13.0 -Xllvm -aarch64-use-tbi -enable-objc-interop -stack-check -sdk /Applications/Xcode-15.2.0.app/Contents/Developer/Platforms/MacOSX.platform/Developer/SDKs/MacOSX14.2.sdk -I /Users/builder/builds/TDmZkXJm/1/finestructure/swiftpackageindex-builder/spi-builder-workspace/.derivedData/Build/Products/Debug -I /Applications/Xcode-15.2.0.app/Contents/Developer/Platforms/MacOSX.platform/Developer/usr/lib -F /Users/builder/builds/TDmZkXJm/1/finestructure/swiftpackageindex-builder/spi-builder-workspace/.derivedData/Build/Products/Debug/PackageFrameworks -F /Users/builder/builds/TDmZkXJm/1/finestructure/swiftpackageindex-builder/spi-builder-workspace/.derivedData/Build/Products/Debug/PackageFrameworks -F /Users/builder/builds/TDmZkXJm/1/finestructure/swiftpackageindex-builder/spi-builder-workspace/.derivedData/Build/Products/Debug/PackageFrameworks -F /Users/builder/builds/TDmZkXJm/1/finestructure/swiftpackageindex-builder/spi-builder-workspace/.derivedData/Build/Products/Debug/PackageFrameworks -F /Users/builder/builds/TDmZkXJm/1/finestructure/swiftpackageindex-builder/spi-builder-workspace/.derivedData/Build/Products/Debug/PackageFrameworks -F /Users/builder/builds/TDmZkXJm/1/finestructure/swiftpackageindex-builder/spi-builder-workspace/.derivedData/Build/Products/Debug/PackageFrameworks -F /Users/builder/builds/TDmZkXJm/1/finestructure/swiftpackageindex-builder/spi-builder-workspace/.derivedData/Build/Products/Debug/PackageFrameworks -F /Users/builder/builds/TDmZkXJm/1/finestructure/swiftpackageindex-builder/spi-builder-workspace/.derivedData/Build/Products/Debug/PackageFrameworks -F /Users/builder/builds/TDmZkXJm/1/finestructure/swiftpackageindex-builder/spi-builder-workspace/.derivedData/Build/Products/Debug/PackageFrameworks -F /Users/builder/builds/TDmZkXJm/1/finestructure/swiftpackageindex-builder/spi-builder-workspace/.derivedData/Build/Products/Debug/PackageFrameworks -F /Users/builder/builds/TDmZkXJm/1/finestructure/swiftpackageindex-builder/spi-builder-workspace/.derivedData/Build/Products/Debug/PackageFrameworks -F /Users/builder/builds/TDmZkXJm/1/finestructure/swiftpackageindex-builder/spi-builder-workspace/.derivedData/Build/Products/Debug/PackageFrameworks -F /Users/builder/builds/TDmZkXJm/1/finestructure/swiftpackageindex-builder/spi-builder-workspace/.derivedData/Build/Products/Debug/PackageFrameworks -F /Users/builder/builds/TDmZkXJm/1/finestructure/swiftpackageindex-builder/spi-builder-workspace/.derivedData/Build/Products/Debug/PackageFrameworks -F /Users/builder/builds/TDmZkXJm/1/finestructure/swiftpackageindex-builder/spi-builder-workspace/.derivedData/Build/Products/Debug/PackageFrameworks -F /Users/builder/builds/TDmZkXJm/1/finestructure/swiftpackageindex-builder/spi-builder-workspace/.derivedData/Build/Products/Debug/PackageFrameworks -F /Users/builder/builds/TDmZkXJm/1/finestructure/swiftpackageindex-builder/spi-builder-workspace/.derivedData/Build/Products/Debug/PackageFrameworks -F /Users/builder/builds/TDmZkXJm/1/finestructure/swiftpackageindex-builder/spi-builder-workspace/.derivedData/Build/Products/Debug/PackageFrameworks -F /Users/builder/builds/TDmZkXJm/1/finestructure/swiftpackageindex-builder/spi-builder-workspace/.derivedData/Build/Products/Debug/PackageFrameworks -F /Users/builder/builds/TDmZkXJm/1/finestructure/swiftpackageindex-builder/spi-builder-workspace/.derivedData/Build/Products/Debug/PackageFrameworks -F /Users/builder/builds/TDmZkXJm/1/finestructure/swiftpackageindex-builder/spi-builder-workspace/.derivedData/Build/Products/Debug/PackageFrameworks -F /Users/builder/builds/TDmZkXJm/1/finestructure/swiftpackageindex-builder/spi-builder-workspace/.derivedData/Build/Products/Debug/PackageFrameworks -F /Users/builder/builds/TDmZkXJm/1/finestructure/swiftpackageindex-builder/spi-builder-workspace/.derivedData/Build/Products/Debug/PackageFrameworks -F /Users/builder/builds/TDmZkXJm/1/finestructure/swiftpackageindex-builder/spi-builder-workspace/.derivedData/Build/Products/Debug/PackageFrameworks -F /Users/builder/builds/TDmZkXJm/1/finestructure/swiftpackageindex-builder/spi-builder-workspace/.derivedData/Build/Products/Debug/PackageFrameworks -F /Users/builder/builds/TDmZkXJm/1/finestructure/swiftpackageindex-builder/spi-builder-workspace/.derivedData/Build/Products/Debug/PackageFrameworks -F /Users/builder/builds/TDmZkXJm/1/finestructure/swiftpackageindex-builder/spi-builder-workspace/.derivedData/Build/Products/Debug/PackageFrameworks -F /Users/builder/builds/TDmZkXJm/1/finestructure/swiftpackageindex-builder/spi-builder-workspace/.derivedData/Build/Products/Debug/PackageFrameworks -F /Users/builder/builds/TDmZkXJm/1/finestructure/swiftpackageindex-builder/spi-builder-workspace/.derivedData/Build/Products/Debug/PackageFrameworks -F /Users/builder/builds/TDmZkXJm/1/finestructure/swiftpackageindex-builder/spi-builder-workspace/.derivedData/Build/Products/Debug/PackageFrameworks -F /Users/builder/builds/TDmZkXJm/1/finestructure/swiftpackageindex-builder/spi-builder-workspace/.derivedData/Build/Products/Debug -F /Applications/Xcode-15.2.0.app/Contents/Developer/Platforms/MacOSX.platform/Developer/Library/Frameworks -no-color-diagnostics -enable-testing -g -module-cache-path /Users/builder/builds/TDmZkXJm/1/finestructure/swiftpackageindex-builder/spi-builder-workspace/.derivedData/ModuleCache.noindex -profile-generate -profile-coverage-mapping -swift-version 5 -enforce-exclusivity\=checked -Onone -D SWIFT_PACKAGE -D DEBUG -D Xcode -serialize-debugging-options -const-gather-protocols-file /Users/builder/builds/TDmZkXJm/1/finestructure/swiftpackageindex-builder/spi-builder-workspace/.derivedData/Build/Intermediates.noindex/swift-package-collection-generator.build/Debug/PackageCollectionSignerTests.build/Objects-normal/arm64/PackageCollectionSignerTests_const_extract_protocols.json -empty-abi-descriptor -validate-clang-modules-once -clang-build-session-file /Users/builder/builds/TDmZkXJm/1/finestructure/swiftpackageindex-builder/spi-builder-workspace/.derivedData/ModuleCache.noindex/Session.modulevalidation -Xcc -working-directory -Xcc /Users/builder/builds/TDmZkXJm/1/finestructure/swiftpackageindex-builder/spi-builder-workspace -resource-dir /Applications/Xcode-15.2.0.app/Contents/Developer/Toolchains/XcodeDefault.xctoolchain/usr/lib/swift -enable-anonymous-context-mangled-names -Xcc -fmodule-map-file\=/Users/builder/builds/TDmZkXJm/1/finestructure/swiftpackageindex-builder/spi-builder-workspace/.dependencies/checkouts/swift-package-manager/Sources/SPMSQLite3/module.modulemap -Xcc -fmodule-map-file\=/Users/builder/builds/TDmZkXJm/1/finestructure/swiftpackageindex-builder/spi-builder-workspace/.derivedData/Build/Intermediates.noindex/GeneratedModuleMaps/CBacktrace.modulemap -Xcc -ivfsstatcache -Xcc /Users/builder/builds/TDmZkXJm/1/finestructure/swiftpackageindex-builder/spi-builder-workspace/.derivedData/SDKStatCaches.noindex/macosx14.2-23C53-ddea79c7890ab41bba4a63928c655a96.sdkstatcache -Xcc -I/Users/builder/builds/TDmZkXJm/1/finestructure/swiftpackageindex-builder/spi-builder-workspace/.dependencies/checkouts/swift-tools-support-core/Sources/TSCclibc/include -Xcc -I/Users/builder/builds/TDmZkXJm/1/finestructure/swiftpackageindex-builder/spi-builder-workspace/.dependencies/checkouts/swift-system/Sources/CSystem/include -Xcc -I/Users/builder/builds/TDmZkXJm/1/finestructure/swiftpackageindex-builder/spi-builder-workspace/.dependencies/checkouts/swift-crypto/Sources/CCryptoBoringSSLShims/include -Xcc -I/Users/builder/builds/TDmZkXJm/1/finestructure/swiftpackageindex-builder/spi-builder-workspace/.dependencies/checkouts/swift-crypto/Sources/CCryptoBoringSSL/include -Xcc -I/Users/builder/builds/TDmZkXJm/1/finestructure/swiftpackageindex-builder/spi-builder-workspace/.dependencies/checkouts/swift-backtrace/Sources/CBacktrace/include -Xcc -I/Users/builder/builds/TDmZkXJm/1/finestructure/swiftpackageindex-builder/spi-builder-workspace/.derivedData/Build/Products/Debug/include -Xcc -I/Users/builder/builds/TDmZkXJm/1/finestructure/swiftpackageindex-builder/spi-builder-workspace/.derivedData/Build/Intermediates.noindex/swift-package-collection-generator.build/Debug/PackageCollectionSignerTests.build/DerivedSources-normal/arm64 -Xcc -I/Users/builder/builds/TDmZkXJm/1/finestructure/swiftpackageindex-builder/spi-builder-workspace/.derivedData/Build/Intermediates.noindex/swift-package-collection-generator.build/Debug/PackageCollectionSignerTests.build/DerivedSources/arm64 -Xcc -I/Users/builder/builds/TDmZkXJm/1/finestructure/swiftpackageindex-builder/spi-builder-workspace/.derivedData/Build/Intermediates.noindex/swift-package-collection-generator.build/Debug/PackageCollectionSignerTests.build/DerivedSources -Xcc -DSWIFT_PACKAGE -Xcc -DDEBUG\=1 -module-name PackageCollectionSignerTests -disable-clang-spi -target-sdk-version 14.2 -target-sdk-name macosx14.2 -external-plugin-path /Applications/Xcode-15.2.0.app/Contents/Developer/Platforms/MacOSX.platform/Developer/SDKs/MacOSX14.2.sdk/usr/lib/swift/host/plugins\#/Applications/Xcode-15.2.0.app/Contents/Developer/Platforms/MacOSX.platform/Developer/SDKs/MacOSX14.2.sdk/usr/bin/swift-plugin-server -external-plugin-path /Applications/Xcode-15.2.0.app/Contents/Developer/Platforms/MacOSX.platform/Developer/SDKs/MacOSX14.2.sdk/usr/local/lib/swift/host/plugins\#/Applications/Xcode-15.2.0.app/Contents/Developer/Platforms/MacOSX.platform/Developer/SDKs/MacOSX14.2.sdk/usr/bin/swift-plugin-server -external-plugin-path /Applications/Xcode-15.2.0.app/Contents/Developer/Platforms/MacOSX.platform/Developer/usr/lib/swift/host/plugins\#/Applications/Xcode-15.2.0.app/Contents/Developer/Platforms/MacOSX.platform/Developer/usr/bin/swift-plugin-server -external-plugin-path /Applications/Xcode-15.2.0.app/Contents/Developer/Platforms/MacOSX.platform/Developer/usr/local/lib/swift/host/plugins\#/Applications/Xcode-15.2.0.app/Contents/Developer/Platforms/MacOSX.platform/Developer/usr/bin/swift-plugin-server -plugin-path /Applications/Xcode-15.2.0.app/Contents/Developer/Toolchains/XcodeDefault.xctoolchain/usr/lib/swift/host/plugins -plugin-path /Applications/Xcode-15.2.0.app/Contents/Developer/Toolchains/XcodeDefault.xctoolchain/usr/local/lib/swift/host/plugins -emit-module-doc-path /Users/builder/builds/TDmZkXJm/1/finestructure/swiftpackageindex-builder/spi-builder-workspace/.derivedData/Build/Intermediates.noindex/swift-package-collection-generator.build/Debug/PackageCollectionSignerTests.build/Objects-normal/arm64/PackageCollectionSignerTests.swiftdoc -emit-module-source-info-path /Users/builder/builds/TDmZkXJm/1/finestructure/swiftpackageindex-builder/spi-builder-workspace/.derivedData/Build/Intermediates.noindex/swift-package-collection-generator.build/Debug/PackageCollectionSignerTests.build/Objects-normal/arm64/PackageCollectionSignerTests.swiftsourceinfo -serialize-diagnostics-path /Users/builder/builds/TDmZkXJm/1/finestructure/swiftpackageindex-builder/spi-builder-workspace/.derivedData/Build/Intermediates.noindex/swift-package-collection-generator.build/Debug/PackageCollectionSignerTests.build/Objects-normal/arm64/PackageCollectionSignerTests-master-emit-module.dia -emit-dependencies-path /Users/builder/builds/TDmZkXJm/1/finestructure/swiftpackageindex-builder/spi-builder-workspace/.derivedData/Build/Intermediates.noindex/swift-package-collection-generator.build/Debug/PackageCollectionSignerTests.build/Objects-normal/arm64/PackageCollectionSignerTests-master-emit-module.d -parse-as-library -o /Users/builder/builds/TDmZkXJm/1/finestructure/swiftpackageindex-builder/spi-builder-workspace/.derivedData/Build/Intermediates.noindex/swift-package-collection-generator.build/Debug/PackageCollectionSignerTests.build/Objects-normal/arm64/PackageCollectionSignerTests.swiftmodule -emit-abi-descriptor-path /Users/builder/builds/TDmZkXJm/1/finestructure/swiftpackageindex-builder/spi-builder-workspace/.derivedData/Build/Intermediates.noindex/swift-package-collection-generator.build/Debug/PackageCollectionSignerTests.build/Objects-normal/arm64/PackageCollectionSignerTests.abi.json
/Users/builder/builds/TDmZkXJm/1/finestructure/swiftpackageindex-builder/spi-builder-workspace/Tests/PackageCollectionSignerTests/PackageCollectionSignTests.swift:19:18: error: no such module 'PackageCollectionSigner'
@testable import PackageCollectionSigner
                 ^
--- xcodebuild: WARNING: Using the first of multiple matching destinations:
{ platform:macOS, arch:arm64, id:00008103-0008793E26D2001E }
{ platform:macOS, arch:arm64, variant:Mac Catalyst, id:00008103-0008793E26D2001E }
{ platform:macOS, arch:arm64, variant:DriverKit, id:00008103-0008793E26D2001E }
{ platform:macOS, arch:arm64, variant:Designed for [iPad,iPhone], id:00008103-0008793E26D2001E }
** BUILD FAILED **
The following build commands failed:
	SwiftEmitModule normal arm64 Emitting\ module\ for\ PackageCollectionSignerTests (in target 'PackageCollectionSignerTests' from project 'swift-package-collection-generator')
(1 failure)
BUILD FAILURE 5.9 macosXcodebuild