The Swift Package Index logo.Swift Package Index

Build Information

Failed to build AppStoreConnect, reference main (a547e8), with Swift 6.4 for Wasm on 21 Oct 2026 06:56:56 UTC.

Build Command

bash -c docker run --pull=always --rm -v "checkouts-54344847-0":/host -w "$PWD" -e JAVA_HOME="/root/.sdkman/candidates/java/current" -e SPI_BUILD="1" -e SPI_PROCESSING="1" registry.gitlab.com/saguaro1/spi-images:wasm-6.4-latest swift build --swift-sdk swift-6.4.0-RELEASE_wasm 2>&1

Build Log

========================================
RunAll
========================================
Builder version: 5.1.3
Interrupt handler set up.
========================================
Checkout
========================================
Clone URL: https://github.com/aaronsky/asc-swift.git
Reference: main
Initialized empty Git repository in /host/spi-builder-workspace/.git/
hint: Using 'master' as the name for the initial branch. This default branch name
hint: is subject to change. To configure the initial branch name to use in all
hint: of your new repositories, which will suppress this warning, call:
hint:
hint: 	git config --global init.defaultBranch <name>
hint:
hint: Names commonly chosen instead of 'master' are 'main', 'trunk' and
hint: 'development'. The just-created branch can be renamed via this command:
hint:
hint: 	git branch -m <name>
From https://github.com/aaronsky/asc-swift
 * branch            main       -> FETCH_HEAD
 * [new branch]      main       -> origin/main
HEAD is now at a547e8c remove release workflow
Cloned https://github.com/aaronsky/asc-swift.git
Revision (git rev-parse @):
a547e8cb6f7d0711d8cddb8c7e855a2d00186761
SPI manifest file found: $PWD/.spi.yml
SUCCESS checkout https://github.com/aaronsky/asc-swift.git at main
========================================
Build
========================================
Selected platform:         wasm
Swift version:             6.4
Building package at path:  $PWD
https://github.com/aaronsky/asc-swift.git
Running build ...
bash -c docker run --pull=always --rm -v "checkouts-54344847-0":/host -w "$PWD" -e JAVA_HOME="/root/.sdkman/candidates/java/current" -e SPI_BUILD="1" -e SPI_PROCESSING="1" registry.gitlab.com/saguaro1/spi-images:wasm-6.4-latest swift build --swift-sdk swift-6.4.0-RELEASE_wasm 2>&1
wasm-6.4-latest: Pulling from saguaro1/spi-images
Digest: sha256:7a2e5502d3bb6640f9b2bbb1dadf9967024364ce9ed0ed0bd80cf1b699d193fd
Status: Image is up to date for registry.gitlab.com/saguaro1/spi-images:wasm-6.4-latest
Fetching https://github.com/apple/swift-crypto.git
Fetching https://github.com/CreateAPI/URLQueryEncoder.git
Fetching https://github.com/apple/swift-argument-parser
Fetching https://github.com/apple/swift-docc-plugin
[1/128] Fetching urlqueryencoder
Fetched https://github.com/CreateAPI/URLQueryEncoder.git (0.34s)
[1/2345] Fetching swift-docc-plugin
[424/21047] Fetching swift-docc-plugin, swift-crypto
[3656/40219] Fetching swift-docc-plugin, swift-crypto, swift-argument-parser
Fetched https://github.com/apple/swift-docc-plugin (0.89s)
Fetched https://github.com/apple/swift-argument-parser (0.90s)
[7668/18702] Fetching swift-crypto
Fetched https://github.com/apple/swift-crypto.git (1.30s)
Computing version for https://github.com/CreateAPI/URLQueryEncoder.git
Computed https://github.com/CreateAPI/URLQueryEncoder.git at 0.2.1 (2.22s)
Computing version for https://github.com/apple/swift-crypto.git
Computed https://github.com/apple/swift-crypto.git at 4.5.2 (1.06s)
Fetching https://github.com/apple/swift-asn1.git
[1/2051] Fetching swift-asn1
Fetched https://github.com/apple/swift-asn1.git (0.47s)
Computing version for https://github.com/apple/swift-docc-plugin
Computed https://github.com/apple/swift-docc-plugin at 1.5.0 (0.66s)
Fetching https://github.com/swiftlang/swift-docc-symbolkit
[1/3844] Fetching swift-docc-symbolkit
Fetched https://github.com/swiftlang/swift-docc-symbolkit (0.56s)
Computing version for https://github.com/swiftlang/swift-docc-symbolkit
Computed https://github.com/swiftlang/swift-docc-symbolkit at 1.0.0 (0.77s)
Computing version for https://github.com/apple/swift-asn1.git
Computed https://github.com/apple/swift-asn1.git at 1.7.3 (0.19s)
Computing version for https://github.com/apple/swift-argument-parser
Computed https://github.com/apple/swift-argument-parser at 1.8.2 (0.15s)
Creating working copy for https://github.com/apple/swift-argument-parser
Working copy of https://github.com/apple/swift-argument-parser resolved at 1.8.2
Creating working copy for https://github.com/apple/swift-asn1.git
Working copy of https://github.com/apple/swift-asn1.git resolved at 1.7.3
Creating working copy for https://github.com/apple/swift-crypto.git
Working copy of https://github.com/apple/swift-crypto.git resolved at 4.5.2
Creating working copy for https://github.com/swiftlang/swift-docc-symbolkit
Working copy of https://github.com/swiftlang/swift-docc-symbolkit resolved at 1.0.0
Creating working copy for https://github.com/CreateAPI/URLQueryEncoder.git
Working copy of https://github.com/CreateAPI/URLQueryEncoder.git resolved at 0.2.1
Creating working copy for https://github.com/apple/swift-docc-plugin
Working copy of https://github.com/apple/swift-docc-plugin resolved at 1.5.0
Building for debugging...
[Computing dependencies]
[Constructing description]
[Pre-planning 1 / 711]
[Planning deferred tasks]
[Writing build description]
[23 / 570] upload_screenshot-product
[117 / 585] CCryptoBoringSSLShims
[119 / 585] CCryptoBoringSSL
[122 / 585] ArgumentParserToolInfo
[127 / 585] CCryptoBoringSSL
[130 / 585] CCryptoBoringSSL
[131 / 585] CCryptoBoringSSL
[145 / 585] CryptoBoringWrapper
[153 / 585] CCryptoBoringSSL
[156 / 585] CCryptoBoringSSL
[160 / 585] CCryptoBoringSSL
[161 / 585] CCryptoBoringSSL
[162 / 585] CCryptoBoringSSL
[166 / 585] CCryptoBoringSSL
[167 / 585] CCryptoBoringSSL
[169 / 585] CCryptoBoringSSL
[178 / 585] CCryptoBoringSSL
[186 / 585] CCryptoBoringSSL
[191 / 585] CCryptoBoringSSL
[193 / 585] CCryptoBoringSSL
[201 / 585] CCryptoBoringSSL
[209 / 585] CCryptoBoringSSL
[212 / 585] CCryptoBoringSSL
[217 / 585] CCryptoBoringSSL
[219 / 585] CCryptoBoringSSL
[222 / 585] CCryptoBoringSSL
[224 / 585] CCryptoBoringSSL
[227 / 585] CCryptoBoringSSL
[228 / 585] CCryptoBoringSSL
[238 / 585] CCryptoBoringSSL
[256 / 585] CCryptoBoringSSL
[262 / 585] CCryptoBoringSSL
[264 / 585] CCryptoBoringSSL
[270 / 585] CCryptoBoringSSL
[274 / 585] CCryptoBoringSSL
[280 / 585] CCryptoBoringSSL
[283 / 585] CCryptoBoringSSL
[284 / 585] CCryptoBoringSSL
[287 / 585] CCryptoBoringSSL
[288 / 585] CCryptoBoringSSL
[292 / 585] CCryptoBoringSSL
[295 / 585] CCryptoBoringSSL
[298 / 585] CCryptoBoringSSL
[300 / 585] CCryptoBoringSSL
[302 / 585] CCryptoBoringSSL
[305 / 585] CCryptoBoringSSL
[309 / 585] CCryptoBoringSSL
[313 / 585] CCryptoBoringSSL
[321 / 585] CCryptoBoringSSL
[324 / 585] CCryptoBoringSSL
[330 / 585] CCryptoBoringSSL
[334 / 585] CCryptoBoringSSL
[337 / 585] CCryptoBoringSSL
[344 / 585] CCryptoBoringSSL
[360 / 585] CCryptoBoringSSL
[364 / 585] CCryptoBoringSSL
[370 / 585] CCryptoBoringSSL
[371 / 585] CCryptoBoringSSL
[373 / 585] CCryptoBoringSSL
[375 / 585] CCryptoBoringSSL
[381 / 585] CCryptoBoringSSL
[384 / 585] CCryptoBoringSSL
[386 / 585] CCryptoBoringSSL
[391 / 585] CCryptoBoringSSL
[392 / 585] CCryptoBoringSSL
[396 / 585] CCryptoBoringSSL
[399 / 585] CCryptoBoringSSL
[402 / 585] CCryptoBoringSSL
[405 / 585] CCryptoBoringSSL
[407 / 585] CCryptoBoringSSL
[414 / 585] CCryptoBoringSSL
[421 / 585] CCryptoBoringSSL
[431 / 585] CCryptoBoringSSL
[433 / 585] CCryptoBoringSSL
[437 / 585] CCryptoBoringSSL
[443 / 585] CCryptoBoringSSL
[444 / 585] CCryptoBoringSSL
[447 / 585] CCryptoBoringSSL
[450 / 585] CCryptoBoringSSL
[461 / 585] CCryptoBoringSSL
[472 / 585] CCryptoBoringSSL
[478 / 585] CCryptoBoringSSL
[480 / 585] CCryptoBoringSSL
[482 / 585] CCryptoBoringSSL
[487 / 585] CCryptoBoringSSL
[488 / 585] CCryptoBoringSSL
[489 / 585] CCryptoBoringSSL
[493 / 585] CCryptoBoringSSL
[494 / 585] CCryptoBoringSSL
[496 / 585] CCryptoBoringSSL
[498 / 585] CryptoBoringWrapper
[502 / 585] CryptoBoringWrapper
[502 / 585] Crypto
[503 / 585] Crypto
[506 / 595] Crypto
[508 / 596] Crypto
[511 / 596] Crypto
[513 / 598] CryptoBoringWrapper
[515 / 598] Crypto
[518 / 598] URLQueryEncoder
[524 / 599] CXKCP
[525 / 608] ArgumentParserToolInfo
[528 / 608] Crypto
[530 / 608] Crypto
[534 / 608] Crypto
[537 / 608] ArgumentParser
[539 / 608] ArgumentParser
[543 / 608] ArgumentParser
[551 / 619] AppStoreConnect
[554 / 619] AppStoreConnect
error: SwiftCompile normal wasm32 /host/spi-builder-workspace/Sources/AppStoreConnect/Networking/Transport.swift failed with a nonzero exit code. Command line:     cd /host
    builtin-SwiftPerFileCompile Transport.swift
/host/spi-builder-workspace/Sources/AppStoreConnect/Networking/Transport.swift:23:24: error: cannot find type 'URLRequest' in scope
 21 |     /// - Returns: The response from the App Store Connect API.
 22 |     /// - Throws: An error describing the manner in which the request failed to complete.
 23 |     func send(request: URLRequest, decoder: JSONDecoder) async throws -> Response<Data>
    |                        `- error: cannot find type 'URLRequest' in scope
 24 |
 25 |     /// Download the requested resource and store it on-disk.
/host/spi-builder-workspace/Sources/AppStoreConnect/Networking/Transport.swift:29:28: error: cannot find type 'URLRequest' in scope
 27 |     /// - Returns: A ``Response`` that describes the location of the downloaded file.
 28 |     /// - Throws: An error describing the manner in which the request failed to complete.
 29 |     func download(request: URLRequest) async throws -> Response<URL>
    |                            `- error: cannot find type 'URLRequest' in scope
 30 |
 31 |     /// Upload the data using the request and receive a ``Response`` asynchronously.
/host/spi-builder-workspace/Sources/AppStoreConnect/Networking/Transport.swift:38:26: error: cannot find type 'URLRequest' in scope
 36 |     /// - Returns: The response from the App Store Connect API.
 37 |     /// - Throws: An error describing the manner in which the request failed to complete.
 38 |     func upload(request: URLRequest, data: Data, decoder: JSONDecoder) async throws -> Response<Data>
    |                          `- error: cannot find type 'URLRequest' in scope
 39 | }
 40 |
/host/spi-builder-workspace/Sources/AppStoreConnect/Networking/Transport.swift:41:1: error: non-nominal type 'URLSession' (aka 'AnyObject') cannot be extended [#]8;;https://docs.swift.org/compiler/documentation/diagnostics/nominal-types\NominalTypes]8;;\]
 39 | }
 40 |
 41 | extension URLSession: Transport {
    | `- error: non-nominal type 'URLSession' (aka 'AnyObject') cannot be extended [#]8;;https://docs.swift.org/compiler/documentation/diagnostics/nominal-types\NominalTypes]8;;\]
 42 |     /// Send the request and receive a ``Response`` asynchronously.
 43 |     /// - Parameters:
/host/spi-builder-workspace/Sources/AppStoreConnect/Networking/Transport.swift:48:31: error: cannot find type 'URLRequest' in scope
 46 |     /// - Returns: The response from the App Store Connect API.
 47 |     /// - Throws: An error describing the manner in which the request failed to complete.
 48 |     public func send(request: URLRequest, decoder: JSONDecoder) async throws -> Response<Data> {
    |                               `- error: cannot find type 'URLRequest' in scope
 49 |         // These depend on swift-corelibs-foundation, which have not implemented the
 50 |         // Task-based API for URLSession.
/host/spi-builder-workspace/Sources/AppStoreConnect/Networking/Transport.swift:84:18: error: cannot find type 'URLRequest' in scope
 82 |     ///   - completion: A completion handler. Executed on an arbitrary queue.
 83 |     func send(
 84 |         request: URLRequest,
    |                  `- error: cannot find type 'URLRequest' in scope
 85 |         decoder: JSONDecoder,
 86 |         completion: @escaping @Sendable (Result<Response<Data>, any Error>) -> Void
/host/spi-builder-workspace/Sources/AppStoreConnect/Networking/Transport.swift:120:35: error: cannot find type 'URLRequest' in scope
118 |     /// - Returns: A ``Response`` that describes the location of the downloaded file.
119 |     /// - Throws: An error describing the manner in which the request failed to complete.
120 |     public func download(request: URLRequest) async throws -> Response<URL> {
    |                                   `- error: cannot find type 'URLRequest' in scope
121 |         // These depend on swift-corelibs-foundation, which have not implemented the
122 |         // Task-based API for URLSession.
/host/spi-builder-workspace/Sources/AppStoreConnect/Networking/Transport.swift:154:18: error: cannot find type 'URLRequest' in scope
152 |     ///   - completion: A completion handler. Executed on an arbitrary queue.
153 |     func download(
154 |         request: URLRequest,
    |                  `- error: cannot find type 'URLRequest' in scope
155 |         completion: @escaping @Sendable (Result<Response<URL>, any Error>) -> Void
156 |     ) {
/host/spi-builder-workspace/Sources/AppStoreConnect/Networking/Transport.swift:191:33: error: cannot find type 'URLRequest' in scope
189 |     /// - Returns: The response from the App Store Connect API.
190 |     /// - Throws: An error describing the manner in which the request failed to complete.
191 |     public func upload(request: URLRequest, data: Data, decoder: JSONDecoder) async throws -> Response<Data> {
    |                                 `- error: cannot find type 'URLRequest' in scope
192 |         // These depend on swift-corelibs-foundation, which have not implemented the
193 |         // Task-based API for URLSession.
/host/spi-builder-workspace/Sources/AppStoreConnect/Networking/Transport.swift:228:18: error: cannot find type 'URLRequest' in scope
226 |     ///   - completion: A completion handler. Executed on an arbitrary queue.
227 |     func upload(
228 |         request: URLRequest,
    |                  `- error: cannot find type 'URLRequest' in scope
229 |         data: Data,
230 |         decoder: JSONDecoder,
[#NominalTypes]: <https://docs.swift.org/compiler/documentation/diagnostics/nominal-types>
Failed frontend command:
/usr/bin/swift-frontend -frontend -c /host/spi-builder-workspace/Sources/AppStoreConnect/AppStoreConnectClient.swift /host/spi-builder-workspace/Sources/AppStoreConnect/Authentication/JWT.swift /host/spi-builder-workspace/Sources/AppStoreConnect/Entities/AnyJSON.swift /host/spi-builder-workspace/Sources/AppStoreConnect/Entities/ErrorLinks.swift /host/spi-builder-workspace/Sources/AppStoreConnect/Entities/ErrorResponse.swift /host/spi-builder-workspace/Sources/AppStoreConnect/Entities/ErrorSourceParameter.swift /host/spi-builder-workspace/Sources/AppStoreConnect/Entities/ErrorSourcePointer.swift /host/spi-builder-workspace/Sources/AppStoreConnect/Entities/PagedDocumentLinks.swift /host/spi-builder-workspace/Sources/AppStoreConnect/Entities/StringCodingKey.swift /host/spi-builder-workspace/Sources/AppStoreConnect/Networking/API.swift /host/spi-builder-workspace/Sources/AppStoreConnect/Networking/Formatters.swift /host/spi-builder-workspace/Sources/AppStoreConnect/Networking/Pagination.swift /host/spi-builder-workspace/Sources/AppStoreConnect/Networking/Request.swift /host/spi-builder-workspace/Sources/AppStoreConnect/Networking/Response.swift -primary-file /host/spi-builder-workspace/Sources/AppStoreConnect/Networking/RetryStrategy.swift -primary-file /host/spi-builder-workspace/Sources/AppStoreConnect/Networking/Transport.swift -emit-dependencies-path /host/spi-builder-workspace/.build/out/Intermediates.noindex/AppStoreConnect.build/Debug-webassembly-wasm32/AppStoreConnect-t.build/Objects-normal/wasm32/RetryStrategy.d -emit-const-values-path /host/spi-builder-workspace/.build/out/Intermediates.noindex/AppStoreConnect.build/Debug-webassembly-wasm32/AppStoreConnect-t.build/Objects-normal/wasm32/RetryStrategy.swiftconstvalues -emit-reference-dependencies-path /host/spi-builder-workspace/.build/out/Intermediates.noindex/AppStoreConnect.build/Debug-webassembly-wasm32/AppStoreConnect-t.build/Objects-normal/wasm32/RetryStrategy.swiftdeps -serialize-diagnostics-path /host/spi-builder-workspace/.build/out/Intermediates.noindex/AppStoreConnect.build/Debug-webassembly-wasm32/AppStoreConnect-t.build/Objects-normal/wasm32/RetryStrategy.dia -emit-dependencies-path /host/spi-builder-workspace/.build/out/Intermediates.noindex/AppStoreConnect.build/Debug-webassembly-wasm32/AppStoreConnect-t.build/Objects-normal/wasm32/Transport.d -emit-const-values-path /host/spi-builder-workspace/.build/out/Intermediates.noindex/AppStoreConnect.build/Debug-webassembly-wasm32/AppStoreConnect-t.build/Objects-normal/wasm32/Transport.swiftconstvalues -emit-reference-dependencies-path /host/spi-builder-workspace/.build/out/Intermediates.noindex/AppStoreConnect.build/Debug-webassembly-wasm32/AppStoreConnect-t.build/Objects-normal/wasm32/Transport.swiftdeps -serialize-diagnostics-path /host/spi-builder-workspace/.build/out/Intermediates.noindex/AppStoreConnect.build/Debug-webassembly-wasm32/AppStoreConnect-t.build/Objects-normal/wasm32/Transport.dia -target wasm32-unknown-wasip1 -disable-objc-interop -sdk /root/.swiftpm/swift-sdks/swift-6.4.0-RELEASE_wasm.artifactbundle/swift-6.4.0-RELEASE_wasm/wasm32-unknown-wasip1/WASI.sdk -sysroot /root/.swiftpm/swift-sdks/swift-6.4.0-RELEASE_wasm.artifactbundle/swift-6.4.0-RELEASE_wasm/wasm32-unknown-wasip1/WASI.sdk -I /host/spi-builder-workspace/.build/out/Products/Debug-webassembly-wasm32 -module-cache-path /host/spi-builder-workspace/.build/out/ModuleCache.noindex -color-diagnostics -Xcc -fcolor-diagnostics -enable-testing -g -debug-info-format\=dwarf -dwarf-version\=4 -swift-version 6 -Onone -D SWIFT_PACKAGE -D DEBUG -D SWIFT_MODULE_RESOURCE_BUNDLE_UNAVAILABLE -D Xcode -serialize-debugging-options -enable-experimental-feature DebugDescriptionMacro -empty-abi-descriptor -external-plugin-path /usr/lib/swift/host/plugins/testing\#/usr/bin/swift-plugin-server -validate-clang-modules-once -clang-build-session-file /host/spi-builder-workspace/.build/out/ModuleCache.noindex/Session.modulevalidation -Xcc -working-directory -Xcc /host -resource-dir /root/.swiftpm/swift-sdks/swift-6.4.0-RELEASE_wasm.artifactbundle/swift-6.4.0-RELEASE_wasm/wasm32-unknown-wasip1/swift.xctoolchain/usr/lib/swift_static -use-static-resource-dir -enable-anonymous-context-mangled-names -file-compilation-dir /host -Xcc -resource-dir -Xcc /root/.swiftpm/swift-sdks/swift-6.4.0-RELEASE_wasm.artifactbundle/swift-6.4.0-RELEASE_wasm/wasm32-unknown-wasip1/swift.xctoolchain/usr/lib/swift_static/clang -Xcc -fmodule-map-file\=/host/spi-builder-workspace/.build/checkouts/swift-crypto/Sources/CXKCPShims/include/module.modulemap -Xcc -fmodule-map-file\=/host/spi-builder-workspace/.build/checkouts/swift-crypto/Sources/CXKCP/include/module.modulemap -Xcc -fmodule-map-file\=/host/spi-builder-workspace/.build/checkouts/swift-crypto/Sources/CCryptoBoringSSLShims/include/module.modulemap -Xcc -fmodule-map-file\=/host/spi-builder-workspace/.build/checkouts/swift-crypto/Sources/CCryptoBoringSSL/include/module.modulemap -Xcc -D_LIBCPP_HARDENING_MODE\=_LIBCPP_HARDENING_MODE_DEBUG -Xcc -fmodules-prune-interval\=86400 -Xcc -fmodules-prune-after\=345600 -Xcc -I/host/spi-builder-workspace/.build/checkouts/swift-crypto/Sources/CXKCPShims/include -Xcc -I/host/spi-builder-workspace/.build/checkouts/swift-crypto/Sources/CXKCP/include -Xcc -I/host/spi-builder-workspace/.build/checkouts/swift-crypto/Sources/CCryptoBoringSSLShims/include -Xcc -I/host/spi-builder-workspace/.build/checkouts/swift-crypto/Sources/CCryptoBoringSSL/include -Xcc -I/host/spi-builder-workspace/.build/out/Products/Debug-webassembly-wasm32/include -Xcc -I/host/spi-builder-workspace/.build/out/Intermediates.noindex/AppStoreConnect.build/Debug-webassembly-wasm32/AppStoreConnect-t.build/DerivedSources-normal/wasm32 -Xcc -I/host/spi-builder-workspace/.build/out/Intermediates.noindex/AppStoreConnect.build/Debug-webassembly-wasm32/AppStoreConnect-t.build/DerivedSources/wasm32 -Xcc -I/host/spi-builder-workspace/.build/out/Intermediates.noindex/AppStoreConnect.build/Debug-webassembly-wasm32/AppStoreConnect-t.build/DerivedSources -Xcc -DSWIFT_PACKAGE -Xcc -DDEBUG\=1 -no-auto-bridging-header-chaining -module-name AppStoreConnect -package-name spi_builder_workspace -const-gather-protocols-file /host/spi-builder-workspace/.build/out/Intermediates.noindex/AppStoreConnect.build/Debug-webassembly-wasm32/AppStoreConnect-t.build/Objects-normal/wasm32/AppStoreConnect_const_extract_protocols.json -in-process-plugin-server-path /usr/lib/swift/host/libSwiftInProcPluginServer.so -plugin-path /usr/lib/swift/host/plugins -plugin-path /usr/local/lib/swift/host/plugins -parse-as-library -o /host/spi-builder-workspace/.build/out/Intermediates.noindex/AppStoreConnect.build/Debug-webassembly-wasm32/AppStoreConnect-t.build/Objects-normal/wasm32/RetryStrategy.o -o /host/spi-builder-workspace/.build/out/Intermediates.noindex/AppStoreConnect.build/Debug-webassembly-wasm32/AppStoreConnect-t.build/Objects-normal/wasm32/Transport.o -index-unit-output-path /AppStoreConnect.build/Debug-webassembly-wasm32/AppStoreConnect-t.build/Objects-normal/wasm32/RetryStrategy.o -index-unit-output-path /AppStoreConnect.build/Debug-webassembly-wasm32/AppStoreConnect-t.build/Objects-normal/wasm32/Transport.o -index-store-path /host/spi-builder-workspace/.build/out -index-system-modules
error: Build failed
BUILD FAILURE 6.4 wasm