Build Information
Failed to build LSAnimator, reference 2.1.5 (6ff082), with Swift 6.4 for macOS (SPM) on 22 Sep 2026 12:33:32 UTC.
Build Command
env DEVELOPER_DIR=/Applications/Xcode-27.0.0-Release.Candidate.app xcrun swift build --arch arm64Build Log
========================================
RunAll
========================================
Builder version: 5.1.0
Interrupt handler set up.
========================================
Checkout
========================================
Clone URL: https://github.com/aksamitsah/CoreAnimator.git
Reference: 2.1.5
Initialized empty Git repository in /Users/admin/builder/spi-builder-workspace/.git/
From https://github.com/aksamitsah/CoreAnimator
* tag 2.1.5 -> FETCH_HEAD
HEAD is now at 6ff082b MOD: update .swift-version file
Cloned https://github.com/aksamitsah/CoreAnimator.git
Revision (git rev-parse @):
6ff082b0aa0caaa0678e419de0b04de47c31b80e
SUCCESS checkout https://github.com/aksamitsah/CoreAnimator.git at 2.1.5
========================================
Build
========================================
Selected platform: macosSpm
Swift version: 6.4
Building package at path: $PWD
https://github.com/aksamitsah/CoreAnimator.git
Running build ...
env DEVELOPER_DIR=/Applications/Xcode-27.0.0-Release.Candidate.app xcrun swift build --arch arm64
Building for debugging...
[Pre-planning 1 / 125]
[Planning deferred tasks]
[25 / 46]
[31 / 47] LSAnimatorCore
[37 / 56]
[39 / 56]
[41 / 56] LSAnimatorCore
error: clang dependency scanning failure: While building module 'LSAnimatorCore' imported from module-include.input:1:
In file included from <module-includes>:1:
/Users/admin/builder/spi-builder-workspace/Sources/Core/include/LSAnimator.h:9:9: fatal error: 'UIKit/UIKit.h' file not found
module-include.input:1:1: fatal error: could not build module 'LSAnimatorCore'
error: /Users/admin/builder/spi-builder-workspace/Sources/LSAnimator/CoreAnimator.swift:10:8 unable to resolve module dependency: 'UIKit'
error: /Users/admin/builder/spi-builder-workspace/Sources/LSAnimator/CoreAnimator.swift:12:8 unable to resolve module dependency: 'LSAnimatorCore'
error: clang dependency scanning failure: While building module 'LSAnimatorCore' imported from module-include.input:1:
In file included from <module-includes>:1:
/Users/admin/builder/spi-builder-workspace/Sources/Core/include/LSAnimator.h:9:9: fatal error: 'UIKit/UIKit.h' file not found
module-include.input:1:1: fatal error: could not build module 'LSAnimatorCore'
error: SwiftDriver LSAnimator normal arm64 com.apple.xcode.tools.swift.compiler failed with a nonzero exit code. Command line: cd /Users/admin/builder
builtin-SwiftDriver -- /Applications/Xcode-27.0.0-Release.Candidate.app/Contents/Developer/Toolchains/XcodeDefault.xctoolchain/usr/bin/swiftc -parse-as-library -module-name LSAnimator -Onone @/Users/admin/builder/spi-builder-workspace/.build/out/Intermediates.noindex/LSAnimator.build/Debug/LSAnimator-t.build/Objects-normal/arm64/LSAnimator.SwiftFileList -DSWIFT_PACKAGE -DDEBUG -DSWIFT_MODULE_RESOURCE_BUNDLE_UNAVAILABLE -Xcc -fmodule-map-file\=/Users/admin/builder/spi-builder-workspace/.build/out/Intermediates.noindex/GeneratedModuleMaps/LSAnimatorCore.modulemap -DXcode -plugin-path /Applications/Xcode-27.0.0-Release.Candidate.app/Contents/Developer/Toolchains/XcodeDefault.xctoolchain/usr/lib/swift/host/plugins/testing -enable-experimental-feature DebugDescriptionMacro -sdk /Applications/Xcode-27.0.0-Release.Candidate.app/Contents/Developer/Platforms/MacOSX.platform/Developer/SDKs/MacOSX27.0.sdk -target arm64-apple-macos12.0 -g -module-cache-path /Users/admin/builder/spi-builder-workspace/.build/out/ModuleCache.noindex -Xfrontend -serialize-debugging-options -enable-testing -index-store-path /Users/admin/builder/spi-builder-workspace/.build/out -Xcc -D_LIBCPP_HARDENING_MODE\=_LIBCPP_HARDENING_MODE_DEBUG -swift-version 5 -I /Users/admin/builder/spi-builder-workspace/.build/out/Products/Debug -Isystem /Applications/Xcode-27.0.0-Release.Candidate.app/Contents/Developer/Platforms/MacOSX.platform/Developer/usr/lib -F /Users/admin/builder/spi-builder-workspace/.build/out/Products/Debug/PackageFrameworks -F /Users/admin/builder/spi-builder-workspace/.build/out/Products/Debug -F /Applications/Xcode-27.0.0-Release.Candidate.app/Contents/Developer/Platforms/MacOSX.platform/Developer/Library/Frameworks -c -j10 -enable-batch-mode -incremental -Xcc -ivfsstatcache -Xcc /Users/admin/builder/spi-builder-workspace/.build/out/SDKStatCaches.noindex/macosx27.0-26A425-80c5bbf1d171475443272936d42f90a36a22442a12e9d48fe1a705f55a1adfc4.sdkstatcache -output-file-map /Users/admin/builder/spi-builder-workspace/.build/out/Intermediates.noindex/LSAnimator.build/Debug/LSAnimator-t.build/Objects-normal/arm64/LSAnimator-OutputFileMap.json -save-temps -color-diagnostics -explicit-module-build -module-cache-path /Users/admin/builder/spi-builder-workspace/.build/out/Intermediates.noindex/SwiftExplicitPrecompiledModules -clang-scanner-module-cache-path /Users/admin/builder/spi-builder-workspace/.build/out/ModuleCache.noindex -sdk-module-cache-path /Users/admin/builder/spi-builder-workspace/.build/out/SDKExplicitPrecompiledModules -emit-dependencies -emit-module -emit-module-path /Users/admin/builder/spi-builder-workspace/.build/out/Intermediates.noindex/LSAnimator.build/Debug/LSAnimator-t.build/Objects-normal/arm64/LSAnimator.swiftmodule -serialize-diagnostics -dependency-scan-serialize-diagnostics-path /Users/admin/builder/spi-builder-workspace/.build/out/Intermediates.noindex/LSAnimator.build/Debug/LSAnimator-t.build/Objects-normal/arm64/LSAnimator-dependency-scan.dia -validate-clang-modules-once -clang-build-session-file /Users/admin/builder/spi-builder-workspace/.build/out/ModuleCache.noindex/Session.modulevalidation -Xcc -fmodules-prune-interval\=86400 -Xcc -fmodules-prune-after\=345600 -emit-const-values -const-gather-protocols-list /Users/admin/builder/spi-builder-workspace/.build/out/Intermediates.noindex/LSAnimator.build/Debug/LSAnimator-t.build/Objects-normal/arm64/LSAnimator_const_extract_protocols.json -Xcc -I/Users/admin/builder/spi-builder-workspace/Sources/Core/include -Xcc -I/Users/admin/builder/spi-builder-workspace/.build/out/Products/Debug/include -Xcc -I/Users/admin/builder/spi-builder-workspace/.build/out/Intermediates.noindex/LSAnimator.build/Debug/LSAnimator-t.build/DerivedSources-normal/arm64 -Xcc -I/Users/admin/builder/spi-builder-workspace/.build/out/Intermediates.noindex/LSAnimator.build/Debug/LSAnimator-t.build/DerivedSources/arm64 -Xcc -I/Users/admin/builder/spi-builder-workspace/.build/out/Intermediates.noindex/LSAnimator.build/Debug/LSAnimator-t.build/DerivedSources -Xcc -DSWIFT_PACKAGE -Xcc -DDEBUG\=1 -emit-objc-header -emit-objc-header-path /Users/admin/builder/spi-builder-workspace/.build/out/Intermediates.noindex/LSAnimator.build/Debug/LSAnimator-t.build/Objects-normal/arm64/LSAnimator-Swift.h -working-directory /Users/admin/builder -experimental-emit-module-separately -disable-cmo
error: /Users/admin/builder/spi-builder-workspace/Sources/Core/LSKeyframeAnimation.m:12:9 'UIKit/UIKit.h' file not found
error: ScanDependencies /Users/admin/builder/spi-builder-workspace/.build/out/Intermediates.noindex/LSAnimator.build/Debug/LSAnimatorCore-t.build/Objects-normal/arm64/LSKeyframeAnimation.o /Users/admin/builder/spi-builder-workspace/Sources/Core/LSKeyframeAnimation.m normal arm64 objective-c com.apple.compilers.llvm.clang.1_0.compiler failed with a nonzero exit code. Command line: cd /Users/admin/builder
Using response file: /Users/admin/builder/spi-builder-workspace/.build/out/Intermediates.noindex/LSAnimator.build/Debug/LSAnimatorCore-t.build/Objects-normal/arm64/e6072d4f65d7061329687fe24e3d63a7-common-args.resp
builtin-ScanDependencies -o /Users/admin/builder/spi-builder-workspace/.build/out/Intermediates.noindex/LSAnimator.build/Debug/LSAnimatorCore-t.build/Objects-normal/arm64/LSKeyframeAnimation.o.scan -- /Applications/Xcode-27.0.0-Release.Candidate.app/Contents/Developer/Toolchains/XcodeDefault.xctoolchain/usr/bin/clang -x objective-c -ivfsstatcache /Users/admin/builder/spi-builder-workspace/.build/out/SDKStatCaches.noindex/macosx27.0-26A425-80c5bbf1d171475443272936d42f90a36a22442a12e9d48fe1a705f55a1adfc4.sdkstatcache -target arm64-apple-macos12.0 -fmessage-length\=0 -fdiagnostics-show-note-include-stack -fmacro-backtrace-limit\=0 -fcolor-diagnostics -fmodules-prune-interval\=86400 -fmodules-prune-after\=345600 -fbuild-session-file\=/Users/admin/builder/spi-builder-workspace/.build/out/ModuleCache.noindex/Session.modulevalidation -fmodules-validate-once-per-build-session -Wnon-modular-include-in-framework-module -Werror\=non-modular-include-in-framework-module -Wno-trigraphs -Wno-missing-field-initializers -Wno-missing-prototypes -Wno-return-type -Wno-implicit-atomic-properties -Wno-objc-interface-ivars -Wno-arc-repeated-use-of-weak -Wno-missing-braces -Wparentheses -Wswitch -Wno-unused-function -Wno-unused-label -Wno-unused-parameter -Wno-unused-variable -Wunused-value -Wno-empty-body -Wno-uninitialized -Wno-unknown-pragmas -Wno-shadow -Wno-four-char-constants -Wno-conversion -Wno-constant-conversion -Wno-int-conversion -Wno-bool-conversion -Wno-enum-conversion -Wno-float-conversion -Wno-non-literal-null-conversion -Wno-objc-literal-conversion -Wshorten-64-to-32 -Wpointer-sign -Wno-newline-eof -Wno-selector -Wno-strict-selector-match -Wno-undeclared-selector -Wno-deprecated-implementations -Wno-implicit-fallthrough -isysroot /Applications/Xcode-27.0.0-Release.Candidate.app/Contents/Developer/Platforms/MacOSX.platform/Developer/SDKs/MacOSX27.0.sdk -fstrict-aliasing -Wprotocol -Wdeprecated-declarations -Wno-sign-conversion -Wno-infinite-recursion -Wno-comma -Wno-block-capture-autoreleasing -Wno-strict-prototypes -Wno-semicolon-before-method-body -index-store-path /Users/admin/builder/spi-builder-workspace/.build/out @/Users/admin/builder/spi-builder-workspace/.build/out/Intermediates.noindex/LSAnimator.build/Debug/LSAnimatorCore-t.build/Objects-normal/arm64/e6072d4f65d7061329687fe24e3d63a7-common-args.resp -MMD -MT dependencies -MF /Users/admin/builder/spi-builder-workspace/.build/out/Intermediates.noindex/LSAnimator.build/Debug/LSAnimatorCore-t.build/Objects-normal/arm64/LSKeyframeAnimation.d --serialize-diagnostics /Users/admin/builder/spi-builder-workspace/.build/out/Intermediates.noindex/LSAnimator.build/Debug/LSAnimatorCore-t.build/Objects-normal/arm64/LSKeyframeAnimation.dia -c /Users/admin/builder/spi-builder-workspace/Sources/Core/LSKeyframeAnimation.m -o /Users/admin/builder/spi-builder-workspace/.build/out/Intermediates.noindex/LSAnimator.build/Debug/LSAnimatorCore-t.build/Objects-normal/arm64/LSKeyframeAnimation.o -index-unit-output-path /LSAnimator.build/Debug/LSAnimatorCore-t.build/Objects-normal/arm64/LSKeyframeAnimation.o
error: /Users/admin/builder/spi-builder-workspace/Sources/Core/LSAnimatorLinker.h:10:9 'UIKit/UIKit.h' file not found
error: ScanDependencies /Users/admin/builder/spi-builder-workspace/.build/out/Intermediates.noindex/LSAnimator.build/Debug/LSAnimatorCore-t.build/Objects-normal/arm64/LSAnimatorLinker.o /Users/admin/builder/spi-builder-workspace/Sources/Core/LSAnimatorLinker.m normal arm64 objective-c com.apple.compilers.llvm.clang.1_0.compiler failed with a nonzero exit code. Command line: cd /Users/admin/builder
Using response file: /Users/admin/builder/spi-builder-workspace/.build/out/Intermediates.noindex/LSAnimator.build/Debug/LSAnimatorCore-t.build/Objects-normal/arm64/e6072d4f65d7061329687fe24e3d63a7-common-args.resp
builtin-ScanDependencies -o /Users/admin/builder/spi-builder-workspace/.build/out/Intermediates.noindex/LSAnimator.build/Debug/LSAnimatorCore-t.build/Objects-normal/arm64/LSAnimatorLinker.o.scan -- /Applications/Xcode-27.0.0-Release.Candidate.app/Contents/Developer/Toolchains/XcodeDefault.xctoolchain/usr/bin/clang -x objective-c -ivfsstatcache /Users/admin/builder/spi-builder-workspace/.build/out/SDKStatCaches.noindex/macosx27.0-26A425-80c5bbf1d171475443272936d42f90a36a22442a12e9d48fe1a705f55a1adfc4.sdkstatcache -target arm64-apple-macos12.0 -fmessage-length\=0 -fdiagnostics-show-note-include-stack -fmacro-backtrace-limit\=0 -fcolor-diagnostics -fmodules-prune-interval\=86400 -fmodules-prune-after\=345600 -fbuild-session-file\=/Users/admin/builder/spi-builder-workspace/.build/out/ModuleCache.noindex/Session.modulevalidation -fmodules-validate-once-per-build-session -Wnon-modular-include-in-framework-module -Werror\=non-modular-include-in-framework-module -Wno-trigraphs -Wno-missing-field-initializers -Wno-missing-prototypes -Wno-return-type -Wno-implicit-atomic-properties -Wno-objc-interface-ivars -Wno-arc-repeated-use-of-weak -Wno-missing-braces -Wparentheses -Wswitch -Wno-unused-function -Wno-unused-label -Wno-unused-parameter -Wno-unused-variable -Wunused-value -Wno-empty-body -Wno-uninitialized -Wno-unknown-pragmas -Wno-shadow -Wno-four-char-constants -Wno-conversion -Wno-constant-conversion -Wno-int-conversion -Wno-bool-conversion -Wno-enum-conversion -Wno-float-conversion -Wno-non-literal-null-conversion -Wno-objc-literal-conversion -Wshorten-64-to-32 -Wpointer-sign -Wno-newline-eof -Wno-selector -Wno-strict-selector-match -Wno-undeclared-selector -Wno-deprecated-implementations -Wno-implicit-fallthrough -isysroot /Applications/Xcode-27.0.0-Release.Candidate.app/Contents/Developer/Platforms/MacOSX.platform/Developer/SDKs/MacOSX27.0.sdk -fstrict-aliasing -Wprotocol -Wdeprecated-declarations -Wno-sign-conversion -Wno-infinite-recursion -Wno-comma -Wno-block-capture-autoreleasing -Wno-strict-prototypes -Wno-semicolon-before-method-body -index-store-path /Users/admin/builder/spi-builder-workspace/.build/out @/Users/admin/builder/spi-builder-workspace/.build/out/Intermediates.noindex/LSAnimator.build/Debug/LSAnimatorCore-t.build/Objects-normal/arm64/e6072d4f65d7061329687fe24e3d63a7-common-args.resp -MMD -MT dependencies -MF /Users/admin/builder/spi-builder-workspace/.build/out/Intermediates.noindex/LSAnimator.build/Debug/LSAnimatorCore-t.build/Objects-normal/arm64/LSAnimatorLinker.d --serialize-diagnostics /Users/admin/builder/spi-builder-workspace/.build/out/Intermediates.noindex/LSAnimator.build/Debug/LSAnimatorCore-t.build/Objects-normal/arm64/LSAnimatorLinker.dia -c /Users/admin/builder/spi-builder-workspace/Sources/Core/LSAnimatorLinker.m -o /Users/admin/builder/spi-builder-workspace/.build/out/Intermediates.noindex/LSAnimator.build/Debug/LSAnimatorCore-t.build/Objects-normal/arm64/LSAnimatorLinker.o -index-unit-output-path /LSAnimator.build/Debug/LSAnimatorCore-t.build/Objects-normal/arm64/LSAnimatorLinker.o
error: /Users/admin/builder/spi-builder-workspace/Sources/Core/LSAnimator.h:9:9 'UIKit/UIKit.h' file not found
error: ScanDependencies /Users/admin/builder/spi-builder-workspace/.build/out/Intermediates.noindex/LSAnimator.build/Debug/LSAnimatorCore-t.build/Objects-normal/arm64/LSAnimator.o /Users/admin/builder/spi-builder-workspace/Sources/Core/LSAnimator.m normal arm64 objective-c com.apple.compilers.llvm.clang.1_0.compiler failed with a nonzero exit code. Command line: cd /Users/admin/builder
Using response file: /Users/admin/builder/spi-builder-workspace/.build/out/Intermediates.noindex/LSAnimator.build/Debug/LSAnimatorCore-t.build/Objects-normal/arm64/e6072d4f65d7061329687fe24e3d63a7-common-args.resp
builtin-ScanDependencies -o /Users/admin/builder/spi-builder-workspace/.build/out/Intermediates.noindex/LSAnimator.build/Debug/LSAnimatorCore-t.build/Objects-normal/arm64/LSAnimator.o.scan -- /Applications/Xcode-27.0.0-Release.Candidate.app/Contents/Developer/Toolchains/XcodeDefault.xctoolchain/usr/bin/clang -x objective-c -ivfsstatcache /Users/admin/builder/spi-builder-workspace/.build/out/SDKStatCaches.noindex/macosx27.0-26A425-80c5bbf1d171475443272936d42f90a36a22442a12e9d48fe1a705f55a1adfc4.sdkstatcache -target arm64-apple-macos12.0 -fmessage-length\=0 -fdiagnostics-show-note-include-stack -fmacro-backtrace-limit\=0 -fcolor-diagnostics -fmodules-prune-interval\=86400 -fmodules-prune-after\=345600 -fbuild-session-file\=/Users/admin/builder/spi-builder-workspace/.build/out/ModuleCache.noindex/Session.modulevalidation -fmodules-validate-once-per-build-session -Wnon-modular-include-in-framework-module -Werror\=non-modular-include-in-framework-module -Wno-trigraphs -Wno-missing-field-initializers -Wno-missing-prototypes -Wno-return-type -Wno-implicit-atomic-properties -Wno-objc-interface-ivars -Wno-arc-repeated-use-of-weak -Wno-missing-braces -Wparentheses -Wswitch -Wno-unused-function -Wno-unused-label -Wno-unused-parameter -Wno-unused-variable -Wunused-value -Wno-empty-body -Wno-uninitialized -Wno-unknown-pragmas -Wno-shadow -Wno-four-char-constants -Wno-conversion -Wno-constant-conversion -Wno-int-conversion -Wno-bool-conversion -Wno-enum-conversion -Wno-float-conversion -Wno-non-literal-null-conversion -Wno-objc-literal-conversion -Wshorten-64-to-32 -Wpointer-sign -Wno-newline-eof -Wno-selector -Wno-strict-selector-match -Wno-undeclared-selector -Wno-deprecated-implementations -Wno-implicit-fallthrough -isysroot /Applications/Xcode-27.0.0-Release.Candidate.app/Contents/Developer/Platforms/MacOSX.platform/Developer/SDKs/MacOSX27.0.sdk -fstrict-aliasing -Wprotocol -Wdeprecated-declarations -Wno-sign-conversion -Wno-infinite-recursion -Wno-comma -Wno-block-capture-autoreleasing -Wno-strict-prototypes -Wno-semicolon-before-method-body -index-store-path /Users/admin/builder/spi-builder-workspace/.build/out @/Users/admin/builder/spi-builder-workspace/.build/out/Intermediates.noindex/LSAnimator.build/Debug/LSAnimatorCore-t.build/Objects-normal/arm64/e6072d4f65d7061329687fe24e3d63a7-common-args.resp -MMD -MT dependencies -MF /Users/admin/builder/spi-builder-workspace/.build/out/Intermediates.noindex/LSAnimator.build/Debug/LSAnimatorCore-t.build/Objects-normal/arm64/LSAnimator.d --serialize-diagnostics /Users/admin/builder/spi-builder-workspace/.build/out/Intermediates.noindex/LSAnimator.build/Debug/LSAnimatorCore-t.build/Objects-normal/arm64/LSAnimator.dia -c /Users/admin/builder/spi-builder-workspace/Sources/Core/LSAnimator.m -o /Users/admin/builder/spi-builder-workspace/.build/out/Intermediates.noindex/LSAnimator.build/Debug/LSAnimatorCore-t.build/Objects-normal/arm64/LSAnimator.o -index-unit-output-path /LSAnimator.build/Debug/LSAnimatorCore-t.build/Objects-normal/arm64/LSAnimator.o
error: /Users/admin/builder/spi-builder-workspace/Sources/Core/LSAnimatorChain.h:10:9 'UIKit/UIKit.h' file not found
error: ScanDependencies /Users/admin/builder/spi-builder-workspace/.build/out/Intermediates.noindex/LSAnimator.build/Debug/LSAnimatorCore-t.build/Objects-normal/arm64/LSAnimatorChain.o /Users/admin/builder/spi-builder-workspace/Sources/Core/LSAnimatorChain.m normal arm64 objective-c com.apple.compilers.llvm.clang.1_0.compiler failed with a nonzero exit code. Command line: cd /Users/admin/builder
Using response file: /Users/admin/builder/spi-builder-workspace/.build/out/Intermediates.noindex/LSAnimator.build/Debug/LSAnimatorCore-t.build/Objects-normal/arm64/e6072d4f65d7061329687fe24e3d63a7-common-args.resp
builtin-ScanDependencies -o /Users/admin/builder/spi-builder-workspace/.build/out/Intermediates.noindex/LSAnimator.build/Debug/LSAnimatorCore-t.build/Objects-normal/arm64/LSAnimatorChain.o.scan -- /Applications/Xcode-27.0.0-Release.Candidate.app/Contents/Developer/Toolchains/XcodeDefault.xctoolchain/usr/bin/clang -x objective-c -ivfsstatcache /Users/admin/builder/spi-builder-workspace/.build/out/SDKStatCaches.noindex/macosx27.0-26A425-80c5bbf1d171475443272936d42f90a36a22442a12e9d48fe1a705f55a1adfc4.sdkstatcache -target arm64-apple-macos12.0 -fmessage-length\=0 -fdiagnostics-show-note-include-stack -fmacro-backtrace-limit\=0 -fcolor-diagnostics -fmodules-prune-interval\=86400 -fmodules-prune-after\=345600 -fbuild-session-file\=/Users/admin/builder/spi-builder-workspace/.build/out/ModuleCache.noindex/Session.modulevalidation -fmodules-validate-once-per-build-session -Wnon-modular-include-in-framework-module -Werror\=non-modular-include-in-framework-module -Wno-trigraphs -Wno-missing-field-initializers -Wno-missing-prototypes -Wno-return-type -Wno-implicit-atomic-properties -Wno-objc-interface-ivars -Wno-arc-repeated-use-of-weak -Wno-missing-braces -Wparentheses -Wswitch -Wno-unused-function -Wno-unused-label -Wno-unused-parameter -Wno-unused-variable -Wunused-value -Wno-empty-body -Wno-uninitialized -Wno-unknown-pragmas -Wno-shadow -Wno-four-char-constants -Wno-conversion -Wno-constant-conversion -Wno-int-conversion -Wno-bool-conversion -Wno-enum-conversion -Wno-float-conversion -Wno-non-literal-null-conversion -Wno-objc-literal-conversion -Wshorten-64-to-32 -Wpointer-sign -Wno-newline-eof -Wno-selector -Wno-strict-selector-match -Wno-undeclared-selector -Wno-deprecated-implementations -Wno-implicit-fallthrough -isysroot /Applications/Xcode-27.0.0-Release.Candidate.app/Contents/Developer/Platforms/MacOSX.platform/Developer/SDKs/MacOSX27.0.sdk -fstrict-aliasing -Wprotocol -Wdeprecated-declarations -Wno-sign-conversion -Wno-infinite-recursion -Wno-comma -Wno-block-capture-autoreleasing -Wno-strict-prototypes -Wno-semicolon-before-method-body -index-store-path /Users/admin/builder/spi-builder-workspace/.build/out @/Users/admin/builder/spi-builder-workspace/.build/out/Intermediates.noindex/LSAnimator.build/Debug/LSAnimatorCore-t.build/Objects-normal/arm64/e6072d4f65d7061329687fe24e3d63a7-common-args.resp -MMD -MT dependencies -MF /Users/admin/builder/spi-builder-workspace/.build/out/Intermediates.noindex/LSAnimator.build/Debug/LSAnimatorCore-t.build/Objects-normal/arm64/LSAnimatorChain.d --serialize-diagnostics /Users/admin/builder/spi-builder-workspace/.build/out/Intermediates.noindex/LSAnimator.build/Debug/LSAnimatorCore-t.build/Objects-normal/arm64/LSAnimatorChain.dia -c /Users/admin/builder/spi-builder-workspace/Sources/Core/LSAnimatorChain.m -o /Users/admin/builder/spi-builder-workspace/.build/out/Intermediates.noindex/LSAnimator.build/Debug/LSAnimatorCore-t.build/Objects-normal/arm64/LSAnimatorChain.o -index-unit-output-path /LSAnimator.build/Debug/LSAnimatorCore-t.build/Objects-normal/arm64/LSAnimatorChain.o
error: Build failed
BUILD FAILURE 6.4 macosSpm