Build Information
Failed to build GoogleCloudAIPlatformV1, reference 0.5.0 (6a9899), with Swift 6.2 for Android on 11 Oct 2026 03:34:47 UTC.
Build Command
bash -c docker run --pull=always --rm -v "checkouts-54344845-1":/host -w "$PWD" -e JAVA_HOME="/root/.sdkman/candidates/java/current" -e SPI_BUILD="1" -e SPI_PROCESSING="1" registry.gitlab.com/saguaro1/spi-images:android-6.2-latest swift build --swift-sdk aarch64-unknown-linux-android28 2>&1Build Log
========================================
RunAll
========================================
Builder version: 5.1.1
Interrupt handler set up.
========================================
Checkout
========================================
Clone URL: https://github.com/googleapis/swift-google-cloud-aiplatform-v1.git
Reference: 0.5.0
Initialized empty Git repository in /host/spi-builder-workspace/.git/
hint: Using 'master' as the name for the initial branch. This default branch name
hint: is subject to change. To configure the initial branch name to use in all
hint: of your new repositories, which will suppress this warning, call:
hint:
hint: git config --global init.defaultBranch <name>
hint:
hint: Names commonly chosen instead of 'master' are 'main', 'trunk' and
hint: 'development'. The just-created branch can be renamed via this command:
hint:
hint: git branch -m <name>
From https://github.com/googleapis/swift-google-cloud-aiplatform-v1
* tag 0.5.0 -> FETCH_HEAD
HEAD is now at 6a98993 chore: release circa 2026-10-07 (#1382)
Cloned https://github.com/googleapis/swift-google-cloud-aiplatform-v1.git
Revision (git rev-parse @):
6a98993d033309b5558f304207236859170c5bec
SPI manifest file found: $PWD/.spi.yml
SUCCESS checkout https://github.com/googleapis/swift-google-cloud-aiplatform-v1.git at 0.5.0
========================================
Build
========================================
Selected platform: android
Swift version: 6.2
Building package at path: $PWD
https://github.com/googleapis/swift-google-cloud-aiplatform-v1.git
Running build ...
bash -c docker run --pull=always --rm -v "checkouts-54344845-1":/host -w "$PWD" -e JAVA_HOME="/root/.sdkman/candidates/java/current" -e SPI_BUILD="1" -e SPI_PROCESSING="1" registry.gitlab.com/saguaro1/spi-images:android-6.2-latest swift build --swift-sdk aarch64-unknown-linux-android28 2>&1
android-6.2-latest: Pulling from saguaro1/spi-images
Digest: sha256:a839c9ce201f1dacc8eb056626ec7ab0a1c6d53d7b77c83feda395f4507c51be
Status: Image is up to date for registry.gitlab.com/saguaro1/spi-images:android-6.2-latest
Fetching https://github.com/googleapis/swift-google-longrunning
Fetching https://github.com/apple/swift-log
Fetching https://github.com/googleapis/swift-google-type
Fetching https://github.com/googleapis/swift-google-wkt
Fetching https://github.com/googleapis/swift-google-rpc
Fetching https://github.com/googleapis/swift-google-iam-v1
[1/422] Fetching swift-google-rpc
[52/1041] Fetching swift-google-rpc, swift-google-longrunning
[121/1478] Fetching swift-google-rpc, swift-google-longrunning, swift-google-type
[215/9735] Fetching swift-google-rpc, swift-google-longrunning, swift-google-type, swift-log
[527/10758] Fetching swift-google-rpc, swift-google-longrunning, swift-google-type, swift-log, swift-google-wkt
[2476/11464] Fetching swift-google-rpc, swift-google-longrunning, swift-google-type, swift-log, swift-google-wkt, swift-google-iam-v1
Fetched https://github.com/googleapis/swift-google-rpc from cache (0.40s)
Fetched https://github.com/googleapis/swift-google-iam-v1 from cache (0.40s)
[3979/10336] Fetching swift-google-longrunning, swift-google-type, swift-log, swift-google-wkt
Fetching https://github.com/googleapis/swift-google-gax
Fetching https://github.com/googleapis/swift-google-auth
Fetched https://github.com/googleapis/swift-google-longrunning from cache (0.54s)
Fetched https://github.com/googleapis/swift-google-type from cache (0.54s)
Fetched https://github.com/googleapis/swift-google-wkt from cache (0.54s)
Fetched https://github.com/apple/swift-log from cache (0.54s)
Fetching https://github.com/googleapis/swift-google-api
Fetching https://github.com/googleapis/swift-google-cloud-location
[1/1748] Fetching swift-google-gax
[71/2771] Fetching swift-google-gax, swift-google-auth
Fetched https://github.com/googleapis/swift-google-auth from cache (0.40s)
Fetched https://github.com/googleapis/swift-google-gax from cache (0.40s)
[1/552] Fetching swift-google-cloud-location
[51/1615] Fetching swift-google-cloud-location, swift-google-api
Fetched https://github.com/googleapis/swift-google-cloud-location from cache (0.37s)
[213/1063] Fetching swift-google-api
Fetched https://github.com/googleapis/swift-google-api from cache (0.42s)
Computing version for https://github.com/googleapis/swift-google-wkt
Computed https://github.com/googleapis/swift-google-wkt at 0.5.0 (1.12s)
Fetching https://github.com/swift-extras/swift-extras-base64
[1/954] Fetching swift-extras-base64
Fetched https://github.com/swift-extras/swift-extras-base64 from cache (0.37s)
Computing version for https://github.com/googleapis/swift-google-type
Computed https://github.com/googleapis/swift-google-type at 0.5.0 (0.54s)
Computing version for https://github.com/googleapis/swift-google-rpc
Computed https://github.com/googleapis/swift-google-rpc at 0.5.0 (0.15s)
Computing version for https://github.com/googleapis/swift-google-longrunning
Computed https://github.com/googleapis/swift-google-longrunning at 0.5.0 (0.15s)
Computing version for https://github.com/googleapis/swift-google-iam-v1
Computed https://github.com/googleapis/swift-google-iam-v1 at 0.5.0 (0.15s)
Computing version for https://github.com/googleapis/swift-google-gax
Computed https://github.com/googleapis/swift-google-gax at 0.5.0 (0.16s)
Fetching https://github.com/swift-server/async-http-client.git
Fetching https://github.com/apple/swift-nio
[1/16464] Fetching async-http-client
[16465/102838] Fetching async-http-client, swift-nio
Fetched https://github.com/swift-server/async-http-client.git from cache (3.26s)
Fetched https://github.com/apple/swift-nio from cache (3.29s)
Computing version for https://github.com/googleapis/swift-google-cloud-location
Computed https://github.com/googleapis/swift-google-cloud-location at 0.5.0 (3.46s)
Computing version for https://github.com/googleapis/swift-google-auth
Computed https://github.com/googleapis/swift-google-auth at 0.5.0 (0.16s)
Fetching https://github.com/vapor/jwt-kit.git
Fetching https://github.com/apple/swift-system.git
[1/7241] Fetching swift-system
[1088/17495] Fetching swift-system, jwt-kit
Fetched https://github.com/apple/swift-system.git from cache (0.65s)
[2872/10254] Fetching jwt-kit
Fetched https://github.com/vapor/jwt-kit.git from cache (0.86s)
Computing version for https://github.com/googleapis/swift-google-api
Computed https://github.com/googleapis/swift-google-api at 0.5.0 (1.03s)
Computing version for https://github.com/swift-extras/swift-extras-base64
Computed https://github.com/swift-extras/swift-extras-base64 at 1.2.0 (0.14s)
Computing version for https://github.com/swift-server/async-http-client.git
Computed https://github.com/swift-server/async-http-client.git at 1.36.2 (0.18s)
Fetching https://github.com/apple/swift-distributed-tracing.git
Fetching https://github.com/apple/swift-algorithms.git
Fetching https://github.com/apple/swift-service-context.git
Fetching https://github.com/apple/swift-nio-transport-services.git
Fetching https://github.com/apple/swift-nio-extras.git
[1/2867] Fetching swift-nio-transport-services
[202/9418] Fetching swift-nio-transport-services, swift-distributed-tracing
[375/15582] Fetching swift-nio-transport-services, swift-distributed-tracing, swift-algorithms
[1261/17082] Fetching swift-nio-transport-services, swift-distributed-tracing, swift-algorithms, swift-service-context
[6803/23785] Fetching swift-nio-transport-services, swift-distributed-tracing, swift-algorithms, swift-service-context, swift-nio-extras
Fetched https://github.com/apple/swift-nio-transport-services.git from cache (0.45s)
[11411/20918] Fetching swift-distributed-tracing, swift-algorithms, swift-service-context, swift-nio-extras
Fetching https://github.com/apple/swift-nio-http2.git
Fetched https://github.com/apple/swift-service-context.git from cache (0.52s)
Fetching https://github.com/apple/swift-configuration.git
Fetching https://github.com/apple/swift-atomics.git
Fetched https://github.com/apple/swift-distributed-tracing.git from cache (0.55s)
Fetching https://github.com/apple/swift-nio-ssl.git
Fetched https://github.com/apple/swift-algorithms.git from cache (0.58s)
Fetched https://github.com/apple/swift-nio-extras.git from cache (0.58s)
[1/3928] Fetching swift-configuration
[826/5817] Fetching swift-configuration, swift-atomics
[5120/22678] Fetching swift-configuration, swift-atomics, swift-nio-ssl
Fetched https://github.com/apple/swift-configuration.git from cache (0.45s)
[2058/18750] Fetching swift-atomics, swift-nio-ssl
Fetched https://github.com/apple/swift-atomics.git from cache (0.46s)
[844/16861] Fetching swift-nio-ssl
[1182/29155] Fetching swift-nio-ssl, swift-nio-http2
Fetched https://github.com/apple/swift-nio-http2.git from cache (1.13s)
Fetched https://github.com/apple/swift-nio-ssl.git from cache (1.34s)
Computing version for https://github.com/apple/swift-service-context.git
Computed https://github.com/apple/swift-service-context.git at 1.3.0 (2.10s)
Computing version for https://github.com/apple/swift-algorithms.git
Computed https://github.com/apple/swift-algorithms.git at 1.2.1 (0.92s)
Fetching https://github.com/apple/swift-numerics.git
[1/6728] Fetching swift-numerics
Fetched https://github.com/apple/swift-numerics.git from cache (0.51s)
Computing version for https://github.com/apple/swift-log
Computed https://github.com/apple/swift-log at 1.16.1 (0.68s)
Computing version for https://github.com/apple/swift-distributed-tracing.git
Computed https://github.com/apple/swift-distributed-tracing.git at 1.5.0 (0.16s)
Computing version for https://github.com/apple/swift-atomics.git
Computed https://github.com/apple/swift-atomics.git at 1.3.1 (0.15s)
Computing version for https://github.com/apple/swift-numerics.git
Computed https://github.com/apple/swift-numerics.git at 1.1.1 (0.15s)
Computing version for https://github.com/apple/swift-nio
Computed https://github.com/apple/swift-nio at 2.104.0 (0.35s)
Fetching https://github.com/apple/swift-collections.git
[1/28703] Fetching swift-collections
Fetched https://github.com/apple/swift-collections.git from cache (1.21s)
Computing version for https://github.com/apple/swift-configuration.git
Computed https://github.com/apple/swift-configuration.git at 1.2.2 (2.02s)
Fetching https://github.com/swift-server/swift-service-lifecycle
[1/2867] Fetching swift-service-lifecycle
Fetched https://github.com/swift-server/swift-service-lifecycle from cache (0.43s)
Computing version for https://github.com/apple/swift-nio-transport-services.git
Computed https://github.com/apple/swift-nio-transport-services.git at 1.28.0 (0.60s)
Computing version for https://github.com/swift-server/swift-service-lifecycle
Computed https://github.com/swift-server/swift-service-lifecycle at 2.12.1 (0.15s)
Fetching https://github.com/apple/swift-async-algorithms.git
[1/6820] Fetching swift-async-algorithms
Fetched https://github.com/apple/swift-async-algorithms.git from cache (0.53s)
Computing version for https://github.com/apple/swift-async-algorithms.git
Computed https://github.com/apple/swift-async-algorithms.git at 1.1.7 (0.74s)
Computing version for https://github.com/apple/swift-collections.git
Computed https://github.com/apple/swift-collections.git at 1.7.2 (0.25s)
Computing version for https://github.com/apple/swift-nio-http2.git
Computed https://github.com/apple/swift-nio-http2.git at 1.46.0 (0.17s)
Computing version for https://github.com/vapor/jwt-kit.git
Computed https://github.com/vapor/jwt-kit.git at 5.7.1 (0.15s)
Fetching https://github.com/apple/swift-certificates.git
Fetching https://github.com/apple/swift-crypto.git
[1/18629] Fetching swift-crypto
[188/26238] Fetching swift-crypto, swift-certificates
Fetched https://github.com/apple/swift-certificates.git from cache (1.20s)
Fetched https://github.com/apple/swift-crypto.git from cache (1.21s)
Computing version for https://github.com/apple/swift-crypto.git
Computed https://github.com/apple/swift-crypto.git at 4.5.2 (1.83s)
Fetching https://github.com/apple/swift-asn1.git
[1/2009] Fetching swift-asn1
Fetched https://github.com/apple/swift-asn1.git from cache (0.41s)
Computing version for https://github.com/apple/swift-asn1.git
Computed https://github.com/apple/swift-asn1.git at 1.7.3 (0.60s)
Computing version for https://github.com/apple/swift-certificates.git
Computed https://github.com/apple/swift-certificates.git at 1.21.0 (0.21s)
Computing version for https://github.com/apple/swift-nio-ssl.git
Computed https://github.com/apple/swift-nio-ssl.git at 2.37.5 (0.19s)
Computing version for https://github.com/apple/swift-system.git
Computed https://github.com/apple/swift-system.git at 1.8.1 (0.19s)
Computing version for https://github.com/apple/swift-nio-extras.git
Computed https://github.com/apple/swift-nio-extras.git at 1.35.1 (0.28s)
Fetching https://github.com/apple/swift-http-types.git
Fetching https://github.com/apple/swift-http-structured-headers.git
[1/1939] Fetching swift-http-types
[2/3192] Fetching swift-http-types, swift-http-structured-headers
Fetched https://github.com/apple/swift-http-structured-headers.git from cache (0.39s)
Fetched https://github.com/apple/swift-http-types.git from cache (0.39s)
Computing version for https://github.com/apple/swift-http-structured-headers.git
Computed https://github.com/apple/swift-http-structured-headers.git at 1.7.0 (0.55s)
Computing version for https://github.com/apple/swift-http-types.git
Computed https://github.com/apple/swift-http-types.git at 1.8.0 (0.18s)
Creating working copy for https://github.com/apple/swift-async-algorithms.git
Working copy of https://github.com/apple/swift-async-algorithms.git resolved at 1.1.7
Creating working copy for https://github.com/apple/swift-nio-ssl.git
Working copy of https://github.com/apple/swift-nio-ssl.git resolved at 2.37.5
Creating working copy for https://github.com/apple/swift-http-types.git
Working copy of https://github.com/apple/swift-http-types.git resolved at 1.8.0
Creating working copy for https://github.com/apple/swift-service-context.git
Working copy of https://github.com/apple/swift-service-context.git resolved at 1.3.0
Creating working copy for https://github.com/googleapis/swift-google-type
Working copy of https://github.com/googleapis/swift-google-type resolved at 0.5.0
Creating working copy for https://github.com/apple/swift-asn1.git
Working copy of https://github.com/apple/swift-asn1.git resolved at 1.7.3
Creating working copy for https://github.com/googleapis/swift-google-wkt
Working copy of https://github.com/googleapis/swift-google-wkt resolved at 0.5.0
Creating working copy for https://github.com/apple/swift-atomics.git
Working copy of https://github.com/apple/swift-atomics.git resolved at 1.3.1
Creating working copy for https://github.com/googleapis/swift-google-rpc
Working copy of https://github.com/googleapis/swift-google-rpc resolved at 0.5.0
Creating working copy for https://github.com/swift-extras/swift-extras-base64
Working copy of https://github.com/swift-extras/swift-extras-base64 resolved at 1.2.0
Creating working copy for https://github.com/apple/swift-log
Working copy of https://github.com/apple/swift-log resolved at 1.16.1
Creating working copy for https://github.com/googleapis/swift-google-longrunning
Working copy of https://github.com/googleapis/swift-google-longrunning resolved at 0.5.0
Creating working copy for https://github.com/googleapis/swift-google-iam-v1
Working copy of https://github.com/googleapis/swift-google-iam-v1 resolved at 0.5.0
Creating working copy for https://github.com/apple/swift-nio-extras.git
Working copy of https://github.com/apple/swift-nio-extras.git resolved at 1.35.1
Creating working copy for https://github.com/apple/swift-nio-transport-services.git
Working copy of https://github.com/apple/swift-nio-transport-services.git resolved at 1.28.0
Creating working copy for https://github.com/googleapis/swift-google-cloud-location
Working copy of https://github.com/googleapis/swift-google-cloud-location resolved at 0.5.0
Creating working copy for https://github.com/googleapis/swift-google-gax
Working copy of https://github.com/googleapis/swift-google-gax resolved at 0.5.0
Creating working copy for https://github.com/googleapis/swift-google-auth
Working copy of https://github.com/googleapis/swift-google-auth resolved at 0.5.0
Creating working copy for https://github.com/apple/swift-http-structured-headers.git
Working copy of https://github.com/apple/swift-http-structured-headers.git resolved at 1.7.0
Creating working copy for https://github.com/apple/swift-algorithms.git
Working copy of https://github.com/apple/swift-algorithms.git resolved at 1.2.1
Creating working copy for https://github.com/apple/swift-collections.git
Working copy of https://github.com/apple/swift-collections.git resolved at 1.7.2
Creating working copy for https://github.com/apple/swift-nio
Working copy of https://github.com/apple/swift-nio resolved at 2.104.0
Creating working copy for https://github.com/vapor/jwt-kit.git
Working copy of https://github.com/vapor/jwt-kit.git resolved at 5.7.1
Creating working copy for https://github.com/apple/swift-nio-http2.git
Working copy of https://github.com/apple/swift-nio-http2.git resolved at 1.46.0
Creating working copy for https://github.com/swift-server/swift-service-lifecycle
Working copy of https://github.com/swift-server/swift-service-lifecycle resolved at 2.12.1
Creating working copy for https://github.com/apple/swift-distributed-tracing.git
Working copy of https://github.com/apple/swift-distributed-tracing.git resolved at 1.5.0
Creating working copy for https://github.com/googleapis/swift-google-api
Working copy of https://github.com/googleapis/swift-google-api resolved at 0.5.0
Creating working copy for https://github.com/apple/swift-configuration.git
Working copy of https://github.com/apple/swift-configuration.git resolved at 1.2.2
Creating working copy for https://github.com/swift-server/async-http-client.git
Working copy of https://github.com/swift-server/async-http-client.git resolved at 1.36.2
Creating working copy for https://github.com/apple/swift-system.git
Working copy of https://github.com/apple/swift-system.git resolved at 1.8.1
Creating working copy for https://github.com/apple/swift-crypto.git
Working copy of https://github.com/apple/swift-crypto.git resolved at 4.5.2
Creating working copy for https://github.com/apple/swift-numerics.git
Working copy of https://github.com/apple/swift-numerics.git resolved at 1.1.1
Creating working copy for https://github.com/apple/swift-certificates.git
Working copy of https://github.com/apple/swift-certificates.git resolved at 1.21.0
Building for debugging...
[0/3592] Compiling aes.cc
[1/3592] Write swift-version--11D90AFD9DD3AB2.txt
[2/3592] Compiling _NumericsShims _NumericsShims.c
[3/3592] Write sources
[7/3592] Compiling _AtomicsShims.c
[8/3592] Compiling engine.cc
[9/3592] Compiling a_dup.cc
[10/3592] Compiling buf.cc
[11/3592] Write sources
[89/3592] Compiling ecdh.cc
[89/3592] Write sources
[89/3592] Compiling a_i2d_fp.cc
[89/3592] Write sources
[284/3631] Compiling a_bitstr.cc
[284/3631] Write sources
[434/3631] Compiling evp_ctx.cc
[434/3631] Write sources
[473/3670] Emitting module RealModule
[474/3671] Compiling Logging Logger.swift
[475/3672] Compiling InternalCollectionsUtilities UnsafeMutablePointer+Extras.swift
[476/3672] Compiling InternalCollectionsUtilities UnsafeMutableRawBufferPointer+Extras.swift
[477/3672] Compiling InternalCollectionsUtilities UnsafePointer+Extras.swift
[478/3675] Compiling Logging LoggingSystem.swift
[479/3675] Compiling InternalCollectionsUtilities RandomAccessCollection+Offsets.swift
[480/3675] Compiling InternalCollectionsUtilities Span+Extras.swift
[481/3677] Compiling RealModule Float80+Real.swift
[482/3677] Compiling RealModule RealFunctions.swift
[483/3677] Compiling RealModule Real.swift
[484/3677] Compiling InternalCollectionsUtilities Descriptions.swift
[485/3677] Compiling InternalCollectionsUtilities FixedWidthInteger+roundUpToPowerOfTwo.swift
[486/3677] Compiling InternalCollectionsUtilities Integer rank.swift
[487/3677] Emitting module InternalCollectionsUtilities
[488/3677] Compiling InternalCollectionsUtilities Iterable+CopyContents.swift
[489/3677] Compiling InternalCollectionsUtilities Iterable+Equality.swift
[490/3677] Compiling InternalCollectionsUtilities LifetimeOverride.swift
[491/3677] Compiling InternalCollectionsUtilities MutableRef.swift
[494/3677] Compiling InternalCollectionsUtilities UInt+first and last set bit.swift
[495/3677] Compiling InternalCollectionsUtilities UInt+reversed.swift
[496/3677] Compiling InternalCollectionsUtilities Debugging.swift
[498/3677] Compiling InternalCollectionsUtilities BorrowingIteratorProtocol+Equality.swift
[499/3677] Compiling InternalCollectionsUtilities BorrowingIteratorProtocol+Extras.swift
[502/3677] Compiling InternalCollectionsUtilities _UnsafeBitSet+_Word.swift
[503/3677] Compiling InternalCollectionsUtilities _UnsafeBitSet.swift
[504/3677] Compiling InternalCollectionsUtilities UnsafeBufferPointer+Extras.swift
[505/3677] Compiling InternalCollectionsUtilities UnsafeMutableBufferPointer+Extras.swift
[506/3677] Compiling RealModule RelaxedArithmetic.swift
[507/3677] Compiling InternalCollectionsUtilities MutableSpan+Extras.swift
[508/3677] Compiling InternalCollectionsUtilities OutputSpan+Extras.swift
[511/3677] Compiling _NIODataStructures Heap.swift
[512/3677] Compiling ServiceContextModule ServiceContextKey.swift
[513/3677] Compiling SwiftASN1 DER.swift
[514/3677] Compiling SwiftASN1 Errors.swift
[515/3677] Compiling InternalCollectionsUtilities TemporaryAllocation.swift
[516/3677] Compiling InternalCollectionsUtilities _UnsafeBitSet+Index.swift
[517/3677] Compiling Logging Logger+Attributes.swift
[520/3677] Compiling Logging Logger+With.swift
[523/3677] Compiling InternalCollectionsUtilities UnsafeRawBufferPointer+Extras.swift
[524/3677] Compiling InternalCollectionsUtilities _SortedCollection.swift
[525/3677] Compiling InternalCollectionsUtilities _UniqueCollection.swift
[526/3678] Emitting module _NIOBase64
[527/3678] Compiling _NIOBase64 Base64.swift
[528/3678] Compiling RealModule Float16+Real.swift
[532/3680] Compiling ServiceContextModule ServiceContext.swift
[533/3680] Emitting module ServiceContextModule
[534/3681] Write sources
[537/3681] Emitting module _CertificateInternals
[538/3681] Compiling _CertificateInternals _TinyArray.swift
[538/3681] Write sources
[584/3682] Compiling _NIODataStructures _TinyArray.swift
[585/3682] Compiling _NIODataStructures PriorityQueue.swift
[586/3682] Emitting module _NIODataStructures
[588/3683] Wrapping AST for InternalCollectionsUtilities for debugging
[589/3683] Wrapping AST for RealModule for debugging
[591/3687] Wrapping AST for _NIOBase64 for debugging
[592/3687] Write sources
[592/3687] Wrapping AST for _CertificateInternals for debugging
[592/3687] Write sources
[808/3687] Wrapping AST for ServiceContextModule for debugging
[810/3692] Emitting module SpanPreview
[810/3693] Compiling CXKCPShims shims.c
[810/3693] Compiling KeccakSponge.c
[812/3693] Compiling SimpleFIPS202.c
[814/3695] Compiling SpanPreview InputSpan.swift
[815/3695] Compiling SpanPreview MutableSpan+InputSpanHelpers.swift
[816/3695] Compiling SpanPreview OutputSpan+InputSpanHelpers.swift
[817/3695] Emitting module SwiftASN1
[818/3699] Wrapping AST for _NIODataStructures for debugging
[819/3699] Compiling KeccakHash.c
[821/3699] Emitting module Instrumentation
[821/3699] Compiling CNIOWindows shim.c
[822/3699] Compiling CNIOWindows WSAStartup.c
[824/3699] Compiling Instrumentation NoOpInstrument.swift
[824/3699] Compiling CSystem shims.c
[826/3699] Compiling Instrumentation MultiplexInstrument.swift
[826/3704] Compiling CNIOWASI CNIOWASI.c
[827/3741] Wrapping AST for SpanPreview for debugging
[828/3741] Compiling CNIOPosix event_loop_id.c
[829/3741] Compiling CNIOOpenBSD shim.c
[830/3778] Compiling CNIOLinux shim.c
[831/3778] Compiling CNIOLinux liburing_shims.c
[832/3778] Compiling CNIOLLHTTP c_nio_llhttp.c
[834/3778] Compiling SystemPackage Stat.swift
[835/3778] Compiling SystemPackage RawBuffer.swift
[836/3778] Compiling SystemPackage Syscalls.swift
[837/3778] Compiling SystemPackage WindowsSyscallAdapters.swift
[838/3778] Compiling SystemPackage MachPort.swift
[839/3778] Compiling SystemPackage PlatformString.swift
[840/3778] Compiling DequeModule UniqueDeque+Initializers.swift
[841/3778] Compiling DequeModule UniqueDeque+Insertions.swift
[842/3778] Compiling DequeModule UniqueDeque+Iterable.swift
[843/3778] Compiling DequeModule UniqueDeque+Prepend.swift
[844/3778] Compiling DequeModule UniqueDeque+Removals.swift
[844/3783] Compiling CNIOLLHTTP c_nio_http.c
[846/3783] Compiling SystemPackage IOCompletion.swift
[847/3783] Compiling SystemPackage IORequest.swift
[847/3783] Compiling KeccakP-1600-opt64.c
[849/3783] Compiling SystemPackage FilePathComponentView.swift
[850/3783] Compiling SystemPackage FilePathComponents.swift
[851/3783] Compiling SystemPackage FilePathParsing.swift
[852/3783] Compiling SystemPackage FilePathString.swift
[853/3783] Compiling SystemPackage FilePathSyntax.swift
[854/3783] Compiling SystemPackage Errno.swift
[854/3783] Compiling CNIOFreeBSD shim.c
[855/3783] Compiling CNIOExtrasZlib zutil.c
[856/3783] Compiling CNIOLLHTTP c_nio_api.c
[857/3783] Compiling CNIOExtrasZlib inftrees.c
[858/3783] Compiling CNIOExtrasZlib trees.c
[860/3783] Compiling SystemPackage IORing+Util.swift
[861/3783] Compiling SystemPackage IORing.swift
[862/3783] Compiling SystemPackage RawIORequest.swift
[863/3783] Compiling SystemPackage Backcompat.swift
[864/3783] Compiling SystemPackage CInterop.swift
[865/3783] Compiling SystemPackage Constants.swift
[866/3783] Compiling SystemPackage Exports.swift
[867/3783] Compiling SystemPackage Mocking.swift
[868/3783] Compiling SystemPackage FileFlags.swift
[869/3783] Compiling SystemPackage FileMode.swift
[870/3783] Compiling SystemPackage FileType.swift
[871/3783] Compiling SystemPackage Identifiers.swift
[871/3783] Compiling CNIOExtrasZlib inffast.c
[872/3783] Compiling CNIOExtrasZlib inflate.c
[873/3783] Compiling CNIOExtrasZlib deflate.c
[874/3783] Compiling CNIOExtrasZlib adler32.c
[875/3783] Compiling CNIODarwin shim.c
[876/3783] Compiling CNIOExtrasZlib crc32.c
[877/3783] Compiling fiat_p256_adx_sqr.S
[878/3783] Compiling fiat_p256_adx_mul.S
[879/3783] Compiling fiat_curve25519_adx_square.S
[880/3783] Compiling fiat_curve25519_adx_mul.S
[881/3783] Compiling CNIOBoringSSLShims shims.c
[883/3783] Compiling SystemPackage ErrnoWindows.swift
[884/3783] Compiling SystemPackage FileDescriptor.swift
[885/3783] Compiling SystemPackage FileHelpers.swift
[886/3783] Compiling SystemPackage FileOperations.swift
[887/3783] Compiling SystemPackage FilePath.swift
[888/3783] Compiling SystemPackage FilePathTemp.swift
[889/3783] Compiling SystemPackage FilePathTempPosix.swift
[890/3783] Compiling SystemPackage FilePathTempWindows.swift
[891/3783] Compiling SystemPackage FilePathWindows.swift
[892/3783] Compiling SystemPackage FilePermissions.swift
[895/3783] Compiling Logging MetadataProvider.swift
[903/3788] Compiling Instrumentation Instrument.swift
[906/3788] Emitting module Logging
[907/3788] Compiling Instrumentation InstrumentationSystem.swift
[908/3788] Compiling Instrumentation Locks.swift
[934/3790] Emitting module SystemPackage
[940/3798] Wrapping AST for Logging for debugging
[941/3799] Wrapping AST for SwiftASN1 for debugging
[942/3799] Wrapping AST for Instrumentation for debugging
[944/3799] Emitting module Tracing
[956/3800] Compiling Tracing TracingTime.swift
[957/3800] Compiling Tracing WithTracer.swift
[958/3800] Compiling Tracing TracerProtocol.swift
[959/3800] Compiling Tracing TracerProtocol+Legacy.swift
[960/3800] Compiling Tracing Tracer.swift
[961/3800] Compiling Tracing NoOpTracer.swift
[962/3800] Compiling Tracing SpanProtocol.swift
[963/3800] Compiling Tracing InstrumentationSystem+Tracing.swift
[963/3801] Compiling tls_method.cc
[966/3801] Compiling SystemPackage SystemString.swift
[967/3801] Compiling SystemPackage Util+StringArray.swift
[968/3801] Compiling SystemPackage Util.swift
[969/3801] Compiling SystemPackage UtilConsumers.swift
[970/3801] Compiling SystemPackage WinSDK+Overlay.swift
[971/3802] Compiling tls_record.cc
[972/3802] Wrapping AST for Tracing for debugging
[973/3802] Compiling tls13_enc.cc
[974/3802] Compiling tls13_server.cc
[975/3802] Compiling tls13_client.cc
[977/3802] Emitting module DequeModule
[977/3802] Compiling tls13_both.cc
[978/3802] Wrapping AST for SystemPackage for debugging
[980/3802] Compiling DequeModule UniqueDeque+Replacements.swift
[981/3802] Compiling DequeModule UniqueDeque.swift
[982/3802] Compiling DequeModule _DequeSlot.swift
[983/3802] Compiling DequeModule _UnsafeDequeHandle.swift
[984/3802] Compiling DequeModule _UnsafeDequeSegments.swift
[985/3803] Compiling ssl_x509.cc
[986/3803] Compiling t1_enc.cc
[987/3846] Wrapping AST for DequeModule for debugging
[988/3846] Compiling ssl_stat.cc
[989/3846] Compiling ssl_transcript.cc
[990/3846] Compiling ssl_privkey.cc
[991/3846] Compiling ssl_session.cc
[992/3846] Compiling ssl_versions.cc
[994/3846] Compiling Configuration Deprecations.swift
[995/3846] Compiling Configuration ExpressibleByConfigInt.swift
[996/3846] Compiling Configuration ExpressibleByConfigString.swift
[997/3846] Compiling Configuration CLIKeyEncoder.swift
[998/3846] Compiling Configuration ConfigKeyEncoder.swift
[999/3846] Compiling Configuration DotSeparatorKeyDecoder.swift
[1000/3851] Emitting module Configuration
[1001/3851] Compiling ExtrasBase64 Base64+Span.swift
[1002/3851] Compiling ExtrasBase64 Base64.swift
[1003/3851] Compiling ExtrasBase64 Base32.swift
[1004/3851] Compiling ExtrasBase64 Base32+Span.swift
[1004/3851] Compiling ssl_file.cc
[1005/3851] Compiling ssl_lib.cc
[1006/3851] Compiling ssl_credential.cc
[1007/3851] Compiling ssl_key_share.cc
[1008/3851] Compiling ssl_cert.cc
[1010/3851] Emitting module ExtrasBase64
[1011/3852] Compiling ssl_cipher.cc
[1012/3852] Compiling ssl_buffer.cc
[1014/3852] Compiling Configuration AccessReporter.swift
[1015/3852] Compiling Configuration AccessLogger.swift
[1016/3852] Compiling Configuration FileAccessLogger.swift
[1017/3852] Compiling Configuration ConfigContext.swift
[1018/3852] Compiling Configuration ConfigKey.swift
[1019/3852] Compiling Configuration ConfigProvider.swift
[1020/3852] Compiling Configuration CombineLatestManyStorage.swift
[1021/3852] Compiling Configuration AsyncSequences.swift
[1022/3852] Compiling Configuration FoundationExtensions.swift
[1023/3852] Compiling Configuration Span.swift
[1024/3852] Compiling Configuration ConfigBytesFromStringDecoder.swift
[1025/3883] Compiling Configuration EnvironmentKeyEncoder.swift
[1026/3883] Compiling Configuration EnvironmentVariablesProvider.swift
[1027/3883] Compiling Configuration CommonProviderFileSystem.swift
[1028/3883] Compiling Configuration DirectoryFilesProvider.swift
[1029/3883] Compiling Configuration FileProvider.swift
[1030/3883] Compiling Configuration FileProviderSnapshot.swift
[1031/3883] Compiling Configuration MutableInMemoryProvider.swift
[1032/3883] Compiling Configuration ConfigProvider+Operators.swift
[1033/3883] Compiling Configuration KeyMappingProvider.swift
[1034/3883] Compiling Configuration SecretsSpecifier.swift
[1035/3883] Compiling Configuration AsyncCombineLatestManySequence.swift
[1036/3883] Compiling Configuration CombineLatestManyStateMachine.swift
[1037/3883] Compiling GoogleWKT WKTField.swift
[1038/3883] Compiling GoogleWKT WKTMethod.swift
[1039/3883] Compiling GoogleWKT WKTMixin.swift
[1040/3883] Compiling GoogleWKT WKTOption.swift
[1041/3883] Compiling GoogleWKT WKTStringValue.swift
[1042/3883] Compiling GoogleWKT WKTTimestamp.swift
[1042/3883] Compiling ssl_aead_ctx.cc
[1043/3883] Wrapping AST for ExtrasBase64 for debugging
[1044/3883] Compiling ssl_asn1.cc
[1045/3883] Compiling s3_pkt.cc
[1046/3883] Compiling s3_lib.cc
[1047/3883] Compiling s3_both.cc
[1052/3887] Compiling handshake_server.cc
[1054/3887] Compiling GoogleWKT UnknownFields.swift
[1055/3887] Compiling GoogleWKT WKTAny.swift
[1056/3887] Compiling GoogleWKT WKTAnyError.swift
[1057/3887] Compiling GoogleWKT WKTBoolValue.swift
[1058/3887] Compiling GoogleWKT WKTBytesValue.swift
[1059/3887] Compiling GoogleWKT WKTDoubleValue.swift
[1060/3887] Compiling GoogleWKT WKTDuration.swift
[1061/3887] Compiling GoogleWKT WKTEmpty.swift
[1062/3887] Compiling GoogleWKT WKTFieldMask.swift
[1063/3887] Compiling GoogleWKT WKTFloatValue.swift
[1064/3887] Compiling GoogleWKT WKTInt32Value.swift
[1065/3887] Compiling GoogleWKT WKTInt64Value.swift
[1066/3887] Compiling GoogleWKT WKTRecursive.swift
[1067/3887] Compiling GoogleWKT WKTValue.swift
[1068/3887] Compiling GoogleWKT WKTApi.swift
[1069/3887] Compiling GoogleWKT WKTEnum.swift
[1070/3887] Compiling GoogleWKT WKTEnumValue.swift
[1073/3887] Compiling GoogleWKT WKTUInt32Value.swift
[1074/3887] Compiling GoogleWKT WKTUInt64Value.swift
[1074/3887] Compiling handoff.cc
[1075/3887] Compiling handshake_client.cc
[1076/3887] Compiling handshake.cc
[1078/3887] Compiling GoogleWKT WKTSourceContext.swift
[1079/3887] Compiling GoogleWKT WKTSyntax.swift
[1080/3887] Compiling GoogleWKT WKTType.swift
[1081/3887] Compiling GoogleWKT PackageVersion.swift
[1082/3887] Compiling GoogleWKT DecodeToDefault.swift
[1083/3887] Compiling GoogleWKT DiscoveryBase64.swift
[1084/3887] Compiling GoogleWKT ProtoJSONDecoder.swift
[1085/3887] Compiling GoogleWKT ProtoJSONEncoder.swift
[1094/3887] Compiling GoogleWKT AnyPackable.swift
[1099/3887] Emitting module GoogleWKT
[1101/3889] Compiling extensions.cc
[1102/3907] Compiling encrypted_client_hello.cc
[1104/3922] Emitting module GoogleType
[1104/3924] Compiling dtls_record.cc
[1106/3924] Compiling GoogleRpc QuotaFailure.swift
[1107/3924] Compiling GoogleRpc RequestInfo.swift
[1108/3924] Emitting module GoogleRpc
[1109/3976] Compiling GoogleApi GoSettings.swift
[1110/3976] Compiling GoogleApi Http.swift
[1112/3996] Compiling GoogleApi HttpBody.swift
[1113/3996] Compiling GoogleApi HttpRule.swift
[1114/3996] Compiling GoogleApi JavaSettings.swift
[1115/3996] Compiling GoogleApi ContextRule.swift
[1116/3996] Compiling GoogleApi Control.swift
[1117/3996] Compiling GoogleApi FieldPolicy.swift
[1118/3996] Compiling GoogleApi FlowControlLimitExceededBehaviorProto.swift
[1118/3996] Compiling dtls_method.cc
[1119/3996] Compiling d1_pkt.cc
[1120/3996] Compiling GoogleApi ClientLibraryOrganization.swift
[1121/3996] Compiling GoogleApi ClientLibrarySettings.swift
[1123/3996] Compiling GoogleApi CommonLanguageSettings.swift
[1124/3996] Compiling GoogleApi Billing.swift
[1125/3996] Compiling GoogleApi ChangeType.swift
[1126/3996] Compiling GoogleApi ClientLibraryDestination.swift
[1126/3996] Wrapping AST for Configuration for debugging
[1130/3996] Compiling GoogleApi ConfigChange.swift
[1131/3996] Compiling GoogleApi Context.swift
[1131/3996] Wrapping AST for GoogleWKT for debugging
[1132/3996] Compiling md5-x86_64-linux.S
[1142/3996] Compiling md5-x86_64-apple.S
[1143/3996] Compiling md5-586-linux.S
[1144/3996] Compiling md5-586-apple.S
[1146/3996] Compiling GoogleApi JwtLocation.swift
[1147/3996] Compiling GoogleApi LabelDescriptor.swift
[1148/3997] Compiling d1_srtp.cc
[1149/3997] Compiling chacha20_poly1305_x86_64-linux.S
[1152/3998] Wrapping AST for GoogleType for debugging
[1153/3998] Compiling chacha20_poly1305_x86_64-apple.S
[1155/3998] Compiling chacha20_poly1305_armv8-win.S
[1156/3998] Compiling chacha20_poly1305_armv8-linux.S
[1157/3998] Compiling chacha20_poly1305_armv8-apple.S
[1158/3998] Compiling chacha-x86_64-linux.S
[1159/3998] Compiling chacha-x86-linux.S
[1160/3998] Wrapping AST for GoogleRpc for debugging
[1161/3998] Compiling chacha-x86_64-apple.S
[1162/3998] Compiling chacha-x86-apple.S
[1163/3998] Compiling chacha-armv8-apple.S
[1164/3998] Compiling chacha-armv8-win.S
[1165/3998] Compiling chacha-armv8-linux.S
[1166/3998] Compiling chacha-armv4-linux.S
[1167/3998] Compiling d1_lib.cc
[1168/3998] Compiling aes128gcmsiv-x86_64-linux.S
[1169/3998] Compiling aes128gcmsiv-x86_64-apple.S
[1170/3998] Compiling x86_64-mont-linux.S
[1171/3998] Compiling x86_64-mont5-apple.S
[1172/3998] Compiling x86_64-mont5-linux.S
[1173/3998] Compiling x86_64-mont-apple.S
[1174/3998] Compiling vpaes-x86_64-linux.S
[1175/3998] Compiling vpaes-x86_64-apple.S
[1176/3998] Compiling x86-mont-linux.S
[1177/3998] Compiling x86-mont-apple.S
[1178/3998] Compiling vpaes-x86-linux.S
[1179/3998] Compiling vpaes-x86-apple.S
[1180/3998] Compiling vpaes-armv8-win.S
[1180/3998] Compiling vpaes-armv8-apple.S
[1182/3998] Compiling vpaes-armv7-linux.S
[1183/3998] Compiling sha512-x86_64-apple.S
[1184/3998] Compiling sha512-x86_64-linux.S
[1185/3998] Compiling sha512-armv8-win.S
[1186/3998] Compiling vpaes-armv8-linux.S
[1187/3998] Compiling err_data.cc
[1188/3998] Compiling sha512-armv8-linux.S
[1189/3998] Compiling sha512-586-linux.S
[1190/3998] Compiling sha512-armv4-linux.S
[1191/3998] Compiling sha512-586-apple.S
[1192/3998] Compiling sha256-x86_64-linux.S
[1193/3998] Compiling sha512-armv8-apple.S
[1194/3998] Compiling sha256-x86_64-apple.S
[1195/3998] Compiling sha256-armv8-win.S
[1196/3998] Compiling sha256-armv8-apple.S
[1197/3998] Compiling sha256-armv8-linux.S
[1198/3998] Compiling sha256-armv4-linux.S
[1199/3998] Compiling sha256-586-apple.S
[1200/3998] Compiling sha256-586-linux.S
[1201/3998] Compiling bio_ssl.cc
[1202/3998] Compiling sha1-x86_64-linux.S
[1203/3998] Compiling sha1-x86_64-apple.S
[1204/3998] Compiling sha1-armv8-win.S
[1205/3998] Compiling sha1-586-linux.S
[1206/3998] Compiling sha1-armv8-apple.S
[1207/3998] Compiling sha1-armv8-linux.S
[1208/3998] Compiling sha1-586-apple.S
[1209/3998] Compiling d1_both.cc
[1210/3998] Compiling sha1-armv4-large-linux.S
[1211/3998] Compiling rsaz-avx2-linux.S
[1212/3998] Compiling rdrand-x86_64-apple.S
[1213/3998] Compiling p256_beeu-x86_64-asm-apple.S
[1214/3998] Compiling rdrand-x86_64-linux.S
[1215/3998] Compiling rsaz-avx2-apple.S
[1216/3998] Compiling p256_beeu-x86_64-asm-linux.S
[1217/3998] Compiling p256_beeu-armv8-asm-win.S
[1217/3998] Compiling p256_beeu-armv8-asm-apple.S
[1219/3998] Compiling p256_beeu-armv8-asm-linux.S
[1220/3998] Compiling p256-x86_64-asm-apple.S
[1220/3998] Compiling p256-x86_64-asm-linux.S
[1222/3998] Compiling p256-armv8-asm-win.S
[1223/3998] Compiling ghashv8-armv8-win.S
[1224/3998] Compiling ghashv8-armv8-linux.S
[1225/3998] Compiling p256-armv8-asm-linux.S
[1225/3998] Compiling p256-armv8-asm-apple.S
[1227/3998] Compiling ghashv8-armv7-linux.S
[1228/3998] Compiling ghash-x86_64-linux.S
[1229/3998] Compiling ghashv8-armv8-apple.S
[1230/3998] Compiling ghash-x86-linux.S
[1231/3998] Compiling ghash-x86_64-apple.S
[1232/3998] Compiling ghash-ssse3-x86_64-linux.S
[1233/3998] Compiling ghash-ssse3-x86-linux.S
[1234/3998] Compiling ghash-x86-apple.S
[1234/3998] Compiling ghash-ssse3-x86_64-apple.S
[1236/3998] Compiling ghash-ssse3-x86-apple.S
[1236/3998] Compiling ghash-neon-armv8-win.S
[1238/3998] Compiling ghash-neon-armv8-apple.S
[1239/3998] Compiling ghash-neon-armv8-linux.S
[1240/3998] Compiling ghash-armv4-linux.S
[1241/3998] Compiling bsaes-armv7-linux.S
[1241/3998] Compiling co-586-apple.S
[1241/3998] Compiling bn-armv8-win.S
[1244/3998] Compiling bn-armv8-apple.S
[1245/3998] Compiling armv8-mont-win.S
[1246/3998] Compiling co-586-linux.S
[1247/3998] Compiling bn-586-linux.S
[1248/3998] Compiling bn-586-apple.S
[1248/3998] Compiling bn-armv8-linux.S
[1250/3998] Compiling armv8-mont-linux.S
[1251/3998] Compiling armv8-mont-apple.S
[1252/3998] Compiling armv4-mont-linux.S
[1253/3998] Compiling aesv8-armv8-win.S
[1254/3998] Compiling aesv8-gcm-armv8-win.S
[1255/3998] Compiling aesv8-gcm-armv8-apple.S
[1256/3998] Compiling aesv8-armv7-linux.S
[1257/3998] Compiling aesv8-armv8-linux.S
[1258/3998] Compiling aesv8-gcm-armv8-linux.S
[1259/3998] Compiling aesv8-armv8-apple.S
[1260/3998] Compiling aesni-x86_64-linux.S
[1261/3998] Compiling aesni-x86_64-apple.S
[1262/3998] Compiling aesni-x86-linux.S
[1263/3998] Compiling aesni-gcm-x86_64-apple.S
[1264/3998] Compiling aesni-x86-apple.S
[1265/3998] Compiling aes-gcm-avx2-x86_64-apple.S
[1266/3998] Compiling aesni-gcm-x86_64-linux.S
[1267/3998] Compiling aes-gcm-avx10-x86_64-linux.S
[1268/3998] Compiling aes-gcm-avx2-x86_64-linux.S
[1269/3998] Compiling aes-gcm-avx10-x86_64-apple.S
[1271/3998] Emitting module GoogleApi
[1271/4007] Compiling x_sig.cc
[1272/4007] Compiling x_x509a.cc
[1273/4007] Compiling x_pubkey.cc
[1275/4007] Compiling GoogleApi LogDescriptor.swift
[1276/4007] Compiling GoogleApi Logging.swift
[1277/4007] Compiling GoogleApi MethodPolicy.swift
[1278/4007] Compiling GoogleApi MethodSettings.swift
[1279/4007] Compiling GoogleApi Metric.swift
[1280/4007] Compiling GoogleApi MetricDescriptor.swift
[1281/4007] Compiling GoogleApi MetricRule.swift
[1282/4007] Compiling GoogleApi MonitoredResource.swift
[1283/4007] Compiling GoogleApi MonitoredResourceDescriptor.swift
[1284/4007] Compiling GoogleApi MonitoredResourceMetadata.swift
[1284/4007] Compiling x_spki.cc
[1285/4007] Compiling x_x509.cc
[1287/4007] Compiling GoogleApi Monitoring.swift
[1288/4007] Compiling GoogleApi NodeSettings.swift
[1289/4007] Compiling GoogleApi OAuthRequirements.swift
[1290/4007] Compiling GoogleApi PackageVersion.swift
[1291/4007] Compiling GoogleApi Page.swift
[1292/4007] Compiling GoogleApi PhpSettings.swift
[1293/4007] Compiling GoogleApi ProjectProperties.swift
[1294/4007] Compiling GoogleApi Property.swift
[1295/4007] Compiling GoogleApi Publishing.swift
[1296/4007] Compiling GoogleApi PythonSettings.swift
[1297/4007] Compiling GoogleApi Quota.swift
[1298/4007] Compiling GoogleApi QuotaLimit.swift
[1299/4007] Compiling GoogleApi ResourceDescriptor.swift
[1300/4007] Compiling GoogleApi ResourceReference.swift
[1301/4007] Compiling GoogleApi RoutingParameter.swift
[1302/4007] Compiling GoogleApi RoutingRule.swift
[1303/4007] Compiling GoogleApi RubySettings.swift
[1304/4007] Compiling GoogleApi SelectiveGapicGeneration.swift
[1305/4007] Compiling GoogleApi Service.swift
[1305/4007] Compiling x_req.cc
[1306/4007] Compiling x_val.cc
[1307/4007] Compiling x_exten.cc
[1308/4007] Compiling x509rset.cc
[1310/4007] Compiling GoogleApi Advice.swift
[1311/4007] Compiling GoogleApi AuthProvider.swift
[1312/4007] Compiling GoogleApi AuthRequirement.swift
[1313/4007] Compiling GoogleApi Authentication.swift
[1314/4007] Compiling GoogleApi AuthenticationRule.swift
[1315/4007] Compiling GoogleApi Backend.swift
[1316/4007] Compiling GoogleApi BackendRule.swift
[1317/4007] Compiling GoogleApi BatchingConfigProto.swift
[1318/4007] Compiling GoogleApi BatchingDescriptorProto.swift
[1319/4007] Compiling GoogleApi BatchingSettingsProto.swift
[1329/4007] Compiling GoogleApi LaunchStage.swift
[1330/4007] Compiling GoogleApi CppSettings.swift
[1331/4007] Compiling GoogleApi CustomHttpPattern.swift
[1332/4007] Compiling GoogleApi Distribution.swift
[1333/4007] Compiling GoogleApi Documentation.swift
[1334/4007] Compiling GoogleApi DocumentationRule.swift
[1335/4007] Compiling GoogleApi DotnetSettings.swift
[1336/4007] Compiling GoogleApi Endpoint.swift
[1337/4007] Compiling GoogleApi ErrorReason.swift
[1338/4007] Compiling GoogleApi FieldBehavior.swift
[1339/4007] Compiling GoogleApi FieldInfo.swift
[1349/4007] Compiling x_name.cc
[1350/4007] Compiling x_attrib.cc
[1351/4007] Compiling x_algor.cc
[1352/4007] Compiling x509spki.cc
[1353/4007] Compiling x_crl.cc
[1354/4007] Compiling x_all.cc
[1356/4007] Compiling GoogleApi SourceInfo.swift
[1357/4007] Compiling GoogleApi SystemParameter.swift
[1358/4007] Compiling GoogleApi SystemParameterRule.swift
[1359/4007] Compiling GoogleApi SystemParameters.swift
[1360/4007] Compiling GoogleApi TypeReference.swift
[1361/4007] Compiling GoogleApi Usage.swift
[1362/4007] Compiling GoogleApi UsageRule.swift
[1363/4007] Compiling GoogleApi Visibility.swift
[1364/4007] Compiling GoogleApi VisibilityRule.swift
[1365/4008] Compiling x509name.cc
[1366/4008] Wrapping AST for GoogleApi for debugging
[1367/4008] Compiling x509cset.cc
[1368/4008] Compiling x509_vfy.cc
[1369/4008] Compiling x509_vpm.cc
[1370/4008] Compiling x509_trs.cc
[1371/4008] Compiling x509_txt.cc
[1372/4008] Compiling x509_v3.cc
[1373/4008] Compiling x509_set.cc
[1374/4008] Compiling x509_req.cc
[1375/4008] Compiling x509_ext.cc
[1376/4008] Compiling x509_obj.cc
[1377/4008] Compiling x509_def.cc
[1378/4008] Compiling x509_att.cc
[1379/4008] Compiling x509_lu.cc
[1380/4008] Compiling x509_d2.cc
[1381/4008] Compiling x509_cmp.cc
[1382/4008] Compiling v3_utl.cc
[1383/4008] Compiling x509.cc
[1384/4008] Compiling v3_skey.cc
[1385/4008] Compiling v3_lib.cc
[1386/4008] Compiling v3_purp.cc
[1387/4008] Compiling v3_pcons.cc
[1388/4008] Compiling v3_pmaps.cc
[1389/4008] Compiling v3_prn.cc
[1390/4008] Compiling v3_ocsp.cc
[1391/4008] Compiling v3_info.cc
[1392/4008] Compiling v3_int.cc
[1393/4008] Compiling v3_ncons.cc
[1394/4008] Compiling v3_crld.cc
[1395/4008] Compiling v3_enum.cc
[1396/4008] Compiling v3_cpols.cc
[1397/4008] Compiling v3_genn.cc
[1398/4008] Compiling v3_ia5.cc
[1399/4008] Compiling v3_extku.cc
[1400/4008] Compiling v3_bitst.cc
[1401/4008] Compiling v3_conf.cc
[1402/4008] Compiling v3_alt.cc
[1403/4008] Compiling v3_bcons.cc
[1404/4008] Compiling v3_akeya.cc
[1405/4008] Compiling v3_akey.cc
[1406/4008] Compiling t_x509a.cc
[1407/4008] Compiling t_req.cc
[1408/4008] Compiling t_x509.cc
[1409/4008] Compiling t_crl.cc
[1410/4008] Compiling name_print.cc
[1411/4008] Compiling i2d_pr.cc
[1412/4008] Compiling policy.cc
[1413/4008] Compiling rsa_pss.cc
[1414/4008] Compiling by_file.cc
[1415/4008] Compiling by_dir.cc
[1416/4008] Compiling asn1_gen.cc
[1417/4008] Compiling algorithm.cc
[1418/4008] Compiling trust_token.cc
[1419/4008] Compiling a_digest.cc
[1420/4008] Compiling a_verify.cc
[1421/4008] Compiling a_sign.cc
[1422/4008] Compiling pmbtoken.cc
[1423/4008] Compiling voprf.cc
[1424/4008] Compiling thread_win.cc
[1425/4008] Compiling thread.cc
[1426/4008] Compiling siphash.cc
[1427/4008] Compiling stack.cc
[1428/4008] Compiling thread_none.cc
[1429/4008] Compiling spake2plus.cc
[1430/4008] Compiling slhdsa.cc
[1430/4008] Compiling sha1.cc
[1432/4008] Compiling thread_pthread.cc
[1433/4008] Compiling rsa_print.cc
[1434/4008] Compiling sha512.cc
[1435/4008] Compiling sha256.cc
[1436/4008] Compiling rsa_extra.cc
[1437/4008] Compiling rc4.cc
[1438/4008] Compiling urandom.cc
[1439/4008] Compiling rsa_crypt.cc
[1440/4008] Compiling refcount.cc
[1441/4008] Compiling windows.cc
[1442/4008] Compiling rsa_asn1.cc
[1443/4008] Compiling passive.cc
[1444/4008] Compiling trusty.cc
[1445/4008] Compiling rand.cc
[1446/4008] Compiling poly1305_arm_asm.S
[1447/4008] Compiling ios.cc
[1448/4008] Compiling getentropy.cc
[1449/4008] Compiling deterministic.cc
[1450/4008] Compiling forkunsafe.cc
[1451/4008] Compiling poly1305_arm.cc
[1452/4008] Compiling fork_detect.cc
[1453/4008] Compiling pool.cc
[1453/4008] Compiling poly1305_vec.cc
[1455/4008] Compiling poly1305.cc
[1456/4008] Compiling pkcs8.cc
[1457/4008] Compiling pkcs7.cc
[1458/4008] Compiling pkcs8_x509.cc
[1459/4008] Compiling pkcs7_x509.cc
[1460/4008] Compiling pem_xaux.cc
[1461/4008] Compiling p5_pbev2.cc
[1462/4008] Compiling pem_pkey.cc
[1463/4008] Compiling pem_x509.cc
[1464/4008] Compiling mlkem.cc
[1465/4008] Compiling obj.cc
[1466/4008] Compiling pem_pk8.cc
[1467/4008] Compiling pem_oth.cc
[1468/4008] Compiling obj_xref.cc
[1469/4008] Compiling pem_all.cc
[1470/4008] Compiling mldsa.cc
[1471/4008] Compiling pem_info.cc
[1472/4008] Compiling poly_rq_mul.S
[1473/4008] Compiling pem_lib.cc
[1474/4008] Compiling fips_shared_support.cc
[1475/4008] Compiling mem.cc
[1476/4008] Compiling md4.cc
[1477/4008] Compiling md5.cc
[1478/4008] Compiling lhash.cc
[1479/4008] Compiling sign.cc
[1480/4008] Compiling ex_data.cc
[1481/4008] Compiling kyber.cc
[1482/4008] Compiling hrss.cc
[1483/4008] Compiling scrypt.cc
[1484/4008] Compiling hpke.cc
[1485/4008] Compiling print.cc
[1486/4008] Compiling p_x25519.cc
[1487/4008] Compiling pbkdf.cc
[1488/4008] Compiling p_rsa_asn1.cc
[1489/4008] Compiling p_ed25519_asn1.cc
[1490/4008] Compiling p_x25519_asn1.cc
[1491/4008] Compiling p_rsa.cc
[1492/4008] Compiling p_hkdf.cc
[1493/4008] Compiling p_ed25519.cc
[1494/4008] Compiling p_ec.cc
[1495/4008] Compiling p_ec_asn1.cc
[1496/4008] Compiling p_dsa_asn1.cc
[1497/4008] Compiling p_dh_asn1.cc
[1498/4008] Compiling p_dh.cc
[1499/4008] Compiling evp_ctx.cc
[1500/4008] Compiling engine.cc
[1501/4008] Compiling evp.cc
[1502/4008] Compiling ecdh.cc
[1503/4008] Compiling err.cc
[1504/4008] Compiling ec_derive.cc
[1505/4008] Compiling evp_asn1.cc
[1506/4008] Compiling ecdsa_asn1.cc
[1507/4008] Compiling hash_to_curve.cc
[1508/4008] Compiling dsa_asn1.cc
[1509/4008] Compiling ec_asn1.cc
[1510/4008] Compiling dsa.cc
[1511/4008] Compiling params.cc
[1512/4008] Compiling x25519-asm-arm.S
[1513/4008] Compiling bcm.cc
[1514/4008] Compiling digest_extra.cc
[1515/4008] Compiling des.cc
[1516/4008] Compiling dh_asn1.cc
[1517/4008] Compiling curve25519_64_adx.cc
[1518/4008] Compiling crypto.cc
[1519/4008] Compiling spake25519.cc
[1520/4008] Compiling cpu_arm_freebsd.cc
[1521/4008] Compiling cpu_intel.cc
[1522/4008] Compiling curve25519.cc
[1523/4008] Compiling cpu_arm_linux.cc
[1524/4008] Compiling cpu_aarch64_win.cc
[1525/4008] Compiling cpu_aarch64_openbsd.cc
[1526/4008] Compiling cpu_aarch64_apple.cc
[1527/4008] Compiling cpu_aarch64_sysreg.cc
[1528/4008] Compiling cpu_aarch64_linux.cc
[1529/4008] Compiling cpu_aarch64_fuchsia.cc
[1530/4008] Compiling tls_cbc.cc
[1531/4008] Compiling get_cipher.cc
[1532/4008] Compiling conf.cc
[1533/4008] Compiling e_tls.cc
[1534/4008] Compiling e_rc4.cc
[1535/4008] Compiling e_null.cc
[1536/4008] Compiling e_rc2.cc
[1537/4008] Compiling e_chacha20poly1305.cc
[1538/4008] Compiling e_des.cc
[1539/4008] Compiling e_aesgcmsiv.cc
[1540/4008] Compiling e_aesctrhmac.cc
[1541/4008] Compiling derive_key.cc
[1542/4008] Compiling chacha.cc
[1543/4008] Compiling cbs.cc
[1544/4008] Compiling buf.cc
[1545/4008] Compiling cbb.cc
[1546/4008] Compiling asn1_compat.cc
[1547/4008] Compiling ber.cc
[1548/4008] Compiling unicode.cc
[1549/4008] Compiling convert.cc
[1550/4008] Compiling bn_asn1.cc
[1551/4008] Compiling blake2.cc
[1552/4008] Compiling pair.cc
[1553/4008] Compiling socket.cc
[1554/4008] Compiling socket_helper.cc
[1555/4008] Compiling hexdump.cc
[1556/4008] Compiling printf.cc
[1557/4008] Compiling errno.cc
[1558/4008] Compiling file.cc
[1559/4008] Compiling fd.cc
[1560/4008] Compiling connect.cc
[1561/4008] Compiling bio_mem.cc
[1562/4008] Compiling base64.cc
[1563/4008] Compiling bio.cc
[1564/4008] Compiling tasn_utl.cc
[1565/4008] Compiling tasn_typ.cc
[1566/4008] Compiling tasn_fre.cc
[1567/4008] Compiling tasn_enc.cc
[1568/4008] Compiling tasn_dec.cc
[1569/4008] Compiling tasn_new.cc
[1570/4008] Compiling posix_time.cc
[1571/4008] Compiling f_string.cc
[1572/4008] Compiling f_int.cc
[1573/4008] Compiling asn_pack.cc
[1574/4008] Compiling asn1_par.cc
[1575/4008] Compiling a_utctm.cc
[1576/4008] Compiling asn1_lib.cc
[1577/4008] Compiling a_type.cc
[1578/4008] Compiling a_time.cc
[1579/4008] Compiling a_octet.cc
[1580/4008] Compiling a_strnid.cc
[1581/4008] Compiling a_strex.cc
[1582/4008] Compiling a_mbstr.cc
[1583/4008] Compiling a_object.cc
[1584/4008] Compiling a_i2d_fp.cc
[1585/4008] Compiling a_d2i_fp.cc
[1586/4008] Compiling a_dup.cc
[1586/4008] Compiling CGoogleGaxCRC32C CGoogleGaxCRC32C.c
[1588/4008] Compiling fiat_p256_adx_sqr.S
[1589/4008] Compiling a_bitstr.cc
[1590/4008] Compiling fiat_p256_adx_mul.S
[1591/4008] Compiling fiat_curve25519_adx_square.S
[1592/4008] Compiling fiat_curve25519_adx_mul.S
[1593/4008] Compiling md5-x86_64-apple.S
[1594/4008] Compiling md5-x86_64-linux.S
[1595/4008] Compiling a_bool.cc
[1596/4008] Compiling md5-586-linux.S
[1597/4008] Compiling md5-586-apple.S
[1598/4008] Compiling CCryptoBoringSSLShims shims.c
[1599/4008] Compiling a_gentm.cc
[1599/4008] Compiling chacha20_poly1305_x86_64-linux.S
[1601/4008] Compiling chacha20_poly1305_armv8-win.S
[1602/4008] Compiling chacha20_poly1305_armv8-apple.S
[1603/4008] Compiling chacha20_poly1305_x86_64-apple.S
[1604/4008] Compiling a_int.cc
[1605/4008] Compiling chacha20_poly1305_armv8-linux.S
[1606/4008] Compiling chacha-x86_64-linux.S
[1607/4008] Compiling chacha-x86_64-apple.S
[1608/4008] Compiling chacha-armv8-win.S
[1609/4008] Compiling chacha-x86-linux.S
[1610/4008] Compiling chacha-x86-apple.S
[1611/4008] Compiling chacha-armv8-apple.S
[1612/4008] Compiling chacha-armv4-linux.S
[1613/4008] Compiling chacha-armv8-linux.S
[1614/4008] Compiling aes128gcmsiv-x86_64-apple.S
[1615/4008] Compiling aes128gcmsiv-x86_64-linux.S
[1616/4008] Compiling x86_64-mont-apple.S
[1617/4008] Compiling x86_64-mont-linux.S
[1618/4008] Compiling x86_64-mont5-apple.S
[1619/4008] Compiling x86-mont-linux.S
[1620/4008] Compiling x86_64-mont5-linux.S
[1621/4008] Compiling x86-mont-apple.S
[1622/4008] Compiling vpaes-x86_64-apple.S
[1623/4008] Compiling vpaes-x86_64-linux.S
[1624/4008] Compiling vpaes-armv8-apple.S
[1625/4008] Compiling vpaes-x86-linux.S
[1626/4008] Compiling vpaes-x86-apple.S
[1627/4008] Compiling vpaes-armv8-win.S
[1628/4008] Compiling vpaes-armv8-linux.S
[1629/4008] Compiling sha512-x86_64-apple.S
[1630/4008] Compiling sha512-armv8-win.S
[1630/4008] Compiling vpaes-armv7-linux.S
[1632/4008] Compiling sha512-x86_64-linux.S
[1633/4008] Compiling sha512-armv8-apple.S
[1634/4008] Compiling err_data.cc
[1635/4008] Compiling sha512-586-apple.S
[1636/4008] Compiling sha512-armv4-linux.S
[1637/4008] Compiling sha512-armv8-linux.S
[1638/4008] Compiling sha512-586-linux.S
[1639/4008] Compiling sha256-x86_64-linux.S
[1640/4008] Compiling sha256-x86_64-apple.S
[1641/4008] Compiling sha256-586-linux.S
[1642/4008] Compiling sha256-armv8-win.S
[1643/4008] Compiling sha256-armv8-apple.S
[1644/4008] Compiling sha256-armv8-linux.S
[1645/4008] Compiling sha1-x86_64-linux.S
[1645/4008] Compiling sha256-armv4-linux.S
[1647/4008] Compiling sha1-x86_64-apple.S
[1648/4008] Compiling sha1-armv8-win.S
[1649/4008] Compiling sha256-586-apple.S
[1650/4008] Compiling sha1-586-apple.S
[1651/4008] Compiling sha1-armv8-linux.S
[1652/4008] Compiling sha1-armv8-apple.S
[1653/4008] Compiling sha1-armv4-large-linux.S
[1654/4008] Compiling rsaz-avx2-apple.S
[1655/4008] Compiling rdrand-x86_64-linux.S
[1656/4008] Compiling sha1-586-linux.S
[1657/4008] Compiling rsaz-avx2-linux.S
[1658/4008] Compiling p256_beeu-x86_64-asm-apple.S
[1659/4008] Compiling p256_beeu-x86_64-asm-linux.S
[1660/4008] Compiling p256_beeu-armv8-asm-linux.S
[1661/4008] Compiling p256_beeu-armv8-asm-win.S
[1662/4008] Compiling p256_beeu-armv8-asm-apple.S
[1663/4008] Compiling rdrand-x86_64-apple.S
[1664/4008] Compiling p256-armv8-asm-win.S
[1665/4008] Compiling p256-x86_64-asm-apple.S
[1666/4008] Compiling p256-armv8-asm-apple.S
[1667/4008] Compiling ghashv8-armv8-win.S
[1668/4008] Compiling ghashv8-armv8-linux.S
[1669/4008] Compiling p256-x86_64-asm-linux.S
[1670/4008] Compiling ghashv8-armv8-apple.S
[1671/4008] Compiling p256-armv8-asm-linux.S
[1672/4008] Compiling ghash-x86-linux.S
[1673/4008] Compiling ghashv8-armv7-linux.S
[1674/4008] Compiling ghash-x86_64-apple.S
[1675/4008] Compiling ghash-x86_64-linux.S
[1676/4008] Compiling ghash-ssse3-x86_64-linux.S
[1676/4008] Compiling ghash-x86-apple.S
[1678/4008] Compiling ghash-ssse3-x86_64-apple.S
[1679/4008] Compiling ghash-ssse3-x86-linux.S
[1679/4008] Compiling ghash-neon-armv8-apple.S
[1681/4008] Compiling ghash-neon-armv8-win.S
[1682/4008] Compiling ghash-armv4-linux.S
[1683/4008] Compiling ghash-neon-armv8-linux.S
[1683/4008] Compiling ghash-ssse3-x86-apple.S
[1685/4008] Compiling co-586-linux.S
[1686/4008] Compiling co-586-apple.S
[1687/4008] Compiling bsaes-armv7-linux.S
[1688/4008] Compiling bn-armv8-linux.S
[1689/4008] Compiling bn-586-linux.S
[1690/4008] Compiling bn-586-apple.S
[1691/4008] Compiling bn-armv8-win.S
[1692/4008] Compiling bn-armv8-apple.S
[1693/4008] Compiling armv8-mont-win.S
[1694/4008] Compiling armv8-mont-apple.S
[1695/4008] Compiling armv4-mont-linux.S
[1696/4008] Compiling armv8-mont-linux.S
[1697/4008] Compiling aesv8-gcm-armv8-linux.S
[1697/4008] Compiling aesv8-gcm-armv8-apple.S
[1699/4008] Compiling aesv8-gcm-armv8-win.S
[1700/4008] Compiling aesv8-armv8-win.S
[1701/4008] Compiling aesv8-armv8-linux.S
[1702/4008] Compiling aesv8-armv8-apple.S
[1703/4008] Compiling aesv8-armv7-linux.S
[1704/4008] Compiling aesni-x86_64-apple.S
[1704/4008] Compiling aesni-x86-linux.S
[1706/4008] Compiling aesni-x86_64-linux.S
[1707/4008] Compiling aesni-x86-apple.S
[1707/4008] Compiling aes-gcm-avx512-x86_64-linux.S
[1707/4008] Compiling aesni-gcm-x86_64-linux.S
[1710/4008] Compiling aes-gcm-avx512-x86_64-apple.S
[1711/4008] Compiling aesni-gcm-x86_64-apple.S
[1712/4008] Compiling aes-gcm-avx2-x86_64-linux.S
[1713/4008] Compiling aes-gcm-avx2-x86_64-apple.S
[1714/4008] Compiling xwing.cc
[1715/4008] Compiling x_sig.cc
[1716/4008] Compiling x_req.cc
[1717/4008] Compiling x_x509a.cc
[1718/4008] Compiling x_x509.cc
[1719/4008] Compiling x_spki.cc
[1720/4008] Compiling c-nioatomics.c
[1721/4008] Compiling x_pubkey.cc
[1722/4008] Compiling x_name.cc
[1723/4008] Compiling x_exten.cc
[1724/4008] Compiling x_attrib.cc
[1725/4008] Compiling x_crl.cc
[1726/4008] Compiling x_all.cc
[1727/4008] Compiling x_algor.cc
[1728/4008] Compiling c-atomics.c
[1729/4008] Compiling x509spki.cc
[1731/4015] Compiling NIOConcurrencyHelpers NIOThreadPoolWorkAvailable.swift
[1731/4015] Compiling x509cset.cc
[1732/4015] Compiling x509rset.cc
[1733/4015] Compiling x509name.cc
[1734/4015] Compiling x509_vfy.cc
[1736/4015] Compiling NIOConcurrencyHelpers NIOLockedValueBox.swift
[1737/4015] Compiling NIOConcurrencyHelpers atomics.swift
[1738/4015] Compiling NIOConcurrencyHelpers NIOAtomic.swift
[1739/4015] Compiling NIOConcurrencyHelpers NIOLock.swift
[1740/4015] Emitting module NIOConcurrencyHelpers
[1741/4015] Compiling NIOConcurrencyHelpers lock.swift
[1742/4016] Compiling x509_vpm.cc
[1743/4016] Wrapping AST for NIOConcurrencyHelpers for debugging
[1744/4016] Compiling x509_txt.cc
[1745/4016] Compiling x509_v3.cc
[1746/4016] Compiling x509_trs.cc
[1747/4016] Compiling x509_set.cc
[1748/4016] Compiling x509_obj.cc
[1749/4016] Compiling x509_req.cc
[1750/4016] Compiling x509_ext.cc
[1751/4016] Compiling x509_d2.cc
[1752/4016] Compiling x509_def.cc
[1753/4016] Compiling x509_lu.cc
[1754/4016] Compiling x509.cc
[1755/4016] Compiling x509_cmp.cc
[1756/4016] Compiling x509_att.cc
[1757/4016] Compiling v3_skey.cc
[1758/4016] Compiling v3_prn.cc
[1759/4016] Compiling v3_purp.cc
[1760/4016] Compiling v3_pmaps.cc
[1761/4016] Compiling v3_utl.cc
[1762/4016] Compiling v3_pcons.cc
[1763/4016] Compiling v3_ocsp.cc
[1764/4016] Compiling v3_ncons.cc
[1765/4016] Compiling v3_ia5.cc
[1766/4016] Compiling v3_lib.cc
[1767/4016] Compiling v3_int.cc
[1768/4016] Compiling v3_genn.cc
[1769/4016] Compiling v3_info.cc
[1770/4016] Compiling v3_extku.cc
[1771/4016] Compiling v3_enum.cc
[1772/4016] Compiling v3_conf.cc
[1773/4016] Compiling v3_crld.cc
[1774/4016] Compiling v3_cpols.cc
[1775/4016] Compiling v3_bitst.cc
[1776/4016] Compiling v3_bcons.cc
[1777/4016] Compiling t_x509a.cc
[1778/4016] Compiling v3_akeya.cc
[1779/4016] Compiling v3_alt.cc
[1780/4016] Compiling v3_akey.cc
[1781/4016] Compiling t_req.cc
[1782/4016] Compiling t_x509.cc
[1783/4016] Compiling i2d_pr.cc
[1784/4016] Compiling t_crl.cc
[1785/4016] Compiling rsa_pss.cc
[1786/4016] Compiling policy.cc
[1787/4016] Compiling by_file.cc
[1788/4016] Compiling name_print.cc
[1789/4016] Compiling by_dir.cc
[1790/4016] Compiling asn1_gen.cc
[1791/4016] Compiling algorithm.cc
[1792/4016] Compiling voprf.cc
[1793/4016] Compiling a_verify.cc
[1794/4016] Compiling thread_win.cc
[1795/4016] Compiling trust_token.cc
[1796/4016] Compiling a_sign.cc
[1797/4016] Compiling a_digest.cc
[1798/4016] Compiling thread_pthread.cc
[1799/4016] Compiling thread.cc
[1800/4016] Compiling pmbtoken.cc
[1800/4016] Compiling thread_none.cc
[1802/4016] Compiling siphash.cc
[1803/4016] Compiling slhdsa.cc
[1804/4016] Compiling stack.cc
[1805/4016] Compiling sha512.cc
[1806/4016] Compiling sha256.cc
[1807/4016] Compiling rsa_print.cc
[1808/4016] Compiling spake2plus.cc
[1809/4016] Compiling sha1.cc
[1810/4016] Compiling rsa_extra.cc
[1811/4016] Compiling rc4.cc
[1812/4016] Compiling rsa_crypt.cc
[1813/4016] Compiling windows.cc
[1814/4016] Compiling trusty.cc
[1815/4016] Compiling refcount.cc
[1816/4016] Compiling urandom.cc
[1817/4016] Compiling passive.cc
[1817/4016] Compiling rand.cc
[1819/4016] Compiling ios.cc
[1820/4016] Compiling getentropy.cc
[1821/4016] Compiling poly1305_arm_asm.S
[1822/4016] Compiling rsa_asn1.cc
[1823/4016] Compiling forkunsafe.cc
[1824/4016] Compiling deterministic.cc
[1825/4016] Compiling fork_detect.cc
[1826/4016] Compiling poly1305_vec.cc
[1827/4016] Compiling poly1305_arm.cc
[1828/4016] Compiling pool.cc
[1829/4016] Compiling poly1305.cc
[1830/4016] Compiling pkcs8.cc
[1831/4016] Compiling pkcs8_x509.cc
[1832/4016] Compiling pkcs7.cc
[1833/4016] Compiling p5_pbev2.cc
[1834/4016] Compiling pem_x509.cc
[1835/4016] Compiling pkcs7_x509.cc
[1836/4016] Compiling pem_pkey.cc
[1837/4016] Compiling pem_xaux.cc
[1838/4016] Compiling pem_pk8.cc
[1839/4016] Compiling pem_oth.cc
[1840/4016] Compiling pem_info.cc
[1841/4016] Compiling pem_lib.cc
[1842/4016] Compiling mlkem.cc
[1843/4016] Compiling obj_xref.cc
[1844/4016] Compiling pem_all.cc
[1845/4016] Compiling mldsa.cc
[1846/4016] Compiling poly_rq_mul.S
[1847/4016] Compiling mem.cc
[1848/4016] Compiling lhash.cc
[1849/4016] Compiling fips_shared_support.cc
[1850/4016] Compiling obj.cc
[1851/4016] Compiling md5.cc
[1852/4016] Compiling fuzzer_mode.cc
[1853/4016] Compiling kyber.cc
[1854/4016] Compiling md4.cc
[1855/4016] Compiling hrss.cc
[1856/4016] Compiling hpke.cc
[1857/4016] Compiling ex_data.cc
[1858/4016] Compiling sign.cc
[1859/4016] Compiling pbkdf.cc
[1859/4016] Compiling scrypt.cc
[1861/4016] Compiling print.cc
[1862/4016] Compiling p_x25519.cc
[1863/4016] Compiling p_x25519_asn1.cc
[1864/4016] Compiling p_rsa_asn1.cc
[1865/4016] Compiling p_hkdf.cc
[1866/4016] Compiling p_rsa.cc
[1867/4016] Compiling p_ed25519_asn1.cc
[1868/4016] Compiling p_ed25519.cc
[1869/4016] Compiling p_ec.cc
[1870/4016] Compiling p_ec_asn1.cc
[1871/4016] Compiling p_dsa_asn1.cc
[1872/4016] Compiling err.cc
[1873/4016] Compiling p_dh_asn1.cc
[1874/4016] Compiling ecdsa_p1363.cc
[1875/4016] Compiling p_dh.cc
[1876/4016] Compiling evp_asn1.cc
[1877/4016] Compiling evp.cc
[1878/4016] Compiling ec_derive.cc
[1879/4016] Compiling dsa.cc
[1880/4016] Compiling hash_to_curve.cc
[1880/4016] Compiling ecdsa_asn1.cc
[1882/4016] Compiling dsa_asn1.cc
[1883/4016] Compiling digest_extra.cc
[1884/4016] Compiling ec_asn1.cc
[1885/4016] Compiling x25519-asm-arm.S
[1886/4016] Compiling curve25519_64_adx.cc
[1887/4016] Compiling des.cc
[1888/4016] Compiling spake25519.cc
[1889/4016] Compiling dh_asn1.cc
[1890/4016] Compiling params.cc
[1891/4016] Compiling curve25519.cc
[1892/4016] Compiling cpu_intel.cc
[1893/4016] Compiling crypto.cc
[1894/4016] Compiling cpu_aarch64_win.cc
[1895/4016] Compiling cpu_arm_freebsd.cc
[1896/4016] Compiling cpu_arm_linux.cc
[1897/4016] Compiling cpu_aarch64_sysreg.cc
[1898/4016] Compiling cpu_aarch64_openbsd.cc
[1899/4016] Compiling cpu_aarch64_fuchsia.cc
[1900/4016] Compiling cpu_aarch64_linux.cc
[1901/4016] Compiling cpu_aarch64_apple.cc
[1902/4016] Compiling tls_cbc.cc
[1903/4016] Compiling conf.cc
[1904/4016] Compiling e_rc2.cc
[1905/4016] Compiling get_cipher.cc
[1906/4016] Compiling e_chacha20poly1305.cc
[1907/4016] Compiling e_tls.cc
[1908/4016] Compiling e_rc4.cc
[1909/4016] Compiling cms.cc
[1910/4016] Compiling e_null.cc
[1911/4016] Compiling e_des.cc
[1912/4016] Compiling chacha.cc
[1913/4016] Compiling e_aesgcmsiv.cc
[1914/4016] Compiling derive_key.cc
[1915/4016] Compiling e_aeseax.cc
[1916/4016] Compiling e_aesctrhmac.cc
[1917/4016] Compiling unicode.cc
[1918/4016] Compiling cbs.cc
[1919/4016] Compiling exponentiation.cc
[1920/4016] Compiling sqrt.cc
[1921/4016] Compiling cbb.cc
[1922/4016] Compiling ber.cc
[1923/4016] Compiling div.cc
[1924/4016] Compiling asn1_compat.cc
[1925/4016] Compiling bn_asn1.cc
[1926/4016] Compiling blake2.cc
[1927/4016] Compiling printf.cc
[1928/4016] Compiling convert.cc
[1929/4016] Compiling pair.cc
[1930/4016] Compiling file.cc
[1931/4016] Compiling hexdump.cc
[1932/4016] Compiling fd.cc
[1933/4016] Compiling errno.cc
[1934/4016] Compiling tasn_typ.cc
[1935/4016] Compiling bio_mem.cc
[1936/4016] Compiling base64.cc
[1937/4016] Compiling bio.cc
[1938/4016] Compiling tasn_fre.cc
[1939/4016] Compiling tasn_utl.cc
[1940/4016] Compiling tasn_enc.cc
[1941/4016] Compiling tasn_new.cc
[1942/4016] Compiling posix_time.cc
[1943/4016] Compiling f_string.cc
[1944/4016] Compiling tasn_dec.cc
[1945/4016] Compiling f_int.cc
[1946/4016] Compiling asn_pack.cc
[1947/4016] Compiling asn1_par.cc
[1948/4016] Compiling bcm.cc
[1949/4016] Compiling asn1_lib.cc
[1950/4016] Compiling a_octet.cc
[1951/4016] Compiling a_time.cc
[1952/4016] Compiling a_utctm.cc
[1953/4016] Compiling a_type.cc
[1954/4016] Compiling a_strnid.cc
[1955/4016] Compiling a_strex.cc
[1955/4016] Write sources
[1959/4016] Compiling CAsyncHTTPClient CAsyncHTTPClient.c
[1960/4059] Compiling a_object.cc
[1961/4059] Compiling a_d2i_fp.cc
[1962/4059] Compiling a_mbstr.cc
[1963/4059] Compiling a_int.cc
[1965/4059] Compiling Atomics UnsafeAtomic.swift
[1966/4059] Compiling Atomics UnsafeAtomicLazyReference.swift
[1966/4061] Compiling a_bool.cc
[1968/4061] Compiling Atomics AtomicStorage.swift
[1969/4061] Compiling Atomics AtomicValue.swift
[1970/4061] Compiling Atomics ManagedAtomic.swift
[1971/4061] Compiling Atomics ManagedAtomicLazyReference.swift
[1972/4061] Compiling Atomics AtomicMemoryOrderings.swift
[1973/4061] Compiling Atomics DoubleWord.swift
[1974/4061] Compiling Atomics IntegerOperations.swift
[1975/4061] Compiling Atomics Unmanaged extensions.swift
[1978/4064] Compiling a_gentm.cc
[1980/4072] Compiling Atomics AtomicInteger.swift
[1981/4072] Compiling Atomics AtomicOptionalWrappable.swift
[1982/4072] Compiling Atomics AtomicReference.swift
[1983/4072] Compiling Algorithms Trim.swift
[1984/4072] Compiling Algorithms Unique.swift
[1985/4072] Compiling Algorithms Windows.swift
[1987/4072] Compiling Algorithms Reductions.swift
[1988/4072] Compiling Algorithms Rotate.swift
[1993/4072] Compiling Atomics PointerConformances.swift
[1994/4072] Compiling Atomics Primitives.native.swift
[1999/4072] Compiling Atomics IntegerConformances.swift
[2000/4072] Compiling CryptoBoringWrapper RandomBytes.swift
[2001/4072] Compiling CryptoBoringWrapper EllipticCurvePoint.swift
[2002/4072] Compiling Algorithms Partition.swift
[2003/4072] Compiling Algorithms Permutations.swift
[2004/4072] Compiling Algorithms Product.swift
[2005/4072] Compiling CryptoBoringWrapper FiniteFieldArithmeticContext.swift
[2006/4072] Compiling CryptoBoringWrapper EllipticCurve.swift
[2007/4072] Compiling CryptoBoringWrapper CryptoKitErrors_boring.swift
[2008/4072] Emitting module CryptoBoringWrapper
[2009/4072] Compiling CryptoBoringWrapper BoringSSLAEAD.swift
[2010/4072] Compiling CryptoBoringWrapper ArbitraryPrecisionInteger.swift
[2011/4073] Wrapping AST for CryptoBoringWrapper for debugging
[2013/4095] Emitting module Atomics
[2014/4157] Emitting module Algorithms
[2015/4157] Compiling Crypto ASN1Null.swift
[2016/4157] Compiling Crypto ASN1OctetString.swift
[2017/4157] Compiling Crypto ASN1Strings.swift
[2018/4157] Compiling Crypto ArraySliceBigint.swift
[2023/4158] Compiling Crypto ECDSASignature.swift
[2024/4158] Compiling Crypto PEMDocument.swift
[2025/4158] Compiling Crypto PKCS8PrivateKey.swift
[2025/4159] Wrapping AST for Algorithms for debugging
[2027/4159] Wrapping AST for Atomics for debugging
[2029/4223] Compiling NIOCore NIOSplitLinesMessageDecoder.swift
[2030/4223] Compiling NIOCore NIOTransportAccessibleChannelCore.swift
[2031/4223] Compiling NIOCore RecvByteBufferAllocator.swift
[2032/4223] Compiling Crypto HPKE-KEM-Curve25519.swift
[2033/4223] Compiling Crypto HPKE-NIST-EC-KEMs.swift
[2034/4223] Compiling Crypto HPKE-KEM.swift
[2035/4223] Compiling Crypto HPKE-Errors.swift
[2036/4223] Compiling Crypto HPKE.swift
[2037/4223] Compiling Crypto HPKE-Context.swift
[2038/4223] Compiling Crypto HPKE-KeySchedule.swift
[2039/4223] Compiling Crypto HPKE-Modes.swift
[2040/4223] Compiling Crypto Insecure.swift
[2041/4234] Compiling NIOCore NIOCoreSendableMetatype.swift
[2042/4234] Compiling NIOCore NIODecodedAsyncSequence.swift
[2043/4234] Compiling NIOCore NIOLoopBound.swift
[2044/4234] Compiling NIOCore NIOPooledRecvBufferAllocator.swift
[2045/4234] Compiling NIOCore NIOScheduledCallback.swift
[2046/4234] Compiling NIOCore NIOSendable.swift
[2050/4242] Emitting module Crypto
[2051/4242] Compiling NIOCore ChannelInvoker.swift
[2052/4242] Compiling NIOCore ChannelOption.swift
[2053/4242] Compiling NIOCore ChannelPipeline.swift
[2054/4242] Compiling NIOCore EventLoopFuture+Deprecated.swift
[2055/4242] Compiling NIOCore EventLoopFuture+WithEventLoop.swift
[2056/4242] Compiling NIOCore EventLoopFuture.swift
[2057/4242] Compiling NIOCore FileDescriptor.swift
[2058/4242] Compiling NIOCore FileHandle.swift
[2059/4242] Compiling NIOCore FileRegion.swift
[2060/4242] Compiling NIOCore GlobalSingletons.swift
[2061/4242] Compiling NIOCore IO.swift
[2062/4242] Compiling NIOCore IOData.swift
[2063/4242] Compiling NIOCore ByteBuffer-binaryEncodedLengthPrefix.swift
[2064/4242] Compiling NIOCore ByteBuffer-conversions.swift
[2065/4242] Compiling NIOCore ByteBuffer-core.swift
[2066/4242] Compiling NIOCore ByteBuffer-hex.swift
[2067/4242] Compiling NIOCore ByteBuffer-int.swift
[2068/4242] Compiling NIOCore ByteBuffer-lengthPrefix.swift
[2069/4242] Compiling NIOCore ByteBuffer-multi-int.swift
[2070/4242] Compiling NIOCore ByteBuffer-quicBinaryEncodingStrategy.swift
[2071/4242] Compiling NIOCore ByteBuffer-views.swift
[2072/4242] Compiling NIOCore Channel.swift
[2073/4242] Compiling NIOCore ChannelHandler.swift
[2074/4242] Compiling NIOCore ChannelHandlers.swift
[2075/4242] Compiling NIOCore AddressedEnvelope.swift
[2076/4242] Compiling NIOCore AsyncAwaitSupport.swift
[2077/4242] Compiling NIOCore AsyncChannel.swift
[2078/4242] Compiling NIOCore AsyncChannelHandler.swift
[2079/4242] Compiling NIOCore AsyncChannelInboundStream.swift
[2080/4242] Compiling NIOCore AsyncChannelOutboundWriter.swift
[2081/4242] Compiling NIOCore NIOAsyncSequenceProducer.swift
[2082/4242] Compiling NIOCore NIOAsyncSequenceProducerStrategies.swift
[2083/4242] Compiling NIOCore NIOAsyncWriter.swift
[2084/4242] Compiling NIOCore NIOThrowingAsyncSequenceProducer.swift
[2085/4242] Compiling NIOCore BSDSocketAPI.swift
[2086/4242] Compiling NIOCore ByteBuffer-aux.swift
[2087/4242] Compiling NIOCore IPProtocol.swift
[2088/4242] Compiling NIOCore IntegerBitPacking.swift
[2089/4242] Compiling NIOCore IntegerTypes.swift
[2090/4242] Compiling NIOCore Interfaces.swift
[2091/4242] Compiling NIOCore Linux.swift
[2092/4242] Compiling NIOCore MarkedCircularBuffer.swift
[2093/4242] Compiling NIOCore MulticastChannel.swift
[2094/4242] Compiling NIOCore NIOAny.swift
[2095/4242] Compiling NIOCore NIOCloseOnErrorHandler.swift
[2096/4242] Compiling Crypto Signature.swift
[2097/4242] Compiling Crypto CryptoKitErrors_boring.swift
[2098/4242] Compiling Crypto Optional+withUnsafeBytes_boring.swift
[2099/4242] Compiling Crypto RNG_boring.swift
[2100/4242] Compiling Crypto SafeCompare_boring.swift
[2101/4242] Compiling Crypto Zeroization_boring.swift
[2102/4242] Compiling Crypto _CryptoModuleAnchor.swift
[2103/4242] Compiling Crypto PrettyBytes.swift
[2104/4242] Compiling Crypto SafeCompare.swift
[2105/4242] Compiling Crypto SecureBytes.swift
[2106/4242] Compiling Crypto Zeroization.swift
[2107/4242] Compiling Crypto MACFunctions.swift
[2108/4242] Compiling Crypto MessageAuthenticationCode.swift
[2109/4242] Compiling Crypto AES.swift
[2110/4242] Compiling Crypto ECDSASignature_boring.swift
[2111/4242] Compiling Crypto ECDSA_boring.swift
[2112/4242] Compiling Crypto EdDSA_boring.swift
[2113/4242] Compiling Crypto MLDSA_boring.swift
[2114/4242] Compiling Crypto MLDSA_wrapper.swift
[2115/4242] Compiling Crypto ECDSA.swift
[2116/4242] Compiling Crypto Ed25519.swift
[2117/4242] Compiling Crypto MLDSA.swift
[2130/4242] Compiling NIOCore CircularBuffer.swift
[2131/4242] Compiling NIOCore Codec.swift
[2132/4242] Compiling NIOCore ConvenienceOptionSupport.swift
[2133/4242] Compiling NIOCore DeadChannel.swift
[2134/4242] Compiling NIOCore DispatchQueue+WithFuture.swift
[2135/4242] Compiling NIOCore EventLoop+Deprecated.swift
[2136/4242] Compiling NIOCore EventLoop+SerialExecutor.swift
[2137/4242] Compiling NIOCore EventLoop.swift
[2138/4242] Compiling NIOCore EventLoopFuture+AssumeIsolated.swift
[2142/4243] Wrapping AST for Crypto for debugging
[2144/4305] Compiling NIOCore SingleStepByteToMessageDecoder.swift
[2145/4305] Compiling NIOCore SocketAddresses.swift
[2146/4305] Compiling NIOCore SocketOptionProvider.swift
[2147/4305] Compiling NIOCore SystemCallHelpers.swift
[2148/4305] Compiling NIOCore TimeAmount+Duration.swift
[2149/4305] Compiling NIOCore TypeAssistedChannelHandler.swift
[2150/4305] Compiling NIOCore UniversalBootstrapSupport.swift
[2151/4305] Compiling NIOCore Utilities.swift
[2152/4305] Compiling CryptoExtras AES_CBC.swift
[2153/4305] Compiling CryptoExtras AES_CFB.swift
[2154/4305] Compiling CryptoExtras AES_CTR.swift
[2155/4305] Compiling CryptoExtras AES_GCM_SIV.swift
[2156/4305] Compiling CryptoExtras Block Function.swift
[2157/4305] Compiling CryptoExtras AES_CBC_boring.swift
[2158/4305] Compiling CryptoExtras AES_CFB_boring.swift
[2159/4305] Compiling CryptoExtras AES_CTR_boring.swift
[2160/4305] Compiling CryptoExtras AES_GCM_SIV_boring.swift
[2161/4305] Compiling CryptoExtras ARCServer.swift
[2162/4305] Compiling CryptoExtras ChaCha20CTR_boring.swift
[2163/4305] Compiling CryptoExtras ChaCha20CTR.swift
[2164/4305] Compiling CryptoExtras BoringSSLSHA512256Context.swift
[2165/4305] Compiling CryptoExtras BoringSSLSHA512256HashFunction.swift
[2166/4305] Compiling CryptoExtras SHA512256.swift
[2167/4305] Compiling CryptoExtras SHA512256Digest.swift
[2168/4305] Compiling CryptoExtras Curve25519+PEM.swift
[2169/4305] Compiling CryptoExtras ObjectIdentifier.swift
[2170/4313] Compiling CryptoExtras PBKDF2.swift
[2171/4313] Compiling CryptoExtras Scrypt_boring.swift
[2172/4313] Compiling CryptoExtras Scrypt.swift
[2173/4313] Compiling CryptoExtras OPRF.swift
[2174/4313] Compiling CryptoExtras OPRFClient.swift
[2175/4313] Compiling CryptoExtras OPRFServer.swift
[2176/4313] Compiling CryptoExtras VOPRF+API.swift
[2177/4313] Compiling CryptoExtras VOPRFClient.swift
[2178/4313] Compiling CryptoExtras VOPRFServer.swift
[2179/4313] Compiling CryptoExtras PKCS8DERRepresentation.swift
[2180/4313] Compiling CryptoExtras PKCS8PrivateKey.swift
[2181/4313] Compiling CryptoExtras RFC8410AlgorithmIdentifier.swift
[2182/4313] Compiling CryptoExtras ECToolbox_boring.swift
[2183/4313] Compiling CryptoExtras ECToolbox.swift
[2184/4313] Compiling CryptoExtras HashToField.swift
[2185/4313] Compiling CryptoExtras KDF.swift
[2186/4313] Compiling CryptoExtras PBKDF2_boring.swift
[2187/4313] Compiling CryptoExtras PBKDF2_commoncrypto.swift
[2188/4313] Compiling CryptoExtras Data+Extensions.swift
[2189/4313] Compiling CryptoExtras DigestType.swift
[2190/4313] Compiling CryptoExtras Error.swift
[2191/4313] Compiling CryptoExtras I2OSP.swift
[2192/4313] Compiling CryptoExtras IntegerEncoding.swift
[2193/4313] Compiling CryptoExtras PEMDocument.swift
[2194/4313] Compiling CryptoExtras PrettyBytes.swift
[2195/4313] Compiling CryptoExtras SubjectPublicKeyInfo.swift
[2196/4313] Compiling CryptoExtras ThreadOps.swift
[2197/4313] Compiling CryptoExtras ThreadPosix.swift
[2198/4313] Compiling CryptoExtras ThreadSpecific.swift
[2199/4313] Compiling CryptoExtras ThreadWindows.swift
[2200/4313] Compiling CryptoExtras DLEQ.swift
[2201/4313] Compiling CryptoExtras Prover.swift
[2202/4313] Compiling CryptoExtras Verifier.swift
[2203/4313] Compiling CryptoExtras ZKPToolbox.swift
[2204/4313] Compiling CryptoExtras BoringSSLPassphraseCallbackManager.swift
[2205/4313] Compiling CryptoExtras RSA+BlindSigning.swift
[2206/4313] Compiling CryptoExtras RSA.swift
[2207/4313] Compiling CryptoExtras RSA_boring.swift
[2208/4313] Compiling CryptoExtras Reexport.swift
[2209/4313] Compiling CryptoExtras Zeroization_boring.swift
[2210/4313] Compiling CryptoExtras BoringSSLHelpers.swift
[2211/4313] Compiling CryptoExtras CryptoKitErrors_boring.swift
[2212/4313] Emitting module CryptoExtras
[2213/4313] Compiling CryptoExtras CMAC.swift
[2214/4313] Compiling CryptoExtras ARC+API.swift
[2215/4313] Compiling CryptoExtras ARC.swift
[2216/4313] Compiling CryptoExtras ARCCredential.swift
[2217/4313] Compiling CryptoExtras ARCEncoding.swift
[2218/4313] Compiling CryptoExtras ARCPrecredential.swift
[2219/4313] Compiling CryptoExtras ARCPresentation.swift
[2220/4313] Compiling CryptoExtras ARCRequest.swift
[2221/4313] Compiling CryptoExtras ARCResponse.swift
[2231/4314] Wrapping AST for CryptoExtras for debugging
[2233/4316] Compiling _CryptoExtras Exports.swift
[2234/4316] Emitting module _CryptoExtras
[2235/4317] Wrapping AST for _CryptoExtras for debugging
[2237/4412] Compiling X509 CertificateSerialNumber.swift
[2238/4412] Compiling X509 CertificateVersion.swift
[2239/4412] Compiling X509 CMSAttribute.swift
[2240/4412] Compiling X509 CMSContentInfo.swift
[2241/4412] Compiling X509 CMSEncapsulatedContentInfo.swift
[2242/4412] Compiling X509 OCSPExtensionID.swift
[2243/4412] Compiling X509 OCSPNonce.swift
[2244/4412] Compiling X509 OCSPPolicy.swift
[2245/4412] Compiling X509 OCSPRequest.swift
[2246/4412] Compiling X509 AuthorityKeyIdentifier.swift
[2247/4412] Compiling X509 BasicConstraints.swift
[2248/4412] Compiling X509 ExtendedKeyUsage.swift
[2249/4412] Compiling X509 ExtensionIdentifiers.swift
[2250/4412] Compiling X509 KeyUsage.swift
[2251/4412] Compiling X509 NameConstraints.swift
[2252/4412] Compiling X509 SubjectAlternativeName.swift
[2253/4412] Compiling X509 SubjectKeyIdentifier.swift
[2254/4412] Compiling X509 Extension.swift
[2255/4412] Compiling X509 DomainComponent.swift
[2256/4412] Compiling X509 EmailAddress.swift
[2257/4412] Compiling X509 LocalityName.swift
[2258/4412] Compiling X509 OrganizationName.swift
[2259/4412] Compiling X509 OrganizationalUnitName.swift
[2260/4412] Compiling X509 StateOrProvinceName.swift
[2261/4412] Compiling X509 StreetAddress.swift
[2262/4412] Compiling X509 Error.swift
[2263/4412] Compiling X509 AuthorityInformationAccess.swift
[2264/4412] Compiling X509 OCSPResponse.swift
[2265/4412] Compiling X509 OCSPResponseBytes.swift
[2266/4412] Compiling X509 OCSPResponseData.swift
[2267/4412] Compiling X509 OCSPResponseStatus.swift
[2268/4412] Compiling X509 OCSPSignature.swift
[2269/4412] Compiling X509 OCSPSingleRequest.swift
[2270/4412] Compiling X509 OCSPSingleResponse.swift
[2271/4412] Compiling X509 OCSPTBSRequest.swift
[2272/4412] Compiling X509 OCSPVersion.swift
[2273/4412] Emitting module NIOCore
[2274/4416] Wrapping AST for NIOCore for debugging
[2276/4470] Compiling NIOFoundationEssentialsCompat Codable+ByteBuffer.swift
[2277/4470] Emitting module NIOEmbedded
[2278/4470] Compiling NIOEmbedded AsyncTestingChannel.swift
[2279/4470] Compiling X509 OneOfPolicies.swift
[2280/4470] Compiling X509 PolicyBuilder.swift
[2281/4470] Compiling X509 BasicConstraintsPolicy.swift
[2282/4470] Compiling X509 DNSNames.swift
[2283/4470] Compiling X509 ExpiryPolicy.swift
[2284/4470] Compiling X509 IPConstraints.swift
[2285/4470] Compiling X509 NameConstraintsPolicy.swift
[2286/4470] Compiling X509 RFC5280Policy.swift
[2287/4470] Compiling X509 URIConstraints.swift
[2288/4470] Compiling X509 VersionPolicy.swift
[2289/4470] Compiling X509 ServerIdentityPolicy.swift
[2290/4470] Compiling X509 TrustRootLoading.swift
[2291/4470] Compiling X509 UnverifiedChain.swift
[2292/4483] Emitting module NIOFoundationEssentialsCompat
[2293/4483] Compiling NIOFoundationEssentialsCompat ByteBuffer-foundation.swift
[2294/4484] Compiling X509 PKCS8PrivateKey.swift
[2295/4484] Compiling X509 PromiseAndFuture.swift
[2296/4484] Compiling X509 RDNAttribute.swift
[2297/4484] Compiling X509 RandomNumberGenerator+bytes.swift
[2298/4484] Compiling X509 RelativeDistinguishedName.swift
[2299/4484] Compiling X509 SEC1PrivateKey.swift
[2300/4484] Compiling X509 SecKeyWrapper.swift
[2301/4484] Compiling X509 Signature.swift
[2302/4484] Compiling X509 SignatureAlgorithm.swift
[2303/4484] Compiling X509 AllOfPolicies.swift
[2304/4484] Compiling X509 AnyPolicy.swift
[2305/4484] Compiling X509 CertificateStore.swift
[2306/4484] Compiling X509 CustomCertificateStore.swift
[2307/4484] Compiling NIOPosix BaseStreamSocketChannel.swift
[2308/4484] Compiling NIOPosix Bootstrap.swift
[2309/4484] Compiling NIOPosix ControlMessage.swift
[2310/4484] Compiling NIOPosix DatagramVectorReadManager.swift
[2311/4484] Compiling NIOPosix Errors+Any.swift
[2312/4484] Compiling NIOPosix FileDescriptor.swift
[2313/4484] Compiling NIOPosix GetaddrinfoResolver.swift
[2314/4484] Compiling NIOPosix MultiThreadedEventLoopGroup.swift
[2315/4484] Compiling NIOPosix NIOPosixSendableMetatype.swift
[2316/4484] Compiling NIOPosix NIORandomizedDNSResolver.swift
[2317/4484] Compiling NIOPosix NIOThreadPool.swift
[2318/4484] Compiling NIOPosix NonBlockingFileIO.swift
[2319/4484] Compiling NIOPosix PendingDatagramWritesManager.swift
[2320/4484] Wrapping AST for NIOFoundationEssentialsCompat for debugging
[2322/4484] Compiling NIOEmbedded AsyncTestingEventLoop.swift
[2323/4484] Compiling NIOEmbedded Embedded.swift
[2324/4485] Wrapping AST for NIOEmbedded for debugging
[2326/4485] Compiling NIOPosix BSDSocketAPICommon.swift
[2327/4485] Compiling NIOPosix BSDSocketAPIPosix.swift
[2328/4485] Compiling NIOPosix BSDSocketAPIWindows.swift
[2329/4485] Compiling NIOPosix BaseSocket.swift
[2330/4485] Compiling NIOPosix BaseSocketChannel+AccessibleTransport.swift
[2331/4485] Compiling NIOPosix BaseSocketChannel+SocketOptionProvider.swift
[2332/4485] Compiling NIOPosix BaseSocketChannel.swift
[2333/4485] Compiling NIOPosix HappyEyeballs.swift
[2334/4485] Compiling NIOPosix IO.swift
[2335/4485] Compiling NIOPosix IntegerBitPacking.swift
[2336/4485] Compiling NIOPosix IntegerTypes.swift
[2337/4485] Compiling NIOPosix Linux.swift
[2338/4485] Compiling NIOPosix LinuxCPUSet.swift
[2339/4485] Compiling NIOPosix LinuxUring.swift
[2340/4485] Compiling NIOPosix System.swift
[2341/4485] Compiling NIOPosix Selectable.swift
[2342/4485] Compiling NIOPosix SelectableChannel.swift
[2343/4485] Compiling NIOPosix SelectableEventLoop.swift
[2344/4485] Compiling NIOPosix SelectorEpoll.swift
[2345/4485] Compiling NIOPosix SelectorGeneric.swift
[2346/4485] Compiling NIOPosix SelectorKqueue.swift
[2347/4485] Compiling NIOPosix SelectorUring.swift
[2348/4485] Compiling X509 LockedValueBox.swift
[2349/4485] Compiling X509 BasicOCSPResponse.swift
[2350/4485] Compiling X509 DirectoryString.swift
[2351/4485] Compiling X509 OCSPCertID.swift
[2352/4485] Compiling X509 OCSPCertStatus.swift
[2353/4485] Compiling NIOPosix PendingWritesManager.swift
[2354/4485] Compiling NIOPosix PipeChannel.swift
[2355/4485] Compiling NIOPosix PipePair.swift
[2356/4485] Compiling NIOPosix Pool.swift
[2357/4485] Compiling NIOPosix PosixSingletons+ConcurrencyTakeOver.swift
[2358/4485] Compiling NIOPosix PosixSingletons.swift
[2359/4485] Compiling NIOPosix RawSocketBootstrap.swift
[2360/4485] Compiling NIOPosix Resolver.swift
[2361/4485] Compiling NIOPosix SelectorWSAPoll.swift
[2362/4485] Compiling NIOPosix ServerSocket.swift
[2363/4485] Compiling NIOPosix Socket.swift
[2364/4485] Compiling NIOPosix SocketChannel.swift
[2365/4485] Compiling NIOPosix SocketProtocols.swift
[2366/4485] Compiling NIOPosix StructuredConcurrencyHelpers.swift
[2367/4485] Compiling X509 CMSIssuerAndSerialNumber.swift
[2368/4485] Compiling X509 CMSOperations.swift
[2369/4485] Compiling X509 CMSSignature.swift
[2370/4485] Compiling X509 CMSSignedData.swift
[2371/4485] Compiling X509 CMSSignerIdentifier.swift
[2372/4485] Compiling X509 CMSSignerInfo.swift
[2373/4485] Compiling X509 CMSVersion.swift
[2374/4485] Compiling X509 Curve25519+DER.swift
[2375/4485] Compiling X509 CustomPrivateKey.swift
[2376/4485] Compiling X509 Digests.swift
[2377/4485] Compiling X509 DistinguishedName.swift
[2378/4485] Compiling X509 CommonName.swift
[2379/4485] Compiling X509 CountryName.swift
[2380/4485] Compiling X509 DNBuilder.swift
[2395/4492] Compiling NIOPosix Thread.swift
[2396/4492] Compiling NIOPosix ThreadPosix.swift
[2397/4492] Compiling NIOPosix ThreadWindows.swift
[2398/4492] Compiling NIOPosix Utilities.swift
[2399/4492] Compiling NIOPosix VsockAddress.swift
[2400/4492] Compiling NIOPosix VsockChannelEvents.swift
[2401/4492] Compiling NIOPosix Windows.swift
[2402/4492] Emitting module NIOPosix
[2410/4492] Emitting module X509
[2439/4493] Compiling X509 ValidatedCertificateChain.swift
[2440/4493] Compiling X509 VerificationDiagnostic.swift
[2441/4493] Compiling X509 Verifier.swift
[2442/4493] Compiling X509 VerifierPolicy.swift
[2443/4493] Compiling X509 AlgorithmIdentifier.swift
[2444/4493] Compiling X509 ECDSASignature.swift
[2445/4493] Compiling X509 RSAPKCS1PublicKey.swift
[2446/4493] Compiling X509 SubjectPublicKeyInfo.swift
[2447/4493] Compiling X509 TBSCertificate.swift
[2448/4493] Compiling X509 Time.swift
[2449/4493] Compiling X509 TimeCalculations.swift
[2450/4493] Compiling X509 Validity.swift
[2451/4493] Compiling X509 X509SendableMetatype.swift
[2453/4494] Wrapping AST for NIOPosix for debugging
[2454/4496] Wrapping AST for X509 for debugging
[2456/4552] Emitting module NIO
[2457/4552] Compiling NIO Exports.swift
[2458/4568] Wrapping AST for NIO for debugging
[2460/4603] Compiling NIOTLS TLSEvents.swift
[2461/4603] Compiling NIOSOCKS SOCKSResponse.swift
[2462/4604] Compiling NIOFoundationCompat JSONSerialization+ByteBuffer.swift
[2463/4604] Emitting module NIOFoundationCompat
[2464/4604] Emitting module NIOTLS
[2465/4604] Compiling NIOFoundationCompat WaitSpinningRunLoop.swift
[2466/4604] Compiling NIOFoundationCompat Exports.swift
[2467/4604] Compiling NIOTLS NIOTypedApplicationProtocolNegotiationHandler.swift
[2468/4604] Compiling NIOTLS ApplicationProtocolNegotiationHandler.swift
[2469/4604] Emitting module NIOSOCKS
[2470/4604] Compiling NIOHTTP1 HTTPEncoder.swift
[2471/4604] Compiling NIOHTTP1 HTTPHeaderValidator.swift
[2472/4604] Compiling NIOHTTP1 ByteCollectionUtils.swift
[2473/4604] Compiling NIOHTTP1 HTTPDecoder.swift
[2475/4605] Compiling NIOSOCKS ClientStateMachine.swift
[2480/4605] Compiling NIOHTTP1 HTTPHeaders+Validation.swift
[2481/4605] Compiling NIOHTTP1 HTTPPipelineSetup.swift
[2482/4605] Compiling NIOHTTP1 HTTPTypedPipelineSetup.swift
[2483/4605] Compiling NIOHTTP1 HTTPTypes.swift
[2484/4605] Compiling NIOHTTP1 HTTPServerRequestMethodQueue.swift
[2485/4605] Compiling NIOHTTP1 HTTPServerUpgradeHandler.swift
[2486/4605] Compiling NIOSOCKS SelectedAuthenticationMethod.swift
[2487/4614] Compiling JWTKit MLDSAType.swift
[2488/4614] Compiling JWTKit JWTKeyCollection+UnsecuredNone.swift
[2489/4614] Compiling JWTKit UnsecuredNoneSigner.swift
[2490/4614] Compiling JWTKit JWTKeyCollection+RSA.swift
[2491/4614] Compiling JWTKit RSA.swift
[2492/4614] Compiling JWTKit RSAError.swift
[2493/4614] Compiling JWTKit RSASigner.swift
[2494/4614] Compiling JWTKit Base64URL.swift
[2495/4614] Compiling JWTKit CryptoSigner.swift
[2496/4614] Compiling NIOSOCKS ServerStateMachine.swift
[2496/4614] Wrapping AST for NIOFoundationCompat for debugging
[2502/4615] Emitting module JWTKit
[2504/4615] Compiling JWTKit JWTSerializer.swift
[2505/4615] Compiling JWTKit JWTSigner.swift
[2506/4615] Compiling JWTKit JWTKeyCollection+MLDSA.swift
[2507/4615] Compiling JWTKit MLDSA.swift
[2508/4615] Compiling JWTKit MLDSA65+MLDSAKey.swift
[2509/4615] Compiling JWTKit MLDSA87+MLDSAKey.swift
[2510/4615] Compiling JWTKit MLDSAError.swift
[2511/4615] Compiling JWTKit MLDSAKey.swift
[2512/4615] Compiling JWTKit MLDSASigner.swift
[2513/4615] Compiling JWTKit LocaleClaim.swift
[2514/4615] Compiling JWTKit NotBeforeClaim.swift
[2515/4615] Compiling JWTKit SubjectClaim.swift
[2516/4615] Compiling JWTKit TenantIDClaim.swift
[2517/4615] Compiling JWTKit ECDSA.swift
[2518/4615] Compiling JWTKit ECDSACurve.swift
[2519/4615] Compiling JWTKit ECDSACurveType.swift
[2520/4615] Compiling JWTKit ECDSAError.swift
[2521/4615] Compiling JWTKit ECDSAKeyTypes.swift
[2522/4615] Compiling JWTKit ECDSASigner.swift
[2523/4615] Compiling NIOTLS SNIHandler.swift
[2524/4615] Compiling NIOTLS ProtocolNegotiationHandlerStateMachine.swift
[2525/4616] Wrapping AST for NIOSOCKS for debugging
[2527/4616] Compiling NIOHTTP1 NIOTypedHTTPClientUpgradeHandler.swift
[2528/4616] Compiling NIOHTTP1 NIOTypedHTTPClientUpgraderStateMachine.swift
[2532/4618] Compiling JWTKit JWTAlgorithm.swift
[2533/4618] Compiling JWTKit JWTError.swift
[2534/4618] Compiling JWTKit JWTHeader+CommonFields.swift
[2535/4618] Compiling JWTKit JWTHeader.swift
[2536/4618] Compiling JWTKit JWTHeaderField.swift
[2537/4618] Compiling JWTKit JWTKeyCollection.swift
[2538/4618] Compiling JWTKit JWTParser+MandatoryVerificationFields.swift
[2539/4618] Compiling JWTKit JWTParser.swift
[2540/4618] Compiling JWTKit JWTPayload.swift
[2541/4618] Compiling JWTKit HMAC.swift
[2542/4618] Compiling JWTKit HMACError.swift
[2543/4618] Compiling JWTKit HMACSigner.swift
[2544/4618] Compiling JWTKit JWTKeyCollection+HMAC.swift
[2545/4618] Compiling JWTKit Insecure.swift
[2546/4618] Compiling JWTKit JWK.swift
[2547/4618] Compiling JWTKit JWKIdentifier.swift
[2548/4618] Compiling JWTKit JWKS.swift
[2549/4618] Compiling JWTKit JWKSigner.swift
[2550/4618] Compiling NIOHTTP1 NIOHTTPClientUpgradeHandler.swift
[2551/4618] Compiling NIOHTTP1 NIOHTTPObjectAggregator.swift
[2554/4618] Compiling NIOHTTP1 HTTPServerPipelineHandler.swift
[2555/4618] Compiling NIOHTTP1 HTTPServerProtocolErrorHandler.swift
[2556/4618] Compiling NIOHTTP1 NIOTypedHTTPServerUpgradeHandler.swift
[2557/4618] Compiling NIOHTTP1 NIOTypedHTTPServerUpgraderStateMachine.swift
[2558/4618] Compiling JWTKit EdDSASigner.swift
[2559/4618] Compiling JWTKit JWTKeyCollection+EdDSA.swift
[2559/4618] Wrapping AST for NIOTLS for debugging
[2561/4648] Compiling NIOSSL ObjectIdentifier.swift
[2562/4648] Compiling NIOSSL PosixPort.swift
[2563/4648] Emitting module NIOHTTP1
[2564/4648] Compiling NIOSSL LinuxCABundle.swift
[2565/4648] Compiling NIOSSL NIOSSLClientHandler.swift
[2566/4648] Compiling NIOSSL NIOSSLHandler+Configuration.swift
[2567/4648] Compiling NIOSSL SSLCertificateExtensions.swift
[2568/4648] Compiling NIOSSL SSLCertificateName.swift
[2569/4648] Compiling NIOSSL CustomPrivateKey.swift
[2570/4648] Compiling NIOSSL FreeBSDCABundle.swift
[2571/4648] Compiling NIOSSL IdentityVerification.swift
[2572/4648] Compiling NIOSSL NIOSSLServerHandler.swift
[2573/4648] Compiling JWTKit CustomizedJSONCoders.swift
[2574/4648] Compiling JWTKit Utilities.swift
[2575/4648] Compiling JWTKit AppleIdentityToken.swift
[2576/4648] Compiling JWTKit FirebaseAuthIdentityToken.swift
[2577/4648] Compiling JWTKit GoogleIdentityToken.swift
[2578/4648] Compiling JWTKit MicrosoftIdentityToken.swift
[2579/4648] Compiling JWTKit EmptyPolicy.swift
[2580/4648] Compiling JWTKit ValidationTimePayload.swift
[2581/4648] Compiling JWTKit X5CVerifier.swift
[2582/4648] Compiling NIOSSL SSLConnection.swift
[2583/4648] Compiling NIOSSL SSLPrivateKey.swift
[2585/4656] Wrapping AST for JWTKit for debugging
[2586/4656] Wrapping AST for NIOHTTP1 for debugging
[2588/4667] Emitting module NIOSSL
[2589/4671] Compiling NIOHTTPCompression HTTPRequestCompressor.swift
[2590/4671] Compiling NIOHPACK IndexedHeaderTable.swift
[2591/4672] Compiling NIOHPACK IntegerCoding.swift
[2592/4672] Compiling NIOHTTPCompression HTTPDecompressor.swift
[2593/4672] Compiling NIOHTTPCompression HTTPResponseCompressor.swift
[2595/4672] Compiling NIOSSL SSLPublicKey.swift
[2596/4672] Compiling NIOSSL SecurityFrameworkCertificateVerification.swift
[2597/4672] Compiling NIOSSL String+unsafeUninitializedCapacity.swift
[2598/4672] Compiling NIOHTTPCompression HTTPDecompression.swift
[2599/4672] Compiling NIOHPACK StaticHeaderTable.swift
[2600/4672] Compiling NIOHTTPCompression HTTPCompression.swift
[2601/4672] Emitting module NIOHTTPCompression
[2603/4673] Compiling NIOHPACK HuffmanCoding.swift
[2604/4673] Compiling NIOHPACK HuffmanTables.swift
[2605/4673] Compiling NIOHPACK DynamicHeaderTable.swift
[2606/4673] Compiling NIOHPACK HPACKDecoder.swift
[2607/4673] Compiling NIOSSL SubjectAlternativeName.swift
[2608/4673] Compiling NIOSSL NIOSSLSecureBytes.swift
[2609/4673] Compiling NIOSSL RNG.swift
[2610/4673] Compiling NIOSSL SafeCompare.swift
[2613/4673] Compiling NIOHPACK HPACKHeader.swift
[2614/4673] Compiling NIOHPACK HeaderTables.swift
[2614/4673] Wrapping AST for NIOHTTPCompression for debugging
[2616/4673] Compiling NIOHPACK HPACKEncoder.swift
[2617/4673] Compiling NIOHPACK HPACKErrors.swift
[2625/4673] Emitting module NIOHPACK
[2627/4674] Compiling NIOSSL SSLCertificate.swift
[2634/4674] Compiling NIOSSL SSLCallbacks.swift
[2635/4674] Compiling NIOSSL SSLContext.swift
[2636/4674] Compiling NIOSSL SSLErrors.swift
[2637/4674] Compiling NIOSSL SSLInit.swift
[2638/4674] Compiling NIOSSL SSLPKCS12Bundle.swift
[2638/4674] Wrapping AST for NIOHPACK for debugging
[2640/4737] Compiling NIOHTTP2 HTTP2CommonInboundStreamMultiplexer.swift
[2641/4737] Compiling NIOHTTP2 HTTP2ConnectionStateChange.swift
[2642/4737] Compiling NIOHTTP2 HTTP2Error.swift
[2643/4737] Compiling NIOHTTP2 HTTP2ErrorCode.swift
[2644/4738] Wrapping AST for NIOSSL for debugging
[2646/4738] Compiling NIOHTTP2 HasFlowControlWindows.swift
[2647/4738] Compiling NIOHTTP2 HasLocalSettings.swift
[2648/4738] Compiling NIOHTTP2 HasRemoteSettings.swift
[2649/4738] Compiling NIOHTTP2 LocallyQuiescingState.swift
[2650/4738] Compiling NIOHTTP2 QuiescingState.swift
[2651/4738] Compiling NIOHTTP2 RemotelyQuiescingState.swift
[2652/4738] Compiling NIOHTTP2 SendAndReceiveGoawayState.swift
[2653/4738] Compiling NIOHTTP2 StateMachineResult.swift
[2654/4738] Compiling NIOHTTP2 ContentLengthVerifier.swift
[2655/4738] Compiling NIOHTTP2 MaySendFrames.swift
[2656/4738] Compiling NIOHTTP2 SendingDataState.swift
[2657/4738] Compiling NIOHTTP2 SendingGoawayState.swift
[2658/4738] Compiling NIOHTTP2 SendingHeadersState.swift
[2659/4738] Compiling NIOHTTP2 SendingPushPromiseState.swift
[2660/4738] Compiling NIOHTTP2 SendingRstStreamState.swift
[2661/4738] Compiling NIOHTTP2 SendingWindowUpdateState.swift
[2662/4738] Compiling NIOHTTP2 HTTP2SettingsState.swift
[2663/4738] Compiling NIOHTTP2 HasExtendedConnectSettings.swift
[2664/4746] Compiling NIOHTTP2 HTTP2StreamMultiplexer.swift
[2665/4746] Compiling NIOHTTP2 HTTP2ToHTTP1Codec.swift
[2666/4746] Compiling NIOHTTP2 HTTP2UserEvents.swift
[2667/4746] Compiling NIOHTTP2 InboundEventBuffer.swift
[2668/4746] Compiling NIOHTTP2 InboundWindowManager.swift
[2669/4746] Compiling NIOHTTP2 MultiplexerAbstractChannel.swift
[2670/4746] Compiling NIOHTTP2 NIOHTTP2FrameDelegate.swift
[2671/4746] Compiling NIOHTTP2 NIOHTTP2ServerConnectionManagementHandler+StateMachine.swift
[2672/4746] Emitting module NIOHTTP2
[2673/4746] Compiling NIOHTTP2 NIOHTTP2ServerConnectionManagementHandler.swift
[2674/4746] Compiling NIOHTTP2 StreamChannelFlowController.swift
[2675/4746] Compiling NIOHTTP2 StreamChannelList.swift
[2676/4746] Compiling NIOHTTP2 StreamMap.swift
[2677/4746] Compiling NIOHTTP2 StreamStateMachine.swift
[2678/4746] Compiling NIOHTTP2 Timer.swift
[2679/4746] Compiling NIOHTTP2 UnsafeTransfer.swift
[2680/4746] Compiling NIOHTTP2 WatermarkedFlowController.swift
[2681/4746] Compiling NIOHTTP2 ConnectionStateMachine.swift
[2682/4746] Compiling NIOHTTP2 ConnectionStreamsState.swift
[2683/4746] Compiling NIOHTTP2 MayReceiveFrames.swift
[2684/4746] Compiling NIOHTTP2 ReceivingDataState.swift
[2685/4746] Compiling NIOHTTP2 ReceivingGoAwayState.swift
[2686/4746] Compiling NIOHTTP2 ReceivingHeadersState.swift
[2687/4746] Compiling NIOHTTP2 ReceivingPushPromiseState.swift
[2688/4746] Compiling NIOHTTP2 ReceivingRstStreamState.swift
[2689/4746] Compiling NIOHTTP2 ReceivingWindowUpdateState.swift
[2690/4746] Compiling NIOHTTP2 HTTP2FrameParser.swift
[2691/4746] Compiling NIOHTTP2 HTTP2PingData.swift
[2692/4746] Compiling NIOHTTP2 HTTP2PipelineHelpers.swift
[2693/4746] Compiling NIOHTTP2 HTTP2Settings.swift
[2694/4746] Compiling NIOHTTP2 HTTP2Stream.swift
[2695/4746] Compiling NIOHTTP2 HTTP2StreamChannel+OutboundStreamMultiplexer.swift
[2696/4746] Compiling NIOHTTP2 HTTP2StreamChannel.swift
[2697/4746] Compiling NIOHTTP2 HTTP2StreamDelegate.swift
[2698/4746] Compiling NIOHTTP2 HTTP2StreamID.swift
[2699/4746] Compiling NIOHTTP2 HTTP2ChannelHandler+InlineStreamMultiplexer.swift
[2700/4746] Compiling NIOHTTP2 HTTP2ChannelHandler.swift
[2705/4746] Compiling NIOHTTP2 HTTP2FlowControlWindow.swift
[2706/4746] Compiling NIOHTTP2 HTTP2Frame.swift
[2707/4746] Compiling NIOHTTP2 HTTP2FrameEncoder.swift
[2708/4746] Compiling NIOHTTP2 DOSHeuristics.swift
[2709/4746] Compiling NIOHTTP2 Error+Any.swift
[2710/4746] Compiling NIOHTTP2 ConcurrentStreamBuffer.swift
[2711/4746] Compiling NIOHTTP2 ControlFrameBuffer.swift
[2712/4746] Compiling NIOHTTP2 OutboundFlowControlBuffer.swift
[2713/4746] Compiling NIOHTTP2 OutboundFrameBuffer.swift
[2714/4746] Compiling NIOHTTP2 GlitchesMonitor.swift
[2715/4746] Compiling NIOHTTP2 HPACKHeaders+Validation.swift
[2716/4746] Compiling NIOHTTP2 HTTP2ChannelHandler+InboundStreamMultiplexer.swift
[2717/4747] Wrapping AST for NIOHTTP2 for debugging
[2719/4811] Compiling AsyncHTTPClient AnyAsyncSequence.swift
[2720/4811] Compiling AsyncHTTPClient AnyAsyncSequenceProucerDelete.swift
[2721/4811] Compiling AsyncHTTPClient AsyncLazySequence.swift
[2722/4811] Compiling AsyncHTTPClient HTTPClient+execute.swift
[2723/4811] Compiling AsyncHTTPClient HTTPClient+shutdown.swift
[2724/4811] Compiling AsyncHTTPClient HTTPClient+tracing.swift
[2725/4811] Compiling AsyncHTTPClient HTTPClientRequest+Prepared.swift
[2726/4811] Compiling AsyncHTTPClient HTTPClientRequest+auth.swift
[2727/4811] Compiling AsyncHTTPClient HTTPClientRequest.swift
[2728/4811] Emitting module AsyncHTTPClient
[2729/4819] Compiling AsyncHTTPClient LRUCache.swift
[2730/4819] Compiling AsyncHTTPClient NIOLoopBound+Execute.swift
[2731/4819] Compiling AsyncHTTPClient NWErrorHandler.swift
[2732/4819] Compiling AsyncHTTPClient NWWaitingHandler.swift
[2733/4819] Compiling AsyncHTTPClient TLSConfiguration.swift
[2734/4819] Compiling AsyncHTTPClient RedirectState.swift
[2735/4819] Compiling AsyncHTTPClient RequestBag+StateMachine.swift
[2736/4819] Compiling AsyncHTTPClient RequestBag+Tracing.swift
[2737/4819] Compiling AsyncHTTPClient RequestBag.swift
[2738/4819] Compiling AsyncHTTPClient HTTPClientResponse.swift
[2739/4819] Compiling AsyncHTTPClient SingleIteratorPrecondition.swift
[2740/4819] Compiling AsyncHTTPClient Transaction+StateMachine.swift
[2741/4819] Compiling AsyncHTTPClient Transaction.swift
[2742/4819] Compiling AsyncHTTPClient Base64.swift
[2743/4819] Compiling AsyncHTTPClient BasicAuth.swift
[2744/4819] Compiling AsyncHTTPClient BestEffortHashableTLSConfiguration.swift
[2745/4819] Compiling AsyncHTTPClient Configuration+BrowserLike.swift
[2746/4819] Compiling AsyncHTTPClient ConnectionPool.swift
[2747/4819] Compiling AsyncHTTPClient HTTP1ProxyConnectHandler.swift
[2748/4819] Compiling AsyncHTTPClient SOCKSEventsHandler.swift
[2749/4819] Compiling AsyncHTTPClient TLSEventsHandler.swift
[2750/4819] Compiling AsyncHTTPClient HTTP1ClientChannelHandler.swift
[2751/4819] Compiling AsyncHTTPClient HTTP1Connection.swift
[2752/4819] Compiling AsyncHTTPClient HTTP1ConnectionStateMachine.swift
[2753/4819] Compiling AsyncHTTPClient HTTP2ClientRequestHandler.swift
[2754/4819] Compiling AsyncHTTPClient HTTP2Connection.swift
[2755/4819] Compiling AsyncHTTPClient HTTP2IdleHandler.swift
[2756/4819] Compiling AsyncHTTPClient RequestValidation.swift
[2757/4819] Compiling AsyncHTTPClient SSLContextCache.swift
[2758/4819] Compiling AsyncHTTPClient Scheme.swift
[2759/4819] Compiling AsyncHTTPClient Singleton.swift
[2760/4819] Compiling AsyncHTTPClient StringConvertibleInstances.swift
[2761/4819] Compiling AsyncHTTPClient StructuredConcurrencyHelpers.swift
[2762/4819] Compiling AsyncHTTPClient TracingSupport.swift
[2763/4819] Compiling AsyncHTTPClient Utils.swift
[2764/4819] Compiling AsyncHTTPClient RequestOptions.swift
[2765/4819] Compiling AsyncHTTPClient HTTPConnectionPool+Backoff.swift
[2766/4819] Compiling AsyncHTTPClient HTTPConnectionPool+HTTP1Connections.swift
[2767/4819] Compiling AsyncHTTPClient HTTPConnectionPool+HTTP1StateMachine.swift
[2768/4819] Compiling AsyncHTTPClient HTTPConnectionPool+HTTP2Connections.swift
[2769/4819] Compiling AsyncHTTPClient HTTPConnectionPool+HTTP2StateMachine.swift
[2770/4819] Compiling AsyncHTTPClient HTTPConnectionPool+RequestQueue.swift
[2771/4819] Compiling AsyncHTTPClient HTTPConnectionPool+StateMachine.swift
[2772/4819] Compiling AsyncHTTPClient ConnectionTarget.swift
[2773/4819] Compiling AsyncHTTPClient DeconstructedURL.swift
[2774/4819] Compiling AsyncHTTPClient FileDownloadDelegate.swift
[2775/4819] Compiling AsyncHTTPClient FoundationExtensions.swift
[2776/4819] Compiling AsyncHTTPClient HTTPClient+HTTPCookie.swift
[2777/4819] Compiling AsyncHTTPClient HTTPClient+Proxy.swift
[2778/4819] Compiling AsyncHTTPClient HTTPClient+StructuredConcurrency.swift
[2779/4819] Compiling AsyncHTTPClient HTTPClient.swift
[2780/4819] Compiling AsyncHTTPClient HTTPClientConfiguration+SwiftConfiguration.swift
[2781/4819] Compiling AsyncHTTPClient HTTPHandler.swift
[2782/4819] Compiling AsyncHTTPClient HTTPConnectionEvent.swift
[2783/4819] Compiling AsyncHTTPClient HTTPConnectionPool+Factory.swift
[2784/4819] Compiling AsyncHTTPClient HTTPConnectionPool+Manager.swift
[2785/4819] Compiling AsyncHTTPClient HTTPConnectionPool.swift
[2786/4819] Compiling AsyncHTTPClient HTTPExecutableRequest.swift
[2787/4819] Compiling AsyncHTTPClient HTTPRequestStateMachine+Demand.swift
[2788/4819] Compiling AsyncHTTPClient HTTPRequestStateMachine.swift
[2789/4819] Compiling AsyncHTTPClient RequestBodyLength.swift
[2790/4819] Compiling AsyncHTTPClient RequestFramingMetadata.swift
[2791/4820] Wrapping AST for AsyncHTTPClient for debugging
[2793/4843] Emitting module GoogleAuth
[2794/4846] Compiling GoogleAuth SubjectTokenProvider.swift
[2795/4846] Compiling GoogleAuth MDSAccessTokenProvider.swift
[2796/4846] Compiling GoogleAuth MDSCredentials.swift
[2797/4846] Compiling GoogleAuth AnonymousCredentials.swift
[2798/4846] Compiling GoogleAuth ApiKeyCredentials.swift
[2799/4846] Compiling GoogleAuth ExternalAccountCredentials.swift
[2800/4846] Compiling GoogleAuth CredentialParserRegistry.swift
[2801/4846] Compiling GoogleAuth Credentials.swift
[2802/4846] Compiling GoogleAuth CredentialsError.swift
[2803/4846] Compiling GoogleAuth ADC.swift
[2804/4846] Compiling GoogleAuth ADCPath.swift
[2805/4846] Compiling GoogleAuth ADCResolver.swift
[2806/4846] Compiling GoogleAuth AuthHeaders.swift
[2807/4846] Compiling GoogleAuth ServiceAccountCredentials.swift
[2808/4846] Compiling GoogleAuth ServiceAccountData.swift
[2809/4846] Compiling GoogleAuth ServiceAccountTokenProvider.swift
[2810/4846] Compiling GoogleAuth UserAccountData.swift
[2811/4846] Compiling GoogleAuth UserAccountTokenProvider.swift
[2812/4846] Compiling GoogleAuth UserCredentials.swift
[2813/4846] Compiling GoogleAuth AuthHTTPClient.swift
[2814/4846] Compiling GoogleAuth AuthHTTPError.swift
[2815/4846] Compiling GoogleAuth RetryEngine.swift
[2816/4846] Compiling GoogleAuth STSHandler.swift
[2817/4846] Compiling GoogleAuth TokenCache.swift
[2818/4846] Compiling GoogleAuth PackageVersion.swift
[2819/4847] Wrapping AST for GoogleAuth for debugging
[2821/4905] Emitting module GoogleGax
[2822/4913] Compiling GoogleGax LimitedAttemptCount+PollingErrorPolicy.swift
[2823/4913] Compiling GoogleGax LimitedAttemptCount+RetryPolicy.swift
[2824/4913] Compiling GoogleGax LimitedAttemptCount.swift
[2825/4913] Compiling GoogleGax LimitedElapsedTime+PollingErrorPolicy.swift
[2826/4913] Compiling GoogleGax LimitedElapsedTime+RetryPolicy.swift
[2827/4913] Compiling GoogleGax LimitedElapsedTime.swift
[2828/4913] Compiling GoogleGax LongRunningOperations.swift
[2829/4913] Compiling GoogleGax NeverRetry.swift
[2830/4913] Compiling GoogleGax RequestOptions.swift
[2831/4913] Compiling GoogleGax RetryLoop.swift
[2832/4913] Compiling GoogleGax RetryPolicy.swift
[2833/4913] Compiling GoogleGax RetryResult.swift
[2834/4913] Compiling GoogleGax RetryState.swift
[2835/4913] Compiling GoogleGax RetryThrottler.swift
[2836/4913] Compiling GoogleGax RetryThrottlerError.swift
[2837/4913] Compiling GoogleGax RoutingMatcher.swift
[2838/4913] Compiling GoogleGax AIP194+PollingErrorPolicy.swift
[2839/4913] Compiling GoogleGax AIP194+RetryPolicy.swift
[2840/4913] Compiling GoogleGax AIP194.swift
[2841/4913] Compiling GoogleGax AdaptiveThrottler.swift
[2842/4913] Compiling GoogleGax AlwaysPoll.swift
[2843/4913] Compiling GoogleGax AlwaysRetry.swift
[2844/4913] Compiling GoogleGax ApiClientHeader.swift
[2845/4913] Compiling GoogleGax BackoffPolicy.swift
[2846/4913] Compiling GoogleGax BasePollingErrorPolicy.swift
[2847/4913] Compiling GoogleGax Pagination.swift
/host/spi-builder-workspace/.build/checkouts/swift-google-gax/Sources/GoogleGax/Pagination.swift:44:22: error: cannot convert '@Sendable (String) async throws -> (response: ResponseType, items: [Item], nextToken: String)' to 'nonisolated(nonsending) @Sendable (String) async throws -> (response: ResponseType, items: [Item], nextToken: String)' because crossing of an isolation boundary requires parameter and result types to conform to 'Sendable' protocol
42 | ) where ResponseType: _PaginatedResponse<Item> {
43 | self.initialPageToken = initialPageToken ?? ""
44 | self.fetchPage = { token in
| |- error: cannot convert '@Sendable (String) async throws -> (response: ResponseType, items: [Item], nextToken: String)' to 'nonisolated(nonsending) @Sendable (String) async throws -> (response: ResponseType, items: [Item], nextToken: String)' because crossing of an isolation boundary requires parameter and result types to conform to 'Sendable' protocol
| `- note: type 'Item' does not conform to 'Sendable' protocol
45 | let response = try await listRpc(token)
46 | return (response, response._getPaginatedItems(), response._nextPageToken())
[2848/4913] Compiling GoogleGax PollingBackoffPolicy.swift
/host/spi-builder-workspace/.build/checkouts/swift-google-gax/Sources/GoogleGax/Pagination.swift:44:22: error: cannot convert '@Sendable (String) async throws -> (response: ResponseType, items: [Item], nextToken: String)' to 'nonisolated(nonsending) @Sendable (String) async throws -> (response: ResponseType, items: [Item], nextToken: String)' because crossing of an isolation boundary requires parameter and result types to conform to 'Sendable' protocol
42 | ) where ResponseType: _PaginatedResponse<Item> {
43 | self.initialPageToken = initialPageToken ?? ""
44 | self.fetchPage = { token in
| |- error: cannot convert '@Sendable (String) async throws -> (response: ResponseType, items: [Item], nextToken: String)' to 'nonisolated(nonsending) @Sendable (String) async throws -> (response: ResponseType, items: [Item], nextToken: String)' because crossing of an isolation boundary requires parameter and result types to conform to 'Sendable' protocol
| `- note: type 'Item' does not conform to 'Sendable' protocol
45 | let response = try await listRpc(token)
46 | return (response, response._getPaginatedItems(), response._nextPageToken())
[2849/4913] Compiling GoogleGax PollingErrorPolicy.swift
/host/spi-builder-workspace/.build/checkouts/swift-google-gax/Sources/GoogleGax/Pagination.swift:44:22: error: cannot convert '@Sendable (String) async throws -> (response: ResponseType, items: [Item], nextToken: String)' to 'nonisolated(nonsending) @Sendable (String) async throws -> (response: ResponseType, items: [Item], nextToken: String)' because crossing of an isolation boundary requires parameter and result types to conform to 'Sendable' protocol
42 | ) where ResponseType: _PaginatedResponse<Item> {
43 | self.initialPageToken = initialPageToken ?? ""
44 | self.fetchPage = { token in
| |- error: cannot convert '@Sendable (String) async throws -> (response: ResponseType, items: [Item], nextToken: String)' to 'nonisolated(nonsending) @Sendable (String) async throws -> (response: ResponseType, items: [Item], nextToken: String)' because crossing of an isolation boundary requires parameter and result types to conform to 'Sendable' protocol
| `- note: type 'Item' does not conform to 'Sendable' protocol
45 | let response = try await listRpc(token)
46 | return (response, response._getPaginatedItems(), response._nextPageToken())
[2850/4913] Compiling GoogleGax PollingResult.swift
/host/spi-builder-workspace/.build/checkouts/swift-google-gax/Sources/GoogleGax/Pagination.swift:44:22: error: cannot convert '@Sendable (String) async throws -> (response: ResponseType, items: [Item], nextToken: String)' to 'nonisolated(nonsending) @Sendable (String) async throws -> (response: ResponseType, items: [Item], nextToken: String)' because crossing of an isolation boundary requires parameter and result types to conform to 'Sendable' protocol
42 | ) where ResponseType: _PaginatedResponse<Item> {
43 | self.initialPageToken = initialPageToken ?? ""
44 | self.fetchPage = { token in
| |- error: cannot convert '@Sendable (String) async throws -> (response: ResponseType, items: [Item], nextToken: String)' to 'nonisolated(nonsending) @Sendable (String) async throws -> (response: ResponseType, items: [Item], nextToken: String)' because crossing of an isolation boundary requires parameter and result types to conform to 'Sendable' protocol
| `- note: type 'Item' does not conform to 'Sendable' protocol
45 | let response = try await listRpc(token)
46 | return (response, response._getPaginatedItems(), response._nextPageToken())
[2851/4913] Compiling GoogleGax PollingState.swift
/host/spi-builder-workspace/.build/checkouts/swift-google-gax/Sources/GoogleGax/Pagination.swift:44:22: error: cannot convert '@Sendable (String) async throws -> (response: ResponseType, items: [Item], nextToken: String)' to 'nonisolated(nonsending) @Sendable (String) async throws -> (response: ResponseType, items: [Item], nextToken: String)' because crossing of an isolation boundary requires parameter and result types to conform to 'Sendable' protocol
42 | ) where ResponseType: _PaginatedResponse<Item> {
43 | self.initialPageToken = initialPageToken ?? ""
44 | self.fetchPage = { token in
| |- error: cannot convert '@Sendable (String) async throws -> (response: ResponseType, items: [Item], nextToken: String)' to 'nonisolated(nonsending) @Sendable (String) async throws -> (response: ResponseType, items: [Item], nextToken: String)' because crossing of an isolation boundary requires parameter and result types to conform to 'Sendable' protocol
| `- note: type 'Item' does not conform to 'Sendable' protocol
45 | let response = try await listRpc(token)
46 | return (response, response._getPaginatedItems(), response._nextPageToken())
[2852/4913] Compiling GoogleGax ProtobufConversionError.swift
/host/spi-builder-workspace/.build/checkouts/swift-google-gax/Sources/GoogleGax/Pagination.swift:44:22: error: cannot convert '@Sendable (String) async throws -> (response: ResponseType, items: [Item], nextToken: String)' to 'nonisolated(nonsending) @Sendable (String) async throws -> (response: ResponseType, items: [Item], nextToken: String)' because crossing of an isolation boundary requires parameter and result types to conform to 'Sendable' protocol
42 | ) where ResponseType: _PaginatedResponse<Item> {
43 | self.initialPageToken = initialPageToken ?? ""
44 | self.fetchPage = { token in
| |- error: cannot convert '@Sendable (String) async throws -> (response: ResponseType, items: [Item], nextToken: String)' to 'nonisolated(nonsending) @Sendable (String) async throws -> (response: ResponseType, items: [Item], nextToken: String)' because crossing of an isolation boundary requires parameter and result types to conform to 'Sendable' protocol
| `- note: type 'Item' does not conform to 'Sendable' protocol
45 | let response = try await listRpc(token)
46 | return (response, response._getPaginatedItems(), response._nextPageToken())
[2853/4913] Compiling GoogleGax QueryParameter.swift
/host/spi-builder-workspace/.build/checkouts/swift-google-gax/Sources/GoogleGax/Pagination.swift:44:22: error: cannot convert '@Sendable (String) async throws -> (response: ResponseType, items: [Item], nextToken: String)' to 'nonisolated(nonsending) @Sendable (String) async throws -> (response: ResponseType, items: [Item], nextToken: String)' because crossing of an isolation boundary requires parameter and result types to conform to 'Sendable' protocol
42 | ) where ResponseType: _PaginatedResponse<Item> {
43 | self.initialPageToken = initialPageToken ?? ""
44 | self.fetchPage = { token in
| |- error: cannot convert '@Sendable (String) async throws -> (response: ResponseType, items: [Item], nextToken: String)' to 'nonisolated(nonsending) @Sendable (String) async throws -> (response: ResponseType, items: [Item], nextToken: String)' because crossing of an isolation boundary requires parameter and result types to conform to 'Sendable' protocol
| `- note: type 'Item' does not conform to 'Sendable' protocol
45 | let response = try await listRpc(token)
46 | return (response, response._getPaginatedItems(), response._nextPageToken())
[2854/4913] Compiling GoogleGax RequestError.swift
/host/spi-builder-workspace/.build/checkouts/swift-google-gax/Sources/GoogleGax/Pagination.swift:44:22: error: cannot convert '@Sendable (String) async throws -> (response: ResponseType, items: [Item], nextToken: String)' to 'nonisolated(nonsending) @Sendable (String) async throws -> (response: ResponseType, items: [Item], nextToken: String)' because crossing of an isolation boundary requires parameter and result types to conform to 'Sendable' protocol
42 | ) where ResponseType: _PaginatedResponse<Item> {
43 | self.initialPageToken = initialPageToken ?? ""
44 | self.fetchPage = { token in
| |- error: cannot convert '@Sendable (String) async throws -> (response: ResponseType, items: [Item], nextToken: String)' to 'nonisolated(nonsending) @Sendable (String) async throws -> (response: ResponseType, items: [Item], nextToken: String)' because crossing of an isolation boundary requires parameter and result types to conform to 'Sendable' protocol
| `- note: type 'Item' does not conform to 'Sendable' protocol
45 | let response = try await listRpc(token)
46 | return (response, response._getPaginatedItems(), response._nextPageToken())
[2855/4913] Compiling GoogleGax ServiceError.swift
[2856/4913] Compiling GoogleGax StatusDetail.swift
[2857/4913] Compiling GoogleGax StrictIdempotency.swift
[2858/4913] Compiling GoogleGax ThrottleResult.swift
[2859/4913] Compiling GoogleGax TooManyRequests+PollingErrorPolicy.swift
[2860/4913] Compiling GoogleGax TooManyRequests+RetryPolicy.swift
[2861/4913] Compiling GoogleGax TooManyRequests.swift
[2862/4913] Compiling GoogleGax PackageVersion.swift
[2863/4913] Compiling GoogleGax ContinueOnIO.swift
[2864/4913] Compiling GoogleGax CredentialsProtocol.swift
[2865/4913] Compiling GoogleGax ErrorWrapper.swift
[2866/4913] Compiling GoogleGax ExponentialBackoff+BackoffPolicy.swift
[2867/4913] Compiling GoogleGax ExponentialBackoff+PollingBackoffPolicy.swift
[2868/4913] Compiling GoogleGax ExponentialBackoff.swift
[2869/4913] Compiling GoogleGax HTTPClient.swift
[2870/4913] Compiling GoogleGax HTTPClientHolder.swift
[2871/4913] Compiling GoogleGax HTTPClientProtocol.swift
[2872/4913] Compiling GoogleGax HTTPClientRequest.swift
[2873/4913] Compiling GoogleGax HTTPClientResponse.swift
[2874/4913] Compiling GoogleGax HTTPHeaders.swift
[2875/4913] Compiling GoogleGax HTTPResponseBody.swift
[2876/4913] Compiling GoogleGax HeaderNames.swift
[2877/4913] Compiling GoogleGax Host.swift
[2878/4913] Compiling GoogleGax InProgressResult.swift
[2879/4913] Compiling GoogleGax BaseRetryPolicy.swift
[2880/4913] Compiling GoogleGax BindingError.swift
[2881/4913] Compiling GoogleGax CRC32C.swift
[2882/4913] Compiling GoogleGax CircuitBreaker.swift
[2883/4913] Compiling GoogleGax ClientError.swift
[2884/4913] Compiling GoogleGax ClientOptions.swift
[2885/4913] Compiling GoogleGax ContinueOnIO+PollingErrorPolicy.swift
[2886/4913] Compiling GoogleGax ContinueOnIO+RetryPolicy.swift
BUILD FAILURE 6.2 android