Build Information
Failed to build swiftxml, reference 1.0.0 (91dfda), with Swift 6.4 for iOS using Xcode 27.0 on 19 Sep 2026 03:24:58 UTC.
Build Command
No build command. This typically means the build failed at an early stage where we determine the build command.Build Log
========================================
RunAll
========================================
Builder version: 5.1.0
Interrupt handler set up.
========================================
Checkout
========================================
Clone URL: https://github.com/tayloraswift/swiftxml.git
Reference: 1.0.0
Initialized empty Git repository in /Users/admin/builder/spi-builder-workspace/.git/
From https://github.com/tayloraswift/swiftxml
* tag 1.0.0 -> FETCH_HEAD
HEAD is now at 91dfda0 update readme
Cloned https://github.com/tayloraswift/swiftxml.git
Revision (git rev-parse @):
91dfda03721c69f36022d473a7163ae072d72cc7
SUCCESS checkout https://github.com/tayloraswift/swiftxml.git at 1.0.0
========================================
Build
========================================
Selected platform: iOS
Swift version: 6.4
Building package at path: $PWD
https://github.com/tayloraswift/swiftxml.git
Command line invocation:
/Applications/Xcode-27.0.0-Release.Candidate.app/Contents/Developer/usr/bin/xcodebuild -IDEClonedSourcePackagesDirPathOverride=/Users/admin/builder/spi-builder-workspace/.dependencies -resolvePackageDependencies
Resolve Package Graph
package 'package.swift' is using Swift tools version 3.1.0 which is no longer supported; consider using '// swift-tools-version: 6.4' to specify the current tools version
Resolved source packages:
spi-builder-workspace: (null)
2026-09-18 23:24:56.811 xcodebuild[529:3034] Writing error result bundle to /var/folders/xq/y_g06wb113726d38xsyx71_h0000gn/T/ResultBundle_2026-18-09_23-24-0056.xcresult
xcodebuild: error: Could not resolve package dependencies:
package 'package.swift' is using Swift tools version 3.1.0 which is no longer supported; consider using '// swift-tools-version: 6.4' to specify the current tools version
Command line invocation:
/Applications/Xcode-27.0.0-Release.Candidate.app/Contents/Developer/usr/bin/xcodebuild -IDEClonedSourcePackagesDirPathOverride=/Users/admin/builder/spi-builder-workspace/.dependencies -resolvePackageDependencies
Resolve Package Graph
package 'package.swift' is using Swift tools version 3.1.0 which is no longer supported; consider using '// swift-tools-version: 6.4' to specify the current tools version
Resolved source packages:
spi-builder-workspace: (null)
2026-09-18 23:24:58.543 xcodebuild[574:3406] Writing error result bundle to /var/folders/xq/y_g06wb113726d38xsyx71_h0000gn/T/ResultBundle_2026-18-09_23-24-0058.xcresult
xcodebuild: error: Could not resolve package dependencies:
package 'package.swift' is using Swift tools version 3.1.0 which is no longer supported; consider using '// swift-tools-version: 6.4' to specify the current tools version
BUILD FAILURE 6.4 iOS