The Swift Package Index logo.Swift Package Index

Build Information

Failed to build CKImageAdditions, reference main (6f76b0), with Swift 6.4 for Wasm on 23 Sep 2026 22:50:23 UTC.

Build Command

bash -c docker run --pull=always --rm -v "checkouts-54344844-0":/host -w "$PWD" -e JAVA_HOME="/root/.sdkman/candidates/java/current" -e SPI_BUILD="1" -e SPI_PROCESSING="1" registry.gitlab.com/saguaro1/spi-images:wasm-6.4-latest swift build --swift-sdk swift-6.4.x-DEVELOPMENT-SNAPSHOT-2026-09-04-a_wasm 2>&1

Build Log

========================================
RunAll
========================================
Builder version: 5.1.0
Interrupt handler set up.
========================================
Checkout
========================================
Clone URL: https://github.com/cmkilger/CKImageAdditions.git
Reference: main
Initialized empty Git repository in /host/spi-builder-workspace/.git/
hint: Using 'master' as the name for the initial branch. This default branch name
hint: is subject to change. To configure the initial branch name to use in all
hint: of your new repositories, which will suppress this warning, call:
hint:
hint: 	git config --global init.defaultBranch <name>
hint:
hint: Names commonly chosen instead of 'master' are 'main', 'trunk' and
hint: 'development'. The just-created branch can be renamed via this command:
hint:
hint: 	git branch -m <name>
From https://github.com/cmkilger/CKImageAdditions
 * branch            main       -> FETCH_HEAD
 * [new branch]      main       -> origin/main
HEAD is now at 6f76b00 Remove license section from README
Cloned https://github.com/cmkilger/CKImageAdditions.git
Revision (git rev-parse @):
6f76b00918473fab20df4664c2c9d4dbeb29765e
SUCCESS checkout https://github.com/cmkilger/CKImageAdditions.git at main
========================================
Build
========================================
Selected platform:         wasm
Swift version:             6.4
Building package at path:  $PWD
https://github.com/cmkilger/CKImageAdditions.git
Running build ...
bash -c docker run --pull=always --rm -v "checkouts-54344844-0":/host -w "$PWD" -e JAVA_HOME="/root/.sdkman/candidates/java/current" -e SPI_BUILD="1" -e SPI_PROCESSING="1" registry.gitlab.com/saguaro1/spi-images:wasm-6.4-latest swift build --swift-sdk swift-6.4.x-DEVELOPMENT-SNAPSHOT-2026-09-04-a_wasm 2>&1
wasm-6.4-latest: Pulling from saguaro1/spi-images
Digest: sha256:4328fdb43c680d205c1d6761b1e3267aa38277eefdda9ddfb17b6a0f1a77857a
Status: Image is up to date for registry.gitlab.com/saguaro1/spi-images:wasm-6.4-latest
Building for debugging...
[Planning deferred tasks]
/host/spi-builder-workspace/Sources/CKImageAdditions/UIImage+ImageResizing.m:24:9: fatal error: 'UIKit/UIGraphics.h' file not found
   24 | #import <UIKit/UIGraphics.h>
      |         ^~~~~~~~~~~~~~~~~~~~
1 error generated.
error: CompileC /host/spi-builder-workspace/.build/out/Intermediates.noindex/CKImageAdditions.build/Debug-webassembly-wasm32/CKImageAdditions-t.build/Objects-normal/wasm32/UIImage+ImageResizing.o /host/spi-builder-workspace/Sources/CKImageAdditions/UIImage+ImageResizing.m normal wasm32 objective-c com.apple.compilers.llvm.clang.1_0.compiler failed with a nonzero exit code. Command line:     cd /host

    Using response file: /host/spi-builder-workspace/.build/out/Intermediates.noindex/CKImageAdditions.build/Debug-webassembly-wasm32/CKImageAdditions-t.build/Objects-normal/wasm32/6f95552a3397ee1cec971b90cf334075d5f321c3a3b0689ad55c3d1e24702600-common-args.resp

    /usr/bin/clang -x objective-c -target wasm32-unknown-wasip1 -fmessage-length\=0 -fdiagnostics-show-note-include-stack -fmacro-backtrace-limit\=0 -fcolor-diagnostics -Wno-trigraphs -Wno-missing-field-initializers -Wno-missing-prototypes -Wno-return-type -Wno-implicit-atomic-properties -Wno-objc-interface-ivars -Wno-arc-repeated-use-of-weak -Wno-missing-braces -Wparentheses -Wswitch -Wno-unused-function -Wno-unused-label -Wno-unused-parameter -Wno-unused-variable -Wunused-value -Wno-empty-body -Wno-uninitialized -Wno-unknown-pragmas -Wno-shadow -Wno-four-char-constants -Wno-conversion -Wno-constant-conversion -Wno-int-conversion -Wno-bool-conversion -Wno-enum-conversion -Wno-float-conversion -Wno-non-literal-null-conversion -Wno-objc-literal-conversion -Wno-shorten-64-to-32 -Wpointer-sign -Wno-newline-eof -Wno-selector -Wno-strict-selector-match -Wno-undeclared-selector -Wno-deprecated-implementations -Wno-implicit-fallthrough -fstrict-aliasing -Wprotocol -Wdeprecated-declarations -Wno-sign-conversion -Wno-infinite-recursion -Wno-comma -Wno-block-capture-autoreleasing -Wno-strict-prototypes -Wno-semicolon-before-method-body --sysroot /root/.swiftpm/swift-sdks/swift-6.4.x-DEVELOPMENT-SNAPSHOT-2026-09-04-a_wasm.artifactbundle/swift-6.4.x-DEVELOPMENT-SNAPSHOT-2026-09-04-a_wasm/wasm32-unknown-wasip1/WASI.sdk @/host/spi-builder-workspace/.build/out/Intermediates.noindex/CKImageAdditions.build/Debug-webassembly-wasm32/CKImageAdditions-t.build/Objects-normal/wasm32/6f95552a3397ee1cec971b90cf334075d5f321c3a3b0689ad55c3d1e24702600-common-args.resp -MMD -MT dependencies -MF /host/spi-builder-workspace/.build/out/Intermediates.noindex/CKImageAdditions.build/Debug-webassembly-wasm32/CKImageAdditions-t.build/Objects-normal/wasm32/UIImage+ImageResizing.d --serialize-diagnostics /host/spi-builder-workspace/.build/out/Intermediates.noindex/CKImageAdditions.build/Debug-webassembly-wasm32/CKImageAdditions-t.build/Objects-normal/wasm32/UIImage+ImageResizing.dia -c /host/spi-builder-workspace/Sources/CKImageAdditions/UIImage+ImageResizing.m -o /host/spi-builder-workspace/.build/out/Intermediates.noindex/CKImageAdditions.build/Debug-webassembly-wasm32/CKImageAdditions-t.build/Objects-normal/wasm32/UIImage+ImageResizing.o
In file included from /host/spi-builder-workspace/Sources/CKImageAdditions/UIImage+ImageBlending.m:24:
/host/spi-builder-workspace/Sources/CKImageAdditions/UIImage+ImageBlending.h:24:9: fatal error: 'UIKit/UIImage.h' file not found
   24 | #import <UIKit/UIImage.h>
      |         ^~~~~~~~~~~~~~~~~
1 error generated.
error: CompileC /host/spi-builder-workspace/.build/out/Intermediates.noindex/CKImageAdditions.build/Debug-webassembly-wasm32/CKImageAdditions-t.build/Objects-normal/wasm32/UIImage+ImageBlending.o /host/spi-builder-workspace/Sources/CKImageAdditions/UIImage+ImageBlending.m normal wasm32 objective-c com.apple.compilers.llvm.clang.1_0.compiler failed with a nonzero exit code. Command line:     cd /host

    Using response file: /host/spi-builder-workspace/.build/out/Intermediates.noindex/CKImageAdditions.build/Debug-webassembly-wasm32/CKImageAdditions-t.build/Objects-normal/wasm32/6f95552a3397ee1cec971b90cf334075d5f321c3a3b0689ad55c3d1e24702600-common-args.resp

    /usr/bin/clang -x objective-c -target wasm32-unknown-wasip1 -fmessage-length\=0 -fdiagnostics-show-note-include-stack -fmacro-backtrace-limit\=0 -fcolor-diagnostics -Wno-trigraphs -Wno-missing-field-initializers -Wno-missing-prototypes -Wno-return-type -Wno-implicit-atomic-properties -Wno-objc-interface-ivars -Wno-arc-repeated-use-of-weak -Wno-missing-braces -Wparentheses -Wswitch -Wno-unused-function -Wno-unused-label -Wno-unused-parameter -Wno-unused-variable -Wunused-value -Wno-empty-body -Wno-uninitialized -Wno-unknown-pragmas -Wno-shadow -Wno-four-char-constants -Wno-conversion -Wno-constant-conversion -Wno-int-conversion -Wno-bool-conversion -Wno-enum-conversion -Wno-float-conversion -Wno-non-literal-null-conversion -Wno-objc-literal-conversion -Wno-shorten-64-to-32 -Wpointer-sign -Wno-newline-eof -Wno-selector -Wno-strict-selector-match -Wno-undeclared-selector -Wno-deprecated-implementations -Wno-implicit-fallthrough -fstrict-aliasing -Wprotocol -Wdeprecated-declarations -Wno-sign-conversion -Wno-infinite-recursion -Wno-comma -Wno-block-capture-autoreleasing -Wno-strict-prototypes -Wno-semicolon-before-method-body --sysroot /root/.swiftpm/swift-sdks/swift-6.4.x-DEVELOPMENT-SNAPSHOT-2026-09-04-a_wasm.artifactbundle/swift-6.4.x-DEVELOPMENT-SNAPSHOT-2026-09-04-a_wasm/wasm32-unknown-wasip1/WASI.sdk @/host/spi-builder-workspace/.build/out/Intermediates.noindex/CKImageAdditions.build/Debug-webassembly-wasm32/CKImageAdditions-t.build/Objects-normal/wasm32/6f95552a3397ee1cec971b90cf334075d5f321c3a3b0689ad55c3d1e24702600-common-args.resp -MMD -MT dependencies -MF /host/spi-builder-workspace/.build/out/Intermediates.noindex/CKImageAdditions.build/Debug-webassembly-wasm32/CKImageAdditions-t.build/Objects-normal/wasm32/UIImage+ImageBlending.d --serialize-diagnostics /host/spi-builder-workspace/.build/out/Intermediates.noindex/CKImageAdditions.build/Debug-webassembly-wasm32/CKImageAdditions-t.build/Objects-normal/wasm32/UIImage+ImageBlending.dia -c /host/spi-builder-workspace/Sources/CKImageAdditions/UIImage+ImageBlending.m -o /host/spi-builder-workspace/.build/out/Intermediates.noindex/CKImageAdditions.build/Debug-webassembly-wasm32/CKImageAdditions-t.build/Objects-normal/wasm32/UIImage+ImageBlending.o
In file included from /host/spi-builder-workspace/Sources/CKImageAdditions/UIImage+ImageRounding.m:24:
/host/spi-builder-workspace/Sources/CKImageAdditions/UIImage+ImageRounding.h:24:9: fatal error: 'UIKit/UIImage.h' file not found
   24 | #import <UIKit/UIImage.h>
      |         ^~~~~~~~~~~~~~~~~
1 error generated.
error: CompileC /host/spi-builder-workspace/.build/out/Intermediates.noindex/CKImageAdditions.build/Debug-webassembly-wasm32/CKImageAdditions-t.build/Objects-normal/wasm32/UIImage+ImageRounding.o /host/spi-builder-workspace/Sources/CKImageAdditions/UIImage+ImageRounding.m normal wasm32 objective-c com.apple.compilers.llvm.clang.1_0.compiler failed with a nonzero exit code. Command line:     cd /host

    Using response file: /host/spi-builder-workspace/.build/out/Intermediates.noindex/CKImageAdditions.build/Debug-webassembly-wasm32/CKImageAdditions-t.build/Objects-normal/wasm32/6f95552a3397ee1cec971b90cf334075d5f321c3a3b0689ad55c3d1e24702600-common-args.resp

    /usr/bin/clang -x objective-c -target wasm32-unknown-wasip1 -fmessage-length\=0 -fdiagnostics-show-note-include-stack -fmacro-backtrace-limit\=0 -fcolor-diagnostics -Wno-trigraphs -Wno-missing-field-initializers -Wno-missing-prototypes -Wno-return-type -Wno-implicit-atomic-properties -Wno-objc-interface-ivars -Wno-arc-repeated-use-of-weak -Wno-missing-braces -Wparentheses -Wswitch -Wno-unused-function -Wno-unused-label -Wno-unused-parameter -Wno-unused-variable -Wunused-value -Wno-empty-body -Wno-uninitialized -Wno-unknown-pragmas -Wno-shadow -Wno-four-char-constants -Wno-conversion -Wno-constant-conversion -Wno-int-conversion -Wno-bool-conversion -Wno-enum-conversion -Wno-float-conversion -Wno-non-literal-null-conversion -Wno-objc-literal-conversion -Wno-shorten-64-to-32 -Wpointer-sign -Wno-newline-eof -Wno-selector -Wno-strict-selector-match -Wno-undeclared-selector -Wno-deprecated-implementations -Wno-implicit-fallthrough -fstrict-aliasing -Wprotocol -Wdeprecated-declarations -Wno-sign-conversion -Wno-infinite-recursion -Wno-comma -Wno-block-capture-autoreleasing -Wno-strict-prototypes -Wno-semicolon-before-method-body --sysroot /root/.swiftpm/swift-sdks/swift-6.4.x-DEVELOPMENT-SNAPSHOT-2026-09-04-a_wasm.artifactbundle/swift-6.4.x-DEVELOPMENT-SNAPSHOT-2026-09-04-a_wasm/wasm32-unknown-wasip1/WASI.sdk @/host/spi-builder-workspace/.build/out/Intermediates.noindex/CKImageAdditions.build/Debug-webassembly-wasm32/CKImageAdditions-t.build/Objects-normal/wasm32/6f95552a3397ee1cec971b90cf334075d5f321c3a3b0689ad55c3d1e24702600-common-args.resp -MMD -MT dependencies -MF /host/spi-builder-workspace/.build/out/Intermediates.noindex/CKImageAdditions.build/Debug-webassembly-wasm32/CKImageAdditions-t.build/Objects-normal/wasm32/UIImage+ImageRounding.d --serialize-diagnostics /host/spi-builder-workspace/.build/out/Intermediates.noindex/CKImageAdditions.build/Debug-webassembly-wasm32/CKImageAdditions-t.build/Objects-normal/wasm32/UIImage+ImageRounding.dia -c /host/spi-builder-workspace/Sources/CKImageAdditions/UIImage+ImageRounding.m -o /host/spi-builder-workspace/.build/out/Intermediates.noindex/CKImageAdditions.build/Debug-webassembly-wasm32/CKImageAdditions-t.build/Objects-normal/wasm32/UIImage+ImageRounding.o
In file included from /host/spi-builder-workspace/Sources/CKImageAdditions/UIImage+ImageTrimming.m:24:
/host/spi-builder-workspace/Sources/CKImageAdditions/UIImage+ImageTrimming.h:24:9: fatal error: 'UIKit/UIImage.h' file not found
   24 | #import <UIKit/UIImage.h>
      |         ^~~~~~~~~~~~~~~~~
1 error generated.
error: CompileC /host/spi-builder-workspace/.build/out/Intermediates.noindex/CKImageAdditions.build/Debug-webassembly-wasm32/CKImageAdditions-t.build/Objects-normal/wasm32/UIImage+ImageTrimming.o /host/spi-builder-workspace/Sources/CKImageAdditions/UIImage+ImageTrimming.m normal wasm32 objective-c com.apple.compilers.llvm.clang.1_0.compiler failed with a nonzero exit code. Command line:     cd /host

    Using response file: /host/spi-builder-workspace/.build/out/Intermediates.noindex/CKImageAdditions.build/Debug-webassembly-wasm32/CKImageAdditions-t.build/Objects-normal/wasm32/6f95552a3397ee1cec971b90cf334075d5f321c3a3b0689ad55c3d1e24702600-common-args.resp

    /usr/bin/clang -x objective-c -target wasm32-unknown-wasip1 -fmessage-length\=0 -fdiagnostics-show-note-include-stack -fmacro-backtrace-limit\=0 -fcolor-diagnostics -Wno-trigraphs -Wno-missing-field-initializers -Wno-missing-prototypes -Wno-return-type -Wno-implicit-atomic-properties -Wno-objc-interface-ivars -Wno-arc-repeated-use-of-weak -Wno-missing-braces -Wparentheses -Wswitch -Wno-unused-function -Wno-unused-label -Wno-unused-parameter -Wno-unused-variable -Wunused-value -Wno-empty-body -Wno-uninitialized -Wno-unknown-pragmas -Wno-shadow -Wno-four-char-constants -Wno-conversion -Wno-constant-conversion -Wno-int-conversion -Wno-bool-conversion -Wno-enum-conversion -Wno-float-conversion -Wno-non-literal-null-conversion -Wno-objc-literal-conversion -Wno-shorten-64-to-32 -Wpointer-sign -Wno-newline-eof -Wno-selector -Wno-strict-selector-match -Wno-undeclared-selector -Wno-deprecated-implementations -Wno-implicit-fallthrough -fstrict-aliasing -Wprotocol -Wdeprecated-declarations -Wno-sign-conversion -Wno-infinite-recursion -Wno-comma -Wno-block-capture-autoreleasing -Wno-strict-prototypes -Wno-semicolon-before-method-body --sysroot /root/.swiftpm/swift-sdks/swift-6.4.x-DEVELOPMENT-SNAPSHOT-2026-09-04-a_wasm.artifactbundle/swift-6.4.x-DEVELOPMENT-SNAPSHOT-2026-09-04-a_wasm/wasm32-unknown-wasip1/WASI.sdk @/host/spi-builder-workspace/.build/out/Intermediates.noindex/CKImageAdditions.build/Debug-webassembly-wasm32/CKImageAdditions-t.build/Objects-normal/wasm32/6f95552a3397ee1cec971b90cf334075d5f321c3a3b0689ad55c3d1e24702600-common-args.resp -MMD -MT dependencies -MF /host/spi-builder-workspace/.build/out/Intermediates.noindex/CKImageAdditions.build/Debug-webassembly-wasm32/CKImageAdditions-t.build/Objects-normal/wasm32/UIImage+ImageTrimming.d --serialize-diagnostics /host/spi-builder-workspace/.build/out/Intermediates.noindex/CKImageAdditions.build/Debug-webassembly-wasm32/CKImageAdditions-t.build/Objects-normal/wasm32/UIImage+ImageTrimming.dia -c /host/spi-builder-workspace/Sources/CKImageAdditions/UIImage+ImageTrimming.m -o /host/spi-builder-workspace/.build/out/Intermediates.noindex/CKImageAdditions.build/Debug-webassembly-wasm32/CKImageAdditions-t.build/Objects-normal/wasm32/UIImage+ImageTrimming.o
In file included from /host/spi-builder-workspace/Sources/CKImageAdditions/UIKitAdditions.m:24:
/host/spi-builder-workspace/Sources/CKImageAdditions/UIKitAdditions.h:24:9: fatal error: 'UIKit/UIKit.h' file not found
   24 | #import <UIKit/UIKit.h>
      |         ^~~~~~~~~~~~~~~
1 error generated.
error: CompileC /host/spi-builder-workspace/.build/out/Intermediates.noindex/CKImageAdditions.build/Debug-webassembly-wasm32/CKImageAdditions-t.build/Objects-normal/wasm32/UIKitAdditions.o /host/spi-builder-workspace/Sources/CKImageAdditions/UIKitAdditions.m normal wasm32 objective-c com.apple.compilers.llvm.clang.1_0.compiler failed with a nonzero exit code. Command line:     cd /host

    Using response file: /host/spi-builder-workspace/.build/out/Intermediates.noindex/CKImageAdditions.build/Debug-webassembly-wasm32/CKImageAdditions-t.build/Objects-normal/wasm32/6f95552a3397ee1cec971b90cf334075d5f321c3a3b0689ad55c3d1e24702600-common-args.resp

    /usr/bin/clang -x objective-c -target wasm32-unknown-wasip1 -fmessage-length\=0 -fdiagnostics-show-note-include-stack -fmacro-backtrace-limit\=0 -fcolor-diagnostics -Wno-trigraphs -Wno-missing-field-initializers -Wno-missing-prototypes -Wno-return-type -Wno-implicit-atomic-properties -Wno-objc-interface-ivars -Wno-arc-repeated-use-of-weak -Wno-missing-braces -Wparentheses -Wswitch -Wno-unused-function -Wno-unused-label -Wno-unused-parameter -Wno-unused-variable -Wunused-value -Wno-empty-body -Wno-uninitialized -Wno-unknown-pragmas -Wno-shadow -Wno-four-char-constants -Wno-conversion -Wno-constant-conversion -Wno-int-conversion -Wno-bool-conversion -Wno-enum-conversion -Wno-float-conversion -Wno-non-literal-null-conversion -Wno-objc-literal-conversion -Wno-shorten-64-to-32 -Wpointer-sign -Wno-newline-eof -Wno-selector -Wno-strict-selector-match -Wno-undeclared-selector -Wno-deprecated-implementations -Wno-implicit-fallthrough -fstrict-aliasing -Wprotocol -Wdeprecated-declarations -Wno-sign-conversion -Wno-infinite-recursion -Wno-comma -Wno-block-capture-autoreleasing -Wno-strict-prototypes -Wno-semicolon-before-method-body --sysroot /root/.swiftpm/swift-sdks/swift-6.4.x-DEVELOPMENT-SNAPSHOT-2026-09-04-a_wasm.artifactbundle/swift-6.4.x-DEVELOPMENT-SNAPSHOT-2026-09-04-a_wasm/wasm32-unknown-wasip1/WASI.sdk @/host/spi-builder-workspace/.build/out/Intermediates.noindex/CKImageAdditions.build/Debug-webassembly-wasm32/CKImageAdditions-t.build/Objects-normal/wasm32/6f95552a3397ee1cec971b90cf334075d5f321c3a3b0689ad55c3d1e24702600-common-args.resp -MMD -MT dependencies -MF /host/spi-builder-workspace/.build/out/Intermediates.noindex/CKImageAdditions.build/Debug-webassembly-wasm32/CKImageAdditions-t.build/Objects-normal/wasm32/UIKitAdditions.d --serialize-diagnostics /host/spi-builder-workspace/.build/out/Intermediates.noindex/CKImageAdditions.build/Debug-webassembly-wasm32/CKImageAdditions-t.build/Objects-normal/wasm32/UIKitAdditions.dia -c /host/spi-builder-workspace/Sources/CKImageAdditions/UIKitAdditions.m -o /host/spi-builder-workspace/.build/out/Intermediates.noindex/CKImageAdditions.build/Debug-webassembly-wasm32/CKImageAdditions-t.build/Objects-normal/wasm32/UIKitAdditions.o
In file included from /host/spi-builder-workspace/Sources/CKImageAdditions/CoreGraphicsAdditions.c:27:
/host/spi-builder-workspace/Sources/CKImageAdditions/CoreGraphicsAdditions.h:27:10: fatal error: 'CoreGraphics/CoreGraphics.h' file not found
   27 | #include <CoreGraphics/CoreGraphics.h>
      |          ^~~~~~~~~~~~~~~~~~~~~~~~~~~~~
1 error generated.
error: CompileC /host/spi-builder-workspace/.build/out/Intermediates.noindex/CKImageAdditions.build/Debug-webassembly-wasm32/CKImageAdditions-t.build/Objects-normal/wasm32/CoreGraphicsAdditions.o /host/spi-builder-workspace/Sources/CKImageAdditions/CoreGraphicsAdditions.c normal wasm32 c com.apple.compilers.llvm.clang.1_0.compiler failed with a nonzero exit code. Command line:     cd /host

    Using response file: /host/spi-builder-workspace/.build/out/Intermediates.noindex/CKImageAdditions.build/Debug-webassembly-wasm32/CKImageAdditions-t.build/Objects-normal/wasm32/9f65232cb83f8421e3a495a5062eba382369c975104ee97bafc405ab795bfc5e-common-args.resp

    /usr/bin/clang -x c -target wasm32-unknown-wasip1 -fmessage-length\=0 -fdiagnostics-show-note-include-stack -fmacro-backtrace-limit\=0 -fcolor-diagnostics -Wno-trigraphs -Wno-missing-field-initializers -Wno-missing-prototypes -Wno-return-type -Wno-missing-braces -Wparentheses -Wswitch -Wno-unused-function -Wno-unused-label -Wno-unused-parameter -Wno-unused-variable -Wunused-value -Wno-empty-body -Wno-uninitialized -Wno-unknown-pragmas -Wno-shadow -Wno-four-char-constants -Wno-conversion -Wno-constant-conversion -Wno-int-conversion -Wno-bool-conversion -Wno-enum-conversion -Wno-float-conversion -Wno-non-literal-null-conversion -Wno-objc-literal-conversion -Wno-shorten-64-to-32 -Wpointer-sign -Wno-newline-eof -Wno-implicit-fallthrough -fstrict-aliasing -Wdeprecated-declarations -Wno-sign-conversion -Wno-infinite-recursion -Wno-comma -Wno-block-capture-autoreleasing -Wno-strict-prototypes -Wno-semicolon-before-method-body --sysroot /root/.swiftpm/swift-sdks/swift-6.4.x-DEVELOPMENT-SNAPSHOT-2026-09-04-a_wasm.artifactbundle/swift-6.4.x-DEVELOPMENT-SNAPSHOT-2026-09-04-a_wasm/wasm32-unknown-wasip1/WASI.sdk @/host/spi-builder-workspace/.build/out/Intermediates.noindex/CKImageAdditions.build/Debug-webassembly-wasm32/CKImageAdditions-t.build/Objects-normal/wasm32/9f65232cb83f8421e3a495a5062eba382369c975104ee97bafc405ab795bfc5e-common-args.resp -MMD -MT dependencies -MF /host/spi-builder-workspace/.build/out/Intermediates.noindex/CKImageAdditions.build/Debug-webassembly-wasm32/CKImageAdditions-t.build/Objects-normal/wasm32/CoreGraphicsAdditions.d --serialize-diagnostics /host/spi-builder-workspace/.build/out/Intermediates.noindex/CKImageAdditions.build/Debug-webassembly-wasm32/CKImageAdditions-t.build/Objects-normal/wasm32/CoreGraphicsAdditions.dia -c /host/spi-builder-workspace/Sources/CKImageAdditions/CoreGraphicsAdditions.c -o /host/spi-builder-workspace/.build/out/Intermediates.noindex/CKImageAdditions.build/Debug-webassembly-wasm32/CKImageAdditions-t.build/Objects-normal/wasm32/CoreGraphicsAdditions.o
error: Build failed
BUILD FAILURE 6.4 wasm