Build Information
Failed to build swift-pdf-processor, reference 0.3.2 (8bfc63), with Swift 6.3 for Linux on 23 Sep 2026 16:21:35 UTC.
Build Command
bash -c docker run --pull=always --rm -v "checkouts-54344847-0":/host -w "$PWD" -e JAVA_HOME="/root/.sdkman/candidates/java/current" -e SPI_BUILD="1" -e SPI_PROCESSING="1" registry.gitlab.com/saguaro1/spi-images:basic-6.3-latest swift build --triple x86_64-unknown-linux-gnu 2>&1Build Log
========================================
RunAll
========================================
Builder version: 5.1.0
Interrupt handler set up.
========================================
Checkout
========================================
Clone URL: https://github.com/orchetect/swift-pdf-processor.git
Reference: 0.3.2
Initialized empty Git repository in /host/spi-builder-workspace/.git/
hint: Using 'master' as the name for the initial branch. This default branch name
hint: is subject to change. To configure the initial branch name to use in all
hint: of your new repositories, which will suppress this warning, call:
hint:
hint: git config --global init.defaultBranch <name>
hint:
hint: Names commonly chosen instead of 'master' are 'main', 'trunk' and
hint: 'development'. The just-created branch can be renamed via this command:
hint:
hint: git branch -m <name>
From https://github.com/orchetect/swift-pdf-processor
* tag 0.3.2 -> FETCH_HEAD
HEAD is now at 8bfc636 Added .spi.yml
Cloned https://github.com/orchetect/swift-pdf-processor.git
Revision (git rev-parse @):
8bfc6369d7b5e648f8b1d718fe57feb9d81e949a
SPI manifest file found: $PWD/.spi.yml
SUCCESS checkout https://github.com/orchetect/swift-pdf-processor.git at 0.3.2
========================================
Build
========================================
Selected platform: linux
Swift version: 6.3
Building package at path: $PWD
https://github.com/orchetect/swift-pdf-processor.git
Running build ...
bash -c docker run --pull=always --rm -v "checkouts-54344847-0":/host -w "$PWD" -e JAVA_HOME="/root/.sdkman/candidates/java/current" -e SPI_BUILD="1" -e SPI_PROCESSING="1" registry.gitlab.com/saguaro1/spi-images:basic-6.3-latest swift build --triple x86_64-unknown-linux-gnu 2>&1
basic-6.3-latest: Pulling from saguaro1/spi-images
Digest: sha256:c577f8f8f4df4f423827bf5e7d96027716bb7030ef75b2fd4a15f7fb0043ce6d
Status: Image is up to date for registry.gitlab.com/saguaro1/spi-images:basic-6.3-latest
Fetching https://github.com/orchetect/swift-extensions
Fetching https://github.com/orchetect/swift-testing-extensions.git
[1/8767] Fetching swift-extensions
[8768/9939] Fetching swift-extensions, swift-testing-extensions
Fetched https://github.com/orchetect/swift-testing-extensions.git from cache (0.56s)
Fetched https://github.com/orchetect/swift-extensions from cache (0.56s)
Computing version for https://github.com/orchetect/swift-testing-extensions.git
Computed https://github.com/orchetect/swift-testing-extensions.git at 0.3.1 (0.75s)
Fetching https://github.com/swiftlang/swift-syntax.git
Fetching https://github.com/tsolomko/SWCompression
[1/18078] Fetching swcompression
[18079/98092] Fetching swcompression, swift-syntax
Fetched https://github.com/tsolomko/SWCompression from cache (1.39s)
[4001/80014] Fetching swift-syntax
Fetched https://github.com/swiftlang/swift-syntax.git from cache (3.22s)
Computing version for https://github.com/orchetect/swift-extensions
Computed https://github.com/orchetect/swift-extensions at 3.0.0 (4.15s)
Computing version for https://github.com/tsolomko/SWCompression
Computed https://github.com/tsolomko/SWCompression at 4.9.1 (0.15s)
Fetching https://github.com/tsolomko/BitByteData
[1/3281] Fetching bitbytedata
Fetched https://github.com/tsolomko/BitByteData from cache (0.64s)
Computing version for https://github.com/tsolomko/BitByteData
Computed https://github.com/tsolomko/BitByteData at 2.1.0 (0.79s)
Computing version for https://github.com/swiftlang/swift-syntax.git
Computed https://github.com/swiftlang/swift-syntax.git at 604.0.0 (0.94s)
Creating working copy for https://github.com/tsolomko/SWCompression
Working copy of https://github.com/tsolomko/SWCompression resolved at 4.9.1
Creating working copy for https://github.com/orchetect/swift-testing-extensions.git
Working copy of https://github.com/orchetect/swift-testing-extensions.git resolved at 0.3.1
Creating working copy for https://github.com/orchetect/swift-extensions
Working copy of https://github.com/orchetect/swift-extensions resolved at 3.0.0
Creating working copy for https://github.com/tsolomko/BitByteData
Working copy of https://github.com/tsolomko/BitByteData resolved at 2.1.0
Creating working copy for https://github.com/swiftlang/swift-syntax.git
Working copy of https://github.com/swiftlang/swift-syntax.git resolved at 604.0.0
Building for debugging...
[0/3] Write sources
[2/3] Write swift-version-24593BA9C3E375BF.txt
error: emit-module command failed with exit code 1 (use -v to see invocation)
[4/58] Emitting module SwiftExtensions
/host/spi-builder-workspace/.build/checkouts/swift-extensions/Sources/SwiftExtensions/Extensions/Darwin/FloatingPoint and Darwin.swift:17:8: error: no such module 'Darwin'
15 | #endif
16 |
17 | import Darwin
| `- error: no such module 'Darwin'
18 |
19 | // MARK: - ceiling / floor
[5/65] Compiling SwiftExtensions Collections.swift
/host/spi-builder-workspace/.build/checkouts/swift-extensions/Sources/SwiftExtensions/Extensions/Darwin/FloatingPoint and Darwin.swift:17:8: error: no such module 'Darwin'
15 | #endif
16 |
17 | import Darwin
| `- error: no such module 'Darwin'
18 |
19 | // MARK: - ceiling / floor
[6/65] Compiling SwiftExtensions Concurrency.swift
/host/spi-builder-workspace/.build/checkouts/swift-extensions/Sources/SwiftExtensions/Extensions/Darwin/FloatingPoint and Darwin.swift:17:8: error: no such module 'Darwin'
15 | #endif
16 |
17 | import Darwin
| `- error: no such module 'Darwin'
18 |
19 | // MARK: - ceiling / floor
[7/65] Compiling SwiftExtensions FloatingPoint.swift
/host/spi-builder-workspace/.build/checkouts/swift-extensions/Sources/SwiftExtensions/Extensions/Darwin/FloatingPoint and Darwin.swift:17:8: error: no such module 'Darwin'
15 | #endif
16 |
17 | import Darwin
| `- error: no such module 'Darwin'
18 |
19 | // MARK: - ceiling / floor
[8/65] Compiling SwiftExtensions Integers.swift
/host/spi-builder-workspace/.build/checkouts/swift-extensions/Sources/SwiftExtensions/Extensions/Darwin/FloatingPoint and Darwin.swift:17:8: error: no such module 'Darwin'
15 | #endif
16 |
17 | import Darwin
| `- error: no such module 'Darwin'
18 |
19 | // MARK: - ceiling / floor
[9/65] Compiling SwiftExtensions Operators.swift
/host/spi-builder-workspace/.build/checkouts/swift-extensions/Sources/SwiftExtensions/Extensions/Darwin/FloatingPoint and Darwin.swift:17:8: error: no such module 'Darwin'
15 | #endif
16 |
17 | import Darwin
| `- error: no such module 'Darwin'
18 |
19 | // MARK: - ceiling / floor
[10/65] Compiling SwiftExtensions Optional.swift
/host/spi-builder-workspace/.build/checkouts/swift-extensions/Sources/SwiftExtensions/Extensions/Darwin/FloatingPoint and Darwin.swift:17:8: error: no such module 'Darwin'
15 | #endif
16 |
17 | import Darwin
| `- error: no such module 'Darwin'
18 |
19 | // MARK: - ceiling / floor
[11/65] Compiling SwiftExtensions Ranges.swift
/host/spi-builder-workspace/.build/checkouts/swift-extensions/Sources/SwiftExtensions/Extensions/Darwin/FloatingPoint and Darwin.swift:17:8: error: no such module 'Darwin'
15 | #endif
16 |
17 | import Darwin
| `- error: no such module 'Darwin'
18 |
19 | // MARK: - ceiling / floor
[12/65] Compiling SwiftExtensions Clamped Property Wrapper.swift
/host/spi-builder-workspace/.build/checkouts/swift-extensions/Sources/SwiftExtensions/Extensions/Darwin/FloatingPoint and Darwin.swift:17:8: error: no such module 'Darwin'
15 | #endif
16 |
17 | import Darwin
| `- error: no such module 'Darwin'
18 |
19 | // MARK: - ceiling / floor
[13/65] Compiling SwiftExtensions Collection Set-Like Methods.swift
/host/spi-builder-workspace/.build/checkouts/swift-extensions/Sources/SwiftExtensions/Extensions/Darwin/FloatingPoint and Darwin.swift:17:8: error: no such module 'Darwin'
15 | #endif
16 |
17 | import Darwin
| `- error: no such module 'Darwin'
18 |
19 | // MARK: - ceiling / floor
[14/65] Compiling SwiftExtensions ComparableSortComparator.swift
/host/spi-builder-workspace/.build/checkouts/swift-extensions/Sources/SwiftExtensions/Extensions/Darwin/FloatingPoint and Darwin.swift:17:8: error: no such module 'Darwin'
15 | #endif
16 |
17 | import Darwin
| `- error: no such module 'Darwin'
18 |
19 | // MARK: - ceiling / floor
[15/65] Compiling SwiftExtensions DateComponents from String.swift
/host/spi-builder-workspace/.build/checkouts/swift-extensions/Sources/SwiftExtensions/Extensions/Darwin/FloatingPoint and Darwin.swift:17:8: error: no such module 'Darwin'
15 | #endif
16 |
17 | import Darwin
| `- error: no such module 'Darwin'
18 |
19 | // MARK: - ceiling / floor
[16/65] Compiling SwiftExtensions RawRepresentableSortComparator.swift
/host/spi-builder-workspace/.build/checkouts/swift-extensions/Sources/SwiftExtensions/Extensions/Darwin/FloatingPoint and Darwin.swift:17:8: error: no such module 'Darwin'
15 | #endif
16 |
17 | import Darwin
| `- error: no such module 'Darwin'
18 |
19 | // MARK: - ceiling / floor
[17/65] Compiling SwiftExtensions String Sanitize Path Component.swift
/host/spi-builder-workspace/.build/checkouts/swift-extensions/Sources/SwiftExtensions/Extensions/Darwin/FloatingPoint and Darwin.swift:17:8: error: no such module 'Darwin'
15 | #endif
16 |
17 | import Darwin
| `- error: no such module 'Darwin'
18 |
19 | // MARK: - ceiling / floor
[18/65] Compiling SwiftExtensions String Title Case.swift
/host/spi-builder-workspace/.build/checkouts/swift-extensions/Sources/SwiftExtensions/Extensions/Darwin/FloatingPoint and Darwin.swift:17:8: error: no such module 'Darwin'
15 | #endif
16 |
17 | import Darwin
| `- error: no such module 'Darwin'
18 |
19 | // MARK: - ceiling / floor
[19/65] Compiling SwiftExtensions String Wrapped.swift
/host/spi-builder-workspace/.build/checkouts/swift-extensions/Sources/SwiftExtensions/Extensions/Darwin/FloatingPoint and Darwin.swift:17:8: error: no such module 'Darwin'
15 | #endif
16 |
17 | import Darwin
| `- error: no such module 'Darwin'
18 |
19 | // MARK: - ceiling / floor
[20/65] Compiling SwiftExtensions Result.swift
/host/spi-builder-workspace/.build/checkouts/swift-extensions/Sources/SwiftExtensions/Extensions/Darwin/FloatingPoint and Darwin.swift:17:8: error: no such module 'Darwin'
15 | #endif
16 |
17 | import Darwin
| `- error: no such module 'Darwin'
18 |
19 | // MARK: - ceiling / floor
[21/65] Compiling SwiftExtensions String.swift
/host/spi-builder-workspace/.build/checkouts/swift-extensions/Sources/SwiftExtensions/Extensions/Darwin/FloatingPoint and Darwin.swift:17:8: error: no such module 'Darwin'
15 | #endif
16 |
17 | import Darwin
| `- error: no such module 'Darwin'
18 |
19 | // MARK: - ceiling / floor
[22/65] Compiling SwiftExtensions FilePath and URL.swift
/host/spi-builder-workspace/.build/checkouts/swift-extensions/Sources/SwiftExtensions/Extensions/Darwin/FloatingPoint and Darwin.swift:17:8: error: no such module 'Darwin'
15 | #endif
16 |
17 | import Darwin
| `- error: no such module 'Darwin'
18 |
19 | // MARK: - ceiling / floor
[23/65] Compiling SwiftExtensions Clipboard.swift
/host/spi-builder-workspace/.build/checkouts/swift-extensions/Sources/SwiftExtensions/Extensions/Darwin/FloatingPoint and Darwin.swift:17:8: error: no such module 'Darwin'
15 | #endif
16 |
17 | import Darwin
| `- error: no such module 'Darwin'
18 |
19 | // MARK: - ceiling / floor
[24/65] Compiling SwiftExtensions Globals.swift
/host/spi-builder-workspace/.build/checkouts/swift-extensions/Sources/SwiftExtensions/Extensions/Darwin/FloatingPoint and Darwin.swift:17:8: error: no such module 'Darwin'
15 | #endif
16 |
17 | import Darwin
| `- error: no such module 'Darwin'
18 |
19 | // MARK: - ceiling / floor
[25/65] Compiling SwiftExtensions OSLogger.swift
/host/spi-builder-workspace/.build/checkouts/swift-extensions/Sources/SwiftExtensions/Extensions/Darwin/FloatingPoint and Darwin.swift:17:8: error: no such module 'Darwin'
15 | #endif
16 |
17 | import Darwin
| `- error: no such module 'Darwin'
18 |
19 | // MARK: - ceiling / floor
[26/65] Compiling SwiftExtensions Protocols.swift
/host/spi-builder-workspace/.build/checkouts/swift-extensions/Sources/SwiftExtensions/Extensions/Darwin/FloatingPoint and Darwin.swift:17:8: error: no such module 'Darwin'
15 | #endif
16 |
17 | import Darwin
| `- error: no such module 'Darwin'
18 |
19 | // MARK: - ceiling / floor
[27/65] Compiling SwiftExtensions Validated Property Wrapper.swift
/host/spi-builder-workspace/.build/checkouts/swift-extensions/Sources/SwiftExtensions/Extensions/Darwin/FloatingPoint and Darwin.swift:17:8: error: no such module 'Darwin'
15 | #endif
16 |
17 | import Darwin
| `- error: no such module 'Darwin'
18 |
19 | // MARK: - ceiling / floor
[28/65] Compiling SwiftExtensions ZeroIndexedCollection.swift
/host/spi-builder-workspace/.build/checkouts/swift-extensions/Sources/SwiftExtensions/Extensions/Darwin/FloatingPoint and Darwin.swift:17:8: error: no such module 'Darwin'
15 | #endif
16 |
17 | import Darwin
| `- error: no such module 'Darwin'
18 |
19 | // MARK: - ceiling / floor
[29/65] Compiling SwiftExtensions Collection BinarySearch.swift
/host/spi-builder-workspace/.build/checkouts/swift-extensions/Sources/SwiftExtensions/Extensions/Darwin/FloatingPoint and Darwin.swift:17:8: error: no such module 'Darwin'
15 | #endif
16 |
17 | import Darwin
| `- error: no such module 'Darwin'
18 |
19 | // MARK: - ceiling / floor
[30/65] Compiling SwiftExtensions NSControl.swift
/host/spi-builder-workspace/.build/checkouts/swift-extensions/Sources/SwiftExtensions/Extensions/Darwin/FloatingPoint and Darwin.swift:17:8: error: no such module 'Darwin'
15 | #endif
16 |
17 | import Darwin
| `- error: no such module 'Darwin'
18 |
19 | // MARK: - ceiling / floor
[31/65] Compiling SwiftExtensions NSEvent.swift
/host/spi-builder-workspace/.build/checkouts/swift-extensions/Sources/SwiftExtensions/Extensions/Darwin/FloatingPoint and Darwin.swift:17:8: error: no such module 'Darwin'
15 | #endif
16 |
17 | import Darwin
| `- error: no such module 'Darwin'
18 |
19 | // MARK: - ceiling / floor
[32/65] Compiling SwiftExtensions NSFont.swift
/host/spi-builder-workspace/.build/checkouts/swift-extensions/Sources/SwiftExtensions/Extensions/Darwin/FloatingPoint and Darwin.swift:17:8: error: no such module 'Darwin'
15 | #endif
16 |
17 | import Darwin
| `- error: no such module 'Darwin'
18 |
19 | // MARK: - ceiling / floor
[33/65] Compiling SwiftExtensions NSImage.swift
/host/spi-builder-workspace/.build/checkouts/swift-extensions/Sources/SwiftExtensions/Extensions/Darwin/FloatingPoint and Darwin.swift:17:8: error: no such module 'Darwin'
15 | #endif
16 |
17 | import Darwin
| `- error: no such module 'Darwin'
18 |
19 | // MARK: - ceiling / floor
[34/65] Compiling SwiftExtensions NSScreen.swift
/host/spi-builder-workspace/.build/checkouts/swift-extensions/Sources/SwiftExtensions/Extensions/Darwin/FloatingPoint and Darwin.swift:17:8: error: no such module 'Darwin'
15 | #endif
16 |
17 | import Darwin
| `- error: no such module 'Darwin'
18 |
19 | // MARK: - ceiling / floor
[35/65] Compiling SwiftExtensions Timespec and TimeInterval.swift
/host/spi-builder-workspace/.build/checkouts/swift-extensions/Sources/SwiftExtensions/Extensions/Darwin/FloatingPoint and Darwin.swift:17:8: error: no such module 'Darwin'
15 | #endif
16 |
17 | import Darwin
| `- error: no such module 'Darwin'
18 |
19 | // MARK: - ceiling / floor
[36/65] Compiling SwiftExtensions Timespec.swift
/host/spi-builder-workspace/.build/checkouts/swift-extensions/Sources/SwiftExtensions/Extensions/Darwin/FloatingPoint and Darwin.swift:17:8: error: no such module 'Darwin'
15 | #endif
16 |
17 | import Darwin
| `- error: no such module 'Darwin'
18 |
19 | // MARK: - ceiling / floor
[37/65] Compiling SwiftExtensions URL.swift
/host/spi-builder-workspace/.build/checkouts/swift-extensions/Sources/SwiftExtensions/Extensions/Darwin/FloatingPoint and Darwin.swift:17:8: error: no such module 'Darwin'
15 | #endif
16 |
17 | import Darwin
| `- error: no such module 'Darwin'
18 |
19 | // MARK: - ceiling / floor
[38/65] Compiling SwiftExtensions UserDefaults.swift
/host/spi-builder-workspace/.build/checkouts/swift-extensions/Sources/SwiftExtensions/Extensions/Darwin/FloatingPoint and Darwin.swift:17:8: error: no such module 'Darwin'
15 | #endif
16 |
17 | import Darwin
| `- error: no such module 'Darwin'
18 |
19 | // MARK: - ceiling / floor
[39/65] Compiling SwiftExtensions XMLElement.swift
/host/spi-builder-workspace/.build/checkouts/swift-extensions/Sources/SwiftExtensions/Extensions/Darwin/FloatingPoint and Darwin.swift:17:8: error: no such module 'Darwin'
15 | #endif
16 |
17 | import Darwin
| `- error: no such module 'Darwin'
18 |
19 | // MARK: - ceiling / floor
[40/65] Compiling SwiftExtensions XMLNode.swift
/host/spi-builder-workspace/.build/checkouts/swift-extensions/Sources/SwiftExtensions/Extensions/Darwin/FloatingPoint and Darwin.swift:17:8: error: no such module 'Darwin'
15 | #endif
16 |
17 | import Darwin
| `- error: no such module 'Darwin'
18 |
19 | // MARK: - ceiling / floor
[41/65] Compiling SwiftExtensions Bool.swift
/host/spi-builder-workspace/.build/checkouts/swift-extensions/Sources/SwiftExtensions/Extensions/Darwin/FloatingPoint and Darwin.swift:17:8: error: no such module 'Darwin'
15 | #endif
16 |
17 | import Darwin
| `- error: no such module 'Darwin'
18 |
19 | // MARK: - ceiling / floor
[42/65] Compiling SwiftExtensions Collections and Foundation.swift
/host/spi-builder-workspace/.build/checkouts/swift-extensions/Sources/SwiftExtensions/Extensions/Darwin/FloatingPoint and Darwin.swift:17:8: error: no such module 'Darwin'
15 | #endif
16 |
17 | import Darwin
| `- error: no such module 'Darwin'
18 |
19 | // MARK: - ceiling / floor
[43/65] Compiling SwiftExtensions Darwin and Foundation.swift
/host/spi-builder-workspace/.build/checkouts/swift-extensions/Sources/SwiftExtensions/Extensions/Darwin/FloatingPoint and Darwin.swift:17:8: error: no such module 'Darwin'
15 | #endif
16 |
17 | import Darwin
| `- error: no such module 'Darwin'
18 |
19 | // MARK: - ceiling / floor
[44/65] Compiling SwiftExtensions Decimal.swift
/host/spi-builder-workspace/.build/checkouts/swift-extensions/Sources/SwiftExtensions/Extensions/Darwin/FloatingPoint and Darwin.swift:17:8: error: no such module 'Darwin'
15 | #endif
16 |
17 | import Darwin
| `- error: no such module 'Darwin'
18 |
19 | // MARK: - ceiling / floor
[45/65] Compiling SwiftExtensions Dispatch and Foundation.swift
/host/spi-builder-workspace/.build/checkouts/swift-extensions/Sources/SwiftExtensions/Extensions/Darwin/FloatingPoint and Darwin.swift:17:8: error: no such module 'Darwin'
15 | #endif
16 |
17 | import Darwin
| `- error: no such module 'Darwin'
18 |
19 | // MARK: - ceiling / floor
[46/65] Compiling SwiftExtensions FloatingPoint and Foundation.swift
/host/spi-builder-workspace/.build/checkouts/swift-extensions/Sources/SwiftExtensions/Extensions/Darwin/FloatingPoint and Darwin.swift:17:8: error: no such module 'Darwin'
15 | #endif
16 |
17 | import Darwin
| `- error: no such module 'Darwin'
18 |
19 | // MARK: - ceiling / floor
[47/65] Compiling SwiftExtensions FormatStyle.swift
/host/spi-builder-workspace/.build/checkouts/swift-extensions/Sources/SwiftExtensions/Extensions/Darwin/FloatingPoint and Darwin.swift:17:8: error: no such module 'Darwin'
15 | #endif
16 |
17 | import Darwin
| `- error: no such module 'Darwin'
18 |
19 | // MARK: - ceiling / floor
[48/65] Compiling SwiftExtensions Integers and Foundation.swift
/host/spi-builder-workspace/.build/checkouts/swift-extensions/Sources/SwiftExtensions/Extensions/Darwin/FloatingPoint and Darwin.swift:17:8: error: no such module 'Darwin'
15 | #endif
16 |
17 | import Darwin
| `- error: no such module 'Darwin'
18 |
19 | // MARK: - ceiling / floor
[49/65] Compiling SwiftExtensions NSArray.swift
/host/spi-builder-workspace/.build/checkouts/swift-extensions/Sources/SwiftExtensions/Extensions/Darwin/FloatingPoint and Darwin.swift:17:8: error: no such module 'Darwin'
15 | #endif
16 |
17 | import Darwin
| `- error: no such module 'Darwin'
18 |
19 | // MARK: - ceiling / floor
[50/65] Compiling SwiftExtensions URL and AppKit.swift
/host/spi-builder-workspace/.build/checkouts/swift-extensions/Sources/SwiftExtensions/Extensions/Darwin/FloatingPoint and Darwin.swift:17:8: error: no such module 'Darwin'
15 | #endif
16 |
17 | import Darwin
| `- error: no such module 'Darwin'
18 |
19 | // MARK: - ceiling / floor
[51/65] Compiling SwiftExtensions CGFloat.swift
/host/spi-builder-workspace/.build/checkouts/swift-extensions/Sources/SwiftExtensions/Extensions/Darwin/FloatingPoint and Darwin.swift:17:8: error: no such module 'Darwin'
15 | #endif
16 |
17 | import Darwin
| `- error: no such module 'Darwin'
18 |
19 | // MARK: - ceiling / floor
[52/65] Compiling SwiftExtensions CGPoint.swift
/host/spi-builder-workspace/.build/checkouts/swift-extensions/Sources/SwiftExtensions/Extensions/Darwin/FloatingPoint and Darwin.swift:17:8: error: no such module 'Darwin'
15 | #endif
16 |
17 | import Darwin
| `- error: no such module 'Darwin'
18 |
19 | // MARK: - ceiling / floor
[53/65] Compiling SwiftExtensions CGRect.swift
/host/spi-builder-workspace/.build/checkouts/swift-extensions/Sources/SwiftExtensions/Extensions/Darwin/FloatingPoint and Darwin.swift:17:8: error: no such module 'Darwin'
15 | #endif
16 |
17 | import Darwin
| `- error: no such module 'Darwin'
18 |
19 | // MARK: - ceiling / floor
[54/65] Compiling SwiftExtensions FloatingPoint and Darwin.swift
/host/spi-builder-workspace/.build/checkouts/swift-extensions/Sources/SwiftExtensions/Extensions/Darwin/FloatingPoint and Darwin.swift:17:8: error: no such module 'Darwin'
15 | #endif
16 |
17 | import Darwin
| `- error: no such module 'Darwin'
18 |
19 | // MARK: - ceiling / floor
[55/65] Compiling SwiftExtensions DispatchGroup.swift
/host/spi-builder-workspace/.build/checkouts/swift-extensions/Sources/SwiftExtensions/Extensions/Darwin/FloatingPoint and Darwin.swift:17:8: error: no such module 'Darwin'
15 | #endif
16 |
17 | import Darwin
| `- error: no such module 'Darwin'
18 |
19 | // MARK: - ceiling / floor
[56/65] Compiling SwiftExtensions DispatchTimeInterval.swift
/host/spi-builder-workspace/.build/checkouts/swift-extensions/Sources/SwiftExtensions/Extensions/Darwin/FloatingPoint and Darwin.swift:17:8: error: no such module 'Darwin'
15 | #endif
16 |
17 | import Darwin
| `- error: no such module 'Darwin'
18 |
19 | // MARK: - ceiling / floor
[57/65] Compiling SwiftExtensions CharacterSet.swift
/host/spi-builder-workspace/.build/checkouts/swift-extensions/Sources/SwiftExtensions/Extensions/Darwin/FloatingPoint and Darwin.swift:17:8: error: no such module 'Darwin'
15 | #endif
16 |
17 | import Darwin
| `- error: no such module 'Darwin'
18 |
19 | // MARK: - ceiling / floor
[58/65] Compiling SwiftExtensions NSAttributedString.swift
/host/spi-builder-workspace/.build/checkouts/swift-extensions/Sources/SwiftExtensions/Extensions/Darwin/FloatingPoint and Darwin.swift:17:8: error: no such module 'Darwin'
15 | #endif
16 |
17 | import Darwin
| `- error: no such module 'Darwin'
18 |
19 | // MARK: - ceiling / floor
[59/65] Compiling SwiftExtensions Progress.swift
/host/spi-builder-workspace/.build/checkouts/swift-extensions/Sources/SwiftExtensions/Extensions/Darwin/FloatingPoint and Darwin.swift:17:8: error: no such module 'Darwin'
15 | #endif
16 |
17 | import Darwin
| `- error: no such module 'Darwin'
18 |
19 | // MARK: - ceiling / floor
[60/65] Compiling SwiftExtensions String and CharacterSet.swift
/host/spi-builder-workspace/.build/checkouts/swift-extensions/Sources/SwiftExtensions/Extensions/Darwin/FloatingPoint and Darwin.swift:17:8: error: no such module 'Darwin'
15 | #endif
16 |
17 | import Darwin
| `- error: no such module 'Darwin'
18 |
19 | // MARK: - ceiling / floor
[61/65] Compiling SwiftExtensions String and Data.swift
/host/spi-builder-workspace/.build/checkouts/swift-extensions/Sources/SwiftExtensions/Extensions/Darwin/FloatingPoint and Darwin.swift:17:8: error: no such module 'Darwin'
15 | #endif
16 |
17 | import Darwin
| `- error: no such module 'Darwin'
18 |
19 | // MARK: - ceiling / floor
[62/65] Compiling SwiftExtensions String and Foundation.swift
/host/spi-builder-workspace/.build/checkouts/swift-extensions/Sources/SwiftExtensions/Extensions/Darwin/FloatingPoint and Darwin.swift:17:8: error: no such module 'Darwin'
15 | #endif
16 |
17 | import Darwin
| `- error: no such module 'Darwin'
18 |
19 | // MARK: - ceiling / floor
[63/65] Compiling SwiftExtensions String and NSRegularExpression.swift
/host/spi-builder-workspace/.build/checkouts/swift-extensions/Sources/SwiftExtensions/Extensions/Darwin/FloatingPoint and Darwin.swift:17:8: error: no such module 'Darwin'
15 | #endif
16 |
17 | import Darwin
| `- error: no such module 'Darwin'
18 |
19 | // MARK: - ceiling / floor
[64/65] Compiling SwiftExtensions String and NumberFormatter.swift
/host/spi-builder-workspace/.build/checkouts/swift-extensions/Sources/SwiftExtensions/Extensions/Darwin/FloatingPoint and Darwin.swift:17:8: error: no such module 'Darwin'
15 | #endif
16 |
17 | import Darwin
| `- error: no such module 'Darwin'
18 |
19 | // MARK: - ceiling / floor
[65/65] Compiling SwiftExtensions TimeInterval.swift
/host/spi-builder-workspace/.build/checkouts/swift-extensions/Sources/SwiftExtensions/Extensions/Darwin/FloatingPoint and Darwin.swift:17:8: error: no such module 'Darwin'
15 | #endif
16 |
17 | import Darwin
| `- error: no such module 'Darwin'
18 |
19 | // MARK: - ceiling / floor
BUILD FAILURE 6.3 linux