The Swift Package Index logo.Swift Package Index

Build Information

Failed to build OperantKit, reference master (f5cf44), with Swift 6.4 for watchOS using Xcode 27.0 on 16 Sep 2026 00:31:52 UTC.

Build Command

env DEVELOPER_DIR=/Applications/Xcode-27.0.0-Release.Candidate.app xcrun xcodebuild -IDEClonedSourcePackagesDirPathOverride=$PWD/.dependencies -skipMacroValidation -skipPackagePluginValidation -derivedDataPath $PWD/.derivedData build -scheme OperantKit -destination generic/platform=watchOS

Build Log

SwiftCompile normal arm64_32 /Users/admin/builder/spi-builder-workspace/Sources/Domain/UseCases/RandomIntervalScheduleUseCase.swift (in target 'OperantKit' from project 'OperantKit')
    cd /Users/admin/builder/spi-builder-workspace/.swiftpm/xcode
    builtin-SwiftPerFileCompile RandomIntervalScheduleUseCase.swift
SwiftCompile normal arm64_32 /Users/admin/builder/spi-builder-workspace/Sources/Domain/UseCases/RandomRatioScheduleUseCase.swift (in target 'OperantKit' from project 'OperantKit')
    cd /Users/admin/builder/spi-builder-workspace/.swiftpm/xcode
    builtin-SwiftPerFileCompile RandomRatioScheduleUseCase.swift
SwiftCompile normal arm64_32 /Users/admin/builder/spi-builder-workspace/Sources/Domain/UseCases/RandomTimeScheduleUseCase.swift (in target 'OperantKit' from project 'OperantKit')
    cd /Users/admin/builder/spi-builder-workspace/.swiftpm/xcode
    builtin-SwiftPerFileCompile RandomTimeScheduleUseCase.swift
SwiftCompile normal arm64_32 /Users/admin/builder/spi-builder-workspace/Sources/Domain/UseCases/ScheduleUseCaseBase.swift (in target 'OperantKit' from project 'OperantKit')
    cd /Users/admin/builder/spi-builder-workspace/.swiftpm/xcode
    builtin-SwiftPerFileCompile ScheduleUseCaseBase.swift
SwiftCompile normal arm64_32 /Users/admin/builder/spi-builder-workspace/Sources/Domain/UseCases/StepTimerUseCaseTimerUseCase.swift (in target 'OperantKit' from project 'OperantKit')
    cd /Users/admin/builder/spi-builder-workspace/.swiftpm/xcode
    builtin-SwiftPerFileCompile StepTimerUseCaseTimerUseCase.swift
SwiftCompile normal arm64_32 /Users/admin/builder/spi-builder-workspace/Sources/Domain/UseCases/VariableIntervalScheduleUseCase.swift (in target 'OperantKit' from project 'OperantKit')
    cd /Users/admin/builder/spi-builder-workspace/.swiftpm/xcode
    builtin-SwiftPerFileCompile VariableIntervalScheduleUseCase.swift
SwiftCompile normal arm64_32 /Users/admin/builder/spi-builder-workspace/Sources/Domain/UseCases/VariableRatioScheduleUseCase.swift (in target 'OperantKit' from project 'OperantKit')
    cd /Users/admin/builder/spi-builder-workspace/.swiftpm/xcode
    builtin-SwiftPerFileCompile VariableRatioScheduleUseCase.swift
SwiftCompile normal arm64_32 /Users/admin/builder/spi-builder-workspace/Sources/Domain/UseCases/VariableTimeScheduleUseCase.swift (in target 'OperantKit' from project 'OperantKit')
    cd /Users/admin/builder/spi-builder-workspace/.swiftpm/xcode
    builtin-SwiftPerFileCompile VariableTimeScheduleUseCase.swift
SwiftCompile normal arm64_32 /Users/admin/builder/spi-builder-workspace/Sources/Domain/UseCases/WhileLoopTimerUseCase.swift (in target 'OperantKit' from project 'OperantKit')
    cd /Users/admin/builder/spi-builder-workspace/.swiftpm/xcode
    builtin-SwiftPerFileCompile WhileLoopTimerUseCase.swift
SwiftCompile normal arm64_32 Compiling\ CADisplayLinkTimerUseCase.swift,\ CVDisplayLinkTimerUseCase.swift,\ CompoundScheduleUseCaseBase.swift,\ ConcurrentScheduleUseCase.swift,\ DiscreteTrialUseCase.swift,\ ExtinctionScheduleUseCase.swift,\ FixedIntervalScheduleUseCase.swift,\ FixedRatioScheduleUseCase.swift,\ FixedTimeScheduleUseCase.swift /Users/admin/builder/spi-builder-workspace/Sources/Domain/UseCases/CADisplayLinkTimerUseCase.swift /Users/admin/builder/spi-builder-workspace/Sources/Domain/UseCases/CVDisplayLinkTimerUseCase.swift /Users/admin/builder/spi-builder-workspace/Sources/Domain/UseCases/CompoundScheduleUseCaseBase.swift /Users/admin/builder/spi-builder-workspace/Sources/Domain/UseCases/ConcurrentScheduleUseCase.swift /Users/admin/builder/spi-builder-workspace/Sources/Domain/UseCases/DiscreteTrialUseCase.swift /Users/admin/builder/spi-builder-workspace/Sources/Domain/UseCases/ExtinctionScheduleUseCase.swift /Users/admin/builder/spi-builder-workspace/Sources/Domain/UseCases/FixedIntervalScheduleUseCase.swift /Users/admin/builder/spi-builder-workspace/Sources/Domain/UseCases/FixedRatioScheduleUseCase.swift /Users/admin/builder/spi-builder-workspace/Sources/Domain/UseCases/FixedTimeScheduleUseCase.swift (in target 'OperantKit' from project 'OperantKit')
/Users/admin/builder/spi-builder-workspace/Sources/Application/Extensions/PrimitiveSequence+.swift:33:62: error: 'Element' is not a member type of generic struct 'RxSwift.PrimitiveSequence<Trait, Element>'
31 |      - returns: An observable sequence whose elements are the result of invoking the one-to-many transform function on each element of the input sequence.
32 |      */
33 |     func flatMap<O>(_ selector: @escaping (PrimitiveSequence.Element) throws -> O) -> RxSwift.Single<O.Element> where O : ObservableConvertibleType {
   |                                                              `- error: 'Element' is not a member type of generic struct 'RxSwift.PrimitiveSequence<Trait, Element>'
34 |         return asObservable().flatMap(selector).asSingle()
35 |     }
/Users/admin/builder/spi-builder-workspace/.dependencies/checkouts/RxSwift/Sources/RxSwift/PrimitiveSequence.swift:10:15: note: 'PrimitiveSequence' declared here
  8 |
  9 | /// Observable sequences containing 0 or 1 element.
 10 | public struct PrimitiveSequence<Trait, Element> {
    |               `- note: 'PrimitiveSequence' declared here
 11 |     let source: Observable<Element>
 12 |
/Users/admin/builder/spi-builder-workspace/Sources/Application/Extensions/PrimitiveSequence+.swift:33:104: error: 'Element' is not a member type of type 'O'
31 |      - returns: An observable sequence whose elements are the result of invoking the one-to-many transform function on each element of the input sequence.
32 |      */
33 |     func flatMap<O>(_ selector: @escaping (PrimitiveSequence.Element) throws -> O) -> RxSwift.Single<O.Element> where O : ObservableConvertibleType {
   |                                                                                                        `- error: 'Element' is not a member type of type 'O'
34 |         return asObservable().flatMap(selector).asSingle()
35 |     }
SwiftCompile normal arm64_32 /Users/admin/builder/spi-builder-workspace/Sources/Domain/UseCases/CADisplayLinkTimerUseCase.swift (in target 'OperantKit' from project 'OperantKit')
    cd /Users/admin/builder/spi-builder-workspace/.swiftpm/xcode
    builtin-SwiftPerFileCompile CADisplayLinkTimerUseCase.swift
SwiftCompile normal arm64_32 /Users/admin/builder/spi-builder-workspace/Sources/Domain/UseCases/CVDisplayLinkTimerUseCase.swift (in target 'OperantKit' from project 'OperantKit')
    cd /Users/admin/builder/spi-builder-workspace/.swiftpm/xcode
    builtin-SwiftPerFileCompile CVDisplayLinkTimerUseCase.swift
SwiftCompile normal arm64_32 /Users/admin/builder/spi-builder-workspace/Sources/Domain/UseCases/CompoundScheduleUseCaseBase.swift (in target 'OperantKit' from project 'OperantKit')
    cd /Users/admin/builder/spi-builder-workspace/.swiftpm/xcode
    builtin-SwiftPerFileCompile CompoundScheduleUseCaseBase.swift
SwiftCompile normal arm64_32 /Users/admin/builder/spi-builder-workspace/Sources/Domain/UseCases/ConcurrentScheduleUseCase.swift (in target 'OperantKit' from project 'OperantKit')
    cd /Users/admin/builder/spi-builder-workspace/.swiftpm/xcode
    builtin-SwiftPerFileCompile ConcurrentScheduleUseCase.swift
SwiftCompile normal arm64_32 /Users/admin/builder/spi-builder-workspace/Sources/Domain/UseCases/DiscreteTrialUseCase.swift (in target 'OperantKit' from project 'OperantKit')
    cd /Users/admin/builder/spi-builder-workspace/.swiftpm/xcode
    builtin-SwiftPerFileCompile DiscreteTrialUseCase.swift
SwiftCompile normal arm64_32 /Users/admin/builder/spi-builder-workspace/Sources/Domain/UseCases/ExtinctionScheduleUseCase.swift (in target 'OperantKit' from project 'OperantKit')
    cd /Users/admin/builder/spi-builder-workspace/.swiftpm/xcode
    builtin-SwiftPerFileCompile ExtinctionScheduleUseCase.swift
SwiftCompile normal arm64_32 /Users/admin/builder/spi-builder-workspace/Sources/Domain/UseCases/FixedIntervalScheduleUseCase.swift (in target 'OperantKit' from project 'OperantKit')
    cd /Users/admin/builder/spi-builder-workspace/.swiftpm/xcode
    builtin-SwiftPerFileCompile FixedIntervalScheduleUseCase.swift
SwiftCompile normal arm64_32 /Users/admin/builder/spi-builder-workspace/Sources/Domain/UseCases/FixedRatioScheduleUseCase.swift (in target 'OperantKit' from project 'OperantKit')
    cd /Users/admin/builder/spi-builder-workspace/.swiftpm/xcode
    builtin-SwiftPerFileCompile FixedRatioScheduleUseCase.swift
SwiftCompile normal arm64_32 /Users/admin/builder/spi-builder-workspace/Sources/Domain/UseCases/FixedTimeScheduleUseCase.swift (in target 'OperantKit' from project 'OperantKit')
    cd /Users/admin/builder/spi-builder-workspace/.swiftpm/xcode
    builtin-SwiftPerFileCompile FixedTimeScheduleUseCase.swift
SwiftDriverJobDiscovery normal arm64 Compiling RxTabBarControllerDelegateProxy.swift, RxTabBarDelegateProxy.swift, RxTableViewDataSourcePrefetchingProxy.swift, RxTableViewDataSourceProxy.swift, RxTableViewDataSourceType.swift, RxTableViewDelegateProxy.swift, RxTableViewReactiveArrayDataSource.swift, RxTarget.swift, RxTextStorageDelegateProxy.swift, RxTextViewDelegateProxy.swift, RxWebViewDelegateProxy.swift (in target 'RxCocoa' from project 'RxSwift')
SwiftCompile normal arm64_32 Compiling\ Times.swift,\ SessionEvents.swift,\ FleshlerHoffman.swift,\ CRF.swift,\ EXT.swift,\ FI.swift,\ FR.swift,\ FT.swift,\ RI.swift /Users/admin/builder/spi-builder-workspace/Sources/Application/Typealias/Times.swift /Users/admin/builder/spi-builder-workspace/Sources/Common/Events/SessionEvents.swift /Users/admin/builder/spi-builder-workspace/Sources/Common/Helpers/FleshlerHoffman.swift /Users/admin/builder/spi-builder-workspace/Sources/Common/Schedules/CRF.swift /Users/admin/builder/spi-builder-workspace/Sources/Common/Schedules/EXT.swift /Users/admin/builder/spi-builder-workspace/Sources/Common/Schedules/FI.swift /Users/admin/builder/spi-builder-workspace/Sources/Common/Schedules/FR.swift /Users/admin/builder/spi-builder-workspace/Sources/Common/Schedules/FT.swift /Users/admin/builder/spi-builder-workspace/Sources/Common/Schedules/RI.swift (in target 'OperantKit' from project 'OperantKit')
SwiftCompile normal arm64_32 /Users/admin/builder/spi-builder-workspace/Sources/Application/Typealias/Times.swift (in target 'OperantKit' from project 'OperantKit')
    cd /Users/admin/builder/spi-builder-workspace/.swiftpm/xcode
    builtin-SwiftPerFileCompile Times.swift
SwiftCompile normal arm64_32 /Users/admin/builder/spi-builder-workspace/Sources/Common/Events/SessionEvents.swift (in target 'OperantKit' from project 'OperantKit')
    cd /Users/admin/builder/spi-builder-workspace/.swiftpm/xcode
    builtin-SwiftPerFileCompile SessionEvents.swift
SwiftCompile normal arm64_32 /Users/admin/builder/spi-builder-workspace/Sources/Common/Helpers/FleshlerHoffman.swift (in target 'OperantKit' from project 'OperantKit')
    cd /Users/admin/builder/spi-builder-workspace/.swiftpm/xcode
    builtin-SwiftPerFileCompile FleshlerHoffman.swift
SwiftCompile normal arm64_32 /Users/admin/builder/spi-builder-workspace/Sources/Common/Schedules/CRF.swift (in target 'OperantKit' from project 'OperantKit')
    cd /Users/admin/builder/spi-builder-workspace/.swiftpm/xcode
    builtin-SwiftPerFileCompile CRF.swift
SwiftCompile normal arm64_32 /Users/admin/builder/spi-builder-workspace/Sources/Common/Schedules/EXT.swift (in target 'OperantKit' from project 'OperantKit')
    cd /Users/admin/builder/spi-builder-workspace/.swiftpm/xcode
    builtin-SwiftPerFileCompile EXT.swift
SwiftCompile normal arm64_32 /Users/admin/builder/spi-builder-workspace/Sources/Common/Schedules/FI.swift (in target 'OperantKit' from project 'OperantKit')
    cd /Users/admin/builder/spi-builder-workspace/.swiftpm/xcode
    builtin-SwiftPerFileCompile FI.swift
SwiftCompile normal arm64_32 /Users/admin/builder/spi-builder-workspace/Sources/Common/Schedules/FR.swift (in target 'OperantKit' from project 'OperantKit')
    cd /Users/admin/builder/spi-builder-workspace/.swiftpm/xcode
    builtin-SwiftPerFileCompile FR.swift
SwiftCompile normal arm64_32 /Users/admin/builder/spi-builder-workspace/Sources/Common/Schedules/FT.swift (in target 'OperantKit' from project 'OperantKit')
    cd /Users/admin/builder/spi-builder-workspace/.swiftpm/xcode
    builtin-SwiftPerFileCompile FT.swift
SwiftCompile normal arm64_32 /Users/admin/builder/spi-builder-workspace/Sources/Common/Schedules/RI.swift (in target 'OperantKit' from project 'OperantKit')
    cd /Users/admin/builder/spi-builder-workspace/.swiftpm/xcode
    builtin-SwiftPerFileCompile RI.swift
SwiftEmitModule normal arm64 Emitting\ module\ for\ OperantKit (in target 'OperantKit' from project 'OperantKit')
SwiftCompile normal arm64 (in target 'OperantKit' from project 'OperantKit')
    cd /Users/admin/builder/spi-builder-workspace/.swiftpm/xcode

SwiftCompile normal arm64 Compiling\ TimeUnit.swift,\ TrialState.swift,\ Observable+.swift,\ ObservableMilliseconds+.swift,\ ObservableType+.swift,\ PrimitiveSequence+.swift,\ PublishSubject+.swift,\ ResultEntity+Rx.swift,\ UIApplication+Rx.swift /Users/admin/builder/spi-builder-workspace/Sources/Application/Enums/TimeUnit.swift /Users/admin/builder/spi-builder-workspace/Sources/Application/Enums/TrialState.swift /Users/admin/builder/spi-builder-workspace/Sources/Application/Extensions/Observable+.swift /Users/admin/builder/spi-builder-workspace/Sources/Application/Extensions/ObservableMilliseconds+.swift /Users/admin/builder/spi-builder-workspace/Sources/Application/Extensions/ObservableType+.swift /Users/admin/builder/spi-builder-workspace/Sources/Application/Extensions/PrimitiveSequence+.swift /Users/admin/builder/spi-builder-workspace/Sources/Application/Extensions/PublishSubject+.swift /Users/admin/builder/spi-builder-workspace/Sources/Application/Extensions/ResultEntity+Rx.swift /Users/admin/builder/spi-builder-workspace/Sources/Application/Extensions/UIApplication+Rx.swift (in target 'OperantKit' from project 'OperantKit')
SwiftCompile normal arm64 /Users/admin/builder/spi-builder-workspace/Sources/Application/Enums/TimeUnit.swift (in target 'OperantKit' from project 'OperantKit')
    cd /Users/admin/builder/spi-builder-workspace/.swiftpm/xcode
    builtin-SwiftPerFileCompile TimeUnit.swift
SwiftCompile normal arm64 /Users/admin/builder/spi-builder-workspace/Sources/Application/Enums/TrialState.swift (in target 'OperantKit' from project 'OperantKit')
    cd /Users/admin/builder/spi-builder-workspace/.swiftpm/xcode
    builtin-SwiftPerFileCompile TrialState.swift
SwiftCompile normal arm64 /Users/admin/builder/spi-builder-workspace/Sources/Application/Extensions/Observable+.swift (in target 'OperantKit' from project 'OperantKit')
    cd /Users/admin/builder/spi-builder-workspace/.swiftpm/xcode
    builtin-SwiftPerFileCompile Observable+.swift
SwiftCompile normal arm64 /Users/admin/builder/spi-builder-workspace/Sources/Application/Extensions/ObservableMilliseconds+.swift (in target 'OperantKit' from project 'OperantKit')
    cd /Users/admin/builder/spi-builder-workspace/.swiftpm/xcode
    builtin-SwiftPerFileCompile ObservableMilliseconds+.swift
SwiftCompile normal arm64 /Users/admin/builder/spi-builder-workspace/Sources/Application/Extensions/ObservableType+.swift (in target 'OperantKit' from project 'OperantKit')
    cd /Users/admin/builder/spi-builder-workspace/.swiftpm/xcode
    builtin-SwiftPerFileCompile ObservableType+.swift
SwiftCompile normal arm64 /Users/admin/builder/spi-builder-workspace/Sources/Application/Extensions/PrimitiveSequence+.swift (in target 'OperantKit' from project 'OperantKit')
    cd /Users/admin/builder/spi-builder-workspace/.swiftpm/xcode
    builtin-SwiftPerFileCompile PrimitiveSequence+.swift
SwiftCompile normal arm64 /Users/admin/builder/spi-builder-workspace/Sources/Application/Extensions/PublishSubject+.swift (in target 'OperantKit' from project 'OperantKit')
    cd /Users/admin/builder/spi-builder-workspace/.swiftpm/xcode
    builtin-SwiftPerFileCompile PublishSubject+.swift
SwiftCompile normal arm64 /Users/admin/builder/spi-builder-workspace/Sources/Application/Extensions/ResultEntity+Rx.swift (in target 'OperantKit' from project 'OperantKit')
    cd /Users/admin/builder/spi-builder-workspace/.swiftpm/xcode
    builtin-SwiftPerFileCompile ResultEntity+Rx.swift
SwiftCompile normal arm64 /Users/admin/builder/spi-builder-workspace/Sources/Application/Extensions/UIApplication+Rx.swift (in target 'OperantKit' from project 'OperantKit')
    cd /Users/admin/builder/spi-builder-workspace/.swiftpm/xcode
    builtin-SwiftPerFileCompile UIApplication+Rx.swift
SwiftDriverJobDiscovery normal arm64 Compiling BehaviorRelay+Driver.swift, BehaviorRelay.swift, Binder.swift, ControlEvent+Driver.swift, ControlEvent+Signal.swift, ControlEvent.swift, ControlProperty+Driver.swift, ControlProperty.swift, ControlTarget.swift, DelegateProxy.swift, DelegateProxyType.swift (in target 'RxCocoa' from project 'RxSwift')
SwiftCompile normal arm64 Compiling\ RandomIntervalScheduleUseCase.swift,\ RandomRatioScheduleUseCase.swift,\ RandomTimeScheduleUseCase.swift,\ ScheduleUseCaseBase.swift,\ StepTimerUseCaseTimerUseCase.swift,\ VariableIntervalScheduleUseCase.swift,\ VariableRatioScheduleUseCase.swift,\ VariableTimeScheduleUseCase.swift,\ WhileLoopTimerUseCase.swift /Users/admin/builder/spi-builder-workspace/Sources/Domain/UseCases/RandomIntervalScheduleUseCase.swift /Users/admin/builder/spi-builder-workspace/Sources/Domain/UseCases/RandomRatioScheduleUseCase.swift /Users/admin/builder/spi-builder-workspace/Sources/Domain/UseCases/RandomTimeScheduleUseCase.swift /Users/admin/builder/spi-builder-workspace/Sources/Domain/UseCases/ScheduleUseCaseBase.swift /Users/admin/builder/spi-builder-workspace/Sources/Domain/UseCases/StepTimerUseCaseTimerUseCase.swift /Users/admin/builder/spi-builder-workspace/Sources/Domain/UseCases/VariableIntervalScheduleUseCase.swift /Users/admin/builder/spi-builder-workspace/Sources/Domain/UseCases/VariableRatioScheduleUseCase.swift /Users/admin/builder/spi-builder-workspace/Sources/Domain/UseCases/VariableTimeScheduleUseCase.swift /Users/admin/builder/spi-builder-workspace/Sources/Domain/UseCases/WhileLoopTimerUseCase.swift (in target 'OperantKit' from project 'OperantKit')
SwiftCompile normal arm64 /Users/admin/builder/spi-builder-workspace/Sources/Domain/UseCases/RandomIntervalScheduleUseCase.swift (in target 'OperantKit' from project 'OperantKit')
    cd /Users/admin/builder/spi-builder-workspace/.swiftpm/xcode
    builtin-SwiftPerFileCompile RandomIntervalScheduleUseCase.swift
SwiftCompile normal arm64 /Users/admin/builder/spi-builder-workspace/Sources/Domain/UseCases/RandomRatioScheduleUseCase.swift (in target 'OperantKit' from project 'OperantKit')
    cd /Users/admin/builder/spi-builder-workspace/.swiftpm/xcode
    builtin-SwiftPerFileCompile RandomRatioScheduleUseCase.swift
SwiftCompile normal arm64 /Users/admin/builder/spi-builder-workspace/Sources/Domain/UseCases/RandomTimeScheduleUseCase.swift (in target 'OperantKit' from project 'OperantKit')
    cd /Users/admin/builder/spi-builder-workspace/.swiftpm/xcode
    builtin-SwiftPerFileCompile RandomTimeScheduleUseCase.swift
SwiftCompile normal arm64 /Users/admin/builder/spi-builder-workspace/Sources/Domain/UseCases/ScheduleUseCaseBase.swift (in target 'OperantKit' from project 'OperantKit')
    cd /Users/admin/builder/spi-builder-workspace/.swiftpm/xcode
    builtin-SwiftPerFileCompile ScheduleUseCaseBase.swift
SwiftCompile normal arm64 /Users/admin/builder/spi-builder-workspace/Sources/Domain/UseCases/StepTimerUseCaseTimerUseCase.swift (in target 'OperantKit' from project 'OperantKit')
    cd /Users/admin/builder/spi-builder-workspace/.swiftpm/xcode
    builtin-SwiftPerFileCompile StepTimerUseCaseTimerUseCase.swift
SwiftCompile normal arm64 /Users/admin/builder/spi-builder-workspace/Sources/Domain/UseCases/VariableIntervalScheduleUseCase.swift (in target 'OperantKit' from project 'OperantKit')
    cd /Users/admin/builder/spi-builder-workspace/.swiftpm/xcode
    builtin-SwiftPerFileCompile VariableIntervalScheduleUseCase.swift
SwiftCompile normal arm64 /Users/admin/builder/spi-builder-workspace/Sources/Domain/UseCases/VariableRatioScheduleUseCase.swift (in target 'OperantKit' from project 'OperantKit')
    cd /Users/admin/builder/spi-builder-workspace/.swiftpm/xcode
    builtin-SwiftPerFileCompile VariableRatioScheduleUseCase.swift
SwiftCompile normal arm64 /Users/admin/builder/spi-builder-workspace/Sources/Domain/UseCases/VariableTimeScheduleUseCase.swift (in target 'OperantKit' from project 'OperantKit')
    cd /Users/admin/builder/spi-builder-workspace/.swiftpm/xcode
    builtin-SwiftPerFileCompile VariableTimeScheduleUseCase.swift
SwiftCompile normal arm64 /Users/admin/builder/spi-builder-workspace/Sources/Domain/UseCases/WhileLoopTimerUseCase.swift (in target 'OperantKit' from project 'OperantKit')
    cd /Users/admin/builder/spi-builder-workspace/.swiftpm/xcode
    builtin-SwiftPerFileCompile WhileLoopTimerUseCase.swift
/Users/admin/builder/spi-builder-workspace/Sources/Application/Extensions/PrimitiveSequence+.swift:21:59: error: 'Element' is not a member type of generic struct 'RxSwift.PrimitiveSequence<Trait, Element>'
19 |
20 |      */
21 |     func map<R>(_ transform: @escaping (PrimitiveSequence.Element) throws -> R) -> RxSwift.Single<R> {
   |                                                           `- error: 'Element' is not a member type of generic struct 'RxSwift.PrimitiveSequence<Trait, Element>'
22 |         return asObservable().map(transform).asSingle()
23 |     }
/Users/admin/builder/spi-builder-workspace/.dependencies/checkouts/RxSwift/Sources/RxSwift/PrimitiveSequence.swift:10:15: note: 'PrimitiveSequence' declared here
  8 |
  9 | /// Observable sequences containing 0 or 1 element.
 10 | public struct PrimitiveSequence<Trait, Element> {
    |               `- note: 'PrimitiveSequence' declared here
 11 |     let source: Observable<Element>
 12 |
/Users/admin/builder/spi-builder-workspace/Sources/Application/Extensions/PrimitiveSequence+.swift:33:62: error: 'Element' is not a member type of generic struct 'RxSwift.PrimitiveSequence<Trait, Element>'
31 |      - returns: An observable sequence whose elements are the result of invoking the one-to-many transform function on each element of the input sequence.
32 |      */
33 |     func flatMap<O>(_ selector: @escaping (PrimitiveSequence.Element) throws -> O) -> RxSwift.Single<O.Element> where O : ObservableConvertibleType {
   |                                                              `- error: 'Element' is not a member type of generic struct 'RxSwift.PrimitiveSequence<Trait, Element>'
34 |         return asObservable().flatMap(selector).asSingle()
35 |     }
/Users/admin/builder/spi-builder-workspace/.dependencies/checkouts/RxSwift/Sources/RxSwift/PrimitiveSequence.swift:10:15: note: 'PrimitiveSequence' declared here
  8 |
  9 | /// Observable sequences containing 0 or 1 element.
 10 | public struct PrimitiveSequence<Trait, Element> {
    |               `- note: 'PrimitiveSequence' declared here
 11 |     let source: Observable<Element>
 12 |
SwiftDriverJobDiscovery normal arm64_32 Compiling BehaviorRelay+Driver.swift, BehaviorRelay.swift, Binder.swift, ControlEvent+Driver.swift, ControlEvent+Signal.swift, ControlEvent.swift, ControlProperty+Driver.swift, ControlProperty.swift, ControlTarget.swift, DelegateProxy.swift, DelegateProxyType.swift (in target 'RxCocoa' from project 'RxSwift')
SwiftCompile normal arm64 Compiling\ RR.swift,\ RT.swift,\ VI.swift,\ VR.swift,\ VT.swift,\ DiscreteTrialDataStoreImpl.swift,\ ScheduleDataStore.swift,\ ConcurrentEntity.swift,\ ExperimentEntity.swift /Users/admin/builder/spi-builder-workspace/Sources/Common/Schedules/RR.swift /Users/admin/builder/spi-builder-workspace/Sources/Common/Schedules/RT.swift /Users/admin/builder/spi-builder-workspace/Sources/Common/Schedules/VI.swift /Users/admin/builder/spi-builder-workspace/Sources/Common/Schedules/VR.swift /Users/admin/builder/spi-builder-workspace/Sources/Common/Schedules/VT.swift /Users/admin/builder/spi-builder-workspace/Sources/Data/DataStores/DiscreteTrialDataStoreImpl.swift /Users/admin/builder/spi-builder-workspace/Sources/Data/DataStores/ScheduleDataStore.swift /Users/admin/builder/spi-builder-workspace/Sources/Data/Entities/ConcurrentEntity.swift /Users/admin/builder/spi-builder-workspace/Sources/Data/Entities/ExperimentEntity.swift (in target 'OperantKit' from project 'OperantKit')
SwiftCompile normal arm64 /Users/admin/builder/spi-builder-workspace/Sources/Common/Schedules/RR.swift (in target 'OperantKit' from project 'OperantKit')
    cd /Users/admin/builder/spi-builder-workspace/.swiftpm/xcode
    builtin-SwiftPerFileCompile RR.swift
SwiftCompile normal arm64 /Users/admin/builder/spi-builder-workspace/Sources/Common/Schedules/RT.swift (in target 'OperantKit' from project 'OperantKit')
    cd /Users/admin/builder/spi-builder-workspace/.swiftpm/xcode
    builtin-SwiftPerFileCompile RT.swift
SwiftCompile normal arm64 /Users/admin/builder/spi-builder-workspace/Sources/Common/Schedules/VI.swift (in target 'OperantKit' from project 'OperantKit')
    cd /Users/admin/builder/spi-builder-workspace/.swiftpm/xcode
    builtin-SwiftPerFileCompile VI.swift
SwiftCompile normal arm64 /Users/admin/builder/spi-builder-workspace/Sources/Common/Schedules/VR.swift (in target 'OperantKit' from project 'OperantKit')
    cd /Users/admin/builder/spi-builder-workspace/.swiftpm/xcode
    builtin-SwiftPerFileCompile VR.swift
SwiftCompile normal arm64 /Users/admin/builder/spi-builder-workspace/Sources/Common/Schedules/VT.swift (in target 'OperantKit' from project 'OperantKit')
    cd /Users/admin/builder/spi-builder-workspace/.swiftpm/xcode
    builtin-SwiftPerFileCompile VT.swift
SwiftCompile normal arm64 /Users/admin/builder/spi-builder-workspace/Sources/Data/DataStores/DiscreteTrialDataStoreImpl.swift (in target 'OperantKit' from project 'OperantKit')
    cd /Users/admin/builder/spi-builder-workspace/.swiftpm/xcode
    builtin-SwiftPerFileCompile DiscreteTrialDataStoreImpl.swift
SwiftCompile normal arm64 /Users/admin/builder/spi-builder-workspace/Sources/Data/DataStores/ScheduleDataStore.swift (in target 'OperantKit' from project 'OperantKit')
    cd /Users/admin/builder/spi-builder-workspace/.swiftpm/xcode
    builtin-SwiftPerFileCompile ScheduleDataStore.swift
SwiftCompile normal arm64 /Users/admin/builder/spi-builder-workspace/Sources/Data/Entities/ConcurrentEntity.swift (in target 'OperantKit' from project 'OperantKit')
    cd /Users/admin/builder/spi-builder-workspace/.swiftpm/xcode
    builtin-SwiftPerFileCompile ConcurrentEntity.swift
SwiftCompile normal arm64 /Users/admin/builder/spi-builder-workspace/Sources/Data/Entities/ExperimentEntity.swift (in target 'OperantKit' from project 'OperantKit')
    cd /Users/admin/builder/spi-builder-workspace/.swiftpm/xcode
    builtin-SwiftPerFileCompile ExperimentEntity.swift
SwiftDriverJobDiscovery normal arm64_32 Compiling NSControl+Rx.swift, NSImageView+Rx.swift, NSLayoutConstraint+Rx.swift, NSObject+Rx+KVORepresentable.swift, NSObject+Rx+RawRepresentable.swift, NSObject+Rx.swift, NSSlider+Rx.swift, NSTextField+Rx.swift, NSTextStorage+Rx.swift, NSTextView+Rx.swift, NSView+Rx.swift (in target 'RxCocoa' from project 'RxSwift')
SwiftCompile normal arm64_32 Compiling\ RR.swift,\ RT.swift,\ VI.swift,\ VR.swift,\ VT.swift,\ DiscreteTrialDataStoreImpl.swift,\ ScheduleDataStore.swift,\ ConcurrentEntity.swift,\ ExperimentEntity.swift /Users/admin/builder/spi-builder-workspace/Sources/Common/Schedules/RR.swift /Users/admin/builder/spi-builder-workspace/Sources/Common/Schedules/RT.swift /Users/admin/builder/spi-builder-workspace/Sources/Common/Schedules/VI.swift /Users/admin/builder/spi-builder-workspace/Sources/Common/Schedules/VR.swift /Users/admin/builder/spi-builder-workspace/Sources/Common/Schedules/VT.swift /Users/admin/builder/spi-builder-workspace/Sources/Data/DataStores/DiscreteTrialDataStoreImpl.swift /Users/admin/builder/spi-builder-workspace/Sources/Data/DataStores/ScheduleDataStore.swift /Users/admin/builder/spi-builder-workspace/Sources/Data/Entities/ConcurrentEntity.swift /Users/admin/builder/spi-builder-workspace/Sources/Data/Entities/ExperimentEntity.swift (in target 'OperantKit' from project 'OperantKit')
SwiftCompile normal arm64_32 /Users/admin/builder/spi-builder-workspace/Sources/Common/Schedules/RR.swift (in target 'OperantKit' from project 'OperantKit')
    cd /Users/admin/builder/spi-builder-workspace/.swiftpm/xcode
    builtin-SwiftPerFileCompile RR.swift
SwiftCompile normal arm64_32 /Users/admin/builder/spi-builder-workspace/Sources/Common/Schedules/RT.swift (in target 'OperantKit' from project 'OperantKit')
    cd /Users/admin/builder/spi-builder-workspace/.swiftpm/xcode
    builtin-SwiftPerFileCompile RT.swift
SwiftCompile normal arm64_32 /Users/admin/builder/spi-builder-workspace/Sources/Common/Schedules/VI.swift (in target 'OperantKit' from project 'OperantKit')
    cd /Users/admin/builder/spi-builder-workspace/.swiftpm/xcode
    builtin-SwiftPerFileCompile VI.swift
SwiftCompile normal arm64_32 /Users/admin/builder/spi-builder-workspace/Sources/Common/Schedules/VR.swift (in target 'OperantKit' from project 'OperantKit')
    cd /Users/admin/builder/spi-builder-workspace/.swiftpm/xcode
    builtin-SwiftPerFileCompile VR.swift
SwiftCompile normal arm64_32 /Users/admin/builder/spi-builder-workspace/Sources/Common/Schedules/VT.swift (in target 'OperantKit' from project 'OperantKit')
    cd /Users/admin/builder/spi-builder-workspace/.swiftpm/xcode
    builtin-SwiftPerFileCompile VT.swift
SwiftCompile normal arm64_32 /Users/admin/builder/spi-builder-workspace/Sources/Data/DataStores/DiscreteTrialDataStoreImpl.swift (in target 'OperantKit' from project 'OperantKit')
    cd /Users/admin/builder/spi-builder-workspace/.swiftpm/xcode
    builtin-SwiftPerFileCompile DiscreteTrialDataStoreImpl.swift
SwiftCompile normal arm64_32 /Users/admin/builder/spi-builder-workspace/Sources/Data/DataStores/ScheduleDataStore.swift (in target 'OperantKit' from project 'OperantKit')
    cd /Users/admin/builder/spi-builder-workspace/.swiftpm/xcode
    builtin-SwiftPerFileCompile ScheduleDataStore.swift
SwiftCompile normal arm64_32 /Users/admin/builder/spi-builder-workspace/Sources/Data/Entities/ConcurrentEntity.swift (in target 'OperantKit' from project 'OperantKit')
    cd /Users/admin/builder/spi-builder-workspace/.swiftpm/xcode
    builtin-SwiftPerFileCompile ConcurrentEntity.swift
SwiftCompile normal arm64_32 /Users/admin/builder/spi-builder-workspace/Sources/Data/Entities/ExperimentEntity.swift (in target 'OperantKit' from project 'OperantKit')
    cd /Users/admin/builder/spi-builder-workspace/.swiftpm/xcode
    builtin-SwiftPerFileCompile ExperimentEntity.swift
SwiftDriverJobDiscovery normal arm64 Compiling NSControl+Rx.swift, NSImageView+Rx.swift, NSLayoutConstraint+Rx.swift, NSObject+Rx+KVORepresentable.swift, NSObject+Rx+RawRepresentable.swift, NSObject+Rx.swift, NSSlider+Rx.swift, NSTextField+Rx.swift, NSTextStorage+Rx.swift, NSTextView+Rx.swift, NSView+Rx.swift (in target 'RxCocoa' from project 'RxSwift')
SwiftDriver\ Compilation RxCocoa normal arm64_32 com.apple.xcode.tools.swift.compiler (in target 'RxCocoa' from project 'RxSwift')
    cd /Users/admin/builder/spi-builder-workspace/.swiftpm/xcode
    builtin-Swift-Compilation -- /Applications/Xcode-27.0.0-Release.Candidate.app/Contents/Developer/Toolchains/XcodeDefault.xctoolchain/usr/bin/swiftc -parse-as-library -module-name RxCocoa -Onone @/Users/admin/builder/spi-builder-workspace/.derivedData/Build/Intermediates.noindex/RxSwift.build/Debug-watchos/RxCocoa-t.build/Objects-normal/arm64_32/RxCocoa.SwiftFileList -DSWIFT_PACKAGE -DDEBUG -DSWIFT_MODULE_RESOURCE_BUNDLE_UNAVAILABLE -Xcc -fmodule-map-file\=/Users/admin/builder/spi-builder-workspace/.derivedData/Build/Intermediates.noindex/GeneratedModuleMaps-watchos/RxCocoaRuntime.modulemap -Xcc -fmodule-map-file\=/Users/admin/builder/spi-builder-workspace/.derivedData/Build/Intermediates.noindex/GeneratedModuleMaps-watchos/RxAtomic.modulemap -DXcode -plugin-path /Applications/Xcode-27.0.0-Release.Candidate.app/Contents/Developer/Toolchains/XcodeDefault.xctoolchain/usr/lib/swift/host/plugins/testing -enable-experimental-feature DebugDescriptionMacro -sdk /Applications/Xcode-27.0.0-Release.Candidate.app/Contents/Developer/Platforms/WatchOS.platform/Developer/SDKs/WatchOS27.0.sdk -target arm64_32-apple-watchos9.0 -g -module-cache-path /Users/admin/builder/spi-builder-workspace/.derivedData/ModuleCache.noindex -Xfrontend -serialize-debugging-options -profile-coverage-mapping -profile-generate -enable-testing -suppress-warnings -index-store-path /Users/admin/builder/spi-builder-workspace/.derivedData/Index.noindex/DataStore -Xcc -D_LIBCPP_HARDENING_MODE\=_LIBCPP_HARDENING_MODE_DEBUG -swift-version 4 -I /Users/admin/builder/spi-builder-workspace/.derivedData/Build/Products/Debug-watchos -Isystem /Applications/Xcode-27.0.0-Release.Candidate.app/Contents/Developer/Platforms/WatchOS.platform/Developer/usr/lib -F /Users/admin/builder/spi-builder-workspace/.derivedData/Build/Products/Debug-watchos/PackageFrameworks -F /Users/admin/builder/spi-builder-workspace/.derivedData/Build/Products/Debug-watchos -F /Applications/Xcode-27.0.0-Release.Candidate.app/Contents/Developer/Platforms/WatchOS.platform/Developer/Library/Frameworks -F /Applications/Xcode-27.0.0-Release.Candidate.app/Contents/Developer/Platforms/WatchOS.platform/Developer/SDKs/WatchOS27.0.sdk/Developer/Library/Frameworks -c -j10 -enable-batch-mode -incremental -Xcc -ivfsstatcache -Xcc /Users/admin/builder/spi-builder-workspace/.derivedData/SDKStatCaches.noindex/watchos27.0-24R360-e829b21a6f8c9b70876ba0858053c04477534ef55a1706bf4c1112bbb242f0a2.sdkstatcache -output-file-map /Users/admin/builder/spi-builder-workspace/.derivedData/Build/Intermediates.noindex/RxSwift.build/Debug-watchos/RxCocoa-t.build/Objects-normal/arm64_32/RxCocoa-OutputFileMap.json -save-temps -no-color-diagnostics -emit-dependencies -emit-module -emit-module-path /Users/admin/builder/spi-builder-workspace/.derivedData/Build/Intermediates.noindex/RxSwift.build/Debug-watchos/RxCocoa-t.build/Objects-normal/arm64_32/RxCocoa.swiftmodule -serialize-diagnostics -validate-clang-modules-once -clang-build-session-file /Users/admin/builder/spi-builder-workspace/.derivedData/ModuleCache.noindex/Session.modulevalidation -Xcc -fmodules-prune-interval\=86400 -Xcc -fmodules-prune-after\=345600 -emit-const-values -const-gather-protocols-list /Users/admin/builder/spi-builder-workspace/.derivedData/Build/Intermediates.noindex/RxSwift.build/Debug-watchos/RxCocoa-t.build/Objects-normal/arm64_32/RxCocoa_const_extract_protocols.json -Xcc -I/Users/admin/builder/spi-builder-workspace/.dependencies/checkouts/RxSwift/Sources/RxCocoaRuntime/include -Xcc -I/Users/admin/builder/spi-builder-workspace/.dependencies/checkouts/RxSwift/Sources/RxAtomic/include -Xcc -I/Users/admin/builder/spi-builder-workspace/.derivedData/Build/Products/Debug-watchos/include -Xcc -I/Users/admin/builder/spi-builder-workspace/.derivedData/Build/Intermediates.noindex/RxSwift.build/Debug-watchos/RxCocoa-t.build/DerivedSources-normal/arm64_32 -Xcc -I/Users/admin/builder/spi-builder-workspace/.derivedData/Build/Intermediates.noindex/RxSwift.build/Debug-watchos/RxCocoa-t.build/DerivedSources/arm64_32 -Xcc -I/Users/admin/builder/spi-builder-workspace/.derivedData/Build/Intermediates.noindex/RxSwift.build/Debug-watchos/RxCocoa-t.build/DerivedSources -Xcc -DSWIFT_PACKAGE -Xcc -DDEBUG\=1 -emit-objc-header -emit-objc-header-path /Users/admin/builder/spi-builder-workspace/.derivedData/Build/Intermediates.noindex/RxSwift.build/Debug-watchos/RxCocoa-t.build/Objects-normal/arm64_32/RxCocoa-Swift.h -working-directory /Users/admin/builder/spi-builder-workspace/.swiftpm/xcode -experimental-emit-module-separately -disable-cmo
PruneExplicitPrecompiledModules /Users/admin/builder/spi-builder-workspace/.derivedData/Build/Intermediates.noindex/ExplicitPrecompiledModules
PruneExplicitPrecompiledModules /Users/admin/builder/spi-builder-workspace/.derivedData/Build/Intermediates.noindex/SwiftExplicitPrecompiledModules
PruneExplicitPrecompiledModules /Users/admin/builder/spi-builder-workspace/.derivedData/SDKExplicitPrecompiledModules
2026-09-15 20:31:33.284 xcodebuild[727:4742] [MT] IDERunDestination: Supported platforms for the buildables in the current scheme is empty.
** BUILD FAILED **
The following build commands failed:
	SwiftCompile normal arm64_32 Compiling\ RandomIntervalScheduleUseCase.swift,\ RandomRatioScheduleUseCase.swift,\ RandomTimeScheduleUseCase.swift,\ ScheduleUseCaseBase.swift,\ StepTimerUseCaseTimerUseCase.swift,\ VariableIntervalScheduleUseCase.swift,\ VariableRatioScheduleUseCase.swift,\ VariableTimeScheduleUseCase.swift,\ WhileLoopTimerUseCase.swift /Users/admin/builder/spi-builder-workspace/Sources/Domain/UseCases/RandomIntervalScheduleUseCase.swift /Users/admin/builder/spi-builder-workspace/Sources/Domain/UseCases/RandomRatioScheduleUseCase.swift /Users/admin/builder/spi-builder-workspace/Sources/Domain/UseCases/RandomTimeScheduleUseCase.swift /Users/admin/builder/spi-builder-workspace/Sources/Domain/UseCases/ScheduleUseCaseBase.swift /Users/admin/builder/spi-builder-workspace/Sources/Domain/UseCases/StepTimerUseCaseTimerUseCase.swift /Users/admin/builder/spi-builder-workspace/Sources/Domain/UseCases/VariableIntervalScheduleUseCase.swift /Users/admin/builder/spi-builder-workspace/Sources/Domain/UseCases/VariableRatioScheduleUseCase.swift /Users/admin/builder/spi-builder-workspace/Sources/Domain/UseCases/VariableTimeScheduleUseCase.swift /Users/admin/builder/spi-builder-workspace/Sources/Domain/UseCases/WhileLoopTimerUseCase.swift (in target 'OperantKit' from project 'OperantKit')
	SwiftCompile normal arm64_32 /Users/admin/builder/spi-builder-workspace/Sources/Domain/UseCases/RandomIntervalScheduleUseCase.swift (in target 'OperantKit' from project 'OperantKit')
	SwiftCompile normal arm64_32 /Users/admin/builder/spi-builder-workspace/Sources/Domain/UseCases/ScheduleUseCaseBase.swift (in target 'OperantKit' from project 'OperantKit')
	Building workspace OperantKit with scheme OperantKit
(4 failures)
Command line invocation:
    /Applications/Xcode-27.0.0-Release.Candidate.app/Contents/Developer/usr/bin/xcodebuild -IDEClonedSourcePackagesDirPathOverride=/Users/admin/builder/spi-builder-workspace/.dependencies -resolvePackageDependencies
Resolve Package Graph
Resolved source packages:
  OperantKit: /Users/admin/builder/spi-builder-workspace
  RxSwift: https://github.com/ReactiveX/RxSwift.git @ 4.5.0
resolved source packages: OperantKit, RxSwift
2026-09-15 20:31:48.038 xcodebuild[879:6021] [MT] IDERunDestination: Supported platforms for the buildables in the current scheme is empty.
{
  "dependencies" : [
    {
      "identity" : "rxswift",
      "requirement" : {
        "range" : [
          {
            "lower_bound" : "4.0.0",
            "upper_bound" : "5.0.0"
          }
        ]
      },
      "type" : "sourceControl",
      "url" : "https://github.com/ReactiveX/RxSwift.git"
    }
  ],
  "manifest_display_name" : "OperantKit",
  "name" : "OperantKit",
  "path" : "/Users/admin/builder/spi-builder-workspace",
  "platforms" : [
  ],
  "products" : [
    {
      "name" : "OperantKit",
      "targets" : [
        "OperantKit"
      ],
      "type" : {
        "library" : [
          "automatic"
        ]
      }
    }
  ],
  "targets" : [
    {
      "c99name" : "OperantKitTests",
      "module_type" : "SwiftTarget",
      "name" : "OperantKitTests",
      "path" : "Tests",
      "product_dependencies" : [
        "RxTest"
      ],
      "sources" : [
        "FleshlerHoffmanTests.swift",
        "Helpers/Helper.swift",
        "OperantKitTests.swift",
        "RxTests/ObservableTypeTests.swift",
        "ScheduleTests/AlternativeScheduleUseCaseTests.swift",
        "ScheduleTests/ConcurrentScheduleUseCaseTests.swift",
        "ScheduleTests/DiscreteTrialUseCaseTests.swift",
        "ScheduleTests/ExtinctionScheduleTests.swift",
        "ScheduleTests/FixedIntervalScheduleTests.swift",
        "ScheduleTests/FixedRatioScheduleTests.swift",
        "ScheduleTests/FixedTimeScheduleTests.swift",
        "ScheduleTests/RandomIntervalSchedule.swift",
        "ScheduleTests/RandomRatioScheduleTests.swift",
        "ScheduleTests/RandomTimeScheduleTests.swift",
        "ScheduleTests/VariableIntervalScheduleTests.swift",
        "ScheduleTests/VariableRatioScheduleTests.swift",
        "ScheduleTests/VariableTimeScheduleTests.swift",
        "ScheduleTypeTests.swift"
      ],
      "target_dependencies" : [
        "OperantKit"
      ],
      "type" : "test"
    },
    {
      "c99name" : "OperantKit",
      "module_type" : "SwiftTarget",
      "name" : "OperantKit",
      "path" : "Sources",
      "product_dependencies" : [
        "RxSwift",
        "RxCocoa"
      ],
      "product_memberships" : [
        "OperantKit"
      ],
      "sources" : [
        "Application/Builders/ScheduleBuilder.swift",
        "Application/Enums/ExitCondition.swift",
        "Application/Enums/ExperimentType.swift",
        "Application/Enums/Parameter.swift",
        "Application/Enums/ParameterType.swift",
        "Application/Enums/PostpositionSchedule.swift",
        "Application/Enums/PrepositionSchedule.swift",
        "Application/Enums/Priority.swift",
        "Application/Enums/ScheduleType.swift",
        "Application/Enums/TimeUnit.swift",
        "Application/Enums/TrialState.swift",
        "Application/Extensions/Observable+.swift",
        "Application/Extensions/ObservableMilliseconds+.swift",
        "Application/Extensions/ObservableType+.swift",
        "Application/Extensions/PrimitiveSequence+.swift",
        "Application/Extensions/PublishSubject+.swift",
        "Application/Extensions/ResultEntity+Rx.swift",
        "Application/Extensions/UIApplication+Rx.swift",
        "Application/Extensions/UIViewController+Rx.swift",
        "Application/Extensions/UInt64+.swift",
        "Application/Helpers/Matrix.swift",
        "Application/Helpers/Shared.swift",
        "Application/Helpers/TimeHelper.swift",
        "Application/Protocols/Chainable.swift",
        "Application/Protocols/Concurrentable.swift",
        "Application/Protocols/Continuable.swift",
        "Application/Protocols/DiscreteTrialParameter.swift",
        "Application/Protocols/DiscreteTrialRecordable.swift",
        "Application/Protocols/DiscreteTrialRepository.swift",
        "Application/Protocols/Discreteable.swift",
        "Application/Protocols/Discriminateable.swift",
        "Application/Protocols/Loggable.swift",
        "Application/Protocols/Reinforceable.swift",
        "Application/Protocols/ResponseRecordable.swift",
        "Application/Protocols/Responsible.swift",
        "Application/Protocols/ScheduleParameter.swift",
        "Application/Protocols/ScheduleParameterable.swift",
        "Application/Protocols/ScheduleRecordable.swift",
        "Application/Protocols/ScheduleRepository.swift",
        "Application/Protocols/ScheduleUseCase.swift",
        "Application/Protocols/TimeUnitable.swift",
        "Application/Protocols/TimerUseCase.swift",
        "Application/Protocols/TrialParameter.swift",
        "Application/Protocols/TrialRecordable.swift",
        "Application/Typealias/DecisionSchedule.swift",
        "Application/Typealias/Times.swift",
        "Common/Events/SessionEvents.swift",
        "Common/Helpers/FleshlerHoffman.swift",
        "Common/Schedules/CRF.swift",
        "Common/Schedules/EXT.swift",
        "Common/Schedules/FI.swift",
        "Common/Schedules/FR.swift",
        "Common/Schedules/FT.swift",
        "Common/Schedules/RI.swift",
        "Common/Schedules/RR.swift",
        "Common/Schedules/RT.swift",
        "Common/Schedules/VI.swift",
        "Common/Schedules/VR.swift",
        "Common/Schedules/VT.swift",
        "Data/DataStores/DiscreteTrialDataStoreImpl.swift",
        "Data/DataStores/ScheduleDataStore.swift",
        "Data/Entities/ConcurrentEntity.swift",
        "Data/Entities/ExperimentEntity.swift",
        "Data/Entities/FixedEntity.swift",
        "Data/Entities/RandomEntity.swift",
        "Data/Entities/ResponseEntity.swift",
        "Data/Entities/ResultEntity.swift",
        "Data/Entities/ScheduleRecordEntity.swift",
        "Data/Entities/VariableEntity.swift",
        "Data/Repositories/DiscreteTrialRepositoryImpl.swift",
        "Data/Repositories/ScheduleRespositoryImpl.swift",
        "Domain/UseCases/AlternativeScheduleUseCase.swift",
        "Domain/UseCases/CADisplayLinkTimerUseCase.swift",
        "Domain/UseCases/CVDisplayLinkTimerUseCase.swift",
        "Domain/UseCases/CompoundScheduleUseCaseBase.swift",
        "Domain/UseCases/ConcurrentScheduleUseCase.swift",
        "Domain/UseCases/DiscreteTrialUseCase.swift",
        "Domain/UseCases/ExtinctionScheduleUseCase.swift",
        "Domain/UseCases/FixedIntervalScheduleUseCase.swift",
        "Domain/UseCases/FixedRatioScheduleUseCase.swift",
        "Domain/UseCases/FixedTimeScheduleUseCase.swift",
        "Domain/UseCases/RandomIntervalScheduleUseCase.swift",
        "Domain/UseCases/RandomRatioScheduleUseCase.swift",
        "Domain/UseCases/RandomTimeScheduleUseCase.swift",
        "Domain/UseCases/ScheduleUseCaseBase.swift",
        "Domain/UseCases/StepTimerUseCaseTimerUseCase.swift",
        "Domain/UseCases/VariableIntervalScheduleUseCase.swift",
        "Domain/UseCases/VariableRatioScheduleUseCase.swift",
        "Domain/UseCases/VariableTimeScheduleUseCase.swift",
        "Domain/UseCases/WhileLoopTimerUseCase.swift"
      ],
      "type" : "library"
    }
  ],
  "tools_version" : "4.2"
}
{
  "workspace" : {
    "name" : "OperantKit",
    "schemes" : [
      "OperantKit"
    ]
  }
}
2026-09-15 20:31:49.486 xcodebuild[887:6094] [MT] IDERunDestination: Supported platforms for the buildables in the current scheme is empty.
Running build ...
env DEVELOPER_DIR=/Applications/Xcode-27.0.0-Release.Candidate.app xcrun xcodebuild -IDEClonedSourcePackagesDirPathOverride=$PWD/.dependencies -skipMacroValidation -skipPackagePluginValidation -derivedDataPath $PWD/.derivedData build -scheme OperantKit -destination generic/platform=watchOS
Command line invocation:
    /Applications/Xcode-27.0.0-Release.Candidate.app/Contents/Developer/usr/bin/xcodebuild -IDEClonedSourcePackagesDirPathOverride=/Users/admin/builder/spi-builder-workspace/.dependencies -skipMacroValidation -skipPackagePluginValidation -derivedDataPath /Users/admin/builder/spi-builder-workspace/.derivedData build -scheme OperantKit -destination generic/platform=watchOS
Resolve Package Graph
Resolved source packages:
  OperantKit: /Users/admin/builder/spi-builder-workspace
  RxSwift: https://github.com/ReactiveX/RxSwift.git @ 4.5.0
ComputePackagePrebuildTargetDependencyGraph
Prepare packages
CreateBuildRequest
SendProjectDescription
CreateBuildOperation
ComputeTargetDependencyGraph
note: Building targets in dependency order
note: Target dependency graph (8 targets)
    Target 'OperantKit-product' in project 'OperantKit'
        ➜ Explicit dependency on target 'OperantKit' in project 'OperantKit'
        ➜ Explicit dependency on target 'RxSwift-product' in project 'RxSwift'
        ➜ Explicit dependency on target 'RxCocoa-product' in project 'RxSwift'
    Target 'OperantKit' in project 'OperantKit'
        ➜ Explicit dependency on target 'RxSwift-product' in project 'RxSwift'
        ➜ Explicit dependency on target 'RxCocoa-product' in project 'RxSwift'
    Target 'RxCocoa-product' in project 'RxSwift'
        ➜ Explicit dependency on target 'RxCocoa' in project 'RxSwift'
        ➜ Explicit dependency on target 'RxAtomic' in project 'RxSwift'
        ➜ Explicit dependency on target 'RxSwift' in project 'RxSwift'
        ➜ Explicit dependency on target 'RxCocoaRuntime' in project 'RxSwift'
    Target 'RxCocoa' in project 'RxSwift'
        ➜ Explicit dependency on target 'RxAtomic' in project 'RxSwift'
        ➜ Explicit dependency on target 'RxSwift' in project 'RxSwift'
        ➜ Explicit dependency on target 'RxCocoaRuntime' in project 'RxSwift'
    Target 'RxCocoaRuntime' in project 'RxSwift'
        ➜ Explicit dependency on target 'RxAtomic' in project 'RxSwift'
        ➜ Explicit dependency on target 'RxSwift' in project 'RxSwift'
    Target 'RxSwift-product' in project 'RxSwift'
        ➜ Explicit dependency on target 'RxSwift' in project 'RxSwift'
        ➜ Explicit dependency on target 'RxAtomic' in project 'RxSwift'
    Target 'RxSwift' in project 'RxSwift'
        ➜ Explicit dependency on target 'RxAtomic' in project 'RxSwift'
    Target 'RxAtomic' in project 'RxSwift' (no dependencies)
GatherProvisioningInputs
CreateBuildDescription
ClangStatCache /Applications/Xcode-27.0.0-Release.Candidate.app/Contents/Developer/Toolchains/XcodeDefault.xctoolchain/usr/bin/clang-stat-cache /Applications/Xcode-27.0.0-Release.Candidate.app/Contents/Developer/Platforms/WatchOS.platform/Developer/SDKs/WatchOS27.0.sdk /Users/admin/builder/spi-builder-workspace/.derivedData/SDKStatCaches.noindex/watchos27.0-24R360-e829b21a6f8c9b70876ba0858053c04477534ef55a1706bf4c1112bbb242f0a2.sdkstatcache
    cd /Users/admin/builder/spi-builder-workspace/.swiftpm/xcode
    /Applications/Xcode-27.0.0-Release.Candidate.app/Contents/Developer/Toolchains/XcodeDefault.xctoolchain/usr/bin/clang-stat-cache /Applications/Xcode-27.0.0-Release.Candidate.app/Contents/Developer/Platforms/WatchOS.platform/Developer/SDKs/WatchOS27.0.sdk -o /Users/admin/builder/spi-builder-workspace/.derivedData/SDKStatCaches.noindex/watchos27.0-24R360-e829b21a6f8c9b70876ba0858053c04477534ef55a1706bf4c1112bbb242f0a2.sdkstatcache
SwiftDriver RxCocoa normal arm64_32 com.apple.xcode.tools.swift.compiler (in target 'RxCocoa' from project 'RxSwift')
    cd /Users/admin/builder/spi-builder-workspace/.swiftpm/xcode
    builtin-SwiftDriver -- /Applications/Xcode-27.0.0-Release.Candidate.app/Contents/Developer/Toolchains/XcodeDefault.xctoolchain/usr/bin/swiftc -parse-as-library -module-name RxCocoa -Onone @/Users/admin/builder/spi-builder-workspace/.derivedData/Build/Intermediates.noindex/RxSwift.build/Debug-watchos/RxCocoa-t.build/Objects-normal/arm64_32/RxCocoa.SwiftFileList -DSWIFT_PACKAGE -DDEBUG -DSWIFT_MODULE_RESOURCE_BUNDLE_UNAVAILABLE -Xcc -fmodule-map-file\=/Users/admin/builder/spi-builder-workspace/.derivedData/Build/Intermediates.noindex/GeneratedModuleMaps-watchos/RxCocoaRuntime.modulemap -Xcc -fmodule-map-file\=/Users/admin/builder/spi-builder-workspace/.derivedData/Build/Intermediates.noindex/GeneratedModuleMaps-watchos/RxAtomic.modulemap -DXcode -plugin-path /Applications/Xcode-27.0.0-Release.Candidate.app/Contents/Developer/Toolchains/XcodeDefault.xctoolchain/usr/lib/swift/host/plugins/testing -enable-experimental-feature DebugDescriptionMacro -sdk /Applications/Xcode-27.0.0-Release.Candidate.app/Contents/Developer/Platforms/WatchOS.platform/Developer/SDKs/WatchOS27.0.sdk -target arm64_32-apple-watchos9.0 -g -module-cache-path /Users/admin/builder/spi-builder-workspace/.derivedData/ModuleCache.noindex -Xfrontend -serialize-debugging-options -profile-coverage-mapping -profile-generate -enable-testing -suppress-warnings -index-store-path /Users/admin/builder/spi-builder-workspace/.derivedData/Index.noindex/DataStore -Xcc -D_LIBCPP_HARDENING_MODE\=_LIBCPP_HARDENING_MODE_DEBUG -swift-version 4 -I /Users/admin/builder/spi-builder-workspace/.derivedData/Build/Products/Debug-watchos -Isystem /Applications/Xcode-27.0.0-Release.Candidate.app/Contents/Developer/Platforms/WatchOS.platform/Developer/usr/lib -F /Users/admin/builder/spi-builder-workspace/.derivedData/Build/Products/Debug-watchos/PackageFrameworks -F /Users/admin/builder/spi-builder-workspace/.derivedData/Build/Products/Debug-watchos -F /Applications/Xcode-27.0.0-Release.Candidate.app/Contents/Developer/Platforms/WatchOS.platform/Developer/Library/Frameworks -F /Applications/Xcode-27.0.0-Release.Candidate.app/Contents/Developer/Platforms/WatchOS.platform/Developer/SDKs/WatchOS27.0.sdk/Developer/Library/Frameworks -c -j10 -enable-batch-mode -incremental -Xcc -ivfsstatcache -Xcc /Users/admin/builder/spi-builder-workspace/.derivedData/SDKStatCaches.noindex/watchos27.0-24R360-e829b21a6f8c9b70876ba0858053c04477534ef55a1706bf4c1112bbb242f0a2.sdkstatcache -output-file-map /Users/admin/builder/spi-builder-workspace/.derivedData/Build/Intermediates.noindex/RxSwift.build/Debug-watchos/RxCocoa-t.build/Objects-normal/arm64_32/RxCocoa-OutputFileMap.json -save-temps -no-color-diagnostics -emit-dependencies -emit-module -emit-module-path /Users/admin/builder/spi-builder-workspace/.derivedData/Build/Intermediates.noindex/RxSwift.build/Debug-watchos/RxCocoa-t.build/Objects-normal/arm64_32/RxCocoa.swiftmodule -serialize-diagnostics -validate-clang-modules-once -clang-build-session-file /Users/admin/builder/spi-builder-workspace/.derivedData/ModuleCache.noindex/Session.modulevalidation -Xcc -fmodules-prune-interval\=86400 -Xcc -fmodules-prune-after\=345600 -emit-const-values -const-gather-protocols-list /Users/admin/builder/spi-builder-workspace/.derivedData/Build/Intermediates.noindex/RxSwift.build/Debug-watchos/RxCocoa-t.build/Objects-normal/arm64_32/RxCocoa_const_extract_protocols.json -Xcc -I/Users/admin/builder/spi-builder-workspace/.dependencies/checkouts/RxSwift/Sources/RxCocoaRuntime/include -Xcc -I/Users/admin/builder/spi-builder-workspace/.dependencies/checkouts/RxSwift/Sources/RxAtomic/include -Xcc -I/Users/admin/builder/spi-builder-workspace/.derivedData/Build/Products/Debug-watchos/include -Xcc -I/Users/admin/builder/spi-builder-workspace/.derivedData/Build/Intermediates.noindex/RxSwift.build/Debug-watchos/RxCocoa-t.build/DerivedSources-normal/arm64_32 -Xcc -I/Users/admin/builder/spi-builder-workspace/.derivedData/Build/Intermediates.noindex/RxSwift.build/Debug-watchos/RxCocoa-t.build/DerivedSources/arm64_32 -Xcc -I/Users/admin/builder/spi-builder-workspace/.derivedData/Build/Intermediates.noindex/RxSwift.build/Debug-watchos/RxCocoa-t.build/DerivedSources -Xcc -DSWIFT_PACKAGE -Xcc -DDEBUG\=1 -emit-objc-header -emit-objc-header-path /Users/admin/builder/spi-builder-workspace/.derivedData/Build/Intermediates.noindex/RxSwift.build/Debug-watchos/RxCocoa-t.build/Objects-normal/arm64_32/RxCocoa-Swift.h -working-directory /Users/admin/builder/spi-builder-workspace/.swiftpm/xcode -experimental-emit-module-separately -disable-cmo
SwiftDriver RxCocoa normal arm64 com.apple.xcode.tools.swift.compiler (in target 'RxCocoa' from project 'RxSwift')
    cd /Users/admin/builder/spi-builder-workspace/.swiftpm/xcode
    builtin-SwiftDriver -- /Applications/Xcode-27.0.0-Release.Candidate.app/Contents/Developer/Toolchains/XcodeDefault.xctoolchain/usr/bin/swiftc -parse-as-library -module-name RxCocoa -Onone @/Users/admin/builder/spi-builder-workspace/.derivedData/Build/Intermediates.noindex/RxSwift.build/Debug-watchos/RxCocoa-t.build/Objects-normal/arm64/RxCocoa.SwiftFileList -DSWIFT_PACKAGE -DDEBUG -DSWIFT_MODULE_RESOURCE_BUNDLE_UNAVAILABLE -Xcc -fmodule-map-file\=/Users/admin/builder/spi-builder-workspace/.derivedData/Build/Intermediates.noindex/GeneratedModuleMaps-watchos/RxCocoaRuntime.modulemap -Xcc -fmodule-map-file\=/Users/admin/builder/spi-builder-workspace/.derivedData/Build/Intermediates.noindex/GeneratedModuleMaps-watchos/RxAtomic.modulemap -DXcode -plugin-path /Applications/Xcode-27.0.0-Release.Candidate.app/Contents/Developer/Toolchains/XcodeDefault.xctoolchain/usr/lib/swift/host/plugins/testing -enable-experimental-feature DebugDescriptionMacro -sdk /Applications/Xcode-27.0.0-Release.Candidate.app/Contents/Developer/Platforms/WatchOS.platform/Developer/SDKs/WatchOS27.0.sdk -target arm64-apple-watchos9.0 -g -module-cache-path /Users/admin/builder/spi-builder-workspace/.derivedData/ModuleCache.noindex -Xfrontend -serialize-debugging-options -profile-coverage-mapping -profile-generate -enable-testing -suppress-warnings -index-store-path /Users/admin/builder/spi-builder-workspace/.derivedData/Index.noindex/DataStore -Xcc -D_LIBCPP_HARDENING_MODE\=_LIBCPP_HARDENING_MODE_DEBUG -swift-version 4 -I /Users/admin/builder/spi-builder-workspace/.derivedData/Build/Products/Debug-watchos -Isystem /Applications/Xcode-27.0.0-Release.Candidate.app/Contents/Developer/Platforms/WatchOS.platform/Developer/usr/lib -F /Users/admin/builder/spi-builder-workspace/.derivedData/Build/Products/Debug-watchos/PackageFrameworks -F /Users/admin/builder/spi-builder-workspace/.derivedData/Build/Products/Debug-watchos -F /Applications/Xcode-27.0.0-Release.Candidate.app/Contents/Developer/Platforms/WatchOS.platform/Developer/Library/Frameworks -F /Applications/Xcode-27.0.0-Release.Candidate.app/Contents/Developer/Platforms/WatchOS.platform/Developer/SDKs/WatchOS27.0.sdk/Developer/Library/Frameworks -c -j10 -enable-batch-mode -incremental -Xcc -ivfsstatcache -Xcc /Users/admin/builder/spi-builder-workspace/.derivedData/SDKStatCaches.noindex/watchos27.0-24R360-e829b21a6f8c9b70876ba0858053c04477534ef55a1706bf4c1112bbb242f0a2.sdkstatcache -output-file-map /Users/admin/builder/spi-builder-workspace/.derivedData/Build/Intermediates.noindex/RxSwift.build/Debug-watchos/RxCocoa-t.build/Objects-normal/arm64/RxCocoa-OutputFileMap.json -save-temps -no-color-diagnostics -emit-dependencies -emit-module -emit-module-path /Users/admin/builder/spi-builder-workspace/.derivedData/Build/Intermediates.noindex/RxSwift.build/Debug-watchos/RxCocoa-t.build/Objects-normal/arm64/RxCocoa.swiftmodule -serialize-diagnostics -validate-clang-modules-once -clang-build-session-file /Users/admin/builder/spi-builder-workspace/.derivedData/ModuleCache.noindex/Session.modulevalidation -Xcc -fmodules-prune-interval\=86400 -Xcc -fmodules-prune-after\=345600 -emit-const-values -const-gather-protocols-list /Users/admin/builder/spi-builder-workspace/.derivedData/Build/Intermediates.noindex/RxSwift.build/Debug-watchos/RxCocoa-t.build/Objects-normal/arm64/RxCocoa_const_extract_protocols.json -Xcc -I/Users/admin/builder/spi-builder-workspace/.dependencies/checkouts/RxSwift/Sources/RxCocoaRuntime/include -Xcc -I/Users/admin/builder/spi-builder-workspace/.dependencies/checkouts/RxSwift/Sources/RxAtomic/include -Xcc -I/Users/admin/builder/spi-builder-workspace/.derivedData/Build/Products/Debug-watchos/include -Xcc -I/Users/admin/builder/spi-builder-workspace/.derivedData/Build/Intermediates.noindex/RxSwift.build/Debug-watchos/RxCocoa-t.build/DerivedSources-normal/arm64 -Xcc -I/Users/admin/builder/spi-builder-workspace/.derivedData/Build/Intermediates.noindex/RxSwift.build/Debug-watchos/RxCocoa-t.build/DerivedSources/arm64 -Xcc -I/Users/admin/builder/spi-builder-workspace/.derivedData/Build/Intermediates.noindex/RxSwift.build/Debug-watchos/RxCocoa-t.build/DerivedSources -Xcc -DSWIFT_PACKAGE -Xcc -DDEBUG\=1 -emit-objc-header -emit-objc-header-path /Users/admin/builder/spi-builder-workspace/.derivedData/Build/Intermediates.noindex/RxSwift.build/Debug-watchos/RxCocoa-t.build/Objects-normal/arm64/RxCocoa-Swift.h -working-directory /Users/admin/builder/spi-builder-workspace/.swiftpm/xcode -experimental-emit-module-separately -disable-cmo
SwiftDriver OperantKit normal arm64_32 com.apple.xcode.tools.swift.compiler (in target 'OperantKit' from project 'OperantKit')
    cd /Users/admin/builder/spi-builder-workspace/.swiftpm/xcode
    builtin-SwiftDriver -- /Applications/Xcode-27.0.0-Release.Candidate.app/Contents/Developer/Toolchains/XcodeDefault.xctoolchain/usr/bin/swiftc -parse-as-library -module-name OperantKit -Onone @/Users/admin/builder/spi-builder-workspace/.derivedData/Build/Intermediates.noindex/OperantKit.build/Debug-watchos/OperantKit-t.build/Objects-normal/arm64_32/OperantKit.SwiftFileList -DSWIFT_PACKAGE -DDEBUG -DSWIFT_MODULE_RESOURCE_BUNDLE_UNAVAILABLE -Xcc -fmodule-map-file\=/Users/admin/builder/spi-builder-workspace/.derivedData/Build/Intermediates.noindex/GeneratedModuleMaps-watchos/RxCocoaRuntime.modulemap -Xcc -fmodule-map-file\=/Users/admin/builder/spi-builder-workspace/.derivedData/Build/Intermediates.noindex/GeneratedModuleMaps-watchos/RxAtomic.modulemap -DXcode -plugin-path /Applications/Xcode-27.0.0-Release.Candidate.app/Contents/Developer/Toolchains/XcodeDefault.xctoolchain/usr/lib/swift/host/plugins/testing -enable-experimental-feature DebugDescriptionMacro -sdk /Applications/Xcode-27.0.0-Release.Candidate.app/Contents/Developer/Platforms/WatchOS.platform/Developer/SDKs/WatchOS27.0.sdk -target arm64_32-apple-watchos9.0 -g -module-cache-path /Users/admin/builder/spi-builder-workspace/.derivedData/ModuleCache.noindex -Xfrontend -serialize-debugging-options -profile-coverage-mapping -profile-generate -enable-testing -index-store-path /Users/admin/builder/spi-builder-workspace/.derivedData/Index.noindex/DataStore -Xcc -D_LIBCPP_HARDENING_MODE\=_LIBCPP_HARDENING_MODE_DEBUG -swift-version 4.2 -I /Users/admin/builder/spi-builder-workspace/.derivedData/Build/Products/Debug-watchos -Isystem /Applications/Xcode-27.0.0-Release.Candidate.app/Contents/Developer/Platforms/WatchOS.platform/Developer/usr/lib -F /Users/admin/builder/spi-builder-workspace/.derivedData/Build/Products/Debug-watchos/PackageFrameworks -F /Users/admin/builder/spi-builder-workspace/.derivedData/Build/Products/Debug-watchos -F /Applications/Xcode-27.0.0-Release.Candidate.app/Contents/Developer/Platforms/WatchOS.platform/Developer/Library/Frameworks -F /Applications/Xcode-27.0.0-Release.Candidate.app/Contents/Developer/Platforms/WatchOS.platform/Developer/SDKs/WatchOS27.0.sdk/Developer/Library/Frameworks -c -j10 -enable-batch-mode -incremental -Xcc -ivfsstatcache -Xcc /Users/admin/builder/spi-builder-workspace/.derivedData/SDKStatCaches.noindex/watchos27.0-24R360-e829b21a6f8c9b70876ba0858053c04477534ef55a1706bf4c1112bbb242f0a2.sdkstatcache -output-file-map /Users/admin/builder/spi-builder-workspace/.derivedData/Build/Intermediates.noindex/OperantKit.build/Debug-watchos/OperantKit-t.build/Objects-normal/arm64_32/OperantKit-OutputFileMap.json -save-temps -no-color-diagnostics -emit-dependencies -emit-module -emit-module-path /Users/admin/builder/spi-builder-workspace/.derivedData/Build/Intermediates.noindex/OperantKit.build/Debug-watchos/OperantKit-t.build/Objects-normal/arm64_32/OperantKit.swiftmodule -serialize-diagnostics -validate-clang-modules-once -clang-build-session-file /Users/admin/builder/spi-builder-workspace/.derivedData/ModuleCache.noindex/Session.modulevalidation -Xcc -fmodules-prune-interval\=86400 -Xcc -fmodules-prune-after\=345600 -emit-const-values -const-gather-protocols-list /Users/admin/builder/spi-builder-workspace/.derivedData/Build/Intermediates.noindex/OperantKit.build/Debug-watchos/OperantKit-t.build/Objects-normal/arm64_32/OperantKit_const_extract_protocols.json -Xcc -I/Users/admin/builder/spi-builder-workspace/.dependencies/checkouts/RxSwift/Sources/RxCocoaRuntime/include -Xcc -I/Users/admin/builder/spi-builder-workspace/.dependencies/checkouts/RxSwift/Sources/RxAtomic/include -Xcc -I/Users/admin/builder/spi-builder-workspace/.derivedData/Build/Products/Debug-watchos/include -Xcc -I/Users/admin/builder/spi-builder-workspace/.derivedData/Build/Intermediates.noindex/OperantKit.build/Debug-watchos/OperantKit-t.build/DerivedSources-normal/arm64_32 -Xcc -I/Users/admin/builder/spi-builder-workspace/.derivedData/Build/Intermediates.noindex/OperantKit.build/Debug-watchos/OperantKit-t.build/DerivedSources/arm64_32 -Xcc -I/Users/admin/builder/spi-builder-workspace/.derivedData/Build/Intermediates.noindex/OperantKit.build/Debug-watchos/OperantKit-t.build/DerivedSources -Xcc -DSWIFT_PACKAGE -Xcc -DDEBUG\=1 -emit-objc-header -emit-objc-header-path /Users/admin/builder/spi-builder-workspace/.derivedData/Build/Intermediates.noindex/OperantKit.build/Debug-watchos/OperantKit-t.build/Objects-normal/arm64_32/OperantKit-Swift.h -working-directory /Users/admin/builder/spi-builder-workspace/.swiftpm/xcode -experimental-emit-module-separately -disable-cmo
SwiftDriver OperantKit normal arm64 com.apple.xcode.tools.swift.compiler (in target 'OperantKit' from project 'OperantKit')
    cd /Users/admin/builder/spi-builder-workspace/.swiftpm/xcode
    builtin-SwiftDriver -- /Applications/Xcode-27.0.0-Release.Candidate.app/Contents/Developer/Toolchains/XcodeDefault.xctoolchain/usr/bin/swiftc -parse-as-library -module-name OperantKit -Onone @/Users/admin/builder/spi-builder-workspace/.derivedData/Build/Intermediates.noindex/OperantKit.build/Debug-watchos/OperantKit-t.build/Objects-normal/arm64/OperantKit.SwiftFileList -DSWIFT_PACKAGE -DDEBUG -DSWIFT_MODULE_RESOURCE_BUNDLE_UNAVAILABLE -Xcc -fmodule-map-file\=/Users/admin/builder/spi-builder-workspace/.derivedData/Build/Intermediates.noindex/GeneratedModuleMaps-watchos/RxCocoaRuntime.modulemap -Xcc -fmodule-map-file\=/Users/admin/builder/spi-builder-workspace/.derivedData/Build/Intermediates.noindex/GeneratedModuleMaps-watchos/RxAtomic.modulemap -DXcode -plugin-path /Applications/Xcode-27.0.0-Release.Candidate.app/Contents/Developer/Toolchains/XcodeDefault.xctoolchain/usr/lib/swift/host/plugins/testing -enable-experimental-feature DebugDescriptionMacro -sdk /Applications/Xcode-27.0.0-Release.Candidate.app/Contents/Developer/Platforms/WatchOS.platform/Developer/SDKs/WatchOS27.0.sdk -target arm64-apple-watchos9.0 -g -module-cache-path /Users/admin/builder/spi-builder-workspace/.derivedData/ModuleCache.noindex -Xfrontend -serialize-debugging-options -profile-coverage-mapping -profile-generate -enable-testing -index-store-path /Users/admin/builder/spi-builder-workspace/.derivedData/Index.noindex/DataStore -Xcc -D_LIBCPP_HARDENING_MODE\=_LIBCPP_HARDENING_MODE_DEBUG -swift-version 4.2 -I /Users/admin/builder/spi-builder-workspace/.derivedData/Build/Products/Debug-watchos -Isystem /Applications/Xcode-27.0.0-Release.Candidate.app/Contents/Developer/Platforms/WatchOS.platform/Developer/usr/lib -F /Users/admin/builder/spi-builder-workspace/.derivedData/Build/Products/Debug-watchos/PackageFrameworks -F /Users/admin/builder/spi-builder-workspace/.derivedData/Build/Products/Debug-watchos -F /Applications/Xcode-27.0.0-Release.Candidate.app/Contents/Developer/Platforms/WatchOS.platform/Developer/Library/Frameworks -F /Applications/Xcode-27.0.0-Release.Candidate.app/Contents/Developer/Platforms/WatchOS.platform/Developer/SDKs/WatchOS27.0.sdk/Developer/Library/Frameworks -c -j10 -enable-batch-mode -incremental -Xcc -ivfsstatcache -Xcc /Users/admin/builder/spi-builder-workspace/.derivedData/SDKStatCaches.noindex/watchos27.0-24R360-e829b21a6f8c9b70876ba0858053c04477534ef55a1706bf4c1112bbb242f0a2.sdkstatcache -output-file-map /Users/admin/builder/spi-builder-workspace/.derivedData/Build/Intermediates.noindex/OperantKit.build/Debug-watchos/OperantKit-t.build/Objects-normal/arm64/OperantKit-OutputFileMap.json -save-temps -no-color-diagnostics -emit-dependencies -emit-module -emit-module-path /Users/admin/builder/spi-builder-workspace/.derivedData/Build/Intermediates.noindex/OperantKit.build/Debug-watchos/OperantKit-t.build/Objects-normal/arm64/OperantKit.swiftmodule -serialize-diagnostics -validate-clang-modules-once -clang-build-session-file /Users/admin/builder/spi-builder-workspace/.derivedData/ModuleCache.noindex/Session.modulevalidation -Xcc -fmodules-prune-interval\=86400 -Xcc -fmodules-prune-after\=345600 -emit-const-values -const-gather-protocols-list /Users/admin/builder/spi-builder-workspace/.derivedData/Build/Intermediates.noindex/OperantKit.build/Debug-watchos/OperantKit-t.build/Objects-normal/arm64/OperantKit_const_extract_protocols.json -Xcc -I/Users/admin/builder/spi-builder-workspace/.dependencies/checkouts/RxSwift/Sources/RxCocoaRuntime/include -Xcc -I/Users/admin/builder/spi-builder-workspace/.dependencies/checkouts/RxSwift/Sources/RxAtomic/include -Xcc -I/Users/admin/builder/spi-builder-workspace/.derivedData/Build/Products/Debug-watchos/include -Xcc -I/Users/admin/builder/spi-builder-workspace/.derivedData/Build/Intermediates.noindex/OperantKit.build/Debug-watchos/OperantKit-t.build/DerivedSources-normal/arm64 -Xcc -I/Users/admin/builder/spi-builder-workspace/.derivedData/Build/Intermediates.noindex/OperantKit.build/Debug-watchos/OperantKit-t.build/DerivedSources/arm64 -Xcc -I/Users/admin/builder/spi-builder-workspace/.derivedData/Build/Intermediates.noindex/OperantKit.build/Debug-watchos/OperantKit-t.build/DerivedSources -Xcc -DSWIFT_PACKAGE -Xcc -DDEBUG\=1 -emit-objc-header -emit-objc-header-path /Users/admin/builder/spi-builder-workspace/.derivedData/Build/Intermediates.noindex/OperantKit.build/Debug-watchos/OperantKit-t.build/Objects-normal/arm64/OperantKit-Swift.h -working-directory /Users/admin/builder/spi-builder-workspace/.swiftpm/xcode -experimental-emit-module-separately -disable-cmo
Ld /Users/admin/builder/spi-builder-workspace/.derivedData/Build/Intermediates.noindex/RxSwift.build/Debug-watchos/RxCocoaRuntime-t.build/Objects-normal/arm64/Binary/RxCocoaRuntime.o normal arm64 (in target 'RxCocoaRuntime' from project 'RxSwift')
    cd /Users/admin/builder/spi-builder-workspace/.dependencies/checkouts/RxSwift
    /Applications/Xcode-27.0.0-Release.Candidate.app/Contents/Developer/Toolchains/XcodeDefault.xctoolchain/usr/bin/clang -Xlinker -reproducible -target arm64-apple-watchos9.0 -r -isysroot /Applications/Xcode-27.0.0-Release.Candidate.app/Contents/Developer/Platforms/WatchOS.platform/Developer/SDKs/WatchOS27.0.sdk -O0 -w -Xlinker -no_warn_duplicate_libraries -F/Users/admin/builder/spi-builder-workspace/.derivedData/Build/Intermediates.noindex/EagerLinkingTBDs/Debug-watchos -F/Users/admin/builder/spi-builder-workspace/.derivedData/Build/Products/Debug-watchos/PackageFrameworks -F/Users/admin/builder/spi-builder-workspace/.derivedData/Build/Products/Debug-watchos -iframework /Applications/Xcode-27.0.0-Release.Candidate.app/Contents/Developer/Platforms/WatchOS.platform/Developer/Library/Frameworks -iframework /Applications/Xcode-27.0.0-Release.Candidate.app/Contents/Developer/Platforms/WatchOS.platform/Developer/SDKs/WatchOS27.0.sdk/Developer/Library/Frameworks -filelist /Users/admin/builder/spi-builder-workspace/.derivedData/Build/Intermediates.noindex/RxSwift.build/Debug-watchos/RxCocoaRuntime-t.build/Objects-normal/arm64/RxCocoaRuntime.LinkFileList -nostdlib -Xlinker -object_path_lto -Xlinker /Users/admin/builder/spi-builder-workspace/.derivedData/Build/Intermediates.noindex/RxSwift.build/Debug-watchos/RxCocoaRuntime-t.build/Objects-normal/arm64/RxCocoaRuntime_lto.o -Xlinker -no_deduplicate -Xlinker -debug_variant -Xlinker -dependency_info -Xlinker /Users/admin/builder/spi-builder-workspace/.derivedData/Build/Intermediates.noindex/RxSwift.build/Debug-watchos/RxCocoaRuntime-t.build/Objects-normal/arm64/RxCocoaRuntime_dependency_info.dat -fobjc-arc -fobjc-link-runtime -o /Users/admin/builder/spi-builder-workspace/.derivedData/Build/Intermediates.noindex/RxSwift.build/Debug-watchos/RxCocoaRuntime-t.build/Objects-normal/arm64/Binary/RxCocoaRuntime.o
Ld /Users/admin/builder/spi-builder-workspace/.derivedData/Build/Intermediates.noindex/RxSwift.build/Debug-watchos/RxCocoaRuntime-t.build/Objects-normal/arm64_32/Binary/RxCocoaRuntime.o normal arm64_32 (in target 'RxCocoaRuntime' from project 'RxSwift')
    cd /Users/admin/builder/spi-builder-workspace/.dependencies/checkouts/RxSwift
    /Applications/Xcode-27.0.0-Release.Candidate.app/Contents/Developer/Toolchains/XcodeDefault.xctoolchain/usr/bin/clang -Xlinker -reproducible -target arm64_32-apple-watchos9.0 -r -isysroot /Applications/Xcode-27.0.0-Release.Candidate.app/Contents/Developer/Platforms/WatchOS.platform/Developer/SDKs/WatchOS27.0.sdk -O0 -w -Xlinker -no_warn_duplicate_libraries -F/Users/admin/builder/spi-builder-workspace/.derivedData/Build/Intermediates.noindex/EagerLinkingTBDs/Debug-watchos -F/Users/admin/builder/spi-builder-workspace/.derivedData/Build/Products/Debug-watchos/PackageFrameworks -F/Users/admin/builder/spi-builder-workspace/.derivedData/Build/Products/Debug-watchos -iframework /Applications/Xcode-27.0.0-Release.Candidate.app/Contents/Developer/Platforms/WatchOS.platform/Developer/Library/Frameworks -iframework /Applications/Xcode-27.0.0-Release.Candidate.app/Contents/Developer/Platforms/WatchOS.platform/Developer/SDKs/WatchOS27.0.sdk/Developer/Library/Frameworks -filelist /Users/admin/builder/spi-builder-workspace/.derivedData/Build/Intermediates.noindex/RxSwift.build/Debug-watchos/RxCocoaRuntime-t.build/Objects-normal/arm64_32/RxCocoaRuntime.LinkFileList -nostdlib -Xlinker -object_path_lto -Xlinker /Users/admin/builder/spi-builder-workspace/.derivedData/Build/Intermediates.noindex/RxSwift.build/Debug-watchos/RxCocoaRuntime-t.build/Objects-normal/arm64_32/RxCocoaRuntime_lto.o -Xlinker -no_deduplicate -Xlinker -debug_variant -Xlinker -dependency_info -Xlinker /Users/admin/builder/spi-builder-workspace/.derivedData/Build/Intermediates.noindex/RxSwift.build/Debug-watchos/RxCocoaRuntime-t.build/Objects-normal/arm64_32/RxCocoaRuntime_dependency_info.dat -fobjc-arc -fobjc-link-runtime -o /Users/admin/builder/spi-builder-workspace/.derivedData/Build/Intermediates.noindex/RxSwift.build/Debug-watchos/RxCocoaRuntime-t.build/Objects-normal/arm64_32/Binary/RxCocoaRuntime.o
CreateUniversalBinary /Users/admin/builder/spi-builder-workspace/.derivedData/Build/Products/Debug-watchos/RxCocoaRuntime.o normal arm64\ arm64_32 (in target 'RxCocoaRuntime' from project 'RxSwift')
    cd /Users/admin/builder/spi-builder-workspace/.dependencies/checkouts/RxSwift
    /Applications/Xcode-27.0.0-Release.Candidate.app/Contents/Developer/Toolchains/XcodeDefault.xctoolchain/usr/bin/lipo -create /Users/admin/builder/spi-builder-workspace/.derivedData/Build/Intermediates.noindex/RxSwift.build/Debug-watchos/RxCocoaRuntime-t.build/Objects-normal/arm64/Binary/RxCocoaRuntime.o /Users/admin/builder/spi-builder-workspace/.derivedData/Build/Intermediates.noindex/RxSwift.build/Debug-watchos/RxCocoaRuntime-t.build/Objects-normal/arm64_32/Binary/RxCocoaRuntime.o -output /Users/admin/builder/spi-builder-workspace/.derivedData/Build/Products/Debug-watchos/RxCocoaRuntime.o
SwiftCompile normal arm64 Compiling\ ScheduleBuilder.swift,\ ExitCondition.swift,\ ExperimentType.swift,\ Parameter.swift,\ ParameterType.swift,\ PostpositionSchedule.swift,\ PrepositionSchedule.swift,\ Priority.swift,\ ScheduleType.swift /Users/admin/builder/spi-builder-workspace/Sources/Application/Builders/ScheduleBuilder.swift /Users/admin/builder/spi-builder-workspace/Sources/Application/Enums/ExitCondition.swift /Users/admin/builder/spi-builder-workspace/Sources/Application/Enums/ExperimentType.swift /Users/admin/builder/spi-builder-workspace/Sources/Application/Enums/Parameter.swift /Users/admin/builder/spi-builder-workspace/Sources/Application/Enums/ParameterType.swift /Users/admin/builder/spi-builder-workspace/Sources/Application/Enums/PostpositionSchedule.swift /Users/admin/builder/spi-builder-workspace/Sources/Application/Enums/PrepositionSchedule.swift /Users/admin/builder/spi-builder-workspace/Sources/Application/Enums/Priority.swift /Users/admin/builder/spi-builder-workspace/Sources/Application/Enums/ScheduleType.swift (in target 'OperantKit' from project 'OperantKit')
SwiftCompile normal arm64 /Users/admin/builder/spi-builder-workspace/Sources/Application/Builders/ScheduleBuilder.swift (in target 'OperantKit' from project 'OperantKit')
    cd /Users/admin/builder/spi-builder-workspace/.swiftpm/xcode
    builtin-SwiftPerFileCompile ScheduleBuilder.swift
SwiftCompile normal arm64 /Users/admin/builder/spi-builder-workspace/Sources/Application/Enums/ExitCondition.swift (in target 'OperantKit' from project 'OperantKit')
    cd /Users/admin/builder/spi-builder-workspace/.swiftpm/xcode
    builtin-SwiftPerFileCompile ExitCondition.swift
SwiftCompile normal arm64 /Users/admin/builder/spi-builder-workspace/Sources/Application/Enums/ExperimentType.swift (in target 'OperantKit' from project 'OperantKit')
    cd /Users/admin/builder/spi-builder-workspace/.swiftpm/xcode
    builtin-SwiftPerFileCompile ExperimentType.swift
SwiftCompile normal arm64 /Users/admin/builder/spi-builder-workspace/Sources/Application/Enums/Parameter.swift (in target 'OperantKit' from project 'OperantKit')
    cd /Users/admin/builder/spi-builder-workspace/.swiftpm/xcode
    builtin-SwiftPerFileCompile Parameter.swift
SwiftCompile normal arm64 /Users/admin/builder/spi-builder-workspace/Sources/Application/Enums/ParameterType.swift (in target 'OperantKit' from project 'OperantKit')
    cd /Users/admin/builder/spi-builder-workspace/.swiftpm/xcode
    builtin-SwiftPerFileCompile ParameterType.swift
SwiftCompile normal arm64 /Users/admin/builder/spi-builder-workspace/Sources/Application/Enums/PostpositionSchedule.swift (in target 'OperantKit' from project 'OperantKit')
    cd /Users/admin/builder/spi-builder-workspace/.swiftpm/xcode
    builtin-SwiftPerFileCompile PostpositionSchedule.swift
SwiftCompile normal arm64 /Users/admin/builder/spi-builder-workspace/Sources/Application/Enums/PrepositionSchedule.swift (in target 'OperantKit' from project 'OperantKit')
    cd /Users/admin/builder/spi-builder-workspace/.swiftpm/xcode
    builtin-SwiftPerFileCompile PrepositionSchedule.swift
SwiftCompile normal arm64 /Users/admin/builder/spi-builder-workspace/Sources/Application/Enums/Priority.swift (in target 'OperantKit' from project 'OperantKit')
    cd /Users/admin/builder/spi-builder-workspace/.swiftpm/xcode
    builtin-SwiftPerFileCompile Priority.swift
SwiftCompile normal arm64 /Users/admin/builder/spi-builder-workspace/Sources/Application/Enums/ScheduleType.swift (in target 'OperantKit' from project 'OperantKit')
    cd /Users/admin/builder/spi-builder-workspace/.swiftpm/xcode
    builtin-SwiftPerFileCompile ScheduleType.swift
SwiftCompile normal arm64 Compiling\ ScheduleParameterable.swift,\ ScheduleRecordable.swift,\ ScheduleRepository.swift,\ ScheduleUseCase.swift,\ TimeUnitable.swift,\ TimerUseCase.swift,\ TrialParameter.swift,\ TrialRecordable.swift,\ DecisionSchedule.swift /Users/admin/builder/spi-builder-workspace/Sources/Application/Protocols/ScheduleParameterable.swift /Users/admin/builder/spi-builder-workspace/Sources/Application/Protocols/ScheduleRecordable.swift /Users/admin/builder/spi-builder-workspace/Sources/Application/Protocols/ScheduleRepository.swift /Users/admin/builder/spi-builder-workspace/Sources/Application/Protocols/ScheduleUseCase.swift /Users/admin/builder/spi-builder-workspace/Sources/Application/Protocols/TimeUnitable.swift /Users/admin/builder/spi-builder-workspace/Sources/Application/Protocols/TimerUseCase.swift /Users/admin/builder/spi-builder-workspace/Sources/Application/Protocols/TrialParameter.swift /Users/admin/builder/spi-builder-workspace/Sources/Application/Protocols/TrialRecordable.swift /Users/admin/builder/spi-builder-workspace/Sources/Application/Typealias/DecisionSchedule.swift (in target 'OperantKit' from project 'OperantKit')
SwiftCompile normal arm64 /Users/admin/builder/spi-builder-workspace/Sources/Application/Protocols/ScheduleParameterable.swift (in target 'OperantKit' from project 'OperantKit')
    cd /Users/admin/builder/spi-builder-workspace/.swiftpm/xcode
    builtin-SwiftPerFileCompile ScheduleParameterable.swift
SwiftCompile normal arm64 /Users/admin/builder/spi-builder-workspace/Sources/Application/Protocols/ScheduleRecordable.swift (in target 'OperantKit' from project 'OperantKit')
    cd /Users/admin/builder/spi-builder-workspace/.swiftpm/xcode
    builtin-SwiftPerFileCompile ScheduleRecordable.swift
SwiftCompile normal arm64 /Users/admin/builder/spi-builder-workspace/Sources/Application/Protocols/ScheduleRepository.swift (in target 'OperantKit' from project 'OperantKit')
    cd /Users/admin/builder/spi-builder-workspace/.swiftpm/xcode
    builtin-SwiftPerFileCompile ScheduleRepository.swift
SwiftCompile normal arm64 /Users/admin/builder/spi-builder-workspace/Sources/Application/Protocols/ScheduleUseCase.swift (in target 'OperantKit' from project 'OperantKit')
    cd /Users/admin/builder/spi-builder-workspace/.swiftpm/xcode
    builtin-SwiftPerFileCompile ScheduleUseCase.swift
SwiftCompile normal arm64 /Users/admin/builder/spi-builder-workspace/Sources/Application/Protocols/TimeUnitable.swift (in target 'OperantKit' from project 'OperantKit')
    cd /Users/admin/builder/spi-builder-workspace/.swiftpm/xcode
    builtin-SwiftPerFileCompile TimeUnitable.swift
SwiftCompile normal arm64 /Users/admin/builder/spi-builder-workspace/Sources/Application/Protocols/TimerUseCase.swift (in target 'OperantKit' from project 'OperantKit')
    cd /Users/admin/builder/spi-builder-workspace/.swiftpm/xcode
    builtin-SwiftPerFileCompile TimerUseCase.swift
SwiftCompile normal arm64 /Users/admin/builder/spi-builder-workspace/Sources/Application/Protocols/TrialParameter.swift (in target 'OperantKit' from project 'OperantKit')
    cd /Users/admin/builder/spi-builder-workspace/.swiftpm/xcode
    builtin-SwiftPerFileCompile TrialParameter.swift
SwiftCompile normal arm64 /Users/admin/builder/spi-builder-workspace/Sources/Application/Protocols/TrialRecordable.swift (in target 'OperantKit' from project 'OperantKit')
    cd /Users/admin/builder/spi-builder-workspace/.swiftpm/xcode
    builtin-SwiftPerFileCompile TrialRecordable.swift
SwiftCompile normal arm64 /Users/admin/builder/spi-builder-workspace/Sources/Application/Typealias/DecisionSchedule.swift (in target 'OperantKit' from project 'OperantKit')
    cd /Users/admin/builder/spi-builder-workspace/.swiftpm/xcode
    builtin-SwiftPerFileCompile DecisionSchedule.swift
SwiftEmitModule normal arm64 Emitting\ module\ for\ OperantKit (in target 'OperantKit' from project 'OperantKit')
/Users/admin/builder/spi-builder-workspace/Sources/Application/Enums/ExperimentType.swift:20:23: warning: static property 'discreteTrial' produces an empty option set
18 |
19 |     /// Discrete trial procedure
20 |     public static let discreteTrial = ExperimentType(rawValue: 0)
   |                       |- warning: static property 'discreteTrial' produces an empty option set
   |                       `- note: use [] to silence this warning
21 |     /// Continuous free-operant procedure
22 |     public static let freeOperant = ExperimentType(rawValue: 1)
/Users/admin/builder/spi-builder-workspace/Sources/Application/Enums/TrialState.swift:20:23: warning: static property 'ready' produces an empty option set
18 |
19 |     /// Ready for the trial
20 |     public static let ready = TrialState(rawValue: 0)
   |                       |- warning: static property 'ready' produces an empty option set
   |                       `- note: use [] to silence this warning
21 |     /// The trial occured reinforcement
22 |     public static let didReinforcement = TrialState(rawValue: 1)
/Users/admin/builder/spi-builder-workspace/Sources/Application/Extensions/ObservableType+.swift:19:50: error: cannot find type 'Element' in scope
17 |
18 |     /// Translate from Observable to Driver on error just complete
19 |     func asDriverOnErrorJustComplete() -> Driver<Element> {
   |                                                  `- error: cannot find type 'Element' in scope
20 |         return asDriver { error in
21 |             assertionFailure("Error \(error)")
/Users/admin/builder/spi-builder-workspace/Sources/Application/Extensions/ObservableType+.swift:27:66: error: cannot find type 'Element' in scope
25 |
26 |     /// Store the last response and return tuple
27 |     func store(startWith: Self.Element) -> Observable<(newValue: Element, oldValue: Element)> {
   |                                                                  `- error: cannot find type 'Element' in scope
28 |         let shared = self.share(replay: 1)
29 |         return Observable.zip(shared, shared.startWith(startWith)) { a, b in
/Users/admin/builder/spi-builder-workspace/Sources/Application/Extensions/ObservableType+.swift:27:85: error: cannot find type 'Element' in scope
25 |
26 |     /// Store the last response and return tuple
27 |     func store(startWith: Self.Element) -> Observable<(newValue: Element, oldValue: Element)> {
   |                                                                                     `- error: cannot find type 'Element' in scope
28 |         let shared = self.share(replay: 1)
29 |         return Observable.zip(shared, shared.startWith(startWith)) { a, b in
/Users/admin/builder/spi-builder-workspace/Sources/Application/Extensions/ObservableType+.swift:27:32: error: 'Element' is not a member type of type 'Self'
25 |
26 |     /// Store the last response and return tuple
27 |     func store(startWith: Self.Element) -> Observable<(newValue: Element, oldValue: Element)> {
   |                                `- error: 'Element' is not a member type of type 'Self'
28 |         let shared = self.share(replay: 1)
29 |         return Observable.zip(shared, shared.startWith(startWith)) { a, b in
/Users/admin/builder/spi-builder-workspace/Sources/Application/Extensions/ObservableType+.swift:35:43: error: cannot find type 'Element' in scope
33 |
34 |     /// Store the last response and return tuple
35 |     func store() -> Observable<(newValue: Element, oldValue: Element?)> {
   |                                           `- error: cannot find type 'Element' in scope
36 |         let shared = self.share(replay: 1)
37 |         return Observable.zip(shared, shared.map(Optional.init).startWith(nil)) { a, b in
/Users/admin/builder/spi-builder-workspace/Sources/Application/Extensions/ObservableType+.swift:35:62: error: cannot find type 'Element' in scope
33 |
34 |     /// Store the last response and return tuple
35 |     func store() -> Observable<(newValue: Element, oldValue: Element?)> {
   |                                                              `- error: cannot find type 'Element' in scope
36 |         let shared = self.share(replay: 1)
37 |         return Observable.zip(shared, shared.map(Optional.init).startWith(nil)) { a, b in
/Users/admin/builder/spi-builder-workspace/Sources/Application/Extensions/PrimitiveSequence+.swift:21:59: error: 'Element' is not a member type of generic struct 'RxSwift.PrimitiveSequence<Trait, Element>'
19 |
20 |      */
21 |     func map<R>(_ transform: @escaping (PrimitiveSequence.Element) throws -> R) -> RxSwift.Single<R> {
   |                                                           `- error: 'Element' is not a member type of generic struct 'RxSwift.PrimitiveSequence<Trait, Element>'
22 |         return asObservable().map(transform).asSingle()
23 |     }
/Users/admin/builder/spi-builder-workspace/.dependencies/checkouts/RxSwift/Sources/RxSwift/PrimitiveSequence.swift:10:15: note: 'PrimitiveSequence' declared here
  8 |
  9 | /// Observable sequences containing 0 or 1 element.
 10 | public struct PrimitiveSequence<Trait, Element> {
    |               `- note: 'PrimitiveSequence' declared here
 11 |     let source: Observable<Element>
 12 |
/Users/admin/builder/spi-builder-workspace/Sources/Application/Extensions/PrimitiveSequence+.swift:33:62: error: 'Element' is not a member type of generic struct 'RxSwift.PrimitiveSequence<Trait, Element>'
31 |      - returns: An observable sequence whose elements are the result of invoking the one-to-many transform function on each element of the input sequence.
32 |      */
33 |     func flatMap<O>(_ selector: @escaping (PrimitiveSequence.Element) throws -> O) -> RxSwift.Single<O.Element> where O : ObservableConvertibleType {
   |                                                              `- error: 'Element' is not a member type of generic struct 'RxSwift.PrimitiveSequence<Trait, Element>'
34 |         return asObservable().flatMap(selector).asSingle()
35 |     }
/Users/admin/builder/spi-builder-workspace/.dependencies/checkouts/RxSwift/Sources/RxSwift/PrimitiveSequence.swift:10:15: note: 'PrimitiveSequence' declared here
  8 |
  9 | /// Observable sequences containing 0 or 1 element.
 10 | public struct PrimitiveSequence<Trait, Element> {
    |               `- note: 'PrimitiveSequence' declared here
 11 |     let source: Observable<Element>
 12 |
/Users/admin/builder/spi-builder-workspace/Sources/Application/Extensions/PrimitiveSequence+.swift:33:104: error: 'Element' is not a member type of type 'O'
31 |      - returns: An observable sequence whose elements are the result of invoking the one-to-many transform function on each element of the input sequence.
32 |      */
33 |     func flatMap<O>(_ selector: @escaping (PrimitiveSequence.Element) throws -> O) -> RxSwift.Single<O.Element> where O : ObservableConvertibleType {
   |                                                                                                        `- error: 'Element' is not a member type of type 'O'
34 |         return asObservable().flatMap(selector).asSingle()
35 |     }
/Users/admin/builder/spi-builder-workspace/Sources/Application/Extensions/PrimitiveSequence+.swift:46:45: error: 'Element' is not a member type of generic struct 'RxSwift.PrimitiveSequence<Trait, Element>'
44 |
45 |     /// Store the last response and return tuple
46 |     func store(startWith: PrimitiveSequence.Element) -> Single<(newValue: Element, oldValue: Element)> {
   |                                             `- error: 'Element' is not a member type of generic struct 'RxSwift.PrimitiveSequence<Trait, Element>'
47 |         return asObservable().store(startWith: startWith).asSingle()
48 |     }
/Users/admin/builder/spi-builder-workspace/.dependencies/checkouts/RxSwift/Sources/RxSwift/PrimitiveSequence.swift:10:15: note: 'PrimitiveSequence' declared here
  8 |
  9 | /// Observable sequences containing 0 or 1 element.
 10 | public struct PrimitiveSequence<Trait, Element> {
    |               `- note: 'PrimitiveSequence' declared here
 11 |     let source: Observable<Element>
 12 |
Failed frontend command:
/Applications/Xcode-27.0.0-Release.Candidate.app/Contents/Developer/Toolchains/XcodeDefault.xctoolchain/usr/bin/swift-frontend -frontend -emit-module -experimental-skip-non-inlinable-function-bodies-without-types /Users/admin/builder/spi-builder-workspace/Sources/Application/Builders/ScheduleBuilder.swift /Users/admin/builder/spi-builder-workspace/Sources/Application/Enums/ExitCondition.swift /Users/admin/builder/spi-builder-workspace/Sources/Application/Enums/ExperimentType.swift /Users/admin/builder/spi-builder-workspace/Sources/Application/Enums/Parameter.swift /Users/admin/builder/spi-builder-workspace/Sources/Application/Enums/ParameterType.swift /Users/admin/builder/spi-builder-workspace/Sources/Application/Enums/PostpositionSchedule.swift /Users/admin/builder/spi-builder-workspace/Sources/Application/Enums/PrepositionSchedule.swift /Users/admin/builder/spi-builder-workspace/Sources/Application/Enums/Priority.swift /Users/admin/builder/spi-builder-workspace/Sources/Application/Enums/ScheduleType.swift /Users/admin/builder/spi-builder-workspace/Sources/Application/Enums/TimeUnit.swift /Users/admin/builder/spi-builder-workspace/Sources/Application/Enums/TrialState.swift /Users/admin/builder/spi-builder-workspace/Sources/Application/Extensions/Observable+.swift /Users/admin/builder/spi-builder-workspace/Sources/Application/Extensions/ObservableMilliseconds+.swift /Users/admin/builder/spi-builder-workspace/Sources/Application/Extensions/ObservableType+.swift /Users/admin/builder/spi-builder-workspace/Sources/Application/Extensions/PrimitiveSequence+.swift /Users/admin/builder/spi-builder-workspace/Sources/Application/Extensions/PublishSubject+.swift /Users/admin/builder/spi-builder-workspace/Sources/Application/Extensions/ResultEntity+Rx.swift /Users/admin/builder/spi-builder-workspace/Sources/Application/Extensions/UIApplication+Rx.swift /Users/admin/builder/spi-builder-workspace/Sources/Application/Extensions/UIViewController+Rx.swift /Users/admin/builder/spi-builder-workspace/Sources/Application/Extensions/UInt64+.swift /Users/admin/builder/spi-builder-workspace/Sources/Application/Helpers/Matrix.swift /Users/admin/builder/spi-builder-workspace/Sources/Application/Helpers/Shared.swift /Users/admin/builder/spi-builder-workspace/Sources/Application/Helpers/TimeHelper.swift /Users/admin/builder/spi-builder-workspace/Sources/Application/Protocols/Chainable.swift /Users/admin/builder/spi-builder-workspace/Sources/Application/Protocols/Concurrentable.swift /Users/admin/builder/spi-builder-workspace/Sources/Application/Protocols/Continuable.swift /Users/admin/builder/spi-builder-workspace/Sources/Application/Protocols/DiscreteTrialParameter.swift /Users/admin/builder/spi-builder-workspace/Sources/Application/Protocols/DiscreteTrialRecordable.swift /Users/admin/builder/spi-builder-workspace/Sources/Application/Protocols/DiscreteTrialRepository.swift /Users/admin/builder/spi-builder-workspace/Sources/Application/Protocols/Discreteable.swift /Users/admin/builder/spi-builder-workspace/Sources/Application/Protocols/Discriminateable.swift /Users/admin/builder/spi-builder-workspace/Sources/Application/Protocols/Loggable.swift /Users/admin/builder/spi-builder-workspace/Sources/Application/Protocols/Reinforceable.swift /Users/admin/builder/spi-builder-workspace/Sources/Application/Protocols/ResponseRecordable.swift /Users/admin/builder/spi-builder-workspace/Sources/Application/Protocols/Responsible.swift /Users/admin/builder/spi-builder-workspace/Sources/Application/Protocols/ScheduleParameter.swift /Users/admin/builder/spi-builder-workspace/Sources/Application/Protocols/ScheduleParameterable.swift /Users/admin/builder/spi-builder-workspace/Sources/Application/Protocols/ScheduleRecordable.swift /Users/admin/builder/spi-builder-workspace/Sources/Application/Protocols/ScheduleRepository.swift /Users/admin/builder/spi-builder-workspace/Sources/Application/Protocols/ScheduleUseCase.swift /Users/admin/builder/spi-builder-workspace/Sources/Application/Protocols/TimeUnitable.swift /Users/admin/builder/spi-builder-workspace/Sources/Application/Protocols/TimerUseCase.swift /Users/admin/builder/spi-builder-workspace/Sources/Application/Protocols/TrialParameter.swift /Users/admin/builder/spi-builder-workspace/Sources/Application/Protocols/TrialRecordable.swift /Users/admin/builder/spi-builder-workspace/Sources/Application/Typealias/DecisionSchedule.swift /Users/admin/builder/spi-builder-workspace/Sources/Application/Typealias/Times.swift /Users/admin/builder/spi-builder-workspace/Sources/Common/Events/SessionEvents.swift /Users/admin/builder/spi-builder-workspace/Sources/Common/Helpers/FleshlerHoffman.swift /Users/admin/builder/spi-builder-workspace/Sources/Common/Schedules/CRF.swift /Users/admin/builder/spi-builder-workspace/Sources/Common/Schedules/EXT.swift /Users/admin/builder/spi-builder-workspace/Sources/Common/Schedules/FI.swift /Users/admin/builder/spi-builder-workspace/Sources/Common/Schedules/FR.swift /Users/admin/builder/spi-builder-workspace/Sources/Common/Schedules/FT.swift /Users/admin/builder/spi-builder-workspace/Sources/Common/Schedules/RI.swift /Users/admin/builder/spi-builder-workspace/Sources/Common/Schedules/RR.swift /Users/admin/builder/spi-builder-workspace/Sources/Common/Schedules/RT.swift /Users/admin/builder/spi-builder-workspace/Sources/Common/Schedules/VI.swift /Users/admin/builder/spi-builder-workspace/Sources/Common/Schedules/VR.swift /Users/admin/builder/spi-builder-workspace/Sources/Common/Schedules/VT.swift /Users/admin/builder/spi-builder-workspace/Sources/Data/DataStores/DiscreteTrialDataStoreImpl.swift /Users/admin/builder/spi-builder-workspace/Sources/Data/DataStores/ScheduleDataStore.swift /Users/admin/builder/spi-builder-workspace/Sources/Data/Entities/ConcurrentEntity.swift /Users/admin/builder/spi-builder-workspace/Sources/Data/Entities/ExperimentEntity.swift /Users/admin/builder/spi-builder-workspace/Sources/Data/Entities/FixedEntity.swift /Users/admin/builder/spi-builder-workspace/Sources/Data/Entities/RandomEntity.swift /Users/admin/builder/spi-builder-workspace/Sources/Data/Entities/ResponseEntity.swift /Users/admin/builder/spi-builder-workspace/Sources/Data/Entities/ResultEntity.swift /Users/admin/builder/spi-builder-workspace/Sources/Data/Entities/ScheduleRecordEntity.swift /Users/admin/builder/spi-builder-workspace/Sources/Data/Entities/VariableEntity.swift /Users/admin/builder/spi-builder-workspace/Sources/Data/Repositories/DiscreteTrialRepositoryImpl.swift /Users/admin/builder/spi-builder-workspace/Sources/Data/Repositories/ScheduleRespositoryImpl.swift /Users/admin/builder/spi-builder-workspace/Sources/Domain/UseCases/AlternativeScheduleUseCase.swift /Users/admin/builder/spi-builder-workspace/Sources/Domain/UseCases/CADisplayLinkTimerUseCase.swift /Users/admin/builder/spi-builder-workspace/Sources/Domain/UseCases/CVDisplayLinkTimerUseCase.swift /Users/admin/builder/spi-builder-workspace/Sources/Domain/UseCases/CompoundScheduleUseCaseBase.swift /Users/admin/builder/spi-builder-workspace/Sources/Domain/UseCases/ConcurrentScheduleUseCase.swift /Users/admin/builder/spi-builder-workspace/Sources/Domain/UseCases/DiscreteTrialUseCase.swift /Users/admin/builder/spi-builder-workspace/Sources/Domain/UseCases/ExtinctionScheduleUseCase.swift /Users/admin/builder/spi-builder-workspace/Sources/Domain/UseCases/FixedIntervalScheduleUseCase.swift /Users/admin/builder/spi-builder-workspace/Sources/Domain/UseCases/FixedRatioScheduleUseCase.swift /Users/admin/builder/spi-builder-workspace/Sources/Domain/UseCases/FixedTimeScheduleUseCase.swift /Users/admin/builder/spi-builder-workspace/Sources/Domain/UseCases/RandomIntervalScheduleUseCase.swift /Users/admin/builder/spi-builder-workspace/Sources/Domain/UseCases/RandomRatioScheduleUseCase.swift /Users/admin/builder/spi-builder-workspace/Sources/Domain/UseCases/RandomTimeScheduleUseCase.swift /Users/admin/builder/spi-builder-workspace/Sources/Domain/UseCases/ScheduleUseCaseBase.swift /Users/admin/builder/spi-builder-workspace/Sources/Domain/UseCases/StepTimerUseCaseTimerUseCase.swift /Users/admin/builder/spi-builder-workspace/Sources/Domain/UseCases/VariableIntervalScheduleUseCase.swift /Users/admin/builder/spi-builder-workspace/Sources/Domain/UseCases/VariableRatioScheduleUseCase.swift /Users/admin/builder/spi-builder-workspace/Sources/Domain/UseCases/VariableTimeScheduleUseCase.swift /Users/admin/builder/spi-builder-workspace/Sources/Domain/UseCases/WhileLoopTimerUseCase.swift -target arm64-apple-watchos9.0 -Xllvm -aarch64-use-tbi -enable-objc-interop -stack-check -sdk /Applications/Xcode-27.0.0-Release.Candidate.app/Contents/Developer/Platforms/WatchOS.platform/Developer/SDKs/WatchOS27.0.sdk -I /Users/admin/builder/spi-builder-workspace/.derivedData/Build/Products/Debug-watchos -Isystem /Applications/Xcode-27.0.0-Release.Candidate.app/Contents/Developer/Platforms/WatchOS.platform/Developer/usr/lib -F /Users/admin/builder/spi-builder-workspace/.derivedData/Build/Products/Debug-watchos/PackageFrameworks -F /Users/admin/builder/spi-builder-workspace/.derivedData/Build/Products/Debug-watchos -F /Applications/Xcode-27.0.0-Release.Candidate.app/Contents/Developer/Platforms/WatchOS.platform/Developer/Library/Frameworks -F /Applications/Xcode-27.0.0-Release.Candidate.app/Contents/Developer/Platforms/WatchOS.platform/Developer/SDKs/WatchOS27.0.sdk/Developer/Library/Frameworks -module-cache-path /Users/admin/builder/spi-builder-workspace/.derivedData/ModuleCache.noindex -no-color-diagnostics -Xcc -fno-color-diagnostics -enable-testing -g -debug-info-format\=dwarf -dwarf-version\=4 -profile-generate -profile-coverage-mapping -swift-version 4.2 -Onone -D SWIFT_PACKAGE -D DEBUG -D SWIFT_MODULE_RESOURCE_BUNDLE_UNAVAILABLE -D Xcode -serialize-debugging-options -enable-experimental-feature DebugDescriptionMacro -empty-abi-descriptor -plugin-path /Applications/Xcode-27.0.0-Release.Candidate.app/Contents/Developer/Toolchains/XcodeDefault.xctoolchain/usr/lib/swift/host/plugins/testing -validate-clang-modules-once -clang-build-session-file /Users/admin/builder/spi-builder-workspace/.derivedData/ModuleCache.noindex/Session.modulevalidation -Xcc -working-directory -Xcc /Users/admin/builder/spi-builder-workspace/.swiftpm/xcode -enable-anonymous-context-mangled-names -file-compilation-dir /Users/admin/builder/spi-builder-workspace/.swiftpm/xcode -Xcc -fmodule-map-file\=/Users/admin/builder/spi-builder-workspace/.derivedData/Build/Intermediates.noindex/GeneratedModuleMaps-watchos/RxCocoaRuntime.modulemap -Xcc -fmodule-map-file\=/Users/admin/builder/spi-builder-workspace/.derivedData/Build/Intermediates.noindex/GeneratedModuleMaps-watchos/RxAtomic.modulemap -Xcc -D_LIBCPP_HARDENING_MODE\=_LIBCPP_HARDENING_MODE_DEBUG -Xcc -ivfsstatcache -Xcc /Users/admin/builder/spi-builder-workspace/.derivedData/SDKStatCaches.noindex/watchos27.0-24R360-e829b21a6f8c9b70876ba0858053c04477534ef55a1706bf4c1112bbb242f0a2.sdkstatcache -Xcc -fmodules-prune-interval\=86400 -Xcc -fmodules-prune-after\=345600 -Xcc -I/Users/admin/builder/spi-builder-workspace/.dependencies/checkouts/RxSwift/Sources/RxCocoaRuntime/include -Xcc -I/Users/admin/builder/spi-builder-workspace/.dependencies/checkouts/RxSwift/Sources/RxAtomic/include -Xcc -I/Users/admin/builder/spi-builder-workspace/.derivedData/Build/Products/Debug-watchos/include -Xcc -I/Users/admin/builder/spi-builder-workspace/.derivedData/Build/Intermediates.noindex/OperantKit.build/Debug-watchos/OperantKit-t.build/DerivedSources-normal/arm64 -Xcc -I/Users/admin/builder/spi-builder-workspace/.derivedData/Build/Intermediates.noindex/OperantKit.build/Debug-watchos/OperantKit-t.build/DerivedSources/arm64 -Xcc -I/Users/admin/builder/spi-builder-workspace/.derivedData/Build/Intermediates.noindex/OperantKit.build/Debug-watchos/OperantKit-t.build/DerivedSources -Xcc -DSWIFT_PACKAGE -Xcc -DDEBUG\=1 -no-auto-bridging-header-chaining -module-name OperantKit -const-gather-protocols-file /Users/admin/builder/spi-builder-workspace/.derivedData/Build/Intermediates.noindex/OperantKit.build/Debug-watchos/OperantKit-t.build/Objects-normal/arm64/OperantKit_const_extract_protocols.json -disable-clang-spi -target-sdk-version 27.0 -target-sdk-name watchos27.0 -external-plugin-path /Applications/Xcode-27.0.0-Release.Candidate.app/Contents/Developer/Platforms/WatchOS.platform/Developer/usr/lib/swift/host/plugins\#/Applications/Xcode-27.0.0-Release.Candidate.app/Contents/Developer/Platforms/WatchOS.platform/Developer/usr/bin/swift-plugin-server -external-plugin-path /Applications/Xcode-27.0.0-Release.Candidate.app/Contents/Developer/Platforms/WatchOS.platform/Developer/usr/local/lib/swift/host/plugins\#/Applications/Xcode-27.0.0-Release.Candidate.app/Contents/Developer/Platforms/WatchOS.platform/Developer/usr/bin/swift-plugin-server -in-process-plugin-server-path /Applications/Xcode-27.0.0-Release.Candidate.app/Contents/Developer/Toolchains/XcodeDefault.xctoolchain/usr/lib/swift/host/libSwiftInProcPluginServer.dylib -plugin-path /Applications/Xcode-27.0.0-Release.Candidate.app/Contents/Developer/Toolchains/XcodeDefault.xctoolchain/usr/lib/swift/host/plugins -plugin-path /Applications/Xcode-27.0.0-Release.Candidate.app/Contents/Developer/Toolchains/XcodeDefault.xctoolchain/usr/local/lib/swift/host/plugins -emit-module-doc-path /Users/admin/builder/spi-builder-workspace/.derivedData/Build/Intermediates.noindex/OperantKit.build/Debug-watchos/OperantKit-t.build/Objects-normal/arm64/OperantKit.swiftdoc -emit-module-source-info-path /Users/admin/builder/spi-builder-workspace/.derivedData/Build/Intermediates.noindex/OperantKit.build/Debug-watchos/OperantKit-t.build/Objects-normal/arm64/OperantKit.swiftsourceinfo -emit-objc-header-path /Users/admin/builder/spi-builder-workspace/.derivedData/Build/Intermediates.noindex/OperantKit.build/Debug-watchos/OperantKit-t.build/Objects-normal/arm64/OperantKit-Swift.h -serialize-diagnostics-path /Users/admin/builder/spi-builder-workspace/.derivedData/Build/Intermediates.noindex/OperantKit.build/Debug-watchos/OperantKit-t.build/Objects-normal/arm64/OperantKit-primary-emit-module.dia -emit-dependencies-path /Users/admin/builder/spi-builder-workspace/.derivedData/Build/Intermediates.noindex/OperantKit.build/Debug-watchos/OperantKit-t.build/Objects-normal/arm64/OperantKit-primary-emit-module.d -parse-as-library -o /Users/admin/builder/spi-builder-workspace/.derivedData/Build/Intermediates.noindex/OperantKit.build/Debug-watchos/OperantKit-t.build/Objects-normal/arm64/OperantKit.swiftmodule -emit-abi-descriptor-path /Users/admin/builder/spi-builder-workspace/.derivedData/Build/Intermediates.noindex/OperantKit.build/Debug-watchos/OperantKit-t.build/Objects-normal/arm64/OperantKit.abi.json
SwiftCompile normal arm64 (in target 'OperantKit' from project 'OperantKit')
    cd /Users/admin/builder/spi-builder-workspace/.swiftpm/xcode

SwiftCompile normal arm64 Compiling\ DiscreteTrialRecordable.swift,\ DiscreteTrialRepository.swift,\ Discreteable.swift,\ Discriminateable.swift,\ Loggable.swift,\ Reinforceable.swift,\ ResponseRecordable.swift,\ Responsible.swift,\ ScheduleParameter.swift /Users/admin/builder/spi-builder-workspace/Sources/Application/Protocols/DiscreteTrialRecordable.swift /Users/admin/builder/spi-builder-workspace/Sources/Application/Protocols/DiscreteTrialRepository.swift /Users/admin/builder/spi-builder-workspace/Sources/Application/Protocols/Discreteable.swift /Users/admin/builder/spi-builder-workspace/Sources/Application/Protocols/Discriminateable.swift /Users/admin/builder/spi-builder-workspace/Sources/Application/Protocols/Loggable.swift /Users/admin/builder/spi-builder-workspace/Sources/Application/Protocols/Reinforceable.swift /Users/admin/builder/spi-builder-workspace/Sources/Application/Protocols/ResponseRecordable.swift /Users/admin/builder/spi-builder-workspace/Sources/Application/Protocols/Responsible.swift /Users/admin/builder/spi-builder-workspace/Sources/Application/Protocols/ScheduleParameter.swift (in target 'OperantKit' from project 'OperantKit')
SwiftCompile normal arm64 /Users/admin/builder/spi-builder-workspace/Sources/Application/Protocols/DiscreteTrialRecordable.swift (in target 'OperantKit' from project 'OperantKit')
    cd /Users/admin/builder/spi-builder-workspace/.swiftpm/xcode
    builtin-SwiftPerFileCompile DiscreteTrialRecordable.swift
SwiftCompile normal arm64 /Users/admin/builder/spi-builder-workspace/Sources/Application/Protocols/DiscreteTrialRepository.swift (in target 'OperantKit' from project 'OperantKit')
    cd /Users/admin/builder/spi-builder-workspace/.swiftpm/xcode
    builtin-SwiftPerFileCompile DiscreteTrialRepository.swift
SwiftCompile normal arm64 /Users/admin/builder/spi-builder-workspace/Sources/Application/Protocols/Discreteable.swift (in target 'OperantKit' from project 'OperantKit')
    cd /Users/admin/builder/spi-builder-workspace/.swiftpm/xcode
    builtin-SwiftPerFileCompile Discreteable.swift
SwiftCompile normal arm64 /Users/admin/builder/spi-builder-workspace/Sources/Application/Protocols/Discriminateable.swift (in target 'OperantKit' from project 'OperantKit')
    cd /Users/admin/builder/spi-builder-workspace/.swiftpm/xcode
    builtin-SwiftPerFileCompile Discriminateable.swift
SwiftCompile normal arm64 /Users/admin/builder/spi-builder-workspace/Sources/Application/Protocols/Loggable.swift (in target 'OperantKit' from project 'OperantKit')
    cd /Users/admin/builder/spi-builder-workspace/.swiftpm/xcode
    builtin-SwiftPerFileCompile Loggable.swift
SwiftCompile normal arm64 /Users/admin/builder/spi-builder-workspace/Sources/Application/Protocols/Reinforceable.swift (in target 'OperantKit' from project 'OperantKit')
    cd /Users/admin/builder/spi-builder-workspace/.swiftpm/xcode
    builtin-SwiftPerFileCompile Reinforceable.swift
SwiftCompile normal arm64 /Users/admin/builder/spi-builder-workspace/Sources/Application/Protocols/ResponseRecordable.swift (in target 'OperantKit' from project 'OperantKit')
    cd /Users/admin/builder/spi-builder-workspace/.swiftpm/xcode
    builtin-SwiftPerFileCompile ResponseRecordable.swift
SwiftCompile normal arm64 /Users/admin/builder/spi-builder-workspace/Sources/Application/Protocols/Responsible.swift (in target 'OperantKit' from project 'OperantKit')
    cd /Users/admin/builder/spi-builder-workspace/.swiftpm/xcode
    builtin-SwiftPerFileCompile Responsible.swift
SwiftCompile normal arm64 /Users/admin/builder/spi-builder-workspace/Sources/Application/Protocols/ScheduleParameter.swift (in target 'OperantKit' from project 'OperantKit')
    cd /Users/admin/builder/spi-builder-workspace/.swiftpm/xcode
    builtin-SwiftPerFileCompile ScheduleParameter.swift
SwiftCompile normal arm64 Compiling\ RandomIntervalScheduleUseCase.swift,\ RandomRatioScheduleUseCase.swift,\ RandomTimeScheduleUseCase.swift,\ ScheduleUseCaseBase.swift,\ StepTimerUseCaseTimerUseCase.swift,\ VariableIntervalScheduleUseCase.swift,\ VariableRatioScheduleUseCase.swift,\ VariableTimeScheduleUseCase.swift,\ WhileLoopTimerUseCase.swift /Users/admin/builder/spi-builder-workspace/Sources/Domain/UseCases/RandomIntervalScheduleUseCase.swift /Users/admin/builder/spi-builder-workspace/Sources/Domain/UseCases/RandomRatioScheduleUseCase.swift /Users/admin/builder/spi-builder-workspace/Sources/Domain/UseCases/RandomTimeScheduleUseCase.swift /Users/admin/builder/spi-builder-workspace/Sources/Domain/UseCases/ScheduleUseCaseBase.swift /Users/admin/builder/spi-builder-workspace/Sources/Domain/UseCases/StepTimerUseCaseTimerUseCase.swift /Users/admin/builder/spi-builder-workspace/Sources/Domain/UseCases/VariableIntervalScheduleUseCase.swift /Users/admin/builder/spi-builder-workspace/Sources/Domain/UseCases/VariableRatioScheduleUseCase.swift /Users/admin/builder/spi-builder-workspace/Sources/Domain/UseCases/VariableTimeScheduleUseCase.swift /Users/admin/builder/spi-builder-workspace/Sources/Domain/UseCases/WhileLoopTimerUseCase.swift (in target 'OperantKit' from project 'OperantKit')
/Users/admin/builder/spi-builder-workspace/Sources/Application/Extensions/PrimitiveSequence+.swift:21:59: error: 'Element' is not a member type of generic struct 'RxSwift.PrimitiveSequence<Trait, Element>'
19 |
20 |      */
21 |     func map<R>(_ transform: @escaping (PrimitiveSequence.Element) throws -> R) -> RxSwift.Single<R> {
   |                                                           `- error: 'Element' is not a member type of generic struct 'RxSwift.PrimitiveSequence<Trait, Element>'
22 |         return asObservable().map(transform).asSingle()
23 |     }
/Users/admin/builder/spi-builder-workspace/.dependencies/checkouts/RxSwift/Sources/RxSwift/PrimitiveSequence.swift:10:15: note: 'PrimitiveSequence' declared here
  8 |
  9 | /// Observable sequences containing 0 or 1 element.
 10 | public struct PrimitiveSequence<Trait, Element> {
    |               `- note: 'PrimitiveSequence' declared here
 11 |     let source: Observable<Element>
 12 |
/Users/admin/builder/spi-builder-workspace/Sources/Application/Extensions/PrimitiveSequence+.swift:33:62: error: 'Element' is not a member type of generic struct 'RxSwift.PrimitiveSequence<Trait, Element>'
31 |      - returns: An observable sequence whose elements are the result of invoking the one-to-many transform function on each element of the input sequence.
32 |      */
33 |     func flatMap<O>(_ selector: @escaping (PrimitiveSequence.Element) throws -> O) -> RxSwift.Single<O.Element> where O : ObservableConvertibleType {
   |                                                              `- error: 'Element' is not a member type of generic struct 'RxSwift.PrimitiveSequence<Trait, Element>'
34 |         return asObservable().flatMap(selector).asSingle()
35 |     }
/Users/admin/builder/spi-builder-workspace/.dependencies/checkouts/RxSwift/Sources/RxSwift/PrimitiveSequence.swift:10:15: note: 'PrimitiveSequence' declared here
  8 |
  9 | /// Observable sequences containing 0 or 1 element.
 10 | public struct PrimitiveSequence<Trait, Element> {
    |               `- note: 'PrimitiveSequence' declared here
 11 |     let source: Observable<Element>
 12 |
SwiftCompile normal arm64 /Users/admin/builder/spi-builder-workspace/Sources/Domain/UseCases/RandomIntervalScheduleUseCase.swift (in target 'OperantKit' from project 'OperantKit')
    cd /Users/admin/builder/spi-builder-workspace/.swiftpm/xcode
    builtin-SwiftPerFileCompile RandomIntervalScheduleUseCase.swift
SwiftCompile normal arm64 /Users/admin/builder/spi-builder-workspace/Sources/Domain/UseCases/RandomRatioScheduleUseCase.swift (in target 'OperantKit' from project 'OperantKit')
    cd /Users/admin/builder/spi-builder-workspace/.swiftpm/xcode
    builtin-SwiftPerFileCompile RandomRatioScheduleUseCase.swift
SwiftCompile normal arm64 /Users/admin/builder/spi-builder-workspace/Sources/Domain/UseCases/RandomTimeScheduleUseCase.swift (in target 'OperantKit' from project 'OperantKit')
    cd /Users/admin/builder/spi-builder-workspace/.swiftpm/xcode
    builtin-SwiftPerFileCompile RandomTimeScheduleUseCase.swift
SwiftCompile normal arm64 /Users/admin/builder/spi-builder-workspace/Sources/Domain/UseCases/ScheduleUseCaseBase.swift (in target 'OperantKit' from project 'OperantKit')
    cd /Users/admin/builder/spi-builder-workspace/.swiftpm/xcode
    builtin-SwiftPerFileCompile ScheduleUseCaseBase.swift
SwiftCompile normal arm64 /Users/admin/builder/spi-builder-workspace/Sources/Domain/UseCases/StepTimerUseCaseTimerUseCase.swift (in target 'OperantKit' from project 'OperantKit')
    cd /Users/admin/builder/spi-builder-workspace/.swiftpm/xcode
    builtin-SwiftPerFileCompile StepTimerUseCaseTimerUseCase.swift
SwiftCompile normal arm64 /Users/admin/builder/spi-builder-workspace/Sources/Domain/UseCases/VariableIntervalScheduleUseCase.swift (in target 'OperantKit' from project 'OperantKit')
    cd /Users/admin/builder/spi-builder-workspace/.swiftpm/xcode
    builtin-SwiftPerFileCompile VariableIntervalScheduleUseCase.swift
SwiftCompile normal arm64 /Users/admin/builder/spi-builder-workspace/Sources/Domain/UseCases/VariableRatioScheduleUseCase.swift (in target 'OperantKit' from project 'OperantKit')
    cd /Users/admin/builder/spi-builder-workspace/.swiftpm/xcode
    builtin-SwiftPerFileCompile VariableRatioScheduleUseCase.swift
SwiftCompile normal arm64 /Users/admin/builder/spi-builder-workspace/Sources/Domain/UseCases/VariableTimeScheduleUseCase.swift (in target 'OperantKit' from project 'OperantKit')
    cd /Users/admin/builder/spi-builder-workspace/.swiftpm/xcode
    builtin-SwiftPerFileCompile VariableTimeScheduleUseCase.swift
SwiftCompile normal arm64 /Users/admin/builder/spi-builder-workspace/Sources/Domain/UseCases/WhileLoopTimerUseCase.swift (in target 'OperantKit' from project 'OperantKit')
    cd /Users/admin/builder/spi-builder-workspace/.swiftpm/xcode
    builtin-SwiftPerFileCompile WhileLoopTimerUseCase.swift
SwiftCompile normal arm64 Compiling\ UIViewController+Rx.swift,\ UInt64+.swift,\ Matrix.swift,\ Shared.swift,\ TimeHelper.swift,\ Chainable.swift,\ Concurrentable.swift,\ Continuable.swift,\ DiscreteTrialParameter.swift /Users/admin/builder/spi-builder-workspace/Sources/Application/Extensions/UIViewController+Rx.swift /Users/admin/builder/spi-builder-workspace/Sources/Application/Extensions/UInt64+.swift /Users/admin/builder/spi-builder-workspace/Sources/Application/Helpers/Matrix.swift /Users/admin/builder/spi-builder-workspace/Sources/Application/Helpers/Shared.swift /Users/admin/builder/spi-builder-workspace/Sources/Application/Helpers/TimeHelper.swift /Users/admin/builder/spi-builder-workspace/Sources/Application/Protocols/Chainable.swift /Users/admin/builder/spi-builder-workspace/Sources/Application/Protocols/Concurrentable.swift /Users/admin/builder/spi-builder-workspace/Sources/Application/Protocols/Continuable.swift /Users/admin/builder/spi-builder-workspace/Sources/Application/Protocols/DiscreteTrialParameter.swift (in target 'OperantKit' from project 'OperantKit')
SwiftCompile normal arm64 /Users/admin/builder/spi-builder-workspace/Sources/Application/Extensions/UIViewController+Rx.swift (in target 'OperantKit' from project 'OperantKit')
    cd /Users/admin/builder/spi-builder-workspace/.swiftpm/xcode
    builtin-SwiftPerFileCompile UIViewController+Rx.swift
SwiftCompile normal arm64 /Users/admin/builder/spi-builder-workspace/Sources/Application/Extensions/UInt64+.swift (in target 'OperantKit' from project 'OperantKit')
    cd /Users/admin/builder/spi-builder-workspace/.swiftpm/xcode
    builtin-SwiftPerFileCompile UInt64+.swift
SwiftCompile normal arm64 /Users/admin/builder/spi-builder-workspace/Sources/Application/Helpers/Matrix.swift (in target 'OperantKit' from project 'OperantKit')
    cd /Users/admin/builder/spi-builder-workspace/.swiftpm/xcode
    builtin-SwiftPerFileCompile Matrix.swift
SwiftCompile normal arm64 /Users/admin/builder/spi-builder-workspace/Sources/Application/Helpers/Shared.swift (in target 'OperantKit' from project 'OperantKit')
    cd /Users/admin/builder/spi-builder-workspace/.swiftpm/xcode
    builtin-SwiftPerFileCompile Shared.swift
SwiftCompile normal arm64 /Users/admin/builder/spi-builder-workspace/Sources/Application/Helpers/TimeHelper.swift (in target 'OperantKit' from project 'OperantKit')
    cd /Users/admin/builder/spi-builder-workspace/.swiftpm/xcode
    builtin-SwiftPerFileCompile TimeHelper.swift
SwiftCompile normal arm64 /Users/admin/builder/spi-builder-workspace/Sources/Application/Protocols/Chainable.swift (in target 'OperantKit' from project 'OperantKit')
    cd /Users/admin/builder/spi-builder-workspace/.swiftpm/xcode
    builtin-SwiftPerFileCompile Chainable.swift
SwiftCompile normal arm64 /Users/admin/builder/spi-builder-workspace/Sources/Application/Protocols/Concurrentable.swift (in target 'OperantKit' from project 'OperantKit')
    cd /Users/admin/builder/spi-builder-workspace/.swiftpm/xcode
    builtin-SwiftPerFileCompile Concurrentable.swift
SwiftCompile normal arm64 /Users/admin/builder/spi-builder-workspace/Sources/Application/Protocols/Continuable.swift (in target 'OperantKit' from project 'OperantKit')
    cd /Users/admin/builder/spi-builder-workspace/.swiftpm/xcode
    builtin-SwiftPerFileCompile Continuable.swift
SwiftCompile normal arm64 /Users/admin/builder/spi-builder-workspace/Sources/Application/Protocols/DiscreteTrialParameter.swift (in target 'OperantKit' from project 'OperantKit')
    cd /Users/admin/builder/spi-builder-workspace/.swiftpm/xcode
    builtin-SwiftPerFileCompile DiscreteTrialParameter.swift
SwiftCompile normal arm64 Compiling\ Times.swift,\ SessionEvents.swift,\ FleshlerHoffman.swift,\ CRF.swift,\ EXT.swift,\ FI.swift,\ FR.swift,\ FT.swift,\ RI.swift /Users/admin/builder/spi-builder-workspace/Sources/Application/Typealias/Times.swift /Users/admin/builder/spi-builder-workspace/Sources/Common/Events/SessionEvents.swift /Users/admin/builder/spi-builder-workspace/Sources/Common/Helpers/FleshlerHoffman.swift /Users/admin/builder/spi-builder-workspace/Sources/Common/Schedules/CRF.swift /Users/admin/builder/spi-builder-workspace/Sources/Common/Schedules/EXT.swift /Users/admin/builder/spi-builder-workspace/Sources/Common/Schedules/FI.swift /Users/admin/builder/spi-builder-workspace/Sources/Common/Schedules/FR.swift /Users/admin/builder/spi-builder-workspace/Sources/Common/Schedules/FT.swift /Users/admin/builder/spi-builder-workspace/Sources/Common/Schedules/RI.swift (in target 'OperantKit' from project 'OperantKit')
/Users/admin/builder/spi-builder-workspace/Sources/Application/Extensions/PrimitiveSequence+.swift:21:59: error: 'Element' is not a member type of generic struct 'RxSwift.PrimitiveSequence<Trait, Element>'
19 |
20 |      */
21 |     func map<R>(_ transform: @escaping (PrimitiveSequence.Element) throws -> R) -> RxSwift.Single<R> {
   |                                                           `- error: 'Element' is not a member type of generic struct 'RxSwift.PrimitiveSequence<Trait, Element>'
22 |         return asObservable().map(transform).asSingle()
23 |     }
/Users/admin/builder/spi-builder-workspace/.dependencies/checkouts/RxSwift/Sources/RxSwift/PrimitiveSequence.swift:10:15: note: 'PrimitiveSequence' declared here
  8 |
  9 | /// Observable sequences containing 0 or 1 element.
 10 | public struct PrimitiveSequence<Trait, Element> {
    |               `- note: 'PrimitiveSequence' declared here
 11 |     let source: Observable<Element>
 12 |
/Users/admin/builder/spi-builder-workspace/Sources/Common/Schedules/CRF.swift:19:16: error: referencing instance method 'map' on 'PrimitiveSequenceType' requires the types 'PrimitiveSequence<Trait, ResponseEntity>.TraitType' (aka 'Trait') and 'SingleTrait' be equivalent
17 |     /// - Tag: .CRF()
18 |     func CRF() -> Single<Bool> {
19 |         return map { r in r.fixedRatio(1) }
   |                `- error: referencing instance method 'map' on 'PrimitiveSequenceType' requires the types 'PrimitiveSequence<Trait, ResponseEntity>.TraitType' (aka 'Trait') and 'SingleTrait' be equivalent
20 |     }
21 | }
/Users/admin/builder/spi-builder-workspace/.dependencies/checkouts/RxSwift/Sources/RxSwift/Single.swift:154:1: note: where 'Self.TraitType' = 'PrimitiveSequence<Trait, ResponseEntity>.TraitType' (aka 'Trait')
152 | }
153 |
154 | extension PrimitiveSequenceType where TraitType == SingleTrait {
    | `- note: where 'Self.TraitType' = 'PrimitiveSequence<Trait, ResponseEntity>.TraitType' (aka 'Trait')
155 |
156 |     /**
/Users/admin/builder/spi-builder-workspace/Sources/Common/Schedules/EXT.swift:28:16: error: referencing instance method 'map' on 'PrimitiveSequenceType' requires the types 'PrimitiveSequence<Trait, ResponseEntity>.TraitType' (aka 'Trait') and 'SingleTrait' be equivalent
26 |     /// - Tag: .EXT()
27 |     func EXT() -> Single<Bool> {
28 |         return map { $0.extinction() }
   |                `- error: referencing instance method 'map' on 'PrimitiveSequenceType' requires the types 'PrimitiveSequence<Trait, ResponseEntity>.TraitType' (aka 'Trait') and 'SingleTrait' be equivalent
29 |     }
30 | }
/Users/admin/builder/spi-builder-workspace/.dependencies/checkouts/RxSwift/Sources/RxSwift/Single.swift:154:1: note: where 'Self.TraitType' = 'PrimitiveSequence<Trait, ResponseEntity>.TraitType' (aka 'Trait')
152 | }
153 |
154 | extension PrimitiveSequenceType where TraitType == SingleTrait {
    | `- note: where 'Self.TraitType' = 'PrimitiveSequence<Trait, ResponseEntity>.TraitType' (aka 'Trait')
155 |
156 |     /**
/Users/admin/builder/spi-builder-workspace/Sources/Application/Extensions/PrimitiveSequence+.swift:46:45: error: 'Element' is not a member type of generic struct 'RxSwift.PrimitiveSequence<Trait, Element>'
44 |
45 |     /// Store the last response and return tuple
46 |     func store(startWith: PrimitiveSequence.Element) -> Single<(newValue: Element, oldValue: Element)> {
   |                                             `- error: 'Element' is not a member type of generic struct 'RxSwift.PrimitiveSequence<Trait, Element>'
47 |         return asObservable().store(startWith: startWith).asSingle()
48 |     }
/Users/admin/builder/spi-builder-workspace/.dependencies/checkouts/RxSwift/Sources/RxSwift/PrimitiveSequence.swift:10:15: note: 'PrimitiveSequence' declared here
  8 |
  9 | /// Observable sequences containing 0 or 1 element.
 10 | public struct PrimitiveSequence<Trait, Element> {
    |               `- note: 'PrimitiveSequence' declared here
 11 |     let source: Observable<Element>
 12 |
/Users/admin/builder/spi-builder-workspace/Sources/Common/Schedules/FI.swift:29:48: error: argument passed to call that takes no arguments
27 |     /// - Tag: .FI()
28 |     func FI(_ value: @escaping @autoclosure () -> Milliseconds) -> Single<Bool> {
29 |         return store(startWith: ResponseEntity.zero)
   |                                                `- error: argument passed to call that takes no arguments
30 |             .map { $0.newValue.fixedInterval(value(), $0.oldValue.numOfResponses) }
31 |     }
/Users/admin/builder/spi-builder-workspace/Sources/Common/Schedules/FI.swift:30:58: error: value of optional type 'ResponseEntity?' must be unwrapped to refer to member 'numOfResponses' of wrapped base type 'ResponseEntity'
28 |     func FI(_ value: @escaping @autoclosure () -> Milliseconds) -> Single<Bool> {
29 |         return store(startWith: ResponseEntity.zero)
30 |             .map { $0.newValue.fixedInterval(value(), $0.oldValue.numOfResponses) }
   |                                                          |- error: value of optional type 'ResponseEntity?' must be unwrapped to refer to member 'numOfResponses' of wrapped base type 'ResponseEntity'
   |                                                          |- note: chain the optional using '?' to access member 'numOfResponses' only for non-'nil' base values
   |                                                          `- note: force-unwrap using '!' to abort execution if the optional value contains 'nil'
31 |     }
32 |
/Users/admin/builder/spi-builder-workspace/Sources/Application/Extensions/PrimitiveSequence+.swift:33:62: error: 'Element' is not a member type of generic struct 'RxSwift.PrimitiveSequence<Trait, Element>'
31 |      - returns: An observable sequence whose elements are the result of invoking the one-to-many transform function on each element of the input sequence.
32 |      */
33 |     func flatMap<O>(_ selector: @escaping (PrimitiveSequence.Element) throws -> O) -> RxSwift.Single<O.Element> where O : ObservableConvertibleType {
   |                                                              `- error: 'Element' is not a member type of generic struct 'RxSwift.PrimitiveSequence<Trait, Element>'
34 |         return asObservable().flatMap(selector).asSingle()
35 |     }
/Users/admin/builder/spi-builder-workspace/.dependencies/checkouts/RxSwift/Sources/RxSwift/PrimitiveSequence.swift:10:15: note: 'PrimitiveSequence' declared here
  8 |
  9 | /// Observable sequences containing 0 or 1 element.
 10 | public struct PrimitiveSequence<Trait, Element> {
    |               `- note: 'PrimitiveSequence' declared here
 11 |     let source: Observable<Element>
 12 |
/Users/admin/builder/spi-builder-workspace/Sources/Application/Extensions/PrimitiveSequence+.swift:33:104: error: 'Element' is not a member type of type 'O'
31 |      - returns: An observable sequence whose elements are the result of invoking the one-to-many transform function on each element of the input sequence.
32 |      */
33 |     func flatMap<O>(_ selector: @escaping (PrimitiveSequence.Element) throws -> O) -> RxSwift.Single<O.Element> where O : ObservableConvertibleType {
   |                                                                                                        `- error: 'Element' is not a member type of type 'O'
34 |         return asObservable().flatMap(selector).asSingle()
35 |     }
/Users/admin/builder/spi-builder-workspace/Sources/Common/Schedules/FI.swift:40:48: error: argument passed to call that takes no arguments
38 |     /// - Tag: .FI()
39 |     func FI(_ value: Single<Int>) -> Single<Bool> {
40 |         return store(startWith: ResponseEntity.zero)
   |                                                `- error: argument passed to call that takes no arguments
41 |             .flatMap { a in
42 |                 value.map { b in
/Users/admin/builder/spi-builder-workspace/Sources/Common/Schedules/FI.swift:43:51: error: value of optional type 'ResponseEntity?' must be unwrapped to refer to member 'numOfResponses' of wrapped base type 'ResponseEntity'
41 |             .flatMap { a in
42 |                 value.map { b in
43 |                     a.newValue.fixedInterval(b, a.oldValue.numOfResponses)
   |                                                   |- error: value of optional type 'ResponseEntity?' must be unwrapped to refer to member 'numOfResponses' of wrapped base type 'ResponseEntity'
   |                                                   |- note: chain the optional using '?' to access member 'numOfResponses' only for non-'nil' base values
   |                                                   `- note: force-unwrap using '!' to abort execution if the optional value contains 'nil'
44 |                 }
45 |             }
/Users/admin/builder/spi-builder-workspace/Sources/Common/Schedules/FR.swift:38:16: error: referencing instance method 'map' on 'PrimitiveSequenceType' requires the types 'PrimitiveSequence<Trait, ResponseEntity>.TraitType' (aka 'Trait') and 'SingleTrait' be equivalent
36 |     /// - Tag: .FR()
37 |     func FR(_ value: @escaping @autoclosure () -> Int) -> Single<Bool> {
38 |         return map { r in r.fixedRatio(value()) }
   |                `- error: referencing instance method 'map' on 'PrimitiveSequenceType' requires the types 'PrimitiveSequence<Trait, ResponseEntity>.TraitType' (aka 'Trait') and 'SingleTrait' be equivalent
39 |     }
40 |
/Users/admin/builder/spi-builder-workspace/.dependencies/checkouts/RxSwift/Sources/RxSwift/Single.swift:154:1: note: where 'Self.TraitType' = 'PrimitiveSequence<Trait, ResponseEntity>.TraitType' (aka 'Trait')
152 | }
153 |
154 | extension PrimitiveSequenceType where TraitType == SingleTrait {
    | `- note: where 'Self.TraitType' = 'PrimitiveSequence<Trait, ResponseEntity>.TraitType' (aka 'Trait')
155 |
156 |     /**
/Users/admin/builder/spi-builder-workspace/Sources/Common/Schedules/FR.swift:51:16: error: referencing instance method 'flatMap' on 'PrimitiveSequenceType' requires the types 'PrimitiveSequence<Trait, ResponseEntity>.TraitType' (aka 'Trait') and 'SingleTrait' be equivalent
49 |     /// - Tag: .FR()
50 |     func FR(_ value: Single<Int>) -> Single<Bool> {
51 |         return flatMap { r in value.map { v in r.fixedRatio(v) } }
   |                `- error: referencing instance method 'flatMap' on 'PrimitiveSequenceType' requires the types 'PrimitiveSequence<Trait, ResponseEntity>.TraitType' (aka 'Trait') and 'SingleTrait' be equivalent
52 |     }
53 | }
/Users/admin/builder/spi-builder-workspace/.dependencies/checkouts/RxSwift/Sources/RxSwift/Single.swift:154:1: note: where 'Self.TraitType' = 'PrimitiveSequence<Trait, ResponseEntity>.TraitType' (aka 'Trait')
152 | }
153 |
154 | extension PrimitiveSequenceType where TraitType == SingleTrait {
    | `- note: where 'Self.TraitType' = 'PrimitiveSequence<Trait, ResponseEntity>.TraitType' (aka 'Trait')
155 |
156 |     /**
/Users/admin/builder/spi-builder-workspace/Sources/Common/Schedules/FT.swift:29:16: error: referencing instance method 'map' on 'PrimitiveSequenceType' requires the types 'PrimitiveSequence<Trait, ResponseEntity>.TraitType' (aka 'Trait') and 'SingleTrait' be equivalent
27 |     /// - Tag: .FT()
28 |     func FT(_ value: @escaping @autoclosure () -> Milliseconds) -> Single<Bool> {
29 |         return map { r in r.fixedTime(value()) }
   |                `- error: referencing instance method 'map' on 'PrimitiveSequenceType' requires the types 'PrimitiveSequence<Trait, ResponseEntity>.TraitType' (aka 'Trait') and 'SingleTrait' be equivalent
30 |     }
31 |
/Users/admin/builder/spi-builder-workspace/.dependencies/checkouts/RxSwift/Sources/RxSwift/Single.swift:154:1: note: where 'Self.TraitType' = 'PrimitiveSequence<Trait, ResponseEntity>.TraitType' (aka 'Trait')
152 | }
153 |
154 | extension PrimitiveSequenceType where TraitType == SingleTrait {
    | `- note: where 'Self.TraitType' = 'PrimitiveSequence<Trait, ResponseEntity>.TraitType' (aka 'Trait')
155 |
156 |     /**
SwiftCompile normal arm64 /Users/admin/builder/spi-builder-workspace/Sources/Application/Typealias/Times.swift (in target 'OperantKit' from project 'OperantKit')
    cd /Users/admin/builder/spi-builder-workspace/.swiftpm/xcode
    builtin-SwiftPerFileCompile Times.swift
SwiftCompile normal arm64 /Users/admin/builder/spi-builder-workspace/Sources/Common/Events/SessionEvents.swift (in target 'OperantKit' from project 'OperantKit')
    cd /Users/admin/builder/spi-builder-workspace/.swiftpm/xcode
    builtin-SwiftPerFileCompile SessionEvents.swift
SwiftCompile normal arm64 /Users/admin/builder/spi-builder-workspace/Sources/Common/Helpers/FleshlerHoffman.swift (in target 'OperantKit' from project 'OperantKit')
    cd /Users/admin/builder/spi-builder-workspace/.swiftpm/xcode
    builtin-SwiftPerFileCompile FleshlerHoffman.swift
SwiftCompile normal arm64 /Users/admin/builder/spi-builder-workspace/Sources/Common/Schedules/CRF.swift (in target 'OperantKit' from project 'OperantKit')
    cd /Users/admin/builder/spi-builder-workspace/.swiftpm/xcode
    builtin-SwiftPerFileCompile CRF.swift
SwiftCompile normal arm64 /Users/admin/builder/spi-builder-workspace/Sources/Common/Schedules/EXT.swift (in target 'OperantKit' from project 'OperantKit')
    cd /Users/admin/builder/spi-builder-workspace/.swiftpm/xcode
    builtin-SwiftPerFileCompile EXT.swift
SwiftCompile normal arm64 /Users/admin/builder/spi-builder-workspace/Sources/Common/Schedules/FI.swift (in target 'OperantKit' from project 'OperantKit')
    cd /Users/admin/builder/spi-builder-workspace/.swiftpm/xcode
    builtin-SwiftPerFileCompile FI.swift
SwiftCompile normal arm64 /Users/admin/builder/spi-builder-workspace/Sources/Common/Schedules/FR.swift (in target 'OperantKit' from project 'OperantKit')
    cd /Users/admin/builder/spi-builder-workspace/.swiftpm/xcode
    builtin-SwiftPerFileCompile FR.swift
SwiftCompile normal arm64 /Users/admin/builder/spi-builder-workspace/Sources/Common/Schedules/FT.swift (in target 'OperantKit' from project 'OperantKit')
    cd /Users/admin/builder/spi-builder-workspace/.swiftpm/xcode
    builtin-SwiftPerFileCompile FT.swift
SwiftCompile normal arm64 /Users/admin/builder/spi-builder-workspace/Sources/Common/Schedules/RI.swift (in target 'OperantKit' from project 'OperantKit')
    cd /Users/admin/builder/spi-builder-workspace/.swiftpm/xcode
    builtin-SwiftPerFileCompile RI.swift
SwiftCompile normal arm64 Compiling\ TimeUnit.swift,\ TrialState.swift,\ Observable+.swift,\ ObservableMilliseconds+.swift,\ ObservableType+.swift,\ PrimitiveSequence+.swift,\ PublishSubject+.swift,\ ResultEntity+Rx.swift,\ UIApplication+Rx.swift /Users/admin/builder/spi-builder-workspace/Sources/Application/Enums/TimeUnit.swift /Users/admin/builder/spi-builder-workspace/Sources/Application/Enums/TrialState.swift /Users/admin/builder/spi-builder-workspace/Sources/Application/Extensions/Observable+.swift /Users/admin/builder/spi-builder-workspace/Sources/Application/Extensions/ObservableMilliseconds+.swift /Users/admin/builder/spi-builder-workspace/Sources/Application/Extensions/ObservableType+.swift /Users/admin/builder/spi-builder-workspace/Sources/Application/Extensions/PrimitiveSequence+.swift /Users/admin/builder/spi-builder-workspace/Sources/Application/Extensions/PublishSubject+.swift /Users/admin/builder/spi-builder-workspace/Sources/Application/Extensions/ResultEntity+Rx.swift /Users/admin/builder/spi-builder-workspace/Sources/Application/Extensions/UIApplication+Rx.swift (in target 'OperantKit' from project 'OperantKit')
/Users/admin/builder/spi-builder-workspace/Sources/Application/Enums/TrialState.swift:20:23: warning: static property 'ready' produces an empty option set
18 |
19 |     /// Ready for the trial
20 |     public static let ready = TrialState(rawValue: 0)
   |                       |- warning: static property 'ready' produces an empty option set
   |                       `- note: use [] to silence this warning
21 |     /// The trial occured reinforcement
22 |     public static let didReinforcement = TrialState(rawValue: 1)
/Users/admin/builder/spi-builder-workspace/Sources/Application/Extensions/ObservableType+.swift:19:50: error: cannot find type 'Element' in scope
17 |
18 |     /// Translate from Observable to Driver on error just complete
19 |     func asDriverOnErrorJustComplete() -> Driver<Element> {
   |                                                  `- error: cannot find type 'Element' in scope
20 |         return asDriver { error in
21 |             assertionFailure("Error \(error)")
/Users/admin/builder/spi-builder-workspace/Sources/Application/Extensions/ObservableType+.swift:27:66: error: cannot find type 'Element' in scope
25 |
26 |     /// Store the last response and return tuple
27 |     func store(startWith: Self.Element) -> Observable<(newValue: Element, oldValue: Element)> {
   |                                                                  `- error: cannot find type 'Element' in scope
28 |         let shared = self.share(replay: 1)
29 |         return Observable.zip(shared, shared.startWith(startWith)) { a, b in
/Users/admin/builder/spi-builder-workspace/Sources/Application/Extensions/ObservableType+.swift:27:85: error: cannot find type 'Element' in scope
25 |
26 |     /// Store the last response and return tuple
27 |     func store(startWith: Self.Element) -> Observable<(newValue: Element, oldValue: Element)> {
   |                                                                                     `- error: cannot find type 'Element' in scope
28 |         let shared = self.share(replay: 1)
29 |         return Observable.zip(shared, shared.startWith(startWith)) { a, b in
/Users/admin/builder/spi-builder-workspace/Sources/Application/Extensions/ObservableType+.swift:27:32: error: 'Element' is not a member type of type 'Self'
25 |
26 |     /// Store the last response and return tuple
27 |     func store(startWith: Self.Element) -> Observable<(newValue: Element, oldValue: Element)> {
   |                                `- error: 'Element' is not a member type of type 'Self'
28 |         let shared = self.share(replay: 1)
29 |         return Observable.zip(shared, shared.startWith(startWith)) { a, b in
/Users/admin/builder/spi-builder-workspace/Sources/Application/Extensions/ObservableType+.swift:35:43: error: cannot find type 'Element' in scope
33 |
34 |     /// Store the last response and return tuple
35 |     func store() -> Observable<(newValue: Element, oldValue: Element?)> {
   |                                           `- error: cannot find type 'Element' in scope
36 |         let shared = self.share(replay: 1)
37 |         return Observable.zip(shared, shared.map(Optional.init).startWith(nil)) { a, b in
/Users/admin/builder/spi-builder-workspace/Sources/Application/Extensions/ObservableType+.swift:35:62: error: cannot find type 'Element' in scope
33 |
34 |     /// Store the last response and return tuple
35 |     func store() -> Observable<(newValue: Element, oldValue: Element?)> {
   |                                                              `- error: cannot find type 'Element' in scope
36 |         let shared = self.share(replay: 1)
37 |         return Observable.zip(shared, shared.map(Optional.init).startWith(nil)) { a, b in
/Users/admin/builder/spi-builder-workspace/Sources/Application/Extensions/PrimitiveSequence+.swift:21:59: error: 'Element' is not a member type of generic struct 'RxSwift.PrimitiveSequence<Trait, Element>'
19 |
20 |      */
21 |     func map<R>(_ transform: @escaping (PrimitiveSequence.Element) throws -> R) -> RxSwift.Single<R> {
   |                                                           `- error: 'Element' is not a member type of generic struct 'RxSwift.PrimitiveSequence<Trait, Element>'
22 |         return asObservable().map(transform).asSingle()
23 |     }
/Users/admin/builder/spi-builder-workspace/.dependencies/checkouts/RxSwift/Sources/RxSwift/PrimitiveSequence.swift:10:15: note: 'PrimitiveSequence' declared here
  8 |
  9 | /// Observable sequences containing 0 or 1 element.
 10 | public struct PrimitiveSequence<Trait, Element> {
    |               `- note: 'PrimitiveSequence' declared here
 11 |     let source: Observable<Element>
 12 |
/Users/admin/builder/spi-builder-workspace/Sources/Application/Extensions/PrimitiveSequence+.swift:33:62: error: 'Element' is not a member type of generic struct 'RxSwift.PrimitiveSequence<Trait, Element>'
31 |      - returns: An observable sequence whose elements are the result of invoking the one-to-many transform function on each element of the input sequence.
32 |      */
33 |     func flatMap<O>(_ selector: @escaping (PrimitiveSequence.Element) throws -> O) -> RxSwift.Single<O.Element> where O : ObservableConvertibleType {
   |                                                              `- error: 'Element' is not a member type of generic struct 'RxSwift.PrimitiveSequence<Trait, Element>'
34 |         return asObservable().flatMap(selector).asSingle()
35 |     }
/Users/admin/builder/spi-builder-workspace/.dependencies/checkouts/RxSwift/Sources/RxSwift/PrimitiveSequence.swift:10:15: note: 'PrimitiveSequence' declared here
  8 |
  9 | /// Observable sequences containing 0 or 1 element.
 10 | public struct PrimitiveSequence<Trait, Element> {
    |               `- note: 'PrimitiveSequence' declared here
 11 |     let source: Observable<Element>
 12 |
/Users/admin/builder/spi-builder-workspace/Sources/Application/Extensions/PrimitiveSequence+.swift:33:104: error: 'Element' is not a member type of type 'O'
31 |      - returns: An observable sequence whose elements are the result of invoking the one-to-many transform function on each element of the input sequence.
32 |      */
33 |     func flatMap<O>(_ selector: @escaping (PrimitiveSequence.Element) throws -> O) -> RxSwift.Single<O.Element> where O : ObservableConvertibleType {
   |                                                                                                        `- error: 'Element' is not a member type of type 'O'
34 |         return asObservable().flatMap(selector).asSingle()
35 |     }
/Users/admin/builder/spi-builder-workspace/Sources/Application/Extensions/PrimitiveSequence+.swift:46:45: error: 'Element' is not a member type of generic struct 'RxSwift.PrimitiveSequence<Trait, Element>'
44 |
45 |     /// Store the last response and return tuple
46 |     func store(startWith: PrimitiveSequence.Element) -> Single<(newValue: Element, oldValue: Element)> {
   |                                             `- error: 'Element' is not a member type of generic struct 'RxSwift.PrimitiveSequence<Trait, Element>'
47 |         return asObservable().store(startWith: startWith).asSingle()
48 |     }
/Users/admin/builder/spi-builder-workspace/.dependencies/checkouts/RxSwift/Sources/RxSwift/PrimitiveSequence.swift:10:15: note: 'PrimitiveSequence' declared here
  8 |
  9 | /// Observable sequences containing 0 or 1 element.
 10 | public struct PrimitiveSequence<Trait, Element> {
    |               `- note: 'PrimitiveSequence' declared here
 11 |     let source: Observable<Element>
 12 |
SwiftCompile normal arm64 /Users/admin/builder/spi-builder-workspace/Sources/Application/Enums/TimeUnit.swift (in target 'OperantKit' from project 'OperantKit')
    cd /Users/admin/builder/spi-builder-workspace/.swiftpm/xcode
    builtin-SwiftPerFileCompile TimeUnit.swift
SwiftCompile normal arm64 /Users/admin/builder/spi-builder-workspace/Sources/Application/Enums/TrialState.swift (in target 'OperantKit' from project 'OperantKit')
    cd /Users/admin/builder/spi-builder-workspace/.swiftpm/xcode
    builtin-SwiftPerFileCompile TrialState.swift
SwiftCompile normal arm64 /Users/admin/builder/spi-builder-workspace/Sources/Application/Extensions/Observable+.swift (in target 'OperantKit' from project 'OperantKit')
    cd /Users/admin/builder/spi-builder-workspace/.swiftpm/xcode
    builtin-SwiftPerFileCompile Observable+.swift
SwiftCompile normal arm64 /Users/admin/builder/spi-builder-workspace/Sources/Application/Extensions/ObservableMilliseconds+.swift (in target 'OperantKit' from project 'OperantKit')
    cd /Users/admin/builder/spi-builder-workspace/.swiftpm/xcode
    builtin-SwiftPerFileCompile ObservableMilliseconds+.swift
SwiftCompile normal arm64 /Users/admin/builder/spi-builder-workspace/Sources/Application/Extensions/ObservableType+.swift (in target 'OperantKit' from project 'OperantKit')
    cd /Users/admin/builder/spi-builder-workspace/.swiftpm/xcode
    builtin-SwiftPerFileCompile ObservableType+.swift
SwiftCompile normal arm64 /Users/admin/builder/spi-builder-workspace/Sources/Application/Extensions/PrimitiveSequence+.swift (in target 'OperantKit' from project 'OperantKit')
    cd /Users/admin/builder/spi-builder-workspace/.swiftpm/xcode
    builtin-SwiftPerFileCompile PrimitiveSequence+.swift
SwiftCompile normal arm64 /Users/admin/builder/spi-builder-workspace/Sources/Application/Extensions/PublishSubject+.swift (in target 'OperantKit' from project 'OperantKit')
    cd /Users/admin/builder/spi-builder-workspace/.swiftpm/xcode
    builtin-SwiftPerFileCompile PublishSubject+.swift
SwiftCompile normal arm64 /Users/admin/builder/spi-builder-workspace/Sources/Application/Extensions/ResultEntity+Rx.swift (in target 'OperantKit' from project 'OperantKit')
    cd /Users/admin/builder/spi-builder-workspace/.swiftpm/xcode
    builtin-SwiftPerFileCompile ResultEntity+Rx.swift
SwiftCompile normal arm64 /Users/admin/builder/spi-builder-workspace/Sources/Application/Extensions/UIApplication+Rx.swift (in target 'OperantKit' from project 'OperantKit')
    cd /Users/admin/builder/spi-builder-workspace/.swiftpm/xcode
    builtin-SwiftPerFileCompile UIApplication+Rx.swift
SwiftEmitModule normal arm64_32 Emitting\ module\ for\ OperantKit (in target 'OperantKit' from project 'OperantKit')
/Users/admin/builder/spi-builder-workspace/Sources/Application/Enums/ExperimentType.swift:20:23: warning: static property 'discreteTrial' produces an empty option set
18 |
19 |     /// Discrete trial procedure
20 |     public static let discreteTrial = ExperimentType(rawValue: 0)
   |                       |- warning: static property 'discreteTrial' produces an empty option set
   |                       `- note: use [] to silence this warning
21 |     /// Continuous free-operant procedure
22 |     public static let freeOperant = ExperimentType(rawValue: 1)
/Users/admin/builder/spi-builder-workspace/Sources/Application/Enums/TrialState.swift:20:23: warning: static property 'ready' produces an empty option set
18 |
19 |     /// Ready for the trial
20 |     public static let ready = TrialState(rawValue: 0)
   |                       |- warning: static property 'ready' produces an empty option set
   |                       `- note: use [] to silence this warning
21 |     /// The trial occured reinforcement
22 |     public static let didReinforcement = TrialState(rawValue: 1)
/Users/admin/builder/spi-builder-workspace/Sources/Application/Extensions/ObservableType+.swift:19:50: error: cannot find type 'Element' in scope
17 |
18 |     /// Translate from Observable to Driver on error just complete
19 |     func asDriverOnErrorJustComplete() -> Driver<Element> {
   |                                                  `- error: cannot find type 'Element' in scope
20 |         return asDriver { error in
21 |             assertionFailure("Error \(error)")
/Users/admin/builder/spi-builder-workspace/Sources/Application/Extensions/ObservableType+.swift:27:66: error: cannot find type 'Element' in scope
25 |
26 |     /// Store the last response and return tuple
27 |     func store(startWith: Self.Element) -> Observable<(newValue: Element, oldValue: Element)> {
   |                                                                  `- error: cannot find type 'Element' in scope
28 |         let shared = self.share(replay: 1)
29 |         return Observable.zip(shared, shared.startWith(startWith)) { a, b in
/Users/admin/builder/spi-builder-workspace/Sources/Application/Extensions/ObservableType+.swift:27:85: error: cannot find type 'Element' in scope
25 |
26 |     /// Store the last response and return tuple
27 |     func store(startWith: Self.Element) -> Observable<(newValue: Element, oldValue: Element)> {
   |                                                                                     `- error: cannot find type 'Element' in scope
28 |         let shared = self.share(replay: 1)
29 |         return Observable.zip(shared, shared.startWith(startWith)) { a, b in
/Users/admin/builder/spi-builder-workspace/Sources/Application/Extensions/ObservableType+.swift:27:32: error: 'Element' is not a member type of type 'Self'
25 |
26 |     /// Store the last response and return tuple
27 |     func store(startWith: Self.Element) -> Observable<(newValue: Element, oldValue: Element)> {
   |                                `- error: 'Element' is not a member type of type 'Self'
28 |         let shared = self.share(replay: 1)
29 |         return Observable.zip(shared, shared.startWith(startWith)) { a, b in
/Users/admin/builder/spi-builder-workspace/Sources/Application/Extensions/ObservableType+.swift:35:43: error: cannot find type 'Element' in scope
33 |
34 |     /// Store the last response and return tuple
35 |     func store() -> Observable<(newValue: Element, oldValue: Element?)> {
   |                                           `- error: cannot find type 'Element' in scope
36 |         let shared = self.share(replay: 1)
37 |         return Observable.zip(shared, shared.map(Optional.init).startWith(nil)) { a, b in
/Users/admin/builder/spi-builder-workspace/Sources/Application/Extensions/ObservableType+.swift:35:62: error: cannot find type 'Element' in scope
33 |
34 |     /// Store the last response and return tuple
35 |     func store() -> Observable<(newValue: Element, oldValue: Element?)> {
   |                                                              `- error: cannot find type 'Element' in scope
36 |         let shared = self.share(replay: 1)
37 |         return Observable.zip(shared, shared.map(Optional.init).startWith(nil)) { a, b in
/Users/admin/builder/spi-builder-workspace/Sources/Application/Extensions/PrimitiveSequence+.swift:21:59: error: 'Element' is not a member type of generic struct 'RxSwift.PrimitiveSequence<Trait, Element>'
19 |
20 |      */
21 |     func map<R>(_ transform: @escaping (PrimitiveSequence.Element) throws -> R) -> RxSwift.Single<R> {
   |                                                           `- error: 'Element' is not a member type of generic struct 'RxSwift.PrimitiveSequence<Trait, Element>'
22 |         return asObservable().map(transform).asSingle()
23 |     }
/Users/admin/builder/spi-builder-workspace/.dependencies/checkouts/RxSwift/Sources/RxSwift/PrimitiveSequence.swift:10:15: note: 'PrimitiveSequence' declared here
  8 |
  9 | /// Observable sequences containing 0 or 1 element.
 10 | public struct PrimitiveSequence<Trait, Element> {
    |               `- note: 'PrimitiveSequence' declared here
 11 |     let source: Observable<Element>
 12 |
/Users/admin/builder/spi-builder-workspace/Sources/Application/Extensions/PrimitiveSequence+.swift:33:62: error: 'Element' is not a member type of generic struct 'RxSwift.PrimitiveSequence<Trait, Element>'
31 |      - returns: An observable sequence whose elements are the result of invoking the one-to-many transform function on each element of the input sequence.
32 |      */
33 |     func flatMap<O>(_ selector: @escaping (PrimitiveSequence.Element) throws -> O) -> RxSwift.Single<O.Element> where O : ObservableConvertibleType {
   |                                                              `- error: 'Element' is not a member type of generic struct 'RxSwift.PrimitiveSequence<Trait, Element>'
34 |         return asObservable().flatMap(selector).asSingle()
35 |     }
/Users/admin/builder/spi-builder-workspace/.dependencies/checkouts/RxSwift/Sources/RxSwift/PrimitiveSequence.swift:10:15: note: 'PrimitiveSequence' declared here
  8 |
  9 | /// Observable sequences containing 0 or 1 element.
 10 | public struct PrimitiveSequence<Trait, Element> {
    |               `- note: 'PrimitiveSequence' declared here
 11 |     let source: Observable<Element>
 12 |
/Users/admin/builder/spi-builder-workspace/Sources/Application/Extensions/PrimitiveSequence+.swift:33:104: error: 'Element' is not a member type of type 'O'
31 |      - returns: An observable sequence whose elements are the result of invoking the one-to-many transform function on each element of the input sequence.
32 |      */
33 |     func flatMap<O>(_ selector: @escaping (PrimitiveSequence.Element) throws -> O) -> RxSwift.Single<O.Element> where O : ObservableConvertibleType {
   |                                                                                                        `- error: 'Element' is not a member type of type 'O'
34 |         return asObservable().flatMap(selector).asSingle()
35 |     }
/Users/admin/builder/spi-builder-workspace/Sources/Application/Extensions/PrimitiveSequence+.swift:46:45: error: 'Element' is not a member type of generic struct 'RxSwift.PrimitiveSequence<Trait, Element>'
44 |
45 |     /// Store the last response and return tuple
46 |     func store(startWith: PrimitiveSequence.Element) -> Single<(newValue: Element, oldValue: Element)> {
   |                                             `- error: 'Element' is not a member type of generic struct 'RxSwift.PrimitiveSequence<Trait, Element>'
47 |         return asObservable().store(startWith: startWith).asSingle()
48 |     }
/Users/admin/builder/spi-builder-workspace/.dependencies/checkouts/RxSwift/Sources/RxSwift/PrimitiveSequence.swift:10:15: note: 'PrimitiveSequence' declared here
  8 |
  9 | /// Observable sequences containing 0 or 1 element.
 10 | public struct PrimitiveSequence<Trait, Element> {
    |               `- note: 'PrimitiveSequence' declared here
 11 |     let source: Observable<Element>
 12 |
Failed frontend command:
/Applications/Xcode-27.0.0-Release.Candidate.app/Contents/Developer/Toolchains/XcodeDefault.xctoolchain/usr/bin/swift-frontend -frontend -emit-module -experimental-skip-non-inlinable-function-bodies-without-types /Users/admin/builder/spi-builder-workspace/Sources/Application/Builders/ScheduleBuilder.swift /Users/admin/builder/spi-builder-workspace/Sources/Application/Enums/ExitCondition.swift /Users/admin/builder/spi-builder-workspace/Sources/Application/Enums/ExperimentType.swift /Users/admin/builder/spi-builder-workspace/Sources/Application/Enums/Parameter.swift /Users/admin/builder/spi-builder-workspace/Sources/Application/Enums/ParameterType.swift /Users/admin/builder/spi-builder-workspace/Sources/Application/Enums/PostpositionSchedule.swift /Users/admin/builder/spi-builder-workspace/Sources/Application/Enums/PrepositionSchedule.swift /Users/admin/builder/spi-builder-workspace/Sources/Application/Enums/Priority.swift /Users/admin/builder/spi-builder-workspace/Sources/Application/Enums/ScheduleType.swift /Users/admin/builder/spi-builder-workspace/Sources/Application/Enums/TimeUnit.swift /Users/admin/builder/spi-builder-workspace/Sources/Application/Enums/TrialState.swift /Users/admin/builder/spi-builder-workspace/Sources/Application/Extensions/Observable+.swift /Users/admin/builder/spi-builder-workspace/Sources/Application/Extensions/ObservableMilliseconds+.swift /Users/admin/builder/spi-builder-workspace/Sources/Application/Extensions/ObservableType+.swift /Users/admin/builder/spi-builder-workspace/Sources/Application/Extensions/PrimitiveSequence+.swift /Users/admin/builder/spi-builder-workspace/Sources/Application/Extensions/PublishSubject+.swift /Users/admin/builder/spi-builder-workspace/Sources/Application/Extensions/ResultEntity+Rx.swift /Users/admin/builder/spi-builder-workspace/Sources/Application/Extensions/UIApplication+Rx.swift /Users/admin/builder/spi-builder-workspace/Sources/Application/Extensions/UIViewController+Rx.swift /Users/admin/builder/spi-builder-workspace/Sources/Application/Extensions/UInt64+.swift /Users/admin/builder/spi-builder-workspace/Sources/Application/Helpers/Matrix.swift /Users/admin/builder/spi-builder-workspace/Sources/Application/Helpers/Shared.swift /Users/admin/builder/spi-builder-workspace/Sources/Application/Helpers/TimeHelper.swift /Users/admin/builder/spi-builder-workspace/Sources/Application/Protocols/Chainable.swift /Users/admin/builder/spi-builder-workspace/Sources/Application/Protocols/Concurrentable.swift /Users/admin/builder/spi-builder-workspace/Sources/Application/Protocols/Continuable.swift /Users/admin/builder/spi-builder-workspace/Sources/Application/Protocols/DiscreteTrialParameter.swift /Users/admin/builder/spi-builder-workspace/Sources/Application/Protocols/DiscreteTrialRecordable.swift /Users/admin/builder/spi-builder-workspace/Sources/Application/Protocols/DiscreteTrialRepository.swift /Users/admin/builder/spi-builder-workspace/Sources/Application/Protocols/Discreteable.swift /Users/admin/builder/spi-builder-workspace/Sources/Application/Protocols/Discriminateable.swift /Users/admin/builder/spi-builder-workspace/Sources/Application/Protocols/Loggable.swift /Users/admin/builder/spi-builder-workspace/Sources/Application/Protocols/Reinforceable.swift /Users/admin/builder/spi-builder-workspace/Sources/Application/Protocols/ResponseRecordable.swift /Users/admin/builder/spi-builder-workspace/Sources/Application/Protocols/Responsible.swift /Users/admin/builder/spi-builder-workspace/Sources/Application/Protocols/ScheduleParameter.swift /Users/admin/builder/spi-builder-workspace/Sources/Application/Protocols/ScheduleParameterable.swift /Users/admin/builder/spi-builder-workspace/Sources/Application/Protocols/ScheduleRecordable.swift /Users/admin/builder/spi-builder-workspace/Sources/Application/Protocols/ScheduleRepository.swift /Users/admin/builder/spi-builder-workspace/Sources/Application/Protocols/ScheduleUseCase.swift /Users/admin/builder/spi-builder-workspace/Sources/Application/Protocols/TimeUnitable.swift /Users/admin/builder/spi-builder-workspace/Sources/Application/Protocols/TimerUseCase.swift /Users/admin/builder/spi-builder-workspace/Sources/Application/Protocols/TrialParameter.swift /Users/admin/builder/spi-builder-workspace/Sources/Application/Protocols/TrialRecordable.swift /Users/admin/builder/spi-builder-workspace/Sources/Application/Typealias/DecisionSchedule.swift /Users/admin/builder/spi-builder-workspace/Sources/Application/Typealias/Times.swift /Users/admin/builder/spi-builder-workspace/Sources/Common/Events/SessionEvents.swift /Users/admin/builder/spi-builder-workspace/Sources/Common/Helpers/FleshlerHoffman.swift /Users/admin/builder/spi-builder-workspace/Sources/Common/Schedules/CRF.swift /Users/admin/builder/spi-builder-workspace/Sources/Common/Schedules/EXT.swift /Users/admin/builder/spi-builder-workspace/Sources/Common/Schedules/FI.swift /Users/admin/builder/spi-builder-workspace/Sources/Common/Schedules/FR.swift /Users/admin/builder/spi-builder-workspace/Sources/Common/Schedules/FT.swift /Users/admin/builder/spi-builder-workspace/Sources/Common/Schedules/RI.swift /Users/admin/builder/spi-builder-workspace/Sources/Common/Schedules/RR.swift /Users/admin/builder/spi-builder-workspace/Sources/Common/Schedules/RT.swift /Users/admin/builder/spi-builder-workspace/Sources/Common/Schedules/VI.swift /Users/admin/builder/spi-builder-workspace/Sources/Common/Schedules/VR.swift /Users/admin/builder/spi-builder-workspace/Sources/Common/Schedules/VT.swift /Users/admin/builder/spi-builder-workspace/Sources/Data/DataStores/DiscreteTrialDataStoreImpl.swift /Users/admin/builder/spi-builder-workspace/Sources/Data/DataStores/ScheduleDataStore.swift /Users/admin/builder/spi-builder-workspace/Sources/Data/Entities/ConcurrentEntity.swift /Users/admin/builder/spi-builder-workspace/Sources/Data/Entities/ExperimentEntity.swift /Users/admin/builder/spi-builder-workspace/Sources/Data/Entities/FixedEntity.swift /Users/admin/builder/spi-builder-workspace/Sources/Data/Entities/RandomEntity.swift /Users/admin/builder/spi-builder-workspace/Sources/Data/Entities/ResponseEntity.swift /Users/admin/builder/spi-builder-workspace/Sources/Data/Entities/ResultEntity.swift /Users/admin/builder/spi-builder-workspace/Sources/Data/Entities/ScheduleRecordEntity.swift /Users/admin/builder/spi-builder-workspace/Sources/Data/Entities/VariableEntity.swift /Users/admin/builder/spi-builder-workspace/Sources/Data/Repositories/DiscreteTrialRepositoryImpl.swift /Users/admin/builder/spi-builder-workspace/Sources/Data/Repositories/ScheduleRespositoryImpl.swift /Users/admin/builder/spi-builder-workspace/Sources/Domain/UseCases/AlternativeScheduleUseCase.swift /Users/admin/builder/spi-builder-workspace/Sources/Domain/UseCases/CADisplayLinkTimerUseCase.swift /Users/admin/builder/spi-builder-workspace/Sources/Domain/UseCases/CVDisplayLinkTimerUseCase.swift /Users/admin/builder/spi-builder-workspace/Sources/Domain/UseCases/CompoundScheduleUseCaseBase.swift /Users/admin/builder/spi-builder-workspace/Sources/Domain/UseCases/ConcurrentScheduleUseCase.swift /Users/admin/builder/spi-builder-workspace/Sources/Domain/UseCases/DiscreteTrialUseCase.swift /Users/admin/builder/spi-builder-workspace/Sources/Domain/UseCases/ExtinctionScheduleUseCase.swift /Users/admin/builder/spi-builder-workspace/Sources/Domain/UseCases/FixedIntervalScheduleUseCase.swift /Users/admin/builder/spi-builder-workspace/Sources/Domain/UseCases/FixedRatioScheduleUseCase.swift /Users/admin/builder/spi-builder-workspace/Sources/Domain/UseCases/FixedTimeScheduleUseCase.swift /Users/admin/builder/spi-builder-workspace/Sources/Domain/UseCases/RandomIntervalScheduleUseCase.swift /Users/admin/builder/spi-builder-workspace/Sources/Domain/UseCases/RandomRatioScheduleUseCase.swift /Users/admin/builder/spi-builder-workspace/Sources/Domain/UseCases/RandomTimeScheduleUseCase.swift /Users/admin/builder/spi-builder-workspace/Sources/Domain/UseCases/ScheduleUseCaseBase.swift /Users/admin/builder/spi-builder-workspace/Sources/Domain/UseCases/StepTimerUseCaseTimerUseCase.swift /Users/admin/builder/spi-builder-workspace/Sources/Domain/UseCases/VariableIntervalScheduleUseCase.swift /Users/admin/builder/spi-builder-workspace/Sources/Domain/UseCases/VariableRatioScheduleUseCase.swift /Users/admin/builder/spi-builder-workspace/Sources/Domain/UseCases/VariableTimeScheduleUseCase.swift /Users/admin/builder/spi-builder-workspace/Sources/Domain/UseCases/WhileLoopTimerUseCase.swift -target arm64_32-apple-watchos9.0 -enable-objc-interop -sdk /Applications/Xcode-27.0.0-Release.Candidate.app/Contents/Developer/Platforms/WatchOS.platform/Developer/SDKs/WatchOS27.0.sdk -I /Users/admin/builder/spi-builder-workspace/.derivedData/Build/Products/Debug-watchos -Isystem /Applications/Xcode-27.0.0-Release.Candidate.app/Contents/Developer/Platforms/WatchOS.platform/Developer/usr/lib -F /Users/admin/builder/spi-builder-workspace/.derivedData/Build/Products/Debug-watchos/PackageFrameworks -F /Users/admin/builder/spi-builder-workspace/.derivedData/Build/Products/Debug-watchos -F /Applications/Xcode-27.0.0-Release.Candidate.app/Contents/Developer/Platforms/WatchOS.platform/Developer/Library/Frameworks -F /Applications/Xcode-27.0.0-Release.Candidate.app/Contents/Developer/Platforms/WatchOS.platform/Developer/SDKs/WatchOS27.0.sdk/Developer/Library/Frameworks -module-cache-path /Users/admin/builder/spi-builder-workspace/.derivedData/ModuleCache.noindex -no-color-diagnostics -Xcc -fno-color-diagnostics -enable-testing -g -debug-info-format\=dwarf -dwarf-version\=4 -profile-generate -profile-coverage-mapping -swift-version 4.2 -Onone -D SWIFT_PACKAGE -D DEBUG -D SWIFT_MODULE_RESOURCE_BUNDLE_UNAVAILABLE -D Xcode -serialize-debugging-options -enable-experimental-feature DebugDescriptionMacro -empty-abi-descriptor -plugin-path /Applications/Xcode-27.0.0-Release.Candidate.app/Contents/Developer/Toolchains/XcodeDefault.xctoolchain/usr/lib/swift/host/plugins/testing -validate-clang-modules-once -clang-build-session-file /Users/admin/builder/spi-builder-workspace/.derivedData/ModuleCache.noindex/Session.modulevalidation -Xcc -working-directory -Xcc /Users/admin/builder/spi-builder-workspace/.swiftpm/xcode -enable-anonymous-context-mangled-names -file-compilation-dir /Users/admin/builder/spi-builder-workspace/.swiftpm/xcode -Xcc -fmodule-map-file\=/Users/admin/builder/spi-builder-workspace/.derivedData/Build/Intermediates.noindex/GeneratedModuleMaps-watchos/RxCocoaRuntime.modulemap -Xcc -fmodule-map-file\=/Users/admin/builder/spi-builder-workspace/.derivedData/Build/Intermediates.noindex/GeneratedModuleMaps-watchos/RxAtomic.modulemap -Xcc -D_LIBCPP_HARDENING_MODE\=_LIBCPP_HARDENING_MODE_DEBUG -Xcc -ivfsstatcache -Xcc /Users/admin/builder/spi-builder-workspace/.derivedData/SDKStatCaches.noindex/watchos27.0-24R360-e829b21a6f8c9b70876ba0858053c04477534ef55a1706bf4c1112bbb242f0a2.sdkstatcache -Xcc -fmodules-prune-interval\=86400 -Xcc -fmodules-prune-after\=345600 -Xcc -I/Users/admin/builder/spi-builder-workspace/.dependencies/checkouts/RxSwift/Sources/RxCocoaRuntime/include -Xcc -I/Users/admin/builder/spi-builder-workspace/.dependencies/checkouts/RxSwift/Sources/RxAtomic/include -Xcc -I/Users/admin/builder/spi-builder-workspace/.derivedData/Build/Products/Debug-watchos/include -Xcc -I/Users/admin/builder/spi-builder-workspace/.derivedData/Build/Intermediates.noindex/OperantKit.build/Debug-watchos/OperantKit-t.build/DerivedSources-normal/arm64_32 -Xcc -I/Users/admin/builder/spi-builder-workspace/.derivedData/Build/Intermediates.noindex/OperantKit.build/Debug-watchos/OperantKit-t.build/DerivedSources/arm64_32 -Xcc -I/Users/admin/builder/spi-builder-workspace/.derivedData/Build/Intermediates.noindex/OperantKit.build/Debug-watchos/OperantKit-t.build/DerivedSources -Xcc -DSWIFT_PACKAGE -Xcc -DDEBUG\=1 -no-auto-bridging-header-chaining -module-name OperantKit -const-gather-protocols-file /Users/admin/builder/spi-builder-workspace/.derivedData/Build/Intermediates.noindex/OperantKit.build/Debug-watchos/OperantKit-t.build/Objects-normal/arm64_32/OperantKit_const_extract_protocols.json -disable-clang-spi -target-sdk-version 27.0 -target-sdk-name watchos27.0 -external-plugin-path /Applications/Xcode-27.0.0-Release.Candidate.app/Contents/Developer/Platforms/WatchOS.platform/Developer/usr/lib/swift/host/plugins\#/Applications/Xcode-27.0.0-Release.Candidate.app/Contents/Developer/Platforms/WatchOS.platform/Developer/usr/bin/swift-plugin-server -external-plugin-path /Applications/Xcode-27.0.0-Release.Candidate.app/Contents/Developer/Platforms/WatchOS.platform/Developer/usr/local/lib/swift/host/plugins\#/Applications/Xcode-27.0.0-Release.Candidate.app/Contents/Developer/Platforms/WatchOS.platform/Developer/usr/bin/swift-plugin-server -in-process-plugin-server-path /Applications/Xcode-27.0.0-Release.Candidate.app/Contents/Developer/Toolchains/XcodeDefault.xctoolchain/usr/lib/swift/host/libSwiftInProcPluginServer.dylib -plugin-path /Applications/Xcode-27.0.0-Release.Candidate.app/Contents/Developer/Toolchains/XcodeDefault.xctoolchain/usr/lib/swift/host/plugins -plugin-path /Applications/Xcode-27.0.0-Release.Candidate.app/Contents/Developer/Toolchains/XcodeDefault.xctoolchain/usr/local/lib/swift/host/plugins -emit-module-doc-path /Users/admin/builder/spi-builder-workspace/.derivedData/Build/Intermediates.noindex/OperantKit.build/Debug-watchos/OperantKit-t.build/Objects-normal/arm64_32/OperantKit.swiftdoc -emit-module-source-info-path /Users/admin/builder/spi-builder-workspace/.derivedData/Build/Intermediates.noindex/OperantKit.build/Debug-watchos/OperantKit-t.build/Objects-normal/arm64_32/OperantKit.swiftsourceinfo -emit-objc-header-path /Users/admin/builder/spi-builder-workspace/.derivedData/Build/Intermediates.noindex/OperantKit.build/Debug-watchos/OperantKit-t.build/Objects-normal/arm64_32/OperantKit-Swift.h -serialize-diagnostics-path /Users/admin/builder/spi-builder-workspace/.derivedData/Build/Intermediates.noindex/OperantKit.build/Debug-watchos/OperantKit-t.build/Objects-normal/arm64_32/OperantKit-primary-emit-module.dia -emit-dependencies-path /Users/admin/builder/spi-builder-workspace/.derivedData/Build/Intermediates.noindex/OperantKit.build/Debug-watchos/OperantKit-t.build/Objects-normal/arm64_32/OperantKit-primary-emit-module.d -parse-as-library -o /Users/admin/builder/spi-builder-workspace/.derivedData/Build/Intermediates.noindex/OperantKit.build/Debug-watchos/OperantKit-t.build/Objects-normal/arm64_32/OperantKit.swiftmodule -emit-abi-descriptor-path /Users/admin/builder/spi-builder-workspace/.derivedData/Build/Intermediates.noindex/OperantKit.build/Debug-watchos/OperantKit-t.build/Objects-normal/arm64_32/OperantKit.abi.json
SwiftCompile normal arm64_32 (in target 'OperantKit' from project 'OperantKit')
    cd /Users/admin/builder/spi-builder-workspace/.swiftpm/xcode

SwiftDriver\ Compilation RxCocoa normal arm64_32 com.apple.xcode.tools.swift.compiler (in target 'RxCocoa' from project 'RxSwift')
    cd /Users/admin/builder/spi-builder-workspace/.swiftpm/xcode
    builtin-Swift-Compilation -- /Applications/Xcode-27.0.0-Release.Candidate.app/Contents/Developer/Toolchains/XcodeDefault.xctoolchain/usr/bin/swiftc -parse-as-library -module-name RxCocoa -Onone @/Users/admin/builder/spi-builder-workspace/.derivedData/Build/Intermediates.noindex/RxSwift.build/Debug-watchos/RxCocoa-t.build/Objects-normal/arm64_32/RxCocoa.SwiftFileList -DSWIFT_PACKAGE -DDEBUG -DSWIFT_MODULE_RESOURCE_BUNDLE_UNAVAILABLE -Xcc -fmodule-map-file\=/Users/admin/builder/spi-builder-workspace/.derivedData/Build/Intermediates.noindex/GeneratedModuleMaps-watchos/RxCocoaRuntime.modulemap -Xcc -fmodule-map-file\=/Users/admin/builder/spi-builder-workspace/.derivedData/Build/Intermediates.noindex/GeneratedModuleMaps-watchos/RxAtomic.modulemap -DXcode -plugin-path /Applications/Xcode-27.0.0-Release.Candidate.app/Contents/Developer/Toolchains/XcodeDefault.xctoolchain/usr/lib/swift/host/plugins/testing -enable-experimental-feature DebugDescriptionMacro -sdk /Applications/Xcode-27.0.0-Release.Candidate.app/Contents/Developer/Platforms/WatchOS.platform/Developer/SDKs/WatchOS27.0.sdk -target arm64_32-apple-watchos9.0 -g -module-cache-path /Users/admin/builder/spi-builder-workspace/.derivedData/ModuleCache.noindex -Xfrontend -serialize-debugging-options -profile-coverage-mapping -profile-generate -enable-testing -suppress-warnings -index-store-path /Users/admin/builder/spi-builder-workspace/.derivedData/Index.noindex/DataStore -Xcc -D_LIBCPP_HARDENING_MODE\=_LIBCPP_HARDENING_MODE_DEBUG -swift-version 4 -I /Users/admin/builder/spi-builder-workspace/.derivedData/Build/Products/Debug-watchos -Isystem /Applications/Xcode-27.0.0-Release.Candidate.app/Contents/Developer/Platforms/WatchOS.platform/Developer/usr/lib -F /Users/admin/builder/spi-builder-workspace/.derivedData/Build/Products/Debug-watchos/PackageFrameworks -F /Users/admin/builder/spi-builder-workspace/.derivedData/Build/Products/Debug-watchos -F /Applications/Xcode-27.0.0-Release.Candidate.app/Contents/Developer/Platforms/WatchOS.platform/Developer/Library/Frameworks -F /Applications/Xcode-27.0.0-Release.Candidate.app/Contents/Developer/Platforms/WatchOS.platform/Developer/SDKs/WatchOS27.0.sdk/Developer/Library/Frameworks -c -j10 -enable-batch-mode -incremental -Xcc -ivfsstatcache -Xcc /Users/admin/builder/spi-builder-workspace/.derivedData/SDKStatCaches.noindex/watchos27.0-24R360-e829b21a6f8c9b70876ba0858053c04477534ef55a1706bf4c1112bbb242f0a2.sdkstatcache -output-file-map /Users/admin/builder/spi-builder-workspace/.derivedData/Build/Intermediates.noindex/RxSwift.build/Debug-watchos/RxCocoa-t.build/Objects-normal/arm64_32/RxCocoa-OutputFileMap.json -save-temps -no-color-diagnostics -emit-dependencies -emit-module -emit-module-path /Users/admin/builder/spi-builder-workspace/.derivedData/Build/Intermediates.noindex/RxSwift.build/Debug-watchos/RxCocoa-t.build/Objects-normal/arm64_32/RxCocoa.swiftmodule -serialize-diagnostics -validate-clang-modules-once -clang-build-session-file /Users/admin/builder/spi-builder-workspace/.derivedData/ModuleCache.noindex/Session.modulevalidation -Xcc -fmodules-prune-interval\=86400 -Xcc -fmodules-prune-after\=345600 -emit-const-values -const-gather-protocols-list /Users/admin/builder/spi-builder-workspace/.derivedData/Build/Intermediates.noindex/RxSwift.build/Debug-watchos/RxCocoa-t.build/Objects-normal/arm64_32/RxCocoa_const_extract_protocols.json -Xcc -I/Users/admin/builder/spi-builder-workspace/.dependencies/checkouts/RxSwift/Sources/RxCocoaRuntime/include -Xcc -I/Users/admin/builder/spi-builder-workspace/.dependencies/checkouts/RxSwift/Sources/RxAtomic/include -Xcc -I/Users/admin/builder/spi-builder-workspace/.derivedData/Build/Products/Debug-watchos/include -Xcc -I/Users/admin/builder/spi-builder-workspace/.derivedData/Build/Intermediates.noindex/RxSwift.build/Debug-watchos/RxCocoa-t.build/DerivedSources-normal/arm64_32 -Xcc -I/Users/admin/builder/spi-builder-workspace/.derivedData/Build/Intermediates.noindex/RxSwift.build/Debug-watchos/RxCocoa-t.build/DerivedSources/arm64_32 -Xcc -I/Users/admin/builder/spi-builder-workspace/.derivedData/Build/Intermediates.noindex/RxSwift.build/Debug-watchos/RxCocoa-t.build/DerivedSources -Xcc -DSWIFT_PACKAGE -Xcc -DDEBUG\=1 -emit-objc-header -emit-objc-header-path /Users/admin/builder/spi-builder-workspace/.derivedData/Build/Intermediates.noindex/RxSwift.build/Debug-watchos/RxCocoa-t.build/Objects-normal/arm64_32/RxCocoa-Swift.h -working-directory /Users/admin/builder/spi-builder-workspace/.swiftpm/xcode -experimental-emit-module-separately -disable-cmo
SwiftDriver\ Compilation RxCocoa normal arm64 com.apple.xcode.tools.swift.compiler (in target 'RxCocoa' from project 'RxSwift')
    cd /Users/admin/builder/spi-builder-workspace/.swiftpm/xcode
    builtin-Swift-Compilation -- /Applications/Xcode-27.0.0-Release.Candidate.app/Contents/Developer/Toolchains/XcodeDefault.xctoolchain/usr/bin/swiftc -parse-as-library -module-name RxCocoa -Onone @/Users/admin/builder/spi-builder-workspace/.derivedData/Build/Intermediates.noindex/RxSwift.build/Debug-watchos/RxCocoa-t.build/Objects-normal/arm64/RxCocoa.SwiftFileList -DSWIFT_PACKAGE -DDEBUG -DSWIFT_MODULE_RESOURCE_BUNDLE_UNAVAILABLE -Xcc -fmodule-map-file\=/Users/admin/builder/spi-builder-workspace/.derivedData/Build/Intermediates.noindex/GeneratedModuleMaps-watchos/RxCocoaRuntime.modulemap -Xcc -fmodule-map-file\=/Users/admin/builder/spi-builder-workspace/.derivedData/Build/Intermediates.noindex/GeneratedModuleMaps-watchos/RxAtomic.modulemap -DXcode -plugin-path /Applications/Xcode-27.0.0-Release.Candidate.app/Contents/Developer/Toolchains/XcodeDefault.xctoolchain/usr/lib/swift/host/plugins/testing -enable-experimental-feature DebugDescriptionMacro -sdk /Applications/Xcode-27.0.0-Release.Candidate.app/Contents/Developer/Platforms/WatchOS.platform/Developer/SDKs/WatchOS27.0.sdk -target arm64-apple-watchos9.0 -g -module-cache-path /Users/admin/builder/spi-builder-workspace/.derivedData/ModuleCache.noindex -Xfrontend -serialize-debugging-options -profile-coverage-mapping -profile-generate -enable-testing -suppress-warnings -index-store-path /Users/admin/builder/spi-builder-workspace/.derivedData/Index.noindex/DataStore -Xcc -D_LIBCPP_HARDENING_MODE\=_LIBCPP_HARDENING_MODE_DEBUG -swift-version 4 -I /Users/admin/builder/spi-builder-workspace/.derivedData/Build/Products/Debug-watchos -Isystem /Applications/Xcode-27.0.0-Release.Candidate.app/Contents/Developer/Platforms/WatchOS.platform/Developer/usr/lib -F /Users/admin/builder/spi-builder-workspace/.derivedData/Build/Products/Debug-watchos/PackageFrameworks -F /Users/admin/builder/spi-builder-workspace/.derivedData/Build/Products/Debug-watchos -F /Applications/Xcode-27.0.0-Release.Candidate.app/Contents/Developer/Platforms/WatchOS.platform/Developer/Library/Frameworks -F /Applications/Xcode-27.0.0-Release.Candidate.app/Contents/Developer/Platforms/WatchOS.platform/Developer/SDKs/WatchOS27.0.sdk/Developer/Library/Frameworks -c -j10 -enable-batch-mode -incremental -Xcc -ivfsstatcache -Xcc /Users/admin/builder/spi-builder-workspace/.derivedData/SDKStatCaches.noindex/watchos27.0-24R360-e829b21a6f8c9b70876ba0858053c04477534ef55a1706bf4c1112bbb242f0a2.sdkstatcache -output-file-map /Users/admin/builder/spi-builder-workspace/.derivedData/Build/Intermediates.noindex/RxSwift.build/Debug-watchos/RxCocoa-t.build/Objects-normal/arm64/RxCocoa-OutputFileMap.json -save-temps -no-color-diagnostics -emit-dependencies -emit-module -emit-module-path /Users/admin/builder/spi-builder-workspace/.derivedData/Build/Intermediates.noindex/RxSwift.build/Debug-watchos/RxCocoa-t.build/Objects-normal/arm64/RxCocoa.swiftmodule -serialize-diagnostics -validate-clang-modules-once -clang-build-session-file /Users/admin/builder/spi-builder-workspace/.derivedData/ModuleCache.noindex/Session.modulevalidation -Xcc -fmodules-prune-interval\=86400 -Xcc -fmodules-prune-after\=345600 -emit-const-values -const-gather-protocols-list /Users/admin/builder/spi-builder-workspace/.derivedData/Build/Intermediates.noindex/RxSwift.build/Debug-watchos/RxCocoa-t.build/Objects-normal/arm64/RxCocoa_const_extract_protocols.json -Xcc -I/Users/admin/builder/spi-builder-workspace/.dependencies/checkouts/RxSwift/Sources/RxCocoaRuntime/include -Xcc -I/Users/admin/builder/spi-builder-workspace/.dependencies/checkouts/RxSwift/Sources/RxAtomic/include -Xcc -I/Users/admin/builder/spi-builder-workspace/.derivedData/Build/Products/Debug-watchos/include -Xcc -I/Users/admin/builder/spi-builder-workspace/.derivedData/Build/Intermediates.noindex/RxSwift.build/Debug-watchos/RxCocoa-t.build/DerivedSources-normal/arm64 -Xcc -I/Users/admin/builder/spi-builder-workspace/.derivedData/Build/Intermediates.noindex/RxSwift.build/Debug-watchos/RxCocoa-t.build/DerivedSources/arm64 -Xcc -I/Users/admin/builder/spi-builder-workspace/.derivedData/Build/Intermediates.noindex/RxSwift.build/Debug-watchos/RxCocoa-t.build/DerivedSources -Xcc -DSWIFT_PACKAGE -Xcc -DDEBUG\=1 -emit-objc-header -emit-objc-header-path /Users/admin/builder/spi-builder-workspace/.derivedData/Build/Intermediates.noindex/RxSwift.build/Debug-watchos/RxCocoa-t.build/Objects-normal/arm64/RxCocoa-Swift.h -working-directory /Users/admin/builder/spi-builder-workspace/.swiftpm/xcode -experimental-emit-module-separately -disable-cmo
Ld /Users/admin/builder/spi-builder-workspace/.derivedData/Build/Intermediates.noindex/RxSwift.build/Debug-watchos/RxCocoa-t.build/Objects-normal/arm64_32/Binary/RxCocoa.o normal arm64_32 (in target 'RxCocoa' from project 'RxSwift')
    cd /Users/admin/builder/spi-builder-workspace/.dependencies/checkouts/RxSwift
    /Applications/Xcode-27.0.0-Release.Candidate.app/Contents/Developer/Toolchains/XcodeDefault.xctoolchain/usr/bin/clang -Xlinker -reproducible -target arm64_32-apple-watchos9.0 -r -isysroot /Applications/Xcode-27.0.0-Release.Candidate.app/Contents/Developer/Platforms/WatchOS.platform/Developer/SDKs/WatchOS27.0.sdk -O0 -w -Xlinker -no_warn_duplicate_libraries -F/Users/admin/builder/spi-builder-workspace/.derivedData/Build/Intermediates.noindex/EagerLinkingTBDs/Debug-watchos -F/Users/admin/builder/spi-builder-workspace/.derivedData/Build/Products/Debug-watchos/PackageFrameworks -F/Users/admin/builder/spi-builder-workspace/.derivedData/Build/Products/Debug-watchos -iframework /Applications/Xcode-27.0.0-Release.Candidate.app/Contents/Developer/Platforms/WatchOS.platform/Developer/Library/Frameworks -iframework /Applications/Xcode-27.0.0-Release.Candidate.app/Contents/Developer/Platforms/WatchOS.platform/Developer/SDKs/WatchOS27.0.sdk/Developer/Library/Frameworks -filelist /Users/admin/builder/spi-builder-workspace/.derivedData/Build/Intermediates.noindex/RxSwift.build/Debug-watchos/RxCocoa-t.build/Objects-normal/arm64_32/RxCocoa.LinkFileList -nostdlib -Xlinker -object_path_lto -Xlinker /Users/admin/builder/spi-builder-workspace/.derivedData/Build/Intermediates.noindex/RxSwift.build/Debug-watchos/RxCocoa-t.build/Objects-normal/arm64_32/RxCocoa_lto.o -Xlinker -no_deduplicate -Xlinker -debug_variant -Xlinker -dependency_info -Xlinker /Users/admin/builder/spi-builder-workspace/.derivedData/Build/Intermediates.noindex/RxSwift.build/Debug-watchos/RxCocoa-t.build/Objects-normal/arm64_32/RxCocoa_dependency_info.dat -fobjc-link-runtime -L/Applications/Xcode-27.0.0-Release.Candidate.app/Contents/Developer/Toolchains/XcodeDefault.xctoolchain/usr/lib/swift/watchos -L/usr/lib/swift -Xlinker -add_ast_path -Xlinker /Users/admin/builder/spi-builder-workspace/.derivedData/Build/Intermediates.noindex/RxSwift.build/Debug-watchos/RxCocoa-t.build/Objects-normal/arm64_32/RxCocoa.swiftmodule -o /Users/admin/builder/spi-builder-workspace/.derivedData/Build/Intermediates.noindex/RxSwift.build/Debug-watchos/RxCocoa-t.build/Objects-normal/arm64_32/Binary/RxCocoa.o
Ld /Users/admin/builder/spi-builder-workspace/.derivedData/Build/Intermediates.noindex/RxSwift.build/Debug-watchos/RxCocoa-t.build/Objects-normal/arm64/Binary/RxCocoa.o normal arm64 (in target 'RxCocoa' from project 'RxSwift')
    cd /Users/admin/builder/spi-builder-workspace/.dependencies/checkouts/RxSwift
    /Applications/Xcode-27.0.0-Release.Candidate.app/Contents/Developer/Toolchains/XcodeDefault.xctoolchain/usr/bin/clang -Xlinker -reproducible -target arm64-apple-watchos9.0 -r -isysroot /Applications/Xcode-27.0.0-Release.Candidate.app/Contents/Developer/Platforms/WatchOS.platform/Developer/SDKs/WatchOS27.0.sdk -O0 -w -Xlinker -no_warn_duplicate_libraries -F/Users/admin/builder/spi-builder-workspace/.derivedData/Build/Intermediates.noindex/EagerLinkingTBDs/Debug-watchos -F/Users/admin/builder/spi-builder-workspace/.derivedData/Build/Products/Debug-watchos/PackageFrameworks -F/Users/admin/builder/spi-builder-workspace/.derivedData/Build/Products/Debug-watchos -iframework /Applications/Xcode-27.0.0-Release.Candidate.app/Contents/Developer/Platforms/WatchOS.platform/Developer/Library/Frameworks -iframework /Applications/Xcode-27.0.0-Release.Candidate.app/Contents/Developer/Platforms/WatchOS.platform/Developer/SDKs/WatchOS27.0.sdk/Developer/Library/Frameworks -filelist /Users/admin/builder/spi-builder-workspace/.derivedData/Build/Intermediates.noindex/RxSwift.build/Debug-watchos/RxCocoa-t.build/Objects-normal/arm64/RxCocoa.LinkFileList -nostdlib -Xlinker -object_path_lto -Xlinker /Users/admin/builder/spi-builder-workspace/.derivedData/Build/Intermediates.noindex/RxSwift.build/Debug-watchos/RxCocoa-t.build/Objects-normal/arm64/RxCocoa_lto.o -Xlinker -no_deduplicate -Xlinker -debug_variant -Xlinker -dependency_info -Xlinker /Users/admin/builder/spi-builder-workspace/.derivedData/Build/Intermediates.noindex/RxSwift.build/Debug-watchos/RxCocoa-t.build/Objects-normal/arm64/RxCocoa_dependency_info.dat -fobjc-link-runtime -L/Applications/Xcode-27.0.0-Release.Candidate.app/Contents/Developer/Toolchains/XcodeDefault.xctoolchain/usr/lib/swift/watchos -L/usr/lib/swift -Xlinker -add_ast_path -Xlinker /Users/admin/builder/spi-builder-workspace/.derivedData/Build/Intermediates.noindex/RxSwift.build/Debug-watchos/RxCocoa-t.build/Objects-normal/arm64/RxCocoa.swiftmodule -o /Users/admin/builder/spi-builder-workspace/.derivedData/Build/Intermediates.noindex/RxSwift.build/Debug-watchos/RxCocoa-t.build/Objects-normal/arm64/Binary/RxCocoa.o
SwiftCompile normal arm64_32 Compiling\ Times.swift,\ SessionEvents.swift,\ FleshlerHoffman.swift,\ CRF.swift,\ EXT.swift,\ FI.swift,\ FR.swift,\ FT.swift,\ RI.swift /Users/admin/builder/spi-builder-workspace/Sources/Application/Typealias/Times.swift /Users/admin/builder/spi-builder-workspace/Sources/Common/Events/SessionEvents.swift /Users/admin/builder/spi-builder-workspace/Sources/Common/Helpers/FleshlerHoffman.swift /Users/admin/builder/spi-builder-workspace/Sources/Common/Schedules/CRF.swift /Users/admin/builder/spi-builder-workspace/Sources/Common/Schedules/EXT.swift /Users/admin/builder/spi-builder-workspace/Sources/Common/Schedules/FI.swift /Users/admin/builder/spi-builder-workspace/Sources/Common/Schedules/FR.swift /Users/admin/builder/spi-builder-workspace/Sources/Common/Schedules/FT.swift /Users/admin/builder/spi-builder-workspace/Sources/Common/Schedules/RI.swift (in target 'OperantKit' from project 'OperantKit')
SwiftCompile normal arm64_32 /Users/admin/builder/spi-builder-workspace/Sources/Application/Typealias/Times.swift (in target 'OperantKit' from project 'OperantKit')
    cd /Users/admin/builder/spi-builder-workspace/.swiftpm/xcode
    builtin-SwiftPerFileCompile Times.swift
SwiftCompile normal arm64_32 /Users/admin/builder/spi-builder-workspace/Sources/Common/Events/SessionEvents.swift (in target 'OperantKit' from project 'OperantKit')
    cd /Users/admin/builder/spi-builder-workspace/.swiftpm/xcode
    builtin-SwiftPerFileCompile SessionEvents.swift
SwiftCompile normal arm64_32 /Users/admin/builder/spi-builder-workspace/Sources/Common/Helpers/FleshlerHoffman.swift (in target 'OperantKit' from project 'OperantKit')
    cd /Users/admin/builder/spi-builder-workspace/.swiftpm/xcode
    builtin-SwiftPerFileCompile FleshlerHoffman.swift
SwiftCompile normal arm64_32 /Users/admin/builder/spi-builder-workspace/Sources/Common/Schedules/CRF.swift (in target 'OperantKit' from project 'OperantKit')
    cd /Users/admin/builder/spi-builder-workspace/.swiftpm/xcode
    builtin-SwiftPerFileCompile CRF.swift
SwiftCompile normal arm64_32 /Users/admin/builder/spi-builder-workspace/Sources/Common/Schedules/EXT.swift (in target 'OperantKit' from project 'OperantKit')
    cd /Users/admin/builder/spi-builder-workspace/.swiftpm/xcode
    builtin-SwiftPerFileCompile EXT.swift
SwiftCompile normal arm64_32 /Users/admin/builder/spi-builder-workspace/Sources/Common/Schedules/FI.swift (in target 'OperantKit' from project 'OperantKit')
    cd /Users/admin/builder/spi-builder-workspace/.swiftpm/xcode
    builtin-SwiftPerFileCompile FI.swift
SwiftCompile normal arm64_32 /Users/admin/builder/spi-builder-workspace/Sources/Common/Schedules/FR.swift (in target 'OperantKit' from project 'OperantKit')
    cd /Users/admin/builder/spi-builder-workspace/.swiftpm/xcode
    builtin-SwiftPerFileCompile FR.swift
SwiftCompile normal arm64_32 /Users/admin/builder/spi-builder-workspace/Sources/Common/Schedules/FT.swift (in target 'OperantKit' from project 'OperantKit')
    cd /Users/admin/builder/spi-builder-workspace/.swiftpm/xcode
    builtin-SwiftPerFileCompile FT.swift
SwiftCompile normal arm64_32 /Users/admin/builder/spi-builder-workspace/Sources/Common/Schedules/RI.swift (in target 'OperantKit' from project 'OperantKit')
    cd /Users/admin/builder/spi-builder-workspace/.swiftpm/xcode
    builtin-SwiftPerFileCompile RI.swift
CreateUniversalBinary /Users/admin/builder/spi-builder-workspace/.derivedData/Build/Products/Debug-watchos/RxCocoa.o normal arm64\ arm64_32 (in target 'RxCocoa' from project 'RxSwift')
    cd /Users/admin/builder/spi-builder-workspace/.dependencies/checkouts/RxSwift
    /Applications/Xcode-27.0.0-Release.Candidate.app/Contents/Developer/Toolchains/XcodeDefault.xctoolchain/usr/bin/lipo -create /Users/admin/builder/spi-builder-workspace/.derivedData/Build/Intermediates.noindex/RxSwift.build/Debug-watchos/RxCocoa-t.build/Objects-normal/arm64/Binary/RxCocoa.o /Users/admin/builder/spi-builder-workspace/.derivedData/Build/Intermediates.noindex/RxSwift.build/Debug-watchos/RxCocoa-t.build/Objects-normal/arm64_32/Binary/RxCocoa.o -output /Users/admin/builder/spi-builder-workspace/.derivedData/Build/Products/Debug-watchos/RxCocoa.o
PruneExplicitPrecompiledModules /Users/admin/builder/spi-builder-workspace/.derivedData/Build/Intermediates.noindex/SwiftExplicitPrecompiledModules
PruneExplicitPrecompiledModules /Users/admin/builder/spi-builder-workspace/.derivedData/Build/Intermediates.noindex/ExplicitPrecompiledModules
PruneExplicitPrecompiledModules /Users/admin/builder/spi-builder-workspace/.derivedData/SDKExplicitPrecompiledModules
2026-09-15 20:31:50.679 xcodebuild[888:6119] [MT] IDERunDestination: Supported platforms for the buildables in the current scheme is empty.
** BUILD FAILED **
The following build commands failed:
	SwiftEmitModule normal arm64 Emitting\ module\ for\ OperantKit (in target 'OperantKit' from project 'OperantKit')
	SwiftCompile normal arm64 (in target 'OperantKit' from project 'OperantKit')
	SwiftEmitModule normal arm64_32 Emitting\ module\ for\ OperantKit (in target 'OperantKit' from project 'OperantKit')
	SwiftCompile normal arm64_32 (in target 'OperantKit' from project 'OperantKit')
	Building workspace OperantKit with scheme OperantKit
(5 failures)
BUILD FAILURE 6.4 watchOS