Build Information
Failed to build GoogleCloudNetworkSecurityV1, reference 0.5.0 (0dc9b9), with Swift 6.2 for Android on 11 Oct 2026 11:33:18 UTC.
Build Command
bash -c docker run --pull=always --rm -v "checkouts-54344849-2":/host -w "$PWD" -e JAVA_HOME="/root/.sdkman/candidates/java/current" -e SPI_BUILD="1" -e SPI_PROCESSING="1" registry.gitlab.com/saguaro1/spi-images:android-6.2-latest swift build --swift-sdk aarch64-unknown-linux-android28 2>&1Build Log
========================================
RunAll
========================================
Builder version: 5.1.1
Interrupt handler set up.
========================================
Checkout
========================================
Clone URL: https://github.com/googleapis/swift-google-cloud-networksecurity-v1.git
Reference: 0.5.0
Initialized empty Git repository in /host/spi-builder-workspace/.git/
hint: Using 'master' as the name for the initial branch. This default branch name
hint: is subject to change. To configure the initial branch name to use in all
hint: of your new repositories, which will suppress this warning, call:
hint:
hint: git config --global init.defaultBranch <name>
hint:
hint: Names commonly chosen instead of 'master' are 'main', 'trunk' and
hint: 'development'. The just-created branch can be renamed via this command:
hint:
hint: git branch -m <name>
From https://github.com/googleapis/swift-google-cloud-networksecurity-v1
* tag 0.5.0 -> FETCH_HEAD
HEAD is now at 0dc9b9e chore: release circa 2026-10-07 (#1382)
Cloned https://github.com/googleapis/swift-google-cloud-networksecurity-v1.git
Revision (git rev-parse @):
0dc9b9e7b1bdb922e99ad43e6af577f65f13245b
SPI manifest file found: $PWD/.spi.yml
SUCCESS checkout https://github.com/googleapis/swift-google-cloud-networksecurity-v1.git at 0.5.0
========================================
Build
========================================
Selected platform: android
Swift version: 6.2
Building package at path: $PWD
https://github.com/googleapis/swift-google-cloud-networksecurity-v1.git
Running build ...
bash -c docker run --pull=always --rm -v "checkouts-54344849-2":/host -w "$PWD" -e JAVA_HOME="/root/.sdkman/candidates/java/current" -e SPI_BUILD="1" -e SPI_PROCESSING="1" registry.gitlab.com/saguaro1/spi-images:android-6.2-latest swift build --swift-sdk aarch64-unknown-linux-android28 2>&1
android-6.2-latest: Pulling from saguaro1/spi-images
Digest: sha256:a839c9ce201f1dacc8eb056626ec7ab0a1c6d53d7b77c83feda395f4507c51be
Status: Image is up to date for registry.gitlab.com/saguaro1/spi-images:android-6.2-latest
Fetching https://github.com/apple/swift-log
Fetching https://github.com/googleapis/swift-google-auth
[1/8257] Fetching swift-log
[497/9280] Fetching swift-log, swift-google-auth
Fetched https://github.com/googleapis/swift-google-auth from cache (0.52s)
Fetching https://github.com/googleapis/swift-google-longrunning
Fetching https://github.com/googleapis/swift-google-wkt
Fetching https://github.com/googleapis/swift-google-gax
Fetching https://github.com/googleapis/swift-google-rpc
Fetching https://github.com/googleapis/swift-google-iam-v1
Fetched https://github.com/apple/swift-log from cache (0.59s)
Fetching https://github.com/googleapis/swift-google-cloud-location
[1/619] Fetching swift-google-longrunning
[620/1642] Fetching swift-google-longrunning, swift-google-wkt
[713/2064] Fetching swift-google-longrunning, swift-google-wkt, swift-google-rpc
[730/2770] Fetching swift-google-longrunning, swift-google-wkt, swift-google-rpc, swift-google-iam-v1
Fetched https://github.com/googleapis/swift-google-longrunning from cache (0.38s)
[170/2151] Fetching swift-google-wkt, swift-google-rpc, swift-google-iam-v1
[921/2703] Fetching swift-google-wkt, swift-google-rpc, swift-google-iam-v1, swift-google-cloud-location
[2481/4451] Fetching swift-google-wkt, swift-google-rpc, swift-google-iam-v1, swift-google-cloud-location, swift-google-gax
Fetched https://github.com/googleapis/swift-google-rpc from cache (0.38s)
[2491/4029] Fetching swift-google-wkt, swift-google-iam-v1, swift-google-cloud-location, swift-google-gax
Fetched https://github.com/googleapis/swift-google-cloud-location from cache (0.39s)
[2743/3477] Fetching swift-google-wkt, swift-google-iam-v1, swift-google-gax
Fetched https://github.com/googleapis/swift-google-iam-v1 from cache (0.43s)
Fetched https://github.com/googleapis/swift-google-wkt from cache (0.43s)
Fetched https://github.com/googleapis/swift-google-gax from cache (0.43s)
Computing version for https://github.com/googleapis/swift-google-wkt
Computed https://github.com/googleapis/swift-google-wkt at 0.5.0 (1.16s)
Fetching https://github.com/swift-extras/swift-extras-base64
[1/954] Fetching swift-extras-base64
Fetched https://github.com/swift-extras/swift-extras-base64 from cache (0.44s)
Computing version for https://github.com/googleapis/swift-google-rpc
Computed https://github.com/googleapis/swift-google-rpc at 0.5.0 (0.69s)
Computing version for https://github.com/googleapis/swift-google-longrunning
Computed https://github.com/googleapis/swift-google-longrunning at 0.5.0 (0.24s)
Computing version for https://github.com/googleapis/swift-google-iam-v1
Computed https://github.com/googleapis/swift-google-iam-v1 at 0.5.0 (0.21s)
Fetching https://github.com/googleapis/swift-google-type
[1/437] Fetching swift-google-type
Fetched https://github.com/googleapis/swift-google-type from cache (0.38s)
Computing version for https://github.com/googleapis/swift-google-gax
Computed https://github.com/googleapis/swift-google-gax at 0.5.0 (0.62s)
Fetching https://github.com/apple/swift-nio
Fetching https://github.com/swift-server/async-http-client.git
[1/16464] Fetching async-http-client
[16465/102838] Fetching async-http-client, swift-nio
Fetched https://github.com/swift-server/async-http-client.git from cache (1.01s)
[6910/86374] Fetching swift-nio
Fetched https://github.com/apple/swift-nio from cache (4.21s)
Computing version for https://github.com/googleapis/swift-google-cloud-location
Computed https://github.com/googleapis/swift-google-cloud-location at 0.5.0 (4.42s)
Computing version for https://github.com/googleapis/swift-google-auth
Computed https://github.com/googleapis/swift-google-auth at 0.5.0 (0.26s)
Fetching https://github.com/vapor/jwt-kit.git
Fetching https://github.com/apple/swift-system.git
[1/7241] Fetching swift-system
[7242/17495] Fetching swift-system, jwt-kit
Fetched https://github.com/apple/swift-system.git from cache (0.70s)
[923/10254] Fetching jwt-kit
Fetched https://github.com/vapor/jwt-kit.git from cache (1.17s)
Computing version for https://github.com/googleapis/swift-google-type
Computed https://github.com/googleapis/swift-google-type at 0.5.0 (1.39s)
Computing version for https://github.com/swift-extras/swift-extras-base64
Computed https://github.com/swift-extras/swift-extras-base64 at 1.2.0 (0.21s)
Computing version for https://github.com/swift-server/async-http-client.git
Computed https://github.com/swift-server/async-http-client.git at 1.36.2 (0.25s)
Fetching https://github.com/apple/swift-algorithms.git
Fetching https://github.com/apple/swift-nio-http2.git
[1/6164] Fetching swift-algorithms
[6165/18458] Fetching swift-algorithms, swift-nio-http2
Fetching https://github.com/apple/swift-service-context.git
Fetching https://github.com/apple/swift-atomics.git
[18459/19958] Fetching swift-algorithms, swift-nio-http2, swift-service-context
[19599/21847] Fetching swift-algorithms, swift-nio-http2, swift-service-context, swift-atomics
Fetching https://github.com/apple/swift-nio-extras.git
Fetching https://github.com/apple/swift-nio-transport-services.git
Fetched https://github.com/apple/swift-algorithms.git from cache (1.00s)
Fetching https://github.com/apple/swift-nio-ssl.git
Fetched https://github.com/apple/swift-nio-http2.git from cache (1.01s)
Fetching https://github.com/apple/swift-configuration.git
Fetched https://github.com/apple/swift-atomics.git from cache (0.49s)
Fetched https://github.com/apple/swift-service-context.git from cache (0.49s)
Fetching https://github.com/apple/swift-distributed-tracing.git
[1/2867] Fetching swift-nio-transport-services
[2/6795] Fetching swift-nio-transport-services, swift-configuration
[922/23666] Fetching swift-nio-transport-services, swift-configuration, swift-nio-ssl
[2500/30369] Fetching swift-nio-transport-services, swift-configuration, swift-nio-ssl, swift-nio-extras
[12971/36920] Fetching swift-nio-transport-services, swift-configuration, swift-nio-ssl, swift-nio-extras, swift-distributed-tracing
Fetched https://github.com/apple/swift-configuration.git from cache (0.50s)
[9477/32992] Fetching swift-nio-transport-services, swift-nio-ssl, swift-nio-extras, swift-distributed-tracing
Fetched https://github.com/apple/swift-nio-transport-services.git from cache (0.59s)
[14934/30125] Fetching swift-nio-ssl, swift-nio-extras, swift-distributed-tracing
Fetched https://github.com/apple/swift-nio-extras.git from cache (0.59s)
[8296/23422] Fetching swift-nio-ssl, swift-distributed-tracing
Fetched https://github.com/apple/swift-distributed-tracing.git from cache (0.63s)
[3712/16871] Fetching swift-nio-ssl
Fetched https://github.com/apple/swift-nio-ssl.git from cache (1.25s)
Computing version for https://github.com/apple/swift-service-context.git
Computed https://github.com/apple/swift-service-context.git at 1.3.0 (2.40s)
Computing version for https://github.com/apple/swift-algorithms.git
Computed https://github.com/apple/swift-algorithms.git at 1.2.1 (1.00s)
Fetching https://github.com/apple/swift-numerics.git
[1/6733] Fetching swift-numerics
Fetched https://github.com/apple/swift-numerics.git from cache (0.48s)
Computing version for https://github.com/apple/swift-log
Computed https://github.com/apple/swift-log at 1.16.1 (0.63s)
Computing version for https://github.com/apple/swift-distributed-tracing.git
Computed https://github.com/apple/swift-distributed-tracing.git at 1.5.0 (0.13s)
Computing version for https://github.com/apple/swift-atomics.git
Computed https://github.com/apple/swift-atomics.git at 1.3.1 (0.13s)
Computing version for https://github.com/apple/swift-numerics.git
Computed https://github.com/apple/swift-numerics.git at 1.1.1 (0.12s)
Computing version for https://github.com/apple/swift-nio
Computed https://github.com/apple/swift-nio at 2.104.0 (0.32s)
Fetching https://github.com/apple/swift-collections.git
[1/28703] Fetching swift-collections
Fetched https://github.com/apple/swift-collections.git from cache (1.53s)
Computing version for https://github.com/apple/swift-configuration.git
Computed https://github.com/apple/swift-configuration.git at 1.2.2 (2.82s)
Fetching https://github.com/swift-server/swift-service-lifecycle
[29/2867] Fetching swift-service-lifecycle
Fetched https://github.com/swift-server/swift-service-lifecycle from cache (0.58s)
Computing version for https://github.com/apple/swift-nio-transport-services.git
Computed https://github.com/apple/swift-nio-transport-services.git at 1.28.0 (0.84s)
Computing version for https://github.com/swift-server/swift-service-lifecycle
Computed https://github.com/swift-server/swift-service-lifecycle at 2.12.1 (0.24s)
Fetching https://github.com/apple/swift-async-algorithms.git
[1/6820] Fetching swift-async-algorithms
Fetched https://github.com/apple/swift-async-algorithms.git from cache (1.88s)
Computing version for https://github.com/apple/swift-async-algorithms.git
Computed https://github.com/apple/swift-async-algorithms.git at 1.1.7 (2.17s)
Computing version for https://github.com/apple/swift-collections.git
Computed https://github.com/apple/swift-collections.git at 1.7.2 (0.34s)
Computing version for https://github.com/apple/swift-nio-http2.git
Computed https://github.com/apple/swift-nio-http2.git at 1.46.0 (0.28s)
Computing version for https://github.com/vapor/jwt-kit.git
Computed https://github.com/vapor/jwt-kit.git at 5.7.1 (0.27s)
Fetching https://github.com/apple/swift-certificates.git
Fetching https://github.com/apple/swift-crypto.git
[1/18629] Fetching swift-crypto
[747/26238] Fetching swift-crypto, swift-certificates
Fetched https://github.com/apple/swift-certificates.git from cache (0.73s)
[2422/18629] Fetching swift-crypto
Fetched https://github.com/apple/swift-crypto.git from cache (1.73s)
Computing version for https://github.com/apple/swift-crypto.git
Computed https://github.com/apple/swift-crypto.git at 4.5.2 (2.66s)
Fetching https://github.com/apple/swift-asn1.git
[21/2009] Fetching swift-asn1
Fetched https://github.com/apple/swift-asn1.git from cache (0.47s)
Computing version for https://github.com/apple/swift-asn1.git
Computed https://github.com/apple/swift-asn1.git at 1.7.3 (0.74s)
Computing version for https://github.com/apple/swift-certificates.git
Computed https://github.com/apple/swift-certificates.git at 1.21.0 (0.33s)
Computing version for https://github.com/apple/swift-nio-ssl.git
Computed https://github.com/apple/swift-nio-ssl.git at 2.37.5 (0.26s)
Computing version for https://github.com/apple/swift-system.git
Computed https://github.com/apple/swift-system.git at 1.8.1 (0.33s)
Computing version for https://github.com/apple/swift-nio-extras.git
Computed https://github.com/apple/swift-nio-extras.git at 1.35.1 (0.67s)
Fetching https://github.com/apple/swift-http-structured-headers.git
Fetching https://github.com/apple/swift-http-types.git
[1/1939] Fetching swift-http-types
[1301/3192] Fetching swift-http-types, swift-http-structured-headers
Fetched https://github.com/apple/swift-http-structured-headers.git from cache (1.04s)
Fetched https://github.com/apple/swift-http-types.git from cache (1.05s)
Computing version for https://github.com/apple/swift-http-structured-headers.git
Computed https://github.com/apple/swift-http-structured-headers.git at 1.7.0 (1.73s)
Computing version for https://github.com/apple/swift-http-types.git
Computed https://github.com/apple/swift-http-types.git at 1.8.0 (1.12s)
Creating working copy for https://github.com/apple/swift-atomics.git
Working copy of https://github.com/apple/swift-atomics.git resolved at 1.3.1
Creating working copy for https://github.com/apple/swift-nio-ssl.git
Working copy of https://github.com/apple/swift-nio-ssl.git resolved at 2.37.5
Creating working copy for https://github.com/swift-server/swift-service-lifecycle
Working copy of https://github.com/swift-server/swift-service-lifecycle resolved at 2.12.1
Creating working copy for https://github.com/apple/swift-nio-transport-services.git
Working copy of https://github.com/apple/swift-nio-transport-services.git resolved at 1.28.0
Creating working copy for https://github.com/apple/swift-algorithms.git
Working copy of https://github.com/apple/swift-algorithms.git resolved at 1.2.1
Creating working copy for https://github.com/apple/swift-distributed-tracing.git
Working copy of https://github.com/apple/swift-distributed-tracing.git resolved at 1.5.0
Creating working copy for https://github.com/apple/swift-system.git
Working copy of https://github.com/apple/swift-system.git resolved at 1.8.1
Creating working copy for https://github.com/apple/swift-collections.git
Working copy of https://github.com/apple/swift-collections.git resolved at 1.7.2
Creating working copy for https://github.com/googleapis/swift-google-rpc
Working copy of https://github.com/googleapis/swift-google-rpc resolved at 0.5.0
Creating working copy for https://github.com/apple/swift-log
Working copy of https://github.com/apple/swift-log resolved at 1.16.1
Creating working copy for https://github.com/googleapis/swift-google-cloud-location
Working copy of https://github.com/googleapis/swift-google-cloud-location resolved at 0.5.0
Creating working copy for https://github.com/googleapis/swift-google-auth
Working copy of https://github.com/googleapis/swift-google-auth resolved at 0.5.0
Creating working copy for https://github.com/apple/swift-service-context.git
Working copy of https://github.com/apple/swift-service-context.git resolved at 1.3.0
Creating working copy for https://github.com/swift-extras/swift-extras-base64
Working copy of https://github.com/swift-extras/swift-extras-base64 resolved at 1.2.0
Creating working copy for https://github.com/apple/swift-http-types.git
Working copy of https://github.com/apple/swift-http-types.git resolved at 1.8.0
Creating working copy for https://github.com/apple/swift-async-algorithms.git
Working copy of https://github.com/apple/swift-async-algorithms.git resolved at 1.1.7
Creating working copy for https://github.com/googleapis/swift-google-longrunning
Working copy of https://github.com/googleapis/swift-google-longrunning resolved at 0.5.0
Creating working copy for https://github.com/googleapis/swift-google-gax
Working copy of https://github.com/googleapis/swift-google-gax resolved at 0.5.0
Creating working copy for https://github.com/apple/swift-http-structured-headers.git
Working copy of https://github.com/apple/swift-http-structured-headers.git resolved at 1.7.0
Creating working copy for https://github.com/apple/swift-asn1.git
Working copy of https://github.com/apple/swift-asn1.git resolved at 1.7.3
Creating working copy for https://github.com/swift-server/async-http-client.git
Working copy of https://github.com/swift-server/async-http-client.git resolved at 1.36.2
Creating working copy for https://github.com/apple/swift-numerics.git
Working copy of https://github.com/apple/swift-numerics.git resolved at 1.1.1
Creating working copy for https://github.com/googleapis/swift-google-type
Working copy of https://github.com/googleapis/swift-google-type resolved at 0.5.0
Creating working copy for https://github.com/apple/swift-nio-http2.git
Working copy of https://github.com/apple/swift-nio-http2.git resolved at 1.46.0
Creating working copy for https://github.com/googleapis/swift-google-iam-v1
Working copy of https://github.com/googleapis/swift-google-iam-v1 resolved at 0.5.0
Creating working copy for https://github.com/apple/swift-nio-extras.git
Working copy of https://github.com/apple/swift-nio-extras.git resolved at 1.35.1
Creating working copy for https://github.com/apple/swift-certificates.git
Working copy of https://github.com/apple/swift-certificates.git resolved at 1.21.0
Creating working copy for https://github.com/apple/swift-crypto.git
Working copy of https://github.com/apple/swift-crypto.git resolved at 4.5.2
Creating working copy for https://github.com/apple/swift-configuration.git
Working copy of https://github.com/apple/swift-configuration.git resolved at 1.2.2
Creating working copy for https://github.com/vapor/jwt-kit.git
Working copy of https://github.com/vapor/jwt-kit.git resolved at 5.7.1
Creating working copy for https://github.com/apple/swift-nio
Working copy of https://github.com/apple/swift-nio resolved at 2.104.0
Creating working copy for https://github.com/googleapis/swift-google-wkt
Working copy of https://github.com/googleapis/swift-google-wkt resolved at 0.5.0
Building for debugging...
[0/1858] Compiling i2d_pr.cc
[0/1858] Compiling errno.cc
[2/1858] Compiling _NumericsShims _NumericsShims.c
[3/1858] Write sources
[7/1858] Compiling _AtomicsShims.c
[8/1858] Write sources
[271/1858] Write swift-version--11D90AFD9DD3AB2.txt
[272/1858] Compiling CXKCPShims shims.c
[273/1858] Compiling SimpleFIPS202.c
[274/1864] Compiling by_dir.cc
[275/1864] Compiling by_file.cc
[275/1864] Compiling name_print.cc
[275/1864] Compiling rsa_pss.cc
[278/1864] Compiling v3_int.cc
[279/1864] Compiling policy.cc
[281/1936] Emitting module _NIODataStructures
[282/1936] Emitting module InternalCollectionsUtilities
[283/1939] Compiling ServiceContextModule ServiceContextKey.swift
[284/1939] Compiling RealModule Float16+Real.swift
[285/1939] Compiling RealModule Float80+Real.swift
[286/1940] Compiling Logging Logger+With.swift
[287/1940] Compiling _NIOBase64 Base64.swift
[288/1940] Emitting module _NIOBase64
[289/1942] Compiling InternalCollectionsUtilities Strideable+LimitHelpers.swift
[290/1942] Compiling InternalCollectionsUtilities String+Padding.swift
[291/1942] Compiling InternalCollectionsUtilities TemporaryAllocation.swift
[292/1942] Compiling InternalCollectionsUtilities _UnsafeBitSet+Index.swift
[293/1942] Compiling InternalCollectionsUtilities Debugging.swift
[294/1942] Compiling InternalCollectionsUtilities Descriptions.swift
[295/1942] Compiling ServiceContextModule ServiceContext.swift
[296/1942] Emitting module ServiceContextModule
[298/1943] Compiling RealModule RelaxedArithmetic.swift
[300/1943] Compiling InternalCollectionsUtilities UnsafeRawBufferPointer+Extras.swift
[301/1943] Compiling InternalCollectionsUtilities _SortedCollection.swift
[302/1943] Compiling InternalCollectionsUtilities _UniqueCollection.swift
[303/1943] Compiling InternalCollectionsUtilities LifetimeOverride.swift
[304/1943] Compiling InternalCollectionsUtilities MutableRef.swift
[305/1945] Compiling InternalCollectionsUtilities BorrowingIteratorProtocol+Equality.swift
[306/1945] Compiling InternalCollectionsUtilities BorrowingIteratorProtocol+Extras.swift
[307/1945] Compiling InternalCollectionsUtilities FixedWidthInteger+roundUpToPowerOfTwo.swift
[308/1945] Compiling InternalCollectionsUtilities Integer rank.swift
[309/1945] Emitting module RealModule
[313/1945] Compiling RealModule Real.swift
[314/1945] Compiling RealModule RealFunctions.swift
[315/1946] Compiling _NIODataStructures Heap.swift
[316/1946] Compiling _NIODataStructures _TinyArray.swift
[317/1946] Compiling _NIODataStructures PriorityQueue.swift
[318/1952] Wrapping AST for _NIOBase64 for debugging
[322/1952] Compiling InternalCollectionsUtilities UInt+first and last set bit.swift
[323/1952] Compiling InternalCollectionsUtilities UInt+reversed.swift
[328/1952] Compiling InternalCollectionsUtilities Iterable+CopyContents.swift
[329/1952] Compiling InternalCollectionsUtilities Iterable+Equality.swift
[332/1952] Compiling SwiftASN1 DER.swift
[333/1952] Compiling SwiftASN1 Errors.swift
[334/1952] Compiling InternalCollectionsUtilities UnsafeBufferPointer+Extras.swift
[335/1952] Compiling InternalCollectionsUtilities UnsafeMutableBufferPointer+Extras.swift
[338/1952] Compiling Logging Logger+Attributes.swift
[340/1952] Compiling Logging Logger.swift
[341/1952] Compiling Logging LoggingSystem.swift
[341/1952] Wrapping AST for ServiceContextModule for debugging
[343/1952] Compiling InternalCollectionsUtilities UnsafeMutablePointer+Extras.swift
[344/1952] Compiling InternalCollectionsUtilities UnsafeMutableRawBufferPointer+Extras.swift
[345/1952] Compiling InternalCollectionsUtilities UnsafePointer+Extras.swift
[346/1952] Compiling InternalCollectionsUtilities MutableSpan+Extras.swift
[347/1952] Compiling InternalCollectionsUtilities OutputSpan+Extras.swift
[348/1952] Compiling InternalCollectionsUtilities RandomAccessCollection+Offsets.swift
[349/1952] Compiling InternalCollectionsUtilities Span+Extras.swift
[353/1959] Compiling KeccakSponge.c
[354/1959] Wrapping AST for RealModule for debugging
[355/1959] Wrapping AST for _NIODataStructures for debugging
[357/1959] Compiling KeccakHash.c
[358/1959] Compiling CNIOWindows shim.c
[363/1959] Compiling Instrumentation NoOpInstrument.swift
[364/1959] Compiling _CertificateInternals _TinyArray.swift
[365/1959] Emitting module _CertificateInternals
[365/1960] Compiling CSystem shims.c
[368/1964] Compiling Instrumentation MultiplexInstrument.swift
[368/1964] Wrapping AST for InternalCollectionsUtilities for debugging
[370/1964] Compiling SpanPreview InputSpan.swift
[371/1964] Compiling SpanPreview OutputSpan+InputSpanHelpers.swift
[372/1964] Emitting module SpanPreview
[373/1964] Compiling SpanPreview MutableSpan+InputSpanHelpers.swift
[373/1965] Wrapping AST for _CertificateInternals for debugging
[375/1975] Compiling CNIOWindows WSAStartup.c
[377/1987] Emitting module SwiftASN1
[377/2002] Compiling CNIOWASI CNIOWASI.c
[379/2002] Emitting module Instrumentation
[379/2002] Compiling CNIOPosix event_loop_id.c
[380/2002] Wrapping AST for SpanPreview for debugging
[381/2002] Compiling CNIOOpenBSD shim.c
[382/2044] Compiling CNIOLinux shim.c
[383/2044] Compiling CNIOLinux liburing_shims.c
[384/2044] Compiling KeccakP-1600-opt64.c
[385/2044] Compiling CNIOLLHTTP c_nio_http.c
[386/2044] Compiling CNIOLLHTTP c_nio_llhttp.c
[387/2044] Compiling CNIOLLHTTP c_nio_api.c
[388/2044] Compiling CNIOFreeBSD shim.c
[389/2044] Compiling DequeModule UniqueDeque+Consumption.swift
[390/2044] Compiling DequeModule UniqueDeque+ContainerOperations.swift
[391/2044] Compiling DequeModule UniqueDeque+Deprecations.swift
[392/2044] Compiling DequeModule UniqueDeque+Descriptions.swift
[393/2044] Compiling DequeModule UniqueDeque+Equatable.swift
[394/2044] Compiling DequeModule UniqueDeque+Hashable.swift
[395/2044] Compiling DequeModule UniqueDeque+Initializers.swift
[396/2044] Compiling DequeModule UniqueDeque+Insertions.swift
[397/2044] Compiling DequeModule UniqueDeque+Iterable.swift
[399/2044] Compiling DequeModule UniqueDeque+Prepend.swift
[400/2044] Compiling DequeModule UniqueDeque+Removals.swift
[401/2049] Compiling DequeModule Deque._UnsafeHandle.swift
[402/2049] Compiling DequeModule Deque.swift
[402/2049] Compiling CNIOExtrasZlib zutil.c
[403/2049] Compiling CNIOExtrasZlib inftrees.c
[405/2049] Compiling DequeModule RigidDeque+Prepend.swift
[406/2049] Compiling DequeModule RigidDeque+Removals.swift
[407/2049] Compiling DequeModule RigidDeque+Replacements.swift
[408/2049] Compiling DequeModule RigidDeque+Testing.swift
[409/2049] Compiling DequeModule RigidDeque.swift
[410/2049] Compiling DequeModule UniqueDeque+Append.swift
[410/2049] Compiling CNIOExtrasZlib trees.c
[411/2049] Compiling CNIOExtrasZlib inflate.c
[412/2049] Compiling CNIOExtrasZlib inffast.c
[413/2049] Compiling CNIOExtrasZlib crc32.c
[414/2049] Compiling CNIOExtrasZlib deflate.c
[415/2049] Compiling CNIODarwin shim.c
[416/2049] Compiling CNIOExtrasZlib adler32.c
[417/2049] Compiling fiat_p256_adx_sqr.S
[418/2049] Compiling fiat_p256_adx_mul.S
[419/2049] Compiling fiat_curve25519_adx_square.S
[421/2049] Compiling DequeModule RigidDeque+Descriptions.swift
[422/2049] Compiling DequeModule RigidDeque+Equatable.swift
[423/2049] Compiling DequeModule RigidDeque+Hashable.swift
[424/2049] Compiling DequeModule RigidDeque+Initializers.swift
[425/2049] Compiling DequeModule RigidDeque+Insertions.swift
[426/2049] Compiling DequeModule RigidDeque+Iterable.swift
[427/2049] Compiling DequeModule _DequeBuffer.swift
[428/2049] Compiling DequeModule _DequeBufferHeader.swift
[429/2049] Compiling DequeModule RigidDeque+Append.swift
[430/2049] Compiling DequeModule RigidDeque+Consumption.swift
[431/2049] Compiling DequeModule RigidDeque+ContainerOperations.swift
[432/2049] Compiling DequeModule RigidDeque+Deprecations.swift
[433/2049] Compiling DequeModule Deque+Codable.swift
[434/2049] Compiling DequeModule Deque+Collection.swift
[435/2049] Compiling DequeModule Deque+CustomReflectable.swift
[436/2049] Compiling DequeModule Deque+Descriptions.swift
[437/2049] Compiling DequeModule Deque+Equatable.swift
[438/2049] Compiling DequeModule Deque+ExpressibleByArrayLiteral.swift
[438/2049] Compiling fiat_curve25519_adx_mul.S
[439/2049] Compiling CNIOBoringSSLShims shims.c
[441/2049] Compiling ExtrasBase64 Base32+Span.swift
[448/2054] Compiling DequeModule Deque+Extras.swift
[449/2054] Compiling DequeModule Deque+Hashable.swift
[450/2054] Compiling DequeModule Deque+Testing.swift
[451/2054] Compiling DequeModule Deque._Storage.swift
[452/2054] Emitting module Logging
[468/2054] Compiling Logging MetadataProvider.swift
[477/2055] Compiling Instrumentation Instrument.swift
[478/2055] Compiling Instrumentation Locks.swift
[479/2055] Compiling Instrumentation InstrumentationSystem.swift
[482/2057] Wrapping AST for Logging for debugging
[496/2057] Emitting module SystemPackage
[501/2060] Wrapping AST for SwiftASN1 for debugging
[502/2065] Wrapping AST for Instrumentation for debugging
[504/2065] Compiling Tracing NoOpTracer.swift
[505/2066] Compiling Tracing WithTracer.swift
[506/2066] Compiling Tracing TracingTime.swift
[507/2066] Emitting module Tracing
[508/2066] Compiling Tracing InstrumentationSystem+Tracing.swift
[509/2066] Compiling Tracing TracerProtocol.swift
[510/2066] Compiling Tracing TracerProtocol+Legacy.swift
[511/2066] Compiling Tracing Tracer.swift
[512/2066] Compiling Tracing SpanProtocol.swift
[513/2067] Compiling tls_record.cc
[514/2067] Compiling tls_method.cc
[516/2067] Compiling SystemPackage SystemString.swift
[517/2067] Compiling SystemPackage Util+StringArray.swift
[518/2067] Compiling SystemPackage Util.swift
[519/2067] Compiling SystemPackage UtilConsumers.swift
[520/2067] Compiling SystemPackage WinSDK+Overlay.swift
[520/2067] Wrapping AST for Tracing for debugging
[522/2068] Compiling tls13_enc.cc
[523/2068] Wrapping AST for SystemPackage for debugging
[524/2068] Compiling tls13_server.cc
[526/2068] Compiling DequeModule UniqueDeque+Replacements.swift
[527/2068] Compiling DequeModule UniqueDeque.swift
[528/2068] Compiling DequeModule _DequeSlot.swift
[529/2068] Compiling DequeModule _UnsafeDequeHandle.swift
[530/2068] Compiling DequeModule _UnsafeDequeSegments.swift
[531/2068] Emitting module DequeModule
[532/2069] Compiling t1_enc.cc
[533/2112] Compiling tls13_both.cc
[534/2112] Wrapping AST for DequeModule for debugging
[535/2112] Compiling tls13_client.cc
[536/2112] Compiling ssl_versions.cc
[537/2112] Compiling ssl_x509.cc
[539/2112] Compiling Configuration JSONSnapshot.swift
[540/2112] Compiling Configuration PropertyListSnapshot.swift
[541/2112] Compiling Configuration ReloadingFileProvider.swift
[542/2112] Compiling Configuration ReloadingFileProviderMetrics.swift
[543/2112] Compiling Configuration YAMLSnapshot.swift
[544/2112] Compiling Configuration InMemoryProvider.swift
[545/2117] Compiling Configuration Deprecations.swift
[546/2117] Compiling Configuration ExpressibleByConfigInt.swift
[547/2117] Compiling Configuration ExpressibleByConfigString.swift
[548/2117] Compiling Configuration CLIKeyEncoder.swift
[549/2117] Compiling Configuration ConfigKeyEncoder.swift
[550/2117] Compiling Configuration DotSeparatorKeyDecoder.swift
[550/2117] Compiling ssl_transcript.cc
[552/2117] Emitting module Configuration
[552/2117] Compiling ssl_stat.cc
[554/2117] Emitting module ExtrasBase64
[555/2117] Compiling Configuration EnvironmentKeyEncoder.swift
[556/2117] Compiling Configuration EnvironmentVariablesProvider.swift
[557/2117] Compiling Configuration CommonProviderFileSystem.swift
[558/2117] Compiling Configuration DirectoryFilesProvider.swift
[559/2117] Compiling Configuration FileProvider.swift
[560/2117] Compiling Configuration FileProviderSnapshot.swift
[560/2117] Compiling ssl_key_share.cc
[561/2117] Compiling ssl_privkey.cc
[562/2117] Compiling ssl_file.cc
[563/2117] Compiling ssl_session.cc
[565/2117] Compiling ExtrasBase64 Base64+Span.swift
[566/2117] Compiling ExtrasBase64 Base64.swift
[567/2117] Compiling ExtrasBase64 Base32.swift
[567/2117] Compiling ssl_lib.cc
[569/2118] Compiling ssl_credential.cc
[570/2149] Compiling ssl_cipher.cc
[571/2149] Wrapping AST for ExtrasBase64 for debugging
[572/2149] Compiling ssl_buffer.cc
[573/2149] Compiling ssl_cert.cc
[574/2149] Compiling ssl_asn1.cc
[576/2149] Compiling Configuration MutableInMemoryProvider.swift
[577/2149] Compiling Configuration ConfigProvider+Operators.swift
[578/2149] Compiling Configuration KeyMappingProvider.swift
[579/2149] Compiling Configuration SecretsSpecifier.swift
[580/2149] Compiling Configuration AsyncCombineLatestManySequence.swift
[581/2149] Compiling Configuration CombineLatestManyStateMachine.swift
[582/2149] Compiling Configuration SeparatorKeyEncoder.swift
[583/2149] Compiling Configuration MultiProvider.swift
[584/2149] Compiling Configuration CLIArgumentParser.swift
[585/2149] Compiling Configuration CLISnapshot.swift
[586/2149] Compiling Configuration CommandLineArgumentsProvider.swift
[587/2149] Compiling Configuration EnvironmentFileParser.swift
[587/2149] Compiling ssl_aead_ctx.cc
[589/2149] Compiling GoogleWKT AnyPackable.swift
[590/2149] Compiling GoogleWKT DecodeToDefault.swift
[591/2149] Compiling GoogleWKT DiscoveryBase64.swift
[592/2149] Compiling GoogleWKT ProtoJSONDecoder.swift
[593/2149] Compiling GoogleWKT ProtoJSONEncoder.swift
[594/2149] Compiling GoogleWKT UnknownFields.swift
[595/2149] Compiling Configuration CombineLatestManyStorage.swift
[596/2149] Compiling Configuration AsyncSequences.swift
[597/2149] Compiling Configuration FoundationExtensions.swift
[598/2149] Compiling Configuration Span.swift
[599/2149] Compiling Configuration ConfigBytesFromStringDecoder.swift
[599/2149] Compiling s3_pkt.cc
[601/2149] Emitting module GoogleWKT
[601/2153] Compiling s3_both.cc
[603/2153] Compiling GoogleWKT WKTFloatValue.swift
[604/2153] Compiling GoogleWKT WKTInt32Value.swift
[605/2153] Compiling GoogleWKT WKTInt64Value.swift
[606/2153] Compiling GoogleWKT WKTRecursive.swift
[607/2153] Compiling GoogleWKT WKTValue.swift
[608/2153] Compiling GoogleWKT WKTApi.swift
[609/2153] Compiling GoogleWKT WKTEnum.swift
[610/2153] Compiling GoogleWKT WKTEnumValue.swift
[610/2153] Compiling handshake_client.cc
[612/2153] Compiling GoogleWKT WKTField.swift
[613/2153] Compiling GoogleWKT WKTMethod.swift
[614/2153] Compiling GoogleWKT WKTMixin.swift
[615/2153] Compiling GoogleWKT WKTOption.swift
[616/2153] Compiling GoogleWKT WKTSourceContext.swift
[617/2153] Compiling GoogleWKT WKTSyntax.swift
[618/2153] Compiling GoogleWKT WKTType.swift
[619/2153] Compiling GoogleWKT PackageVersion.swift
[620/2153] Compiling GoogleWKT WKTStringValue.swift
[621/2153] Compiling GoogleWKT WKTTimestamp.swift
[622/2153] Compiling GoogleWKT WKTUInt32Value.swift
[623/2153] Compiling GoogleWKT WKTUInt64Value.swift
[623/2153] Compiling s3_lib.cc
[625/2153] Compiling GoogleWKT WKTAny.swift
[626/2153] Compiling GoogleWKT WKTAnyError.swift
[627/2153] Compiling GoogleWKT WKTBoolValue.swift
[628/2153] Compiling GoogleWKT WKTBytesValue.swift
[629/2153] Compiling GoogleWKT WKTDoubleValue.swift
[630/2153] Compiling GoogleWKT WKTDuration.swift
[634/2154] Compiling GoogleWKT WKTEmpty.swift
[635/2154] Compiling GoogleWKT WKTFieldMask.swift
[640/2154] Compiling handshake_server.cc
[641/2154] Compiling handshake.cc
[642/2154] Wrapping AST for Configuration for debugging
[649/2155] Compiling handoff.cc
[650/2155] Compiling extensions.cc
[651/2173] Compiling encrypted_client_hello.cc
[652/2188] Compiling d1_srtp.cc
[653/2188] Compiling dtls_record.cc
[654/2188] Wrapping AST for GoogleWKT for debugging
[655/2188] Compiling dtls_method.cc
[656/2188] Compiling md5-x86_64-apple.S
[657/2188] Compiling md5-x86_64-linux.S
[658/2188] Compiling md5-586-apple.S
[659/2188] Compiling md5-586-linux.S
[660/2188] Compiling chacha20_poly1305_x86_64-linux.S
[661/2188] Compiling d1_pkt.cc
[662/2188] Compiling chacha20_poly1305_x86_64-apple.S
[664/2188] Emitting module GoogleType
[664/2190] Compiling chacha20_poly1305_armv8-win.S
[665/2190] Compiling chacha20_poly1305_armv8-apple.S
[667/2190] Compiling GoogleRpc PackageVersion.swift
[668/2190] Compiling GoogleRpc HttpRequest.swift
[668/2190] Compiling chacha20_poly1305_armv8-linux.S
[669/2190] Compiling chacha-x86_64-linux.S
[671/2190] Compiling GoogleRpc HttpResponse.swift
[672/2190] Compiling GoogleRpc RequestInfo.swift
[672/2190] Compiling chacha-x86_64-apple.S
[675/2190] Compiling GoogleRpc ResourceInfo.swift
[675/2192] Compiling chacha-x86-linux.S
[676/2192] Compiling chacha-x86-apple.S
[678/2192] Compiling GoogleRpc Status.swift
[679/2192] Compiling GoogleType Month.swift
[681/2192] Compiling GoogleRpc RetryInfo.swift
[682/2192] Compiling GoogleRpc Help.swift
[683/2192] Compiling GoogleRpc HttpHeader.swift
[684/2192] Compiling GoogleRpc LocalizedMessage.swift
[684/2192] Compiling chacha-armv8-win.S
[685/2192] Compiling chacha-armv8-apple.S
[686/2192] Compiling chacha-armv8-linux.S
[687/2192] Compiling err_data.cc
[689/2192] Emitting module GoogleRpc
[690/2192] Compiling GoogleRpc DebugInfo.swift
[691/2192] Compiling GoogleRpc ErrorInfo.swift
[692/2192] Compiling GoogleRpc BadRequest.swift
[693/2192] Compiling GoogleRpc Code.swift
[693/2192] Compiling d1_lib.cc
[695/2192] Compiling GoogleRpc PreconditionFailure.swift
[696/2192] Compiling GoogleRpc QuotaFailure.swift
[700/2192] Compiling aes128gcmsiv-x86_64-linux.S
[701/2192] Compiling chacha-armv4-linux.S
[704/2192] Compiling x86_64-mont5-linux.S
[705/2192] Compiling aes128gcmsiv-x86_64-apple.S
[706/2192] Compiling x86_64-mont5-apple.S
[707/2192] Compiling x86_64-mont-linux.S
[708/2192] Compiling x86_64-mont-apple.S
[709/2192] Compiling vpaes-x86_64-linux.S
[710/2192] Compiling x86-mont-linux.S
[711/2192] Compiling vpaes-x86_64-apple.S
[713/2192] Compiling GoogleType TimeOfDay.swift
[714/2192] Compiling GoogleType TimeZone.swift
[714/2192] Compiling x86-mont-apple.S
[715/2192] Compiling bio_ssl.cc
[716/2192] Compiling vpaes-x86-linux.S
[723/2193] Compiling vpaes-armv8-win.S
[723/2193] Compiling vpaes-x86-apple.S
[725/2193] Compiling vpaes-armv8-linux.S
[726/2193] Compiling vpaes-armv8-apple.S
[727/2193] Compiling vpaes-armv7-linux.S
[729/2193] Compiling sha512-x86_64-apple.S
[730/2193] Compiling sha512-x86_64-linux.S
[731/2193] Compiling sha512-armv8-win.S
[732/2193] Compiling sha512-armv8-apple.S
[733/2193] Compiling sha512-armv8-linux.S
[734/2193] Compiling sha512-armv4-linux.S
[735/2193] Compiling sha512-586-linux.S
[736/2193] Compiling sha512-586-apple.S
[737/2193] Compiling sha256-x86_64-linux.S
[738/2193] Compiling sha256-x86_64-apple.S
[739/2193] Wrapping AST for GoogleType for debugging
[740/2193] Compiling sha256-armv8-win.S
[741/2193] Compiling sha256-armv8-apple.S
[742/2193] Compiling sha256-armv8-linux.S
[743/2193] Compiling sha256-armv4-linux.S
[744/2193] Compiling sha256-586-apple.S
[744/2193] Compiling sha256-586-linux.S
[748/2193] Compiling sha1-x86_64-linux.S
[749/2194] Compiling sha1-x86_64-apple.S
[750/2194] Compiling sha1-armv8-win.S
[751/2194] Compiling d1_both.cc
[752/2194] Compiling sha1-armv8-apple.S
[754/2194] Compiling sha1-armv4-large-linux.S
[755/2194] Compiling sha1-586-linux.S
[756/2194] Compiling sha1-armv8-linux.S
[757/2194] Compiling sha1-586-apple.S
[758/2194] Compiling rsaz-avx2-apple.S
[759/2194] Compiling rsaz-avx2-linux.S
[760/2194] Compiling rdrand-x86_64-linux.S
[761/2194] Compiling p256_beeu-x86_64-asm-linux.S
[762/2194] Compiling rdrand-x86_64-apple.S
[763/2194] Compiling p256_beeu-x86_64-asm-apple.S
[764/2194] Compiling p256_beeu-armv8-asm-win.S
[765/2194] Compiling p256_beeu-armv8-asm-apple.S
[766/2194] Compiling p256_beeu-armv8-asm-linux.S
[767/2194] Compiling p256-x86_64-asm-linux.S
[768/2194] Wrapping AST for GoogleRpc for debugging
[769/2194] Compiling p256-armv8-asm-win.S
[770/2194] Compiling p256-x86_64-asm-apple.S
[771/2194] Compiling p256-armv8-asm-apple.S
[772/2194] Compiling ghashv8-armv8-linux.S
[773/2194] Compiling ghashv8-armv8-win.S
[774/2194] Compiling ghashv8-armv8-apple.S
[774/2194] Compiling p256-armv8-asm-linux.S
[776/2194] Compiling ghashv8-armv7-linux.S
[777/2194] Compiling ghash-x86_64-linux.S
[778/2194] Compiling ghash-x86_64-apple.S
[779/2194] Compiling ghash-x86-linux.S
[780/2194] Compiling ghash-ssse3-x86_64-linux.S
[781/2194] Compiling ghash-x86-apple.S
[782/2194] Compiling ghash-ssse3-x86-linux.S
[783/2194] Compiling ghash-ssse3-x86-apple.S
[783/2194] Compiling ghash-ssse3-x86_64-apple.S
[785/2194] Compiling ghash-neon-armv8-win.S
[786/2194] Compiling ghash-neon-armv8-apple.S
[787/2194] Compiling ghash-neon-armv8-linux.S
[788/2194] Compiling co-586-linux.S
[789/2194] Compiling co-586-apple.S
[789/2194] Compiling bsaes-armv7-linux.S
[790/2194] Compiling ghash-armv4-linux.S
[792/2194] Compiling bn-armv8-win.S
[793/2194] Compiling bn-armv8-linux.S
[794/2194] Compiling bn-armv8-apple.S
[795/2194] Compiling bn-586-apple.S
[796/2194] Compiling bn-586-linux.S
[796/2194] Compiling armv8-mont-win.S
[798/2194] Compiling armv8-mont-apple.S
[799/2194] Compiling armv4-mont-linux.S
[800/2194] Compiling aesv8-gcm-armv8-win.S
[801/2194] Compiling armv8-mont-linux.S
[802/2194] Compiling aesv8-gcm-armv8-apple.S
[803/2194] Compiling aesv8-gcm-armv8-linux.S
[804/2194] Compiling aesv8-armv8-win.S
[804/2194] Compiling aesv8-armv8-linux.S
[806/2194] Compiling aesv8-armv8-apple.S
[807/2194] Compiling aesv8-armv7-linux.S
[808/2194] Compiling aesni-x86_64-apple.S
[809/2194] Compiling aesni-x86_64-linux.S
[810/2194] Compiling aesni-x86-linux.S
[811/2194] Compiling aesni-x86-apple.S
[812/2194] Compiling aesni-gcm-x86_64-linux.S
[813/2194] Compiling aes-gcm-avx2-x86_64-linux.S
[814/2194] Compiling aesni-gcm-x86_64-apple.S
[815/2194] Compiling aes-gcm-avx2-x86_64-apple.S
[816/2194] Compiling aes-gcm-avx10-x86_64-linux.S
[817/2194] Compiling aes-gcm-avx10-x86_64-apple.S
[818/2194] Compiling x_sig.cc
[819/2194] Compiling x_spki.cc
[820/2194] Compiling x_x509a.cc
[821/2194] Compiling x_val.cc
[822/2194] Compiling x_req.cc
[823/2194] Compiling x_pubkey.cc
[824/2194] Compiling x_x509.cc
[825/2194] Compiling x_name.cc
[826/2194] Compiling x_exten.cc
[827/2194] Compiling x_algor.cc
[828/2194] Compiling x_attrib.cc
[829/2194] Compiling x509rset.cc
[830/2194] Compiling x509spki.cc
[831/2194] Compiling x_crl.cc
[832/2194] Compiling x_all.cc
[832/2194] Compiling x509name.cc
[834/2194] Compiling x509_vpm.cc
[835/2194] Compiling x509cset.cc
[836/2194] Compiling x509_trs.cc
[837/2194] Compiling x509_v3.cc
[838/2194] Compiling x509_set.cc
[839/2194] Compiling x509_txt.cc
[840/2194] Compiling x509_req.cc
[841/2194] Compiling x509_vfy.cc
[842/2194] Compiling x509_obj.cc
[843/2194] Compiling x509_d2.cc
[844/2194] Compiling x509_ext.cc
[845/2194] Compiling x509_cmp.cc
[846/2194] Compiling x509_lu.cc
[847/2194] Compiling x509_def.cc
[848/2194] Compiling x509_att.cc
[849/2194] Compiling x509.cc
[850/2194] Compiling v3_skey.cc
[851/2194] Compiling v3_pmaps.cc
[852/2194] Compiling v3_ocsp.cc
[853/2194] Compiling v3_purp.cc
[854/2194] Compiling v3_pcons.cc
[854/2194] Compiling v3_utl.cc
[856/2194] Compiling v3_prn.cc
[857/2194] Compiling v3_ncons.cc
[858/2194] Compiling v3_int.cc
[859/2194] Compiling v3_lib.cc
[860/2194] Compiling v3_ia5.cc
[861/2194] Compiling v3_genn.cc
[861/2194] Compiling v3_info.cc
[863/2194] Compiling v3_extku.cc
[864/2194] Compiling v3_enum.cc
[865/2194] Compiling v3_crld.cc
[866/2194] Compiling v3_bcons.cc
[867/2194] Compiling v3_cpols.cc
[868/2194] Compiling v3_conf.cc
[869/2194] Compiling v3_alt.cc
[870/2194] Compiling v3_bitst.cc
[871/2194] Compiling v3_akey.cc
[872/2194] Compiling v3_akeya.cc
[873/2194] Compiling t_x509a.cc
[874/2194] Compiling i2d_pr.cc
[875/2194] Compiling t_x509.cc
[876/2194] Compiling t_req.cc
[877/2194] Compiling t_crl.cc
[878/2194] Compiling name_print.cc
[879/2194] Compiling rsa_pss.cc
[880/2194] Compiling policy.cc
[881/2194] Compiling by_file.cc
[882/2194] Compiling by_dir.cc
[883/2194] Compiling asn1_gen.cc
[884/2194] Compiling algorithm.cc
[885/2194] Compiling a_digest.cc
[885/2194] Compiling a_sign.cc
[887/2194] Compiling voprf.cc
[888/2194] Compiling trust_token.cc
[889/2194] Compiling a_verify.cc
[890/2194] Compiling thread_win.cc
[891/2194] Compiling thread_pthread.cc
[892/2194] Compiling thread.cc
[893/2194] Compiling thread_none.cc
[894/2194] Compiling stack.cc
[895/2194] Compiling pmbtoken.cc
[896/2194] Compiling slhdsa.cc
[897/2194] Compiling spake2plus.cc
[898/2194] Compiling siphash.cc
[899/2194] Compiling sha512.cc
[899/2194] Compiling sha256.cc
[901/2194] Compiling sha1.cc
[902/2194] Compiling rsa_extra.cc
[903/2194] Compiling rsa_print.cc
[904/2194] Compiling rsa_crypt.cc
[905/2194] Compiling refcount.cc
[906/2194] Compiling rc4.cc
[907/2194] Compiling windows.cc
[908/2194] Compiling rand.cc
[909/2194] Compiling trusty.cc
[910/2194] Compiling urandom.cc
[911/2194] Compiling rsa_asn1.cc
[912/2194] Compiling ios.cc
[913/2194] Compiling getentropy.cc
[914/2194] Compiling poly1305_arm_asm.S
[915/2194] Compiling passive.cc
[916/2194] Compiling fork_detect.cc
[917/2194] Compiling poly1305_vec.cc
[918/2194] Compiling deterministic.cc
[919/2194] Compiling forkunsafe.cc
[920/2194] Compiling pool.cc
[921/2194] Compiling poly1305_arm.cc
[922/2194] Compiling poly1305.cc
[923/2194] Compiling p5_pbev2.cc
[924/2194] Compiling pkcs8.cc
[925/2194] Compiling pkcs7.cc
[926/2194] Compiling pkcs7_x509.cc
[927/2194] Compiling pkcs8_x509.cc
[928/2194] Compiling pem_x509.cc
[929/2194] Compiling pem_xaux.cc
[930/2194] Compiling pem_pk8.cc
[931/2194] Compiling pem_pkey.cc
[932/2194] Compiling mlkem.cc
[933/2194] Compiling obj_xref.cc
[934/2194] Compiling pem_oth.cc
[935/2194] Compiling pem_info.cc
[936/2194] Compiling obj.cc
[937/2194] Compiling mem.cc
[938/2194] Compiling mldsa.cc
[939/2194] Compiling pem_lib.cc
[940/2194] Compiling pem_all.cc
[941/2194] Compiling poly_rq_mul.S
[942/2194] Compiling fips_shared_support.cc
[943/2194] Compiling md5.cc
[944/2194] Compiling md4.cc
[945/2194] Compiling lhash.cc
[946/2194] Compiling ex_data.cc
[947/2194] Compiling sign.cc
[948/2194] Compiling kyber.cc
[949/2194] Compiling scrypt.cc
[950/2194] Compiling hpke.cc
[951/2194] Compiling hrss.cc
[952/2194] Compiling print.cc
[953/2194] Compiling pbkdf.cc
[954/2194] Compiling p_x25519.cc
[955/2194] Compiling p_x25519_asn1.cc
[956/2194] Compiling p_rsa_asn1.cc
[957/2194] Compiling p_ed25519.cc
[958/2194] Compiling p_rsa.cc
[959/2194] Compiling p_hkdf.cc
[960/2194] Compiling p_ed25519_asn1.cc
[961/2194] Compiling p_ec.cc
[962/2194] Compiling p_ec_asn1.cc
[963/2194] Compiling p_dh.cc
[964/2194] Compiling p_dh_asn1.cc
[965/2194] Compiling evp_ctx.cc
[966/2194] Compiling p_dsa_asn1.cc
[967/2194] Compiling evp.cc
[968/2194] Compiling err.cc
[969/2194] Compiling evp_asn1.cc
[970/2194] Compiling engine.cc
[971/2194] Compiling ecdh.cc
[972/2194] Compiling hash_to_curve.cc
[973/2194] Compiling ecdsa_asn1.cc
[974/2194] Compiling ec_derive.cc
[975/2194] Compiling dsa.cc
[976/2194] Compiling dsa_asn1.cc
[977/2194] Compiling ec_asn1.cc
[978/2194] Compiling params.cc
[979/2194] Compiling bcm.cc
[980/2194] Compiling digest_extra.cc
[981/2194] Compiling x25519-asm-arm.S
[982/2194] Compiling des.cc
[983/2194] Compiling curve25519_64_adx.cc
[984/2194] Compiling dh_asn1.cc
[985/2194] Compiling crypto.cc
[986/2194] Compiling cpu_intel.cc
[987/2194] Compiling cpu_arm_linux.cc
[988/2194] Compiling spake25519.cc
[989/2194] Compiling curve25519.cc
[990/2194] Compiling cpu_arm_freebsd.cc
[991/2194] Compiling cpu_aarch64_win.cc
[992/2194] Compiling cpu_aarch64_linux.cc
[993/2194] Compiling cpu_aarch64_sysreg.cc
[994/2194] Compiling cpu_aarch64_apple.cc
[995/2194] Compiling cpu_aarch64_openbsd.cc
[996/2194] Compiling conf.cc
[997/2194] Compiling cpu_aarch64_fuchsia.cc
[998/2194] Compiling tls_cbc.cc
[999/2194] Compiling get_cipher.cc
[1000/2194] Compiling e_tls.cc
[1001/2194] Compiling e_rc4.cc
[1002/2194] Compiling e_rc2.cc
[1002/2194] Compiling e_null.cc
[1004/2194] Compiling e_des.cc
[1005/2194] Compiling e_chacha20poly1305.cc
[1006/2194] Compiling e_aesgcmsiv.cc
[1007/2194] Compiling e_aesctrhmac.cc
[1008/2194] Compiling derive_key.cc
[1009/2194] Compiling chacha.cc
[1010/2194] Compiling buf.cc
[1011/2194] Compiling unicode.cc
[1012/2194] Compiling cbb.cc
[1013/2194] Compiling ber.cc
[1014/2194] Compiling asn1_compat.cc
[1015/2194] Compiling cbs.cc
[1016/2194] Compiling convert.cc
[1017/2194] Compiling bn_asn1.cc
[1018/2194] Compiling blake2.cc
[1019/2194] Compiling socket_helper.cc
[1020/2194] Compiling printf.cc
[1021/2194] Compiling socket.cc
[1022/2194] Compiling pair.cc
[1023/2194] Compiling hexdump.cc
[1024/2194] Compiling file.cc
[1025/2194] Compiling errno.cc
[1026/2194] Compiling fd.cc
[1027/2194] Compiling bio_mem.cc
[1028/2194] Compiling connect.cc
[1029/2194] Compiling bio.cc
[1030/2194] Compiling base64.cc
[1031/2194] Compiling tasn_typ.cc
[1032/2194] Compiling tasn_utl.cc
[1033/2194] Compiling tasn_fre.cc
[1034/2194] Compiling tasn_enc.cc
[1035/2194] Compiling posix_time.cc
[1036/2194] Compiling tasn_new.cc
[1037/2194] Compiling f_string.cc
[1038/2194] Compiling tasn_dec.cc
[1039/2194] Compiling asn_pack.cc
[1040/2194] Compiling f_int.cc
[1041/2194] Compiling asn1_par.cc
[1042/2194] Compiling asn1_lib.cc
[1043/2194] Compiling a_utctm.cc
[1044/2194] Compiling a_type.cc
[1045/2194] Compiling a_time.cc
[1046/2194] Compiling a_octet.cc
[1047/2194] Compiling a_strnid.cc
[1048/2194] Compiling a_object.cc
[1049/2194] Compiling a_strex.cc
[1050/2194] Compiling a_i2d_fp.cc
[1051/2194] Compiling a_dup.cc
[1052/2194] Compiling a_mbstr.cc
[1053/2194] Compiling CGoogleGaxCRC32C CGoogleGaxCRC32C.c
[1054/2194] Compiling a_int.cc
[1055/2194] Compiling a_d2i_fp.cc
[1056/2194] Compiling fiat_p256_adx_sqr.S
[1057/2194] Compiling a_gentm.cc
[1058/2194] Compiling fiat_p256_adx_mul.S
[1059/2194] Compiling fiat_curve25519_adx_square.S
[1060/2194] Compiling md5-x86_64-linux.S
[1060/2194] Compiling fiat_curve25519_adx_mul.S
[1062/2194] Compiling md5-586-apple.S
[1062/2194] Compiling md5-586-linux.S
[1064/2194] Compiling md5-x86_64-apple.S
[1065/2194] Compiling chacha20_poly1305_x86_64-linux.S
[1066/2194] Compiling a_bitstr.cc
[1067/2194] Compiling chacha20_poly1305_x86_64-apple.S
[1068/2194] Compiling CCryptoBoringSSLShims shims.c
[1069/2194] Compiling chacha20_poly1305_armv8-win.S
[1070/2194] Compiling chacha20_poly1305_armv8-apple.S
[1071/2194] Compiling chacha-x86_64-linux.S
[1072/2194] Compiling chacha-x86-linux.S
[1073/2194] Compiling chacha-x86_64-apple.S
[1074/2194] Compiling chacha20_poly1305_armv8-linux.S
[1075/2194] Compiling chacha-x86-apple.S
[1076/2194] Compiling a_bool.cc
[1077/2194] Compiling chacha-armv8-win.S
[1078/2194] Compiling chacha-armv8-apple.S
[1079/2194] Compiling chacha-armv4-linux.S
[1080/2194] Compiling chacha-armv8-linux.S
[1081/2194] Compiling aes128gcmsiv-x86_64-linux.S
[1082/2194] Compiling aes128gcmsiv-x86_64-apple.S
[1083/2194] Compiling x86_64-mont5-linux.S
[1084/2194] Compiling x86_64-mont5-apple.S
[1085/2194] Compiling x86-mont-linux.S
[1086/2194] Compiling x86_64-mont-apple.S
[1087/2194] Compiling x86_64-mont-linux.S
[1088/2194] Compiling x86-mont-apple.S
[1089/2194] Compiling vpaes-x86_64-linux.S
[1090/2194] Compiling vpaes-x86_64-apple.S
[1091/2194] Compiling vpaes-armv8-win.S
[1092/2194] Compiling vpaes-armv8-linux.S
[1093/2194] Compiling vpaes-x86-linux.S
[1094/2194] Compiling vpaes-x86-apple.S
[1095/2194] Compiling vpaes-armv8-apple.S
[1096/2194] Compiling err_data.cc
[1097/2194] Compiling vpaes-armv7-linux.S
[1098/2194] Compiling sha512-x86_64-apple.S
[1099/2194] Compiling sha512-x86_64-linux.S
[1100/2194] Compiling sha512-armv8-win.S
[1101/2194] Compiling sha512-armv4-linux.S
[1102/2194] Compiling sha512-armv8-apple.S
[1103/2194] Compiling sha512-586-linux.S
[1104/2194] Compiling sha512-586-apple.S
[1104/2194] Compiling sha256-x86_64-linux.S
[1106/2194] Compiling sha512-armv8-linux.S
[1107/2194] Compiling sha256-x86_64-apple.S
[1108/2194] Compiling sha256-armv8-win.S
[1109/2194] Compiling sha256-armv8-linux.S
[1110/2194] Compiling sha256-armv4-linux.S
[1110/2194] Compiling sha256-586-apple.S
[1112/2194] Compiling sha256-586-linux.S
[1112/2194] Compiling sha256-armv8-apple.S
[1114/2194] Compiling sha1-x86_64-linux.S
[1115/2194] Compiling sha1-x86_64-apple.S
[1116/2194] Compiling sha1-armv8-win.S
[1117/2194] Compiling sha1-armv4-large-linux.S
[1118/2194] Compiling sha1-586-linux.S
[1119/2194] Compiling sha1-armv8-apple.S
[1120/2194] Compiling sha1-586-apple.S
[1121/2194] Compiling sha1-armv8-linux.S
[1122/2194] Compiling rsaz-avx2-linux.S
[1123/2194] Compiling rsaz-avx2-apple.S
[1124/2194] Compiling rdrand-x86_64-linux.S
[1125/2194] Compiling p256_beeu-x86_64-asm-linux.S
[1126/2194] Compiling rdrand-x86_64-apple.S
[1127/2194] Compiling p256_beeu-x86_64-asm-apple.S
[1128/2194] Compiling p256_beeu-armv8-asm-win.S
[1129/2194] Compiling p256-x86_64-asm-linux.S
[1129/2194] Compiling p256_beeu-armv8-asm-apple.S
[1131/2194] Compiling p256_beeu-armv8-asm-linux.S
[1132/2194] Compiling p256-armv8-asm-win.S
[1133/2194] Compiling p256-x86_64-asm-apple.S
[1133/2194] Compiling p256-armv8-asm-linux.S
[1135/2194] Compiling p256-armv8-asm-apple.S
[1136/2194] Compiling ghashv8-armv8-win.S
[1137/2194] Compiling ghashv8-armv8-apple.S
[1138/2194] Compiling ghash-x86-linux.S
[1138/2194] Compiling ghash-x86_64-linux.S
[1138/2194] Compiling ghash-x86_64-apple.S
[1141/2194] Compiling ghashv8-armv8-linux.S
[1142/2194] Compiling ghashv8-armv7-linux.S
[1143/2194] Compiling ghash-x86-apple.S
[1144/2194] Compiling ghash-ssse3-x86_64-apple.S
[1145/2194] Compiling ghash-ssse3-x86_64-linux.S
[1146/2194] Compiling ghash-neon-armv8-win.S
[1147/2194] Compiling ghash-neon-armv8-linux.S
[1147/2194] Compiling ghash-ssse3-x86-linux.S
[1149/2194] Compiling ghash-ssse3-x86-apple.S
[1150/2194] Compiling ghash-neon-armv8-apple.S
[1151/2194] Compiling ghash-armv4-linux.S
[1152/2194] Compiling co-586-linux.S
[1153/2194] Compiling bsaes-armv7-linux.S
[1154/2194] Compiling co-586-apple.S
[1155/2194] Compiling bn-armv8-win.S
[1156/2194] Compiling bn-armv8-linux.S
[1157/2194] Compiling bn-armv8-apple.S
[1158/2194] Compiling armv8-mont-win.S
[1159/2194] Compiling bn-586-linux.S
[1160/2194] Compiling bn-586-apple.S
[1161/2194] Compiling armv8-mont-linux.S
[1162/2194] Compiling armv8-mont-apple.S
[1163/2194] Compiling armv4-mont-linux.S
[1164/2194] Compiling aesv8-gcm-armv8-win.S
[1165/2194] Compiling aesv8-gcm-armv8-linux.S
[1166/2194] Compiling aesv8-gcm-armv8-apple.S
[1167/2194] Compiling aesv8-armv8-win.S
[1168/2194] Compiling aesv8-armv8-linux.S
[1169/2194] Compiling aesv8-armv8-apple.S
[1170/2194] Compiling aesv8-armv7-linux.S
[1171/2194] Compiling aesni-x86_64-linux.S
[1172/2194] Compiling aesni-x86-linux.S
[1173/2194] Compiling aesni-x86_64-apple.S
[1174/2194] Compiling aesni-gcm-x86_64-linux.S
[1175/2194] Compiling aesni-x86-apple.S
[1176/2194] Compiling aesni-gcm-x86_64-apple.S
[1177/2194] Compiling aes-gcm-avx512-x86_64-linux.S
[1177/2194] Compiling aes-gcm-avx512-x86_64-apple.S
[1179/2194] Compiling aes-gcm-avx2-x86_64-apple.S
[1180/2194] Compiling aes-gcm-avx2-x86_64-linux.S
[1181/2194] Compiling x_sig.cc
[1182/2194] Compiling x_spki.cc
[1183/2194] Compiling x_x509.cc
[1184/2194] Compiling xwing.cc
[1185/2194] Compiling x_req.cc
[1186/2194] Compiling x_x509a.cc
[1187/2194] Compiling x_pubkey.cc
[1188/2194] Compiling c-nioatomics.c
[1189/2194] Compiling x_exten.cc
[1190/2194] Compiling x_crl.cc
[1191/2194] Compiling x_name.cc
[1192/2194] Compiling x_attrib.cc
[1193/2194] Compiling x_all.cc
[1194/2194] Compiling c-atomics.c
[1195/2194] Compiling x_algor.cc
[1196/2201] Compiling x509rset.cc
[1197/2201] Compiling x509name.cc
[1198/2201] Compiling x509spki.cc
[1199/2201] Compiling x509_vpm.cc
[1201/2201] Compiling NIOConcurrencyHelpers NIOLockedValueBox.swift
[1202/2201] Compiling NIOConcurrencyHelpers atomics.swift
[1203/2201] Compiling NIOConcurrencyHelpers NIOThreadPoolWorkAvailable.swift
[1203/2201] Compiling x509cset.cc
[1205/2201] Compiling NIOConcurrencyHelpers NIOLock.swift
[1206/2201] Compiling NIOConcurrencyHelpers NIOAtomic.swift
[1207/2201] Compiling NIOConcurrencyHelpers lock.swift
[1208/2201] Emitting module NIOConcurrencyHelpers
[1209/2202] Compiling x509_v3.cc
[1210/2202] Compiling x509_vfy.cc
[1211/2202] Compiling x509_txt.cc
[1212/2202] Wrapping AST for NIOConcurrencyHelpers for debugging
[1213/2202] Compiling x509_trs.cc
[1214/2202] Compiling x509_set.cc
[1215/2202] Compiling x509_obj.cc
[1216/2202] Compiling x509_req.cc
[1217/2202] Compiling x509_def.cc
[1218/2202] Compiling x509_lu.cc
[1219/2202] Compiling x509_ext.cc
[1220/2202] Compiling x509_d2.cc
[1221/2202] Compiling x509_cmp.cc
[1222/2202] Compiling x509_att.cc
[1223/2202] Compiling v3_skey.cc
[1224/2202] Compiling x509.cc
[1225/2202] Compiling v3_prn.cc
[1226/2202] Compiling v3_purp.cc
[1227/2202] Compiling v3_utl.cc
[1228/2202] Compiling v3_pmaps.cc
[1229/2202] Compiling v3_pcons.cc
[1230/2202] Compiling v3_ocsp.cc
[1231/2202] Compiling v3_lib.cc
[1232/2202] Compiling v3_ncons.cc
[1233/2202] Compiling v3_info.cc
[1234/2202] Compiling v3_ia5.cc
[1235/2202] Compiling v3_genn.cc
[1236/2202] Compiling v3_extku.cc
[1237/2202] Compiling v3_enum.cc
[1238/2202] Compiling v3_crld.cc
[1239/2202] Compiling v3_cpols.cc
[1240/2202] Compiling v3_conf.cc
[1241/2202] Compiling v3_bcons.cc
[1242/2202] Compiling v3_bitst.cc
[1243/2202] Compiling v3_akeya.cc
[1244/2202] Compiling v3_alt.cc
[1245/2202] Compiling v3_akey.cc
[1246/2202] Compiling t_x509a.cc
[1247/2202] Compiling t_crl.cc
[1247/2202] Compiling t_x509.cc
[1249/2202] Compiling asn1_gen.cc
[1250/2202] Compiling algorithm.cc
[1251/2202] Compiling t_req.cc
[1252/2202] Compiling a_sign.cc
[1253/2202] Compiling a_verify.cc
[1254/2202] Compiling thread_win.cc
[1255/2202] Compiling trust_token.cc
[1256/2202] Compiling a_digest.cc
[1257/2202] Compiling voprf.cc
[1258/2202] Compiling thread_pthread.cc
[1259/2202] Compiling thread_none.cc
[1260/2202] Compiling thread.cc
[1261/2202] Compiling pmbtoken.cc
[1262/2202] Compiling stack.cc
[1263/2202] Compiling sha512.cc
[1264/2202] Compiling siphash.cc
[1265/2202] Compiling slhdsa.cc
[1266/2202] Compiling sha1.cc
[1267/2202] Compiling sha256.cc
[1268/2202] Compiling spake2plus.cc
[1269/2202] Compiling rsa_print.cc
[1270/2202] Compiling rsa_extra.cc
[1271/2202] Compiling refcount.cc
[1272/2202] Compiling urandom.cc
[1273/2202] Compiling windows.cc
[1274/2202] Compiling rsa_crypt.cc
[1275/2202] Compiling rc4.cc
[1276/2202] Compiling rand.cc
[1277/2202] Compiling ios.cc
[1278/2202] Compiling rsa_asn1.cc
[1279/2202] Compiling passive.cc
[1280/2202] Compiling poly1305_arm_asm.S
[1281/2202] Compiling trusty.cc
[1282/2202] Compiling getentropy.cc
[1283/2202] Compiling deterministic.cc
[1284/2202] Compiling fork_detect.cc
[1285/2202] Compiling forkunsafe.cc
[1286/2202] Compiling poly1305_arm.cc
[1287/2202] Compiling poly1305_vec.cc
[1288/2202] Compiling pool.cc
[1289/2202] Compiling poly1305.cc
[1290/2202] Compiling pkcs8.cc
[1291/2202] Compiling p5_pbev2.cc
[1292/2202] Compiling pkcs7.cc
[1293/2202] Compiling pkcs7_x509.cc
[1294/2202] Compiling pkcs8_x509.cc
[1295/2202] Compiling pem_x509.cc
[1296/2202] Compiling pem_xaux.cc
[1297/2202] Compiling pem_pkey.cc
[1298/2202] Compiling obj_xref.cc
[1299/2202] Compiling mlkem.cc
[1300/2202] Compiling pem_oth.cc
[1301/2202] Compiling pem_lib.cc
[1302/2202] Compiling pem_info.cc
[1303/2202] Compiling pem_pk8.cc
[1304/2202] Compiling pem_all.cc
[1305/2202] Compiling obj.cc
[1306/2202] Compiling poly_rq_mul.S
[1307/2202] Compiling mldsa.cc
[1308/2202] Compiling mem.cc
[1309/2202] Compiling fips_shared_support.cc
[1310/2202] Compiling lhash.cc
[1311/2202] Compiling md5.cc
[1312/2202] Compiling md4.cc
[1313/2202] Compiling kyber.cc
[1314/2202] Compiling fuzzer_mode.cc
[1315/2202] Compiling hrss.cc
[1316/2202] Compiling scrypt.cc
[1317/2202] Compiling hpke.cc
[1318/2202] Compiling ex_data.cc
[1319/2202] Compiling pbkdf.cc
[1320/2202] Compiling sign.cc
[1321/2202] Compiling print.cc
[1322/2202] Compiling p_x25519_asn1.cc
[1323/2202] Compiling p_x25519.cc
[1324/2202] Compiling p_ed25519_asn1.cc
[1325/2202] Compiling p_hkdf.cc
[1326/2202] Compiling p_rsa_asn1.cc
[1327/2202] Compiling p_ed25519.cc
[1328/2202] Compiling p_rsa.cc
[1329/2202] Compiling p_ec_asn1.cc
[1330/2202] Compiling p_ec.cc
[1331/2202] Compiling p_dh.cc
[1332/2202] Compiling p_dh_asn1.cc
[1333/2202] Compiling p_dsa_asn1.cc
[1334/2202] Compiling evp_ctx.cc
[1335/2202] Compiling err.cc
[1336/2202] Compiling engine.cc
[1337/2202] Compiling evp_asn1.cc
[1338/2202] Compiling ecdsa_p1363.cc
[1339/2202] Compiling evp.cc
[1340/2202] Compiling ecdh.cc
[1341/2202] Compiling ecdsa_asn1.cc
[1342/2202] Compiling ec_derive.cc
[1343/2202] Compiling hash_to_curve.cc
[1344/2202] Compiling dsa_asn1.cc
[1345/2202] Compiling ec_asn1.cc
[1346/2202] Compiling dsa.cc
[1347/2202] Compiling params.cc
[1348/2202] Compiling x25519-asm-arm.S
[1349/2202] Compiling curve25519_64_adx.cc
[1350/2202] Compiling digest_extra.cc
[1351/2202] Compiling dh_asn1.cc
[1352/2202] Compiling des.cc
[1353/2202] Compiling curve25519.cc
[1354/2202] Compiling cpu_intel.cc
[1355/2202] Compiling cpu_arm_linux.cc
[1356/2202] Compiling crypto.cc
[1357/2202] Compiling spake25519.cc
[1358/2202] Compiling cpu_arm_freebsd.cc
[1359/2202] Compiling cpu_aarch64_win.cc
[1360/2202] Compiling cpu_aarch64_openbsd.cc
[1361/2202] Compiling cpu_aarch64_sysreg.cc
[1362/2202] Compiling cpu_aarch64_fuchsia.cc
[1363/2202] Compiling cpu_aarch64_apple.cc
[1363/2202] Compiling cpu_aarch64_linux.cc
[1365/2202] Compiling conf.cc
[1366/2202] Compiling e_tls.cc
[1367/2202] Compiling get_cipher.cc
[1368/2202] Compiling tls_cbc.cc
[1369/2202] Compiling e_rc4.cc
[1370/2202] Compiling e_rc2.cc
[1371/2202] Compiling cms.cc
[1372/2202] Compiling e_null.cc
[1373/2202] Compiling e_des.cc
[1374/2202] Compiling e_aesgcmsiv.cc
[1375/2202] Compiling e_chacha20poly1305.cc
[1376/2202] Compiling derive_key.cc
[1376/2202] Compiling e_aeseax.cc
[1378/2202] Compiling e_aesctrhmac.cc
[1379/2202] Compiling chacha.cc
[1380/2202] Compiling unicode.cc
[1381/2202] Compiling buf.cc
[1382/2202] Compiling sqrt.cc
[1383/2202] Compiling cbb.cc
[1384/2202] Compiling ber.cc
[1385/2202] Compiling cbs.cc
[1386/2202] Compiling exponentiation.cc
[1387/2202] Compiling asn1_compat.cc
[1388/2202] Compiling div.cc
[1389/2202] Compiling blake2.cc
[1390/2202] Compiling printf.cc
[1391/2202] Compiling pair.cc
[1392/2202] Compiling bn_asn1.cc
[1393/2202] Compiling hexdump.cc
[1394/2202] Compiling convert.cc
[1395/2202] Compiling file.cc
[1396/2202] Compiling fd.cc
[1397/2202] Compiling base64.cc
[1398/2202] Compiling bio_mem.cc
[1399/2202] Compiling tasn_typ.cc
[1400/2202] Compiling bio.cc
[1401/2202] Compiling tasn_utl.cc
[1402/2202] Compiling tasn_new.cc
[1403/2202] Compiling tasn_fre.cc
[1404/2202] Compiling posix_time.cc
[1405/2202] Compiling tasn_enc.cc
[1406/2202] Compiling f_string.cc
[1407/2202] Compiling tasn_dec.cc
[1408/2202] Compiling f_int.cc
[1409/2202] Compiling asn_pack.cc
[1410/2202] Compiling asn1_par.cc
[1411/2202] Compiling a_utctm.cc
[1412/2202] Compiling asn1_lib.cc
[1413/2202] Compiling a_type.cc
[1414/2202] Compiling a_octet.cc
[1415/2202] Compiling a_time.cc
[1416/2202] Compiling a_strnid.cc
[1417/2202] Compiling a_strex.cc
[1418/2202] Compiling bcm.cc
[1419/2202] Compiling a_i2d_fp.cc
[1420/2202] Compiling a_mbstr.cc
[1421/2202] Compiling a_dup.cc
[1422/2202] Compiling CAsyncHTTPClient CAsyncHTTPClient.c
[1423/2202] Compiling a_object.cc
[1423/2202] Write sources
[1445/2202] Compiling a_int.cc
[1446/2211] Compiling a_d2i_fp.cc
[1447/2245] Compiling a_gentm.cc
[1448/2245] Compiling a_bool.cc
[1450/2245] Compiling Atomics ManagedAtomic.swift
[1451/2245] Compiling Atomics ManagedAtomicLazyReference.swift
[1452/2247] Compiling Atomics UnsafeAtomic.swift
[1453/2247] Compiling Atomics UnsafeAtomicLazyReference.swift
[1454/2247] Compiling Atomics AtomicMemoryOrderings.swift
[1455/2247] Compiling Atomics DoubleWord.swift
[1456/2247] Compiling Atomics AtomicStorage.swift
[1457/2247] Compiling Atomics AtomicValue.swift
[1457/2247] Compiling aes.cc
[1461/2250] Compiling a_bitstr.cc
[1463/2258] Compiling Atomics AtomicInteger.swift
[1464/2258] Compiling Atomics AtomicOptionalWrappable.swift
[1465/2258] Compiling Atomics AtomicReference.swift
[1466/2258] Compiling Atomics IntegerOperations.swift
[1467/2258] Compiling Atomics Unmanaged extensions.swift
[1469/2258] Compiling Algorithms Stride.swift
[1470/2258] Compiling Algorithms Suffix.swift
[1474/2258] Compiling Atomics OptionalRawRepresentable.swift
[1475/2258] Compiling Algorithms Trim.swift
[1476/2258] Compiling Algorithms Unique.swift
[1477/2258] Compiling Algorithms Windows.swift
[1478/2258] Compiling Atomics Primitives.native.swift
[1481/2258] Compiling Algorithms Partition.swift
[1482/2258] Compiling Algorithms Permutations.swift
[1483/2258] Compiling Algorithms Product.swift
[1488/2258] Compiling Atomics RawRepresentable.swift
[1489/2258] Compiling Atomics AtomicBool.swift
[1490/2258] Compiling Atomics IntegerConformances.swift
[1491/2258] Compiling Atomics PointerConformances.swift
[1492/2258] Emitting module CryptoBoringWrapper
[1493/2258] Compiling CryptoBoringWrapper RandomBytes.swift
[1494/2258] Compiling CryptoBoringWrapper CryptoKitErrors_boring.swift
[1495/2258] Compiling CryptoBoringWrapper BoringSSLAEAD.swift
[1496/2258] Compiling CryptoBoringWrapper FiniteFieldArithmeticContext.swift
[1497/2258] Compiling CryptoBoringWrapper EllipticCurvePoint.swift
[1504/2258] Emitting module Atomics
[1506/2259] Compiling CryptoBoringWrapper EllipticCurve.swift
[1507/2259] Compiling CryptoBoringWrapper ArbitraryPrecisionInteger.swift
[1508/2260] Wrapping AST for Atomics for debugging
[1509/2281] Wrapping AST for CryptoBoringWrapper for debugging
[1511/2408] Emitting module Algorithms
[1512/2409] Wrapping AST for Algorithms for debugging
[1514/2409] Compiling Crypto HPKE-LabeledExtract.swift
[1515/2409] Compiling Crypto HPKE-Utils.swift
[1516/2409] Compiling Crypto DHKEM.swift
[1517/2409] Compiling Crypto HPKE-KEM-Curve25519.swift
[1518/2409] Compiling Crypto HPKE-NIST-EC-KEMs.swift
[1519/2409] Compiling Crypto HPKE-KEM.swift
[1520/2409] Compiling Crypto HPKE-Errors.swift
[1521/2409] Compiling Crypto HPKE.swift
[1522/2409] Compiling Crypto HPKE-Context.swift
[1523/2409] Compiling Crypto HPKE-KeySchedule.swift
[1524/2409] Compiling Crypto HPKE-Modes.swift
[1525/2409] Compiling Crypto Insecure.swift
[1526/2420] Compiling Crypto AES-GCM.swift
[1527/2420] Compiling Crypto AES-GCM_boring.swift
[1528/2420] Compiling Crypto ChaChaPoly_boring.swift
[1529/2420] Compiling Crypto ChaChaPoly.swift
[1530/2420] Compiling Crypto Cipher.swift
[1531/2420] Compiling Crypto Nonces.swift
[1532/2420] Compiling Crypto ASN1.swift
[1533/2420] Compiling Crypto ASN1Any.swift
[1534/2420] Compiling Crypto ASN1BitString.swift
[1535/2420] Compiling Crypto ASN1Boolean.swift
[1536/2420] Compiling Crypto ASN1Identifier.swift
[1537/2420] Compiling Crypto ASN1Integer.swift
[1538/2420] Compiling Crypto ASN1Null.swift
[1539/2420] Compiling Crypto ASN1OctetString.swift
[1540/2420] Compiling Crypto ASN1Strings.swift
[1541/2420] Compiling Crypto ArraySliceBigint.swift
[1542/2420] Compiling Crypto GeneralizedTime.swift
[1543/2420] Compiling Crypto ObjectIdentifier.swift
[1544/2420] Compiling Crypto ECDSASignature.swift
[1545/2420] Compiling Crypto PEMDocument.swift
[1546/2420] Compiling Crypto PKCS8PrivateKey.swift
[1547/2420] Compiling Crypto SEC1PrivateKey.swift
[1548/2420] Compiling Crypto SubjectPublicKeyInfo.swift
[1549/2420] Compiling Crypto CryptoError_boring.swift
[1550/2420] Compiling Crypto MLDSA_boring.swift
[1551/2420] Compiling Crypto MLDSA_wrapper.swift
[1552/2420] Compiling Crypto ECDSA.swift
[1553/2420] Compiling Crypto Ed25519.swift
[1554/2420] Compiling Crypto MLDSA.swift
[1555/2420] Compiling Crypto Insecure_HashFunctions.swift
[1556/2420] Compiling Crypto MLKEM_boring.swift
[1557/2420] Compiling Crypto MLKEM_wrapper.swift
[1558/2420] Compiling Crypto XWing_boring.swift
[1565/2420] Compiling Crypto HKDF.swift
[1566/2420] Compiling Crypto AESWrap.swift
[1567/2420] Compiling Crypto AESWrap_boring.swift
[1568/2428] Emitting module Crypto
[1572/2428] Compiling Crypto Ed25519_boring.swift
[1573/2428] Compiling Crypto NISTCurvesKeys_boring.swift
[1574/2428] Compiling Crypto X25519Keys_boring.swift
[1575/2428] Compiling Crypto Curve25519.swift
[1576/2428] Compiling Crypto Ed25519Keys.swift
[1577/2428] Compiling Crypto NISTCurvesKeys.swift
[1578/2428] Compiling Crypto X25519Keys.swift
[1579/2428] Compiling Crypto SymmetricKeys.swift
[1580/2428] Compiling Crypto HMAC.swift
[1581/2428] Compiling Crypto CryptoKitErrors.swift
[1582/2428] Compiling Crypto Digest_boring.swift
[1583/2428] Compiling Crypto Digest.swift
[1584/2428] Compiling Crypto Digests.swift
[1585/2428] Compiling Crypto HashFunctions.swift
[1586/2428] Compiling Crypto HashFunctions_SHA2.swift
[1587/2428] Compiling Crypto HashFunctions_SHA3.swift
[1588/2428] Compiling Crypto Digest_xkcp.swift
[1589/2428] Compiling Crypto HPKE-AEAD.swift
[1590/2428] Compiling Crypto HPKE-Ciphersuite.swift
[1591/2428] Compiling Crypto HPKE-KDF.swift
[1592/2428] Compiling Crypto HPKE-KexKeyDerivation.swift
[1593/2428] Compiling Crypto MACFunctions.swift
[1594/2428] Compiling Crypto MessageAuthenticationCode.swift
[1595/2428] Compiling Crypto AES.swift
[1596/2428] Compiling Crypto ECDSASignature_boring.swift
[1597/2428] Compiling Crypto ECDSA_boring.swift
[1598/2428] Compiling Crypto EdDSA_boring.swift
[1604/2428] Compiling Crypto Signature.swift
[1605/2428] Compiling Crypto CryptoKitErrors_boring.swift
[1606/2428] Compiling Crypto Optional+withUnsafeBytes_boring.swift
[1607/2428] Compiling Crypto RNG_boring.swift
[1608/2428] Compiling Crypto SafeCompare_boring.swift
[1609/2428] Compiling Crypto Zeroization_boring.swift
[1610/2428] Compiling Crypto _CryptoModuleAnchor.swift
[1611/2428] Compiling Crypto PrettyBytes.swift
[1612/2428] Compiling Crypto SafeCompare.swift
[1613/2428] Compiling Crypto SecureBytes.swift
[1614/2428] Compiling Crypto Zeroization.swift
[1619/2428] Compiling NIOCore SingleStepByteToMessageDecoder.swift
[1620/2428] Compiling NIOCore SocketAddresses.swift
[1621/2428] Compiling NIOCore SocketOptionProvider.swift
[1622/2428] Compiling NIOCore SystemCallHelpers.swift
[1623/2428] Compiling NIOCore TimeAmount+Duration.swift
[1624/2428] Compiling NIOCore TypeAssistedChannelHandler.swift
[1625/2428] Compiling NIOCore UniversalBootstrapSupport.swift
[1626/2428] Compiling NIOCore Utilities.swift
[1627/2429] Wrapping AST for Crypto for debugging
[1629/2491] Compiling CryptoExtras CMAC.swift
[1630/2491] Compiling CryptoExtras ARC+API.swift
[1631/2491] Compiling CryptoExtras ARC.swift
[1632/2491] Compiling CryptoExtras ARCCredential.swift
[1633/2491] Compiling CryptoExtras ARCEncoding.swift
[1634/2491] Compiling CryptoExtras ARCPrecredential.swift
[1635/2491] Compiling CryptoExtras ARCPresentation.swift
[1636/2491] Compiling CryptoExtras ARCRequest.swift
[1637/2491] Compiling CryptoExtras ARCResponse.swift
[1638/2491] Compiling CryptoExtras PBKDF2.swift
[1639/2491] Compiling CryptoExtras Scrypt_boring.swift
[1640/2491] Compiling CryptoExtras Scrypt.swift
[1641/2491] Compiling CryptoExtras OPRF.swift
[1642/2491] Compiling CryptoExtras OPRFClient.swift
[1643/2491] Compiling CryptoExtras OPRFServer.swift
[1644/2491] Compiling CryptoExtras VOPRF+API.swift
[1645/2491] Compiling CryptoExtras VOPRFClient.swift
[1646/2491] Compiling CryptoExtras VOPRFServer.swift
[1647/2491] Compiling CryptoExtras BoringSSLPassphraseCallbackManager.swift
[1648/2491] Compiling CryptoExtras RSA+BlindSigning.swift
[1649/2491] Compiling CryptoExtras RSA.swift
[1650/2491] Compiling CryptoExtras RSA_boring.swift
[1651/2491] Compiling CryptoExtras Reexport.swift
[1652/2491] Compiling CryptoExtras Zeroization_boring.swift
[1653/2491] Compiling CryptoExtras BoringSSLHelpers.swift
[1654/2491] Compiling CryptoExtras CryptoKitErrors_boring.swift
[1655/2491] Compiling CryptoExtras Data+Extensions.swift
[1656/2491] Emitting module CryptoExtras
[1657/2499] Compiling CryptoExtras PKCS8DERRepresentation.swift
[1658/2499] Compiling CryptoExtras PKCS8PrivateKey.swift
[1659/2499] Compiling CryptoExtras RFC8410AlgorithmIdentifier.swift
[1660/2499] Compiling CryptoExtras ECToolbox_boring.swift
[1661/2499] Compiling CryptoExtras ECToolbox.swift
[1662/2499] Compiling CryptoExtras HashToField.swift
[1663/2499] Compiling CryptoExtras KDF.swift
[1664/2499] Compiling CryptoExtras PBKDF2_boring.swift
[1665/2499] Compiling CryptoExtras PBKDF2_commoncrypto.swift
[1666/2499] Compiling CryptoExtras ARCServer.swift
[1667/2499] Compiling CryptoExtras ChaCha20CTR_boring.swift
[1668/2499] Compiling CryptoExtras ChaCha20CTR.swift
[1669/2499] Compiling CryptoExtras BoringSSLSHA512256Context.swift
[1670/2499] Compiling CryptoExtras BoringSSLSHA512256HashFunction.swift
[1671/2499] Compiling CryptoExtras SHA512256.swift
[1672/2499] Compiling CryptoExtras SHA512256Digest.swift
[1673/2499] Compiling CryptoExtras Curve25519+PEM.swift
[1674/2499] Compiling CryptoExtras ObjectIdentifier.swift
[1675/2499] Compiling CryptoExtras ThreadSpecific.swift
[1676/2499] Compiling CryptoExtras ThreadWindows.swift
[1677/2499] Compiling CryptoExtras DLEQ.swift
[1678/2499] Compiling CryptoExtras Prover.swift
[1679/2499] Compiling CryptoExtras Verifier.swift
[1680/2499] Compiling CryptoExtras ZKPToolbox.swift
[1684/2499] Compiling CryptoExtras DigestType.swift
[1685/2499] Compiling CryptoExtras Error.swift
[1686/2499] Compiling CryptoExtras I2OSP.swift
[1687/2499] Compiling CryptoExtras IntegerEncoding.swift
[1688/2499] Compiling CryptoExtras PEMDocument.swift
[1689/2499] Compiling CryptoExtras PrettyBytes.swift
[1690/2499] Compiling CryptoExtras SubjectPublicKeyInfo.swift
[1691/2499] Compiling CryptoExtras ThreadOps.swift
[1692/2499] Compiling CryptoExtras ThreadPosix.swift
[1699/2499] Compiling CryptoExtras AES_CBC.swift
[1700/2499] Compiling CryptoExtras AES_CFB.swift
[1701/2499] Compiling CryptoExtras AES_CTR.swift
[1702/2499] Compiling CryptoExtras AES_GCM_SIV.swift
[1703/2499] Compiling CryptoExtras Block Function.swift
[1704/2499] Compiling CryptoExtras AES_CBC_boring.swift
[1705/2499] Compiling CryptoExtras AES_CFB_boring.swift
[1706/2499] Compiling CryptoExtras AES_CTR_boring.swift
[1707/2499] Compiling CryptoExtras AES_GCM_SIV_boring.swift
[1734/2500] Wrapping AST for CryptoExtras for debugging
[1736/2502] Emitting module _CryptoExtras
[1737/2502] Compiling _CryptoExtras Exports.swift
[1738/2503] Wrapping AST for _CryptoExtras for debugging
[1740/2598] Compiling X509 OCSPSingleRequest.swift
[1741/2598] Compiling X509 OCSPSingleResponse.swift
[1742/2598] Compiling X509 OCSPTBSRequest.swift
[1743/2598] Compiling X509 OCSPVersion.swift
[1744/2598] Compiling X509 CSRAttribute.swift
[1745/2598] Compiling X509 CSRAttributes.swift
[1746/2598] Compiling X509 CSRVersion.swift
[1747/2598] Compiling X509 CertificateSigningRequest.swift
[1748/2598] Compiling X509 CertificationRequestInfo.swift
[1749/2598] Compiling X509 OCSPExtensionID.swift
[1750/2598] Compiling X509 OCSPNonce.swift
[1751/2598] Compiling X509 OCSPPolicy.swift
[1752/2598] Compiling X509 OCSPRequest.swift
[1753/2598] Compiling X509 OCSPResponse.swift
[1754/2598] Compiling X509 OCSPResponseBytes.swift
[1755/2598] Compiling X509 OCSPResponseData.swift
[1756/2598] Compiling X509 OCSPResponseStatus.swift
[1757/2598] Compiling X509 OCSPSignature.swift
[1758/2598] Emitting module NIOCore
[1759/2602] Wrapping AST for NIOCore for debugging
[1761/2656] Compiling NIOFoundationEssentialsCompat Codable+ByteBuffer.swift
[1762/2656] Compiling NIOFoundationEssentialsCompat ByteBuffer-foundation.swift
[1763/2656] Emitting module NIOFoundationEssentialsCompat
[1764/2657] Wrapping AST for NIOFoundationEssentialsCompat for debugging
[1766/2657] Compiling NIOEmbedded AsyncTestingEventLoop.swift
[1767/2657] Emitting module NIOEmbedded
[1768/2657] Compiling NIOEmbedded Embedded.swift
[1769/2657] Compiling NIOEmbedded AsyncTestingChannel.swift
[1770/2658] Wrapping AST for NIOEmbedded for debugging
[1772/2658] Compiling X509 DomainComponent.swift
[1773/2658] Compiling X509 EmailAddress.swift
[1774/2658] Compiling X509 LocalityName.swift
[1775/2658] Compiling X509 OrganizationName.swift
[1776/2658] Compiling X509 OrganizationalUnitName.swift
[1777/2658] Compiling X509 StateOrProvinceName.swift
[1778/2658] Compiling X509 StreetAddress.swift
[1779/2658] Compiling X509 Error.swift
[1780/2658] Compiling X509 AuthorityInformationAccess.swift
[1781/2658] Compiling X509 AuthorityKeyIdentifier.swift
[1782/2658] Compiling X509 BasicConstraints.swift
[1783/2658] Compiling X509 ExtendedKeyUsage.swift
[1784/2658] Compiling X509 ExtensionIdentifiers.swift
[1785/2658] Compiling X509 KeyUsage.swift
[1786/2671] Compiling X509 OneOfPolicies.swift
[1787/2671] Compiling X509 PolicyBuilder.swift
[1788/2671] Compiling X509 BasicConstraintsPolicy.swift
[1789/2671] Compiling X509 DNSNames.swift
[1790/2671] Compiling X509 ExpiryPolicy.swift
[1791/2671] Compiling X509 IPConstraints.swift
[1792/2671] Compiling X509 NameConstraintsPolicy.swift
[1793/2671] Compiling X509 RFC5280Policy.swift
[1794/2671] Compiling X509 URIConstraints.swift
[1795/2671] Compiling X509 VersionPolicy.swift
[1796/2671] Compiling X509 ServerIdentityPolicy.swift
[1797/2671] Compiling X509 TrustRootLoading.swift
[1798/2671] Compiling X509 UnverifiedChain.swift
[1799/2671] Compiling NIOPosix PipeChannel.swift
[1800/2671] Compiling NIOPosix PipePair.swift
[1801/2671] Compiling NIOPosix Pool.swift
[1802/2671] Compiling NIOPosix PosixSingletons+ConcurrencyTakeOver.swift
[1803/2671] Compiling NIOPosix PosixSingletons.swift
[1804/2671] Compiling NIOPosix RawSocketBootstrap.swift
[1805/2671] Compiling NIOPosix Resolver.swift
[1806/2675] Compiling NIOPosix LinuxUring.swift
[1814/2675] Compiling NIOPosix Selectable.swift
[1815/2675] Compiling NIOPosix SelectableChannel.swift
[1816/2675] Compiling NIOPosix SelectableEventLoop.swift
[1817/2675] Compiling NIOPosix SelectorEpoll.swift
[1818/2675] Compiling NIOPosix SelectorGeneric.swift
[1819/2675] Compiling NIOPosix BSDSocketAPICommon.swift
[1820/2675] Compiling NIOPosix BSDSocketAPIPosix.swift
[1821/2675] Compiling NIOPosix BSDSocketAPIWindows.swift
[1822/2675] Compiling NIOPosix BaseSocket.swift
[1823/2675] Compiling NIOPosix BaseSocketChannel+AccessibleTransport.swift
[1824/2675] Compiling NIOPosix BaseSocketChannel+SocketOptionProvider.swift
[1825/2675] Compiling NIOPosix BaseSocketChannel.swift
[1826/2675] Compiling NIOPosix BaseStreamSocketChannel.swift
[1827/2675] Compiling NIOPosix Bootstrap.swift
[1828/2675] Compiling NIOPosix ControlMessage.swift
[1829/2675] Compiling NIOPosix DatagramVectorReadManager.swift
[1830/2675] Compiling NIOPosix Errors+Any.swift
[1831/2675] Compiling NIOPosix FileDescriptor.swift
[1832/2678] Compiling NIOPosix GetaddrinfoResolver.swift
[1833/2678] Compiling NIOPosix MultiThreadedEventLoopGroup.swift
[1834/2678] Compiling NIOPosix NIOPosixSendableMetatype.swift
[1835/2678] Compiling NIOPosix NIORandomizedDNSResolver.swift
[1836/2678] Compiling NIOPosix NIOThreadPool.swift
[1837/2678] Compiling NIOPosix NonBlockingFileIO.swift
[1838/2678] Compiling NIOPosix PendingDatagramWritesManager.swift
[1839/2678] Compiling NIOPosix PendingWritesManager.swift
[1840/2678] Compiling NIOPosix HappyEyeballs.swift
[1841/2678] Compiling NIOPosix IO.swift
[1842/2678] Compiling NIOPosix IntegerBitPacking.swift
[1843/2678] Compiling NIOPosix IntegerTypes.swift
[1844/2678] Compiling NIOPosix Linux.swift
[1845/2678] Compiling NIOPosix LinuxCPUSet.swift
[1846/2678] Compiling X509 NameConstraints.swift
[1847/2678] Compiling X509 SubjectAlternativeName.swift
[1848/2678] Compiling X509 SubjectKeyIdentifier.swift
[1849/2678] Compiling X509 Extension.swift
[1850/2678] Compiling X509 Extensions.swift
[1851/2678] Compiling X509 ExtensionsBuilder.swift
[1852/2678] Compiling X509 GeneralName.swift
[1853/2678] Compiling X509 Lock.swift
[1854/2678] Compiling X509 LockedValueBox.swift
[1855/2678] Compiling X509 BasicOCSPResponse.swift
[1856/2678] Compiling X509 DirectoryString.swift
[1857/2678] Compiling X509 OCSPCertID.swift
[1858/2678] Compiling X509 OCSPCertStatus.swift
[1859/2678] Compiling NIOPosix SelectorKqueue.swift
[1860/2678] Compiling NIOPosix SelectorUring.swift
[1861/2678] Compiling NIOPosix SelectorWSAPoll.swift
[1862/2678] Compiling NIOPosix ServerSocket.swift
[1863/2678] Compiling NIOPosix Socket.swift
[1864/2678] Compiling NIOPosix SocketChannel.swift
[1865/2678] Compiling NIOPosix SocketProtocols.swift
[1866/2678] Compiling NIOPosix StructuredConcurrencyHelpers.swift
[1867/2678] Compiling NIOPosix System.swift
[1868/2678] Compiling NIOPosix Thread.swift
[1869/2678] Compiling NIOPosix ThreadPosix.swift
[1870/2678] Compiling NIOPosix ThreadWindows.swift
[1871/2678] Compiling NIOPosix Utilities.swift
[1872/2678] Compiling NIOPosix VsockAddress.swift
[1873/2678] Emitting module NIOPosix
[1879/2678] Compiling NIOPosix VsockChannelEvents.swift
[1880/2678] Compiling NIOPosix Windows.swift
[1902/2678] Emitting module X509
[1924/2679] Wrapping AST for NIOPosix for debugging
[1926/2681] Emitting module NIO
[1927/2681] Compiling NIO Exports.swift
[1928/2682] Wrapping AST for NIO for debugging
[1930/2721] Compiling NIOTLS NIOTypedApplicationProtocolNegotiationHandler.swift
[1931/2721] Compiling NIOTLS TLSEvents.swift
[1932/2721] Emitting module NIOSOCKS
[1933/2722] Compiling NIOTLS ApplicationProtocolNegotiationHandler.swift
[1934/2722] Emitting module NIOTLS
[1935/2722] Compiling NIOHTTP1 ByteCollectionUtils.swift
[1936/2722] Compiling NIOHTTP1 HTTPDecoder.swift
[1937/2722] Compiling NIOFoundationCompat JSONSerialization+ByteBuffer.swift
[1938/2722] Compiling NIOFoundationCompat Exports.swift
[1939/2722] Emitting module NIOFoundationCompat
[1940/2722] Compiling NIOFoundationCompat WaitSpinningRunLoop.swift
[1941/2723] Compiling NIOSOCKS ClientStateMachine.swift
[1942/2723] Compiling NIOSOCKS SelectedAuthenticationMethod.swift
[1943/2723] Compiling NIOSOCKS SOCKSResponse.swift
[1945/2723] Compiling NIOHTTP1 HTTPHeaders+Validation.swift
[1946/2723] Compiling NIOHTTP1 HTTPPipelineSetup.swift
[1947/2723] Compiling NIOHTTP1 HTTPEncoder.swift
[1948/2723] Compiling NIOHTTP1 HTTPHeaderValidator.swift
[1949/2723] Compiling NIOHTTP1 HTTPServerPipelineHandler.swift
[1950/2723] Compiling NIOHTTP1 HTTPServerProtocolErrorHandler.swift
[1950/2723] Wrapping AST for NIOFoundationCompat for debugging
[1952/2723] Compiling NIOSOCKS ServerStateMachine.swift
[1954/2724] Compiling NIOHTTP1 NIOTypedHTTPClientUpgradeHandler.swift
[1955/2724] Compiling NIOHTTP1 NIOTypedHTTPClientUpgraderStateMachine.swift
[1955/2726] Wrapping AST for NIOSOCKS for debugging
[1957/2726] Compiling NIOHTTP1 NIOHTTPClientUpgradeHandler.swift
[1958/2726] Compiling NIOHTTP1 NIOHTTPObjectAggregator.swift
[1959/2726] Compiling NIOTLS ProtocolNegotiationHandlerStateMachine.swift
[1960/2726] Compiling NIOTLS SNIHandler.swift
[1966/2727] Wrapping AST for NIOTLS for debugging
[1968/2757] Compiling X509 ValidatedCertificateChain.swift
[1969/2757] Compiling X509 VerificationDiagnostic.swift
[1970/2757] Compiling X509 Verifier.swift
[1971/2757] Compiling X509 VerifierPolicy.swift
[1972/2757] Compiling X509 AlgorithmIdentifier.swift
[1973/2757] Compiling X509 ECDSASignature.swift
[1974/2757] Compiling X509 RSAPKCS1PublicKey.swift
[1975/2757] Compiling X509 SubjectPublicKeyInfo.swift
[1976/2757] Compiling X509 TBSCertificate.swift
[1977/2757] Compiling X509 Time.swift
[1978/2757] Compiling X509 TimeCalculations.swift
[1979/2757] Compiling X509 Validity.swift
[1980/2757] Compiling X509 X509SendableMetatype.swift
[1982/2758] Compiling NIOSSL ObjectIdentifier.swift
[1983/2758] Compiling NIOSSL PosixPort.swift
[1984/2758] Compiling NIOSSL SSLErrors.swift
[1985/2758] Compiling NIOSSL SSLInit.swift
[1986/2758] Compiling NIOSSL SSLPKCS12Bundle.swift
[1987/2758] Compiling NIOSSL SSLPrivateKey.swift
[1987/2758] Wrapping AST for X509 for debugging
[1989/2825] Compiling JWTKit HMAC.swift
[1990/2825] Compiling JWTKit HMACError.swift
[1991/2825] Compiling JWTKit HMACSigner.swift
[1992/2825] Emitting module NIOHTTP1
[1993/2837] Wrapping AST for NIOHTTP1 for debugging
[1995/2843] Compiling NIOHTTPCompression HTTPCompression.swift
[1996/2843] Compiling JWTKit MLDSAType.swift
[1997/2843] Compiling JWTKit JWTKeyCollection+UnsecuredNone.swift
[1998/2843] Compiling JWTKit UnsecuredNoneSigner.swift
[1999/2843] Compiling JWTKit JWTKeyCollection+RSA.swift
[2000/2843] Compiling JWTKit RSA.swift
[2001/2843] Compiling JWTKit RSAError.swift
[2002/2843] Compiling JWTKit RSASigner.swift
[2003/2843] Compiling JWTKit Base64URL.swift
[2004/2843] Compiling JWTKit CryptoSigner.swift
[2005/2843] Compiling JWTKit LocaleClaim.swift
[2006/2843] Compiling JWTKit NotBeforeClaim.swift
[2007/2843] Compiling JWTKit SubjectClaim.swift
[2008/2843] Compiling JWTKit TenantIDClaim.swift
[2009/2843] Compiling JWTKit ECDSA.swift
[2010/2843] Compiling JWTKit ECDSACurve.swift
[2011/2843] Compiling JWTKit ECDSACurveType.swift
[2012/2843] Compiling JWTKit ECDSAError.swift
[2013/2843] Compiling JWTKit ECDSAKeyTypes.swift
[2014/2843] Compiling JWTKit ECDSASigner.swift
[2015/2843] Compiling JWTKit JWTSerializer.swift
[2016/2843] Compiling JWTKit JWTSigner.swift
[2017/2843] Compiling JWTKit JWTKeyCollection+MLDSA.swift
[2018/2843] Compiling JWTKit MLDSA.swift
[2019/2843] Compiling JWTKit MLDSA65+MLDSAKey.swift
[2020/2843] Compiling JWTKit MLDSA87+MLDSAKey.swift
[2021/2843] Compiling JWTKit MLDSAError.swift
[2022/2843] Compiling JWTKit MLDSAKey.swift
[2023/2843] Compiling JWTKit MLDSASigner.swift
[2024/2852] Compiling NIOHPACK IntegerCoding.swift
[2025/2852] Compiling NIOHPACK IndexedHeaderTable.swift
[2026/2853] Compiling NIOHPACK DynamicHeaderTable.swift
[2027/2853] Compiling NIOHPACK HPACKDecoder.swift
[2028/2853] Compiling NIOHPACK HPACKEncoder.swift
[2029/2853] Compiling NIOHPACK HPACKErrors.swift
[2030/2853] Compiling NIOHPACK HPACKHeader.swift
[2031/2857] Compiling NIOHTTPCompression HTTPResponseCompressor.swift
[2032/2857] Compiling NIOHTTPCompression HTTPRequestCompressor.swift
[2033/2857] Compiling NIOHTTPCompression HTTPDecompressor.swift
[2034/2857] Emitting module NIOHTTPCompression
[2035/2857] Compiling NIOHTTPCompression HTTPDecompression.swift
[2036/2858] Compiling NIOHPACK HuffmanCoding.swift
[2037/2858] Compiling NIOHPACK HuffmanTables.swift
[2040/2858] Emitting module NIOHPACK
[2043/2858] Compiling JWTKit AudienceClaim.swift
[2044/2858] Compiling JWTKit BoolClaim.swift
[2045/2858] Compiling JWTKit ExpirationClaim.swift
[2046/2858] Compiling NIOHPACK HeaderTables.swift
[2047/2858] Compiling JWTKit JWKIdentifier.swift
[2048/2858] Compiling JWTKit JWKS.swift
[2049/2858] Compiling JWTKit JWKSigner.swift
[2050/2858] Emitting module JWTKit
[2050/2858] Wrapping AST for NIOHTTPCompression for debugging
[2052/2858] Emitting module NIOSSL
[2053/2858] Compiling JWTKit JWTClaim.swift
[2054/2858] Compiling JWTKit JWTMultiValueClaim.swift
[2055/2858] Compiling JWTKit JWTUnixEpochClaim.swift
[2073/2858] Compiling JWTKit GoogleHostedDomainClaim.swift
[2074/2858] Compiling JWTKit IDClaim.swift
[2075/2858] Compiling JWTKit IssuedAtClaim.swift
[2076/2858] Compiling JWTKit IssuerClaim.swift
[2080/2858] Compiling NIOHPACK StaticHeaderTable.swift
[2081/2859] Wrapping AST for NIOHPACK for debugging
[2083/2922] Compiling NIOHTTP2 HTTP2UserEvents.swift
[2084/2922] Compiling NIOHTTP2 InboundEventBuffer.swift
[2085/2922] Compiling NIOHTTP2 InboundWindowManager.swift
[2086/2922] Compiling NIOHTTP2 MultiplexerAbstractChannel.swift
[2087/2922] Compiling NIOHTTP2 NIOHTTP2FrameDelegate.swift
[2088/2922] Compiling NIOHTTP2 NIOHTTP2ServerConnectionManagementHandler+StateMachine.swift
[2089/2922] Compiling JWTKit EdDSACurve.swift
[2090/2922] Compiling JWTKit EdDSAError.swift
[2091/2922] Compiling JWTKit EdDSASigner.swift
[2092/2922] Compiling JWTKit JWTKeyCollection+EdDSA.swift
[2093/2922] Compiling NIOHTTP2 HTTP2PipelineHelpers.swift
[2094/2922] Compiling NIOHTTP2 HTTP2Settings.swift
[2095/2922] Compiling NIOHTTP2 HTTP2Stream.swift
[2096/2922] Compiling NIOHTTP2 HTTP2StreamChannel+OutboundStreamMultiplexer.swift
[2097/2922] Compiling NIOHTTP2 HTTP2StreamChannel.swift
[2098/2922] Compiling NIOHTTP2 HTTP2StreamDelegate.swift
[2099/2922] Compiling NIOHTTP2 HTTP2StreamID.swift
[2100/2922] Compiling NIOHTTP2 HTTP2StreamMultiplexer.swift
[2101/2922] Compiling NIOHTTP2 HTTP2ToHTTP1Codec.swift
[2102/2922] Compiling NIOHTTP2 SendingPushPromiseState.swift
[2103/2922] Compiling NIOHTTP2 SendingRstStreamState.swift
[2104/2922] Compiling NIOHTTP2 SendingWindowUpdateState.swift
[2105/2922] Compiling NIOHTTP2 HTTP2SettingsState.swift
[2106/2922] Compiling NIOHTTP2 LocallyQuiescingState.swift
[2107/2922] Compiling NIOHTTP2 QuiescingState.swift
[2108/2922] Compiling NIOHTTP2 RemotelyQuiescingState.swift
[2109/2922] Compiling NIOHTTP2 SendAndReceiveGoawayState.swift
[2110/2922] Compiling NIOHTTP2 MaySendFrames.swift
[2111/2922] Compiling NIOHTTP2 SendingDataState.swift
[2112/2922] Compiling NIOHTTP2 SendingGoawayState.swift
[2113/2922] Compiling NIOHTTP2 SendingHeadersState.swift
[2122/2922] Compiling NIOHTTP2 HasExtendedConnectSettings.swift
[2123/2930] Compiling NIOHTTP2 StreamStateMachine.swift
[2124/2930] Compiling NIOHTTP2 Timer.swift
[2125/2930] Compiling NIOHTTP2 UnsafeTransfer.swift
[2126/2930] Compiling NIOHTTP2 WatermarkedFlowController.swift
[2127/2930] Compiling JWTKit GoogleIdentityToken.swift
[2128/2930] Compiling JWTKit MicrosoftIdentityToken.swift
[2129/2930] Compiling JWTKit EmptyPolicy.swift
[2130/2930] Compiling JWTKit ValidationTimePayload.swift
[2131/2930] Compiling JWTKit X5CVerifier.swift
[2132/2931] Compiling NIOHTTP2 ConcurrentStreamBuffer.swift
[2133/2931] Compiling NIOHTTP2 ControlFrameBuffer.swift
[2134/2931] Compiling NIOHTTP2 OutboundFlowControlBuffer.swift
[2135/2931] Compiling NIOHTTP2 OutboundFrameBuffer.swift
[2137/2932] Wrapping AST for NIOSSL for debugging
[2138/2932] Wrapping AST for JWTKit for debugging
[2140/2932] Compiling NIOHTTP2 NIOHTTP2ServerConnectionManagementHandler.swift
[2141/2932] Compiling NIOHTTP2 StreamChannelFlowController.swift
[2142/2932] Compiling NIOHTTP2 StreamChannelList.swift
[2143/2932] Compiling NIOHTTP2 StreamMap.swift
[2148/2932] Compiling NIOHTTP2 ConnectionStateMachine.swift
[2149/2932] Compiling NIOHTTP2 ConnectionStreamsState.swift
[2150/2932] Compiling NIOHTTP2 MayReceiveFrames.swift
[2151/2932] Compiling NIOHTTP2 ReceivingDataState.swift
[2152/2932] Compiling NIOHTTP2 ReceivingGoAwayState.swift
[2153/2932] Compiling NIOHTTP2 ReceivingHeadersState.swift
[2154/2932] Compiling NIOHTTP2 ReceivingPushPromiseState.swift
[2155/2932] Compiling NIOHTTP2 ReceivingRstStreamState.swift
[2156/2932] Compiling NIOHTTP2 ReceivingWindowUpdateState.swift
[2157/2932] Emitting module NIOHTTP2
[2166/2932] Compiling NIOHTTP2 HTTP2FrameParser.swift
[2167/2932] Compiling NIOHTTP2 HTTP2PingData.swift
[2175/2932] Compiling NIOHTTP2 HasFlowControlWindows.swift
[2176/2932] Compiling NIOHTTP2 HasLocalSettings.swift
[2177/2932] Compiling NIOHTTP2 HasRemoteSettings.swift
[2182/2932] Compiling NIOHTTP2 StateMachineResult.swift
[2183/2932] Compiling NIOHTTP2 ContentLengthVerifier.swift
[2184/2932] Compiling NIOHTTP2 DOSHeuristics.swift
[2185/2932] Compiling NIOHTTP2 Error+Any.swift
[2190/2932] Compiling NIOHTTP2 GlitchesMonitor.swift
[2191/2932] Compiling NIOHTTP2 HPACKHeaders+Validation.swift
[2192/2932] Compiling NIOHTTP2 HTTP2ChannelHandler+InboundStreamMultiplexer.swift
[2193/2932] Compiling NIOHTTP2 HTTP2ChannelHandler+InlineStreamMultiplexer.swift
[2194/2932] Compiling NIOHTTP2 HTTP2ChannelHandler.swift
[2195/2932] Compiling NIOHTTP2 HTTP2CommonInboundStreamMultiplexer.swift
[2196/2932] Compiling NIOHTTP2 HTTP2ConnectionStateChange.swift
[2197/2932] Compiling NIOHTTP2 HTTP2Error.swift
[2198/2932] Compiling NIOHTTP2 HTTP2ErrorCode.swift
[2199/2932] Compiling NIOHTTP2 HTTP2FlowControlWindow.swift
[2200/2932] Compiling NIOHTTP2 HTTP2Frame.swift
[2201/2932] Compiling NIOHTTP2 HTTP2FrameEncoder.swift
[2202/2933] Wrapping AST for NIOHTTP2 for debugging
[2204/2997] Compiling AsyncHTTPClient AnyAsyncSequence.swift
[2205/2997] Compiling AsyncHTTPClient AnyAsyncSequenceProucerDelete.swift
[2206/2997] Compiling AsyncHTTPClient AsyncLazySequence.swift
[2207/2997] Compiling AsyncHTTPClient HTTPClient+execute.swift
[2208/2997] Compiling AsyncHTTPClient HTTPClient+shutdown.swift
[2209/2997] Compiling AsyncHTTPClient HTTPClient+tracing.swift
[2210/2997] Compiling AsyncHTTPClient HTTPClientRequest+Prepared.swift
[2211/2997] Compiling AsyncHTTPClient HTTPClientRequest+auth.swift
[2212/2997] Compiling AsyncHTTPClient HTTPClientRequest.swift
[2213/3005] Compiling AsyncHTTPClient LRUCache.swift
[2214/3005] Compiling AsyncHTTPClient NIOLoopBound+Execute.swift
[2215/3005] Compiling AsyncHTTPClient NWErrorHandler.swift
[2216/3005] Compiling AsyncHTTPClient NWWaitingHandler.swift
[2217/3005] Compiling AsyncHTTPClient TLSConfiguration.swift
[2218/3005] Compiling AsyncHTTPClient RedirectState.swift
[2219/3005] Compiling AsyncHTTPClient RequestBag+StateMachine.swift
[2220/3005] Compiling AsyncHTTPClient RequestBag+Tracing.swift
[2221/3005] Compiling AsyncHTTPClient RequestBag.swift
[2222/3005] Compiling AsyncHTTPClient HTTPConnectionEvent.swift
[2223/3005] Compiling AsyncHTTPClient HTTPConnectionPool+Factory.swift
[2224/3005] Compiling AsyncHTTPClient HTTPConnectionPool+Manager.swift
[2225/3005] Compiling AsyncHTTPClient HTTPConnectionPool.swift
[2226/3005] Compiling AsyncHTTPClient HTTPExecutableRequest.swift
[2227/3005] Compiling AsyncHTTPClient HTTPRequestStateMachine+Demand.swift
[2228/3005] Compiling AsyncHTTPClient HTTPRequestStateMachine.swift
[2229/3005] Compiling AsyncHTTPClient RequestBodyLength.swift
[2230/3005] Compiling AsyncHTTPClient RequestFramingMetadata.swift
[2231/3005] Compiling AsyncHTTPClient RequestOptions.swift
[2232/3005] Compiling AsyncHTTPClient HTTPConnectionPool+Backoff.swift
[2233/3005] Compiling AsyncHTTPClient HTTPConnectionPool+HTTP1Connections.swift
[2234/3005] Compiling AsyncHTTPClient HTTPConnectionPool+HTTP1StateMachine.swift
[2235/3005] Compiling AsyncHTTPClient HTTPConnectionPool+HTTP2Connections.swift
[2236/3005] Compiling AsyncHTTPClient HTTPConnectionPool+HTTP2StateMachine.swift
[2237/3005] Compiling AsyncHTTPClient HTTPConnectionPool+RequestQueue.swift
[2238/3005] Compiling AsyncHTTPClient HTTPConnectionPool+StateMachine.swift
[2239/3005] Compiling AsyncHTTPClient ConnectionTarget.swift
[2240/3005] Compiling AsyncHTTPClient HTTP1ProxyConnectHandler.swift
[2241/3005] Compiling AsyncHTTPClient SOCKSEventsHandler.swift
[2242/3005] Compiling AsyncHTTPClient TLSEventsHandler.swift
[2243/3005] Compiling AsyncHTTPClient HTTP1ClientChannelHandler.swift
[2244/3005] Compiling AsyncHTTPClient HTTP1Connection.swift
[2245/3005] Compiling AsyncHTTPClient HTTP1ConnectionStateMachine.swift
[2246/3005] Compiling AsyncHTTPClient HTTP2ClientRequestHandler.swift
[2247/3005] Compiling AsyncHTTPClient HTTP2Connection.swift
[2248/3005] Compiling AsyncHTTPClient HTTP2IdleHandler.swift
[2249/3005] Emitting module AsyncHTTPClient
[2250/3005] Compiling AsyncHTTPClient RequestValidation.swift
[2251/3005] Compiling AsyncHTTPClient SSLContextCache.swift
[2252/3005] Compiling AsyncHTTPClient Scheme.swift
[2253/3005] Compiling AsyncHTTPClient Singleton.swift
[2254/3005] Compiling AsyncHTTPClient StringConvertibleInstances.swift
[2255/3005] Compiling AsyncHTTPClient StructuredConcurrencyHelpers.swift
[2256/3005] Compiling AsyncHTTPClient TracingSupport.swift
[2257/3005] Compiling AsyncHTTPClient Utils.swift
[2258/3005] Compiling AsyncHTTPClient DeconstructedURL.swift
[2259/3005] Compiling AsyncHTTPClient FileDownloadDelegate.swift
[2260/3005] Compiling AsyncHTTPClient FoundationExtensions.swift
[2261/3005] Compiling AsyncHTTPClient HTTPClient+HTTPCookie.swift
[2262/3005] Compiling AsyncHTTPClient HTTPClient+Proxy.swift
[2263/3005] Compiling AsyncHTTPClient HTTPClient+StructuredConcurrency.swift
[2264/3005] Compiling AsyncHTTPClient HTTPClient.swift
[2265/3005] Compiling AsyncHTTPClient HTTPClientConfiguration+SwiftConfiguration.swift
[2266/3005] Compiling AsyncHTTPClient HTTPHandler.swift
[2267/3005] Compiling AsyncHTTPClient HTTPClientResponse.swift
[2268/3005] Compiling AsyncHTTPClient SingleIteratorPrecondition.swift
[2269/3005] Compiling AsyncHTTPClient Transaction+StateMachine.swift
[2270/3005] Compiling AsyncHTTPClient Transaction.swift
[2271/3005] Compiling AsyncHTTPClient Base64.swift
[2272/3005] Compiling AsyncHTTPClient BasicAuth.swift
[2273/3005] Compiling AsyncHTTPClient BestEffortHashableTLSConfiguration.swift
[2274/3005] Compiling AsyncHTTPClient Configuration+BrowserLike.swift
[2275/3005] Compiling AsyncHTTPClient ConnectionPool.swift
[2276/3006] Wrapping AST for AsyncHTTPClient for debugging
[2278/3029] Compiling GoogleAuth ADC.swift
[2279/3029] Compiling GoogleAuth ADCPath.swift
[2280/3029] Compiling GoogleAuth ADCResolver.swift
[2281/3029] Compiling GoogleAuth AuthHeaders.swift
[2282/3032] Compiling GoogleAuth AnonymousCredentials.swift
[2283/3032] Compiling GoogleAuth ApiKeyCredentials.swift
[2284/3032] Compiling GoogleAuth ExternalAccountCredentials.swift
[2285/3032] Compiling GoogleAuth ServiceAccountCredentials.swift
[2286/3032] Compiling GoogleAuth ServiceAccountData.swift
[2287/3032] Compiling GoogleAuth ServiceAccountTokenProvider.swift
[2288/3032] Compiling GoogleAuth CredentialParserRegistry.swift
[2289/3032] Compiling GoogleAuth Credentials.swift
[2290/3032] Compiling GoogleAuth CredentialsError.swift
[2291/3032] Emitting module GoogleAuth
[2292/3032] Compiling GoogleAuth UserAccountData.swift
[2293/3032] Compiling GoogleAuth UserAccountTokenProvider.swift
[2294/3032] Compiling GoogleAuth UserCredentials.swift
[2295/3032] Compiling GoogleAuth AuthHTTPClient.swift
[2296/3032] Compiling GoogleAuth AuthHTTPError.swift
[2297/3032] Compiling GoogleAuth RetryEngine.swift
[2298/3032] Compiling GoogleAuth SubjectTokenProvider.swift
[2299/3032] Compiling GoogleAuth MDSAccessTokenProvider.swift
[2300/3032] Compiling GoogleAuth MDSCredentials.swift
[2301/3032] Compiling GoogleAuth STSHandler.swift
[2302/3032] Compiling GoogleAuth TokenCache.swift
[2303/3032] Compiling GoogleAuth PackageVersion.swift
[2304/3033] Wrapping AST for GoogleAuth for debugging
[2306/3091] Compiling GoogleGax Pagination.swift
/host/spi-builder-workspace/.build/checkouts/swift-google-gax/Sources/GoogleGax/Pagination.swift:44:22: error: cannot convert '@Sendable (String) async throws -> (response: ResponseType, items: [Item], nextToken: String)' to 'nonisolated(nonsending) @Sendable (String) async throws -> (response: ResponseType, items: [Item], nextToken: String)' because crossing of an isolation boundary requires parameter and result types to conform to 'Sendable' protocol
42 | ) where ResponseType: _PaginatedResponse<Item> {
43 | self.initialPageToken = initialPageToken ?? ""
44 | self.fetchPage = { token in
| |- error: cannot convert '@Sendable (String) async throws -> (response: ResponseType, items: [Item], nextToken: String)' to 'nonisolated(nonsending) @Sendable (String) async throws -> (response: ResponseType, items: [Item], nextToken: String)' because crossing of an isolation boundary requires parameter and result types to conform to 'Sendable' protocol
| `- note: type 'Item' does not conform to 'Sendable' protocol
45 | let response = try await listRpc(token)
46 | return (response, response._getPaginatedItems(), response._nextPageToken())
[2307/3091] Compiling GoogleGax PollingBackoffPolicy.swift
/host/spi-builder-workspace/.build/checkouts/swift-google-gax/Sources/GoogleGax/Pagination.swift:44:22: error: cannot convert '@Sendable (String) async throws -> (response: ResponseType, items: [Item], nextToken: String)' to 'nonisolated(nonsending) @Sendable (String) async throws -> (response: ResponseType, items: [Item], nextToken: String)' because crossing of an isolation boundary requires parameter and result types to conform to 'Sendable' protocol
42 | ) where ResponseType: _PaginatedResponse<Item> {
43 | self.initialPageToken = initialPageToken ?? ""
44 | self.fetchPage = { token in
| |- error: cannot convert '@Sendable (String) async throws -> (response: ResponseType, items: [Item], nextToken: String)' to 'nonisolated(nonsending) @Sendable (String) async throws -> (response: ResponseType, items: [Item], nextToken: String)' because crossing of an isolation boundary requires parameter and result types to conform to 'Sendable' protocol
| `- note: type 'Item' does not conform to 'Sendable' protocol
45 | let response = try await listRpc(token)
46 | return (response, response._getPaginatedItems(), response._nextPageToken())
[2308/3091] Compiling GoogleGax PollingErrorPolicy.swift
/host/spi-builder-workspace/.build/checkouts/swift-google-gax/Sources/GoogleGax/Pagination.swift:44:22: error: cannot convert '@Sendable (String) async throws -> (response: ResponseType, items: [Item], nextToken: String)' to 'nonisolated(nonsending) @Sendable (String) async throws -> (response: ResponseType, items: [Item], nextToken: String)' because crossing of an isolation boundary requires parameter and result types to conform to 'Sendable' protocol
42 | ) where ResponseType: _PaginatedResponse<Item> {
43 | self.initialPageToken = initialPageToken ?? ""
44 | self.fetchPage = { token in
| |- error: cannot convert '@Sendable (String) async throws -> (response: ResponseType, items: [Item], nextToken: String)' to 'nonisolated(nonsending) @Sendable (String) async throws -> (response: ResponseType, items: [Item], nextToken: String)' because crossing of an isolation boundary requires parameter and result types to conform to 'Sendable' protocol
| `- note: type 'Item' does not conform to 'Sendable' protocol
45 | let response = try await listRpc(token)
46 | return (response, response._getPaginatedItems(), response._nextPageToken())
[2309/3091] Compiling GoogleGax PollingResult.swift
/host/spi-builder-workspace/.build/checkouts/swift-google-gax/Sources/GoogleGax/Pagination.swift:44:22: error: cannot convert '@Sendable (String) async throws -> (response: ResponseType, items: [Item], nextToken: String)' to 'nonisolated(nonsending) @Sendable (String) async throws -> (response: ResponseType, items: [Item], nextToken: String)' because crossing of an isolation boundary requires parameter and result types to conform to 'Sendable' protocol
42 | ) where ResponseType: _PaginatedResponse<Item> {
43 | self.initialPageToken = initialPageToken ?? ""
44 | self.fetchPage = { token in
| |- error: cannot convert '@Sendable (String) async throws -> (response: ResponseType, items: [Item], nextToken: String)' to 'nonisolated(nonsending) @Sendable (String) async throws -> (response: ResponseType, items: [Item], nextToken: String)' because crossing of an isolation boundary requires parameter and result types to conform to 'Sendable' protocol
| `- note: type 'Item' does not conform to 'Sendable' protocol
45 | let response = try await listRpc(token)
46 | return (response, response._getPaginatedItems(), response._nextPageToken())
[2310/3091] Compiling GoogleGax PollingState.swift
/host/spi-builder-workspace/.build/checkouts/swift-google-gax/Sources/GoogleGax/Pagination.swift:44:22: error: cannot convert '@Sendable (String) async throws -> (response: ResponseType, items: [Item], nextToken: String)' to 'nonisolated(nonsending) @Sendable (String) async throws -> (response: ResponseType, items: [Item], nextToken: String)' because crossing of an isolation boundary requires parameter and result types to conform to 'Sendable' protocol
42 | ) where ResponseType: _PaginatedResponse<Item> {
43 | self.initialPageToken = initialPageToken ?? ""
44 | self.fetchPage = { token in
| |- error: cannot convert '@Sendable (String) async throws -> (response: ResponseType, items: [Item], nextToken: String)' to 'nonisolated(nonsending) @Sendable (String) async throws -> (response: ResponseType, items: [Item], nextToken: String)' because crossing of an isolation boundary requires parameter and result types to conform to 'Sendable' protocol
| `- note: type 'Item' does not conform to 'Sendable' protocol
45 | let response = try await listRpc(token)
46 | return (response, response._getPaginatedItems(), response._nextPageToken())
[2311/3091] Compiling GoogleGax ProtobufConversionError.swift
/host/spi-builder-workspace/.build/checkouts/swift-google-gax/Sources/GoogleGax/Pagination.swift:44:22: error: cannot convert '@Sendable (String) async throws -> (response: ResponseType, items: [Item], nextToken: String)' to 'nonisolated(nonsending) @Sendable (String) async throws -> (response: ResponseType, items: [Item], nextToken: String)' because crossing of an isolation boundary requires parameter and result types to conform to 'Sendable' protocol
42 | ) where ResponseType: _PaginatedResponse<Item> {
43 | self.initialPageToken = initialPageToken ?? ""
44 | self.fetchPage = { token in
| |- error: cannot convert '@Sendable (String) async throws -> (response: ResponseType, items: [Item], nextToken: String)' to 'nonisolated(nonsending) @Sendable (String) async throws -> (response: ResponseType, items: [Item], nextToken: String)' because crossing of an isolation boundary requires parameter and result types to conform to 'Sendable' protocol
| `- note: type 'Item' does not conform to 'Sendable' protocol
45 | let response = try await listRpc(token)
46 | return (response, response._getPaginatedItems(), response._nextPageToken())
[2312/3091] Compiling GoogleGax QueryParameter.swift
/host/spi-builder-workspace/.build/checkouts/swift-google-gax/Sources/GoogleGax/Pagination.swift:44:22: error: cannot convert '@Sendable (String) async throws -> (response: ResponseType, items: [Item], nextToken: String)' to 'nonisolated(nonsending) @Sendable (String) async throws -> (response: ResponseType, items: [Item], nextToken: String)' because crossing of an isolation boundary requires parameter and result types to conform to 'Sendable' protocol
42 | ) where ResponseType: _PaginatedResponse<Item> {
43 | self.initialPageToken = initialPageToken ?? ""
44 | self.fetchPage = { token in
| |- error: cannot convert '@Sendable (String) async throws -> (response: ResponseType, items: [Item], nextToken: String)' to 'nonisolated(nonsending) @Sendable (String) async throws -> (response: ResponseType, items: [Item], nextToken: String)' because crossing of an isolation boundary requires parameter and result types to conform to 'Sendable' protocol
| `- note: type 'Item' does not conform to 'Sendable' protocol
45 | let response = try await listRpc(token)
46 | return (response, response._getPaginatedItems(), response._nextPageToken())
[2313/3091] Compiling GoogleGax RequestError.swift
/host/spi-builder-workspace/.build/checkouts/swift-google-gax/Sources/GoogleGax/Pagination.swift:44:22: error: cannot convert '@Sendable (String) async throws -> (response: ResponseType, items: [Item], nextToken: String)' to 'nonisolated(nonsending) @Sendable (String) async throws -> (response: ResponseType, items: [Item], nextToken: String)' because crossing of an isolation boundary requires parameter and result types to conform to 'Sendable' protocol
42 | ) where ResponseType: _PaginatedResponse<Item> {
43 | self.initialPageToken = initialPageToken ?? ""
44 | self.fetchPage = { token in
| |- error: cannot convert '@Sendable (String) async throws -> (response: ResponseType, items: [Item], nextToken: String)' to 'nonisolated(nonsending) @Sendable (String) async throws -> (response: ResponseType, items: [Item], nextToken: String)' because crossing of an isolation boundary requires parameter and result types to conform to 'Sendable' protocol
| `- note: type 'Item' does not conform to 'Sendable' protocol
45 | let response = try await listRpc(token)
46 | return (response, response._getPaginatedItems(), response._nextPageToken())
[2314/3099] Compiling GoogleGax LimitedAttemptCount+PollingErrorPolicy.swift
[2315/3099] Compiling GoogleGax LimitedAttemptCount+RetryPolicy.swift
[2316/3099] Compiling GoogleGax LimitedAttemptCount.swift
[2317/3099] Compiling GoogleGax LimitedElapsedTime+PollingErrorPolicy.swift
[2318/3099] Compiling GoogleGax LimitedElapsedTime+RetryPolicy.swift
[2319/3099] Compiling GoogleGax LimitedElapsedTime.swift
[2320/3099] Compiling GoogleGax LongRunningOperations.swift
[2321/3099] Compiling GoogleGax NeverRetry.swift
[2322/3099] Compiling GoogleGax RequestOptions.swift
[2323/3099] Compiling GoogleGax RetryLoop.swift
[2324/3099] Compiling GoogleGax RetryPolicy.swift
[2325/3099] Compiling GoogleGax RetryResult.swift
[2326/3099] Compiling GoogleGax RetryState.swift
[2327/3099] Compiling GoogleGax RetryThrottler.swift
[2328/3099] Compiling GoogleGax RetryThrottlerError.swift
[2329/3099] Compiling GoogleGax RoutingMatcher.swift
[2330/3099] Compiling GoogleGax ServiceError.swift
[2331/3099] Compiling GoogleGax StatusDetail.swift
[2332/3099] Compiling GoogleGax StrictIdempotency.swift
[2333/3099] Compiling GoogleGax ThrottleResult.swift
[2334/3099] Compiling GoogleGax TooManyRequests+PollingErrorPolicy.swift
[2335/3099] Compiling GoogleGax TooManyRequests+RetryPolicy.swift
[2336/3099] Compiling GoogleGax TooManyRequests.swift
[2337/3099] Compiling GoogleGax PackageVersion.swift
[2338/3099] Compiling GoogleGax ContinueOnIO.swift
[2339/3099] Compiling GoogleGax CredentialsProtocol.swift
[2340/3099] Compiling GoogleGax ErrorWrapper.swift
[2341/3099] Compiling GoogleGax ExponentialBackoff+BackoffPolicy.swift
[2342/3099] Compiling GoogleGax ExponentialBackoff+PollingBackoffPolicy.swift
[2343/3099] Compiling GoogleGax ExponentialBackoff.swift
[2344/3099] Compiling GoogleGax HTTPClient.swift
[2345/3099] Compiling GoogleGax HTTPClientHolder.swift
[2346/3099] Compiling GoogleGax BaseRetryPolicy.swift
[2347/3099] Compiling GoogleGax BindingError.swift
[2348/3099] Compiling GoogleGax CRC32C.swift
[2349/3099] Compiling GoogleGax CircuitBreaker.swift
[2350/3099] Compiling GoogleGax ClientError.swift
[2351/3099] Compiling GoogleGax ClientOptions.swift
[2352/3099] Compiling GoogleGax ContinueOnIO+PollingErrorPolicy.swift
[2353/3099] Compiling GoogleGax ContinueOnIO+RetryPolicy.swift
[2354/3099] Emitting module GoogleGax
[2355/3099] Compiling GoogleGax AIP194+PollingErrorPolicy.swift
[2356/3099] Compiling GoogleGax AIP194+RetryPolicy.swift
[2357/3099] Compiling GoogleGax AIP194.swift
[2358/3099] Compiling GoogleGax AdaptiveThrottler.swift
[2359/3099] Compiling GoogleGax AlwaysPoll.swift
[2360/3099] Compiling GoogleGax AlwaysRetry.swift
[2361/3099] Compiling GoogleGax ApiClientHeader.swift
[2362/3099] Compiling GoogleGax BackoffPolicy.swift
[2363/3099] Compiling GoogleGax BasePollingErrorPolicy.swift
[2364/3099] Compiling GoogleGax HTTPClientProtocol.swift
[2365/3099] Compiling GoogleGax HTTPClientRequest.swift
[2366/3099] Compiling GoogleGax HTTPClientResponse.swift
[2367/3099] Compiling GoogleGax HTTPHeaders.swift
[2368/3099] Compiling GoogleGax HTTPResponseBody.swift
[2369/3099] Compiling GoogleGax HeaderNames.swift
[2370/3099] Compiling GoogleGax Host.swift
[2371/3099] Compiling GoogleGax InProgressResult.swift
BUILD FAILURE 6.2 android