The Swift Package Index logo.Swift Package Index

Build Information

Failed to build ElevenlabsSwift, reference main (de77f0), with Swift 6.4 for Android on 19 Sep 2026 06:56:52 UTC.

Build Command

bash -c docker run --pull=always --rm -v "checkouts-54344843-0":/host -w "$PWD" -e JAVA_HOME="/root/.sdkman/candidates/java/current" -e SPI_BUILD="1" -e SPI_PROCESSING="1" registry.gitlab.com/saguaro1/spi-images:android-6.4-latest swift build --swift-sdk aarch64-unknown-linux-android28 2>&1

Build Log

========================================
RunAll
========================================
Builder version: 5.1.0
Interrupt handler set up.
========================================
Checkout
========================================
Clone URL: https://github.com/ArchieGoodwin/ElevenlabsSwift.git
Reference: main
Initialized empty Git repository in /host/spi-builder-workspace/.git/
hint: Using 'master' as the name for the initial branch. This default branch name
hint: is subject to change. To configure the initial branch name to use in all
hint: of your new repositories, which will suppress this warning, call:
hint:
hint: 	git config --global init.defaultBranch <name>
hint:
hint: Names commonly chosen instead of 'master' are 'main', 'trunk' and
hint: 'development'. The just-created branch can be renamed via this command:
hint:
hint: 	git branch -m <name>
From https://github.com/ArchieGoodwin/ElevenlabsSwift
 * branch            main       -> FETCH_HEAD
 * [new branch]      main       -> origin/main
HEAD is now at de77f0b Merge pull request #1 from bcherry/main
Cloned https://github.com/ArchieGoodwin/ElevenlabsSwift.git
Revision (git rev-parse @):
de77f0b1a7ca16762b6d2d75bf4fee31f3709833
SUCCESS checkout https://github.com/ArchieGoodwin/ElevenlabsSwift.git at main
========================================
Build
========================================
Selected platform:         android
Swift version:             6.4
Building package at path:  $PWD
https://github.com/ArchieGoodwin/ElevenlabsSwift.git
Running build ...
bash -c docker run --pull=always --rm -v "checkouts-54344843-0":/host -w "$PWD" -e JAVA_HOME="/root/.sdkman/candidates/java/current" -e SPI_BUILD="1" -e SPI_PROCESSING="1" registry.gitlab.com/saguaro1/spi-images:android-6.4-latest swift build --swift-sdk aarch64-unknown-linux-android28 2>&1
android-6.4-latest: Pulling from saguaro1/spi-images
Digest: sha256:abadcff584c273feba50641b454858d377ba30b35ea7287a94f45ebd8afd0ea0
Status: Image is up to date for registry.gitlab.com/saguaro1/spi-images:android-6.4-latest
Building for debugging...
[Planning deferred tasks]
[21 / 29] ElevenlabsSwift
error: SwiftCompile normal aarch64 /host/spi-builder-workspace/Sources/ElevenlabsSwift/ElevenlabsSwift.swift failed with a nonzero exit code. Command line:     cd /host
    builtin-SwiftPerFileCompile ElevenlabsSwift.swift
/host/spi-builder-workspace/Sources/ElevenlabsSwift/ElevenlabsSwift.swift:16:34: error: type 'URLSession' (aka 'AnyObject') has no member 'shared'
 14 |     {
 15 |
 16 |         let session = URLSession.shared
    |                                  `- error: type 'URLSession' (aka 'AnyObject') has no member 'shared'
 17 |         let url = URL(string: "\(baseURL)/v1/voices")!
 18 |         var request = URLRequest(url: url)
/host/spi-builder-workspace/Sources/ElevenlabsSwift/ElevenlabsSwift.swift:18:23: error: cannot find 'URLRequest' in scope
 16 |         let session = URLSession.shared
 17 |         let url = URL(string: "\(baseURL)/v1/voices")!
 18 |         var request = URLRequest(url: url)
    |                       `- error: cannot find 'URLRequest' in scope
 19 |         request.httpMethod = "GET"
 20 |         request.setValue(elevenLabsAPI, forHTTPHeaderField: "xi-api-key")
/host/spi-builder-workspace/Sources/ElevenlabsSwift/ElevenlabsSwift.swift:41:34: error: type 'URLSession' (aka 'AnyObject') has no member 'shared'
 39 |     {
 40 |
 41 |         let session = URLSession.shared
    |                                  `- error: type 'URLSession' (aka 'AnyObject') has no member 'shared'
 42 |         let url = URL(string: "\(baseURL)/v1/text-to-speech/\(voice_id)")!
 43 |         var request = URLRequest(url: url)
/host/spi-builder-workspace/Sources/ElevenlabsSwift/ElevenlabsSwift.swift:43:23: error: cannot find 'URLRequest' in scope
 41 |         let session = URLSession.shared
 42 |         let url = URL(string: "\(baseURL)/v1/text-to-speech/\(voice_id)")!
 43 |         var request = URLRequest(url: url)
    |                       `- error: cannot find 'URLRequest' in scope
 44 |         request.httpMethod = "POST"
 45 |         request.setValue(elevenLabsAPI, forHTTPHeaderField: "xi-api-key")
/host/spi-builder-workspace/Sources/ElevenlabsSwift/ElevenlabsSwift.swift:110:23: error: cannot find 'URLRequest' in scope
108 |
109 |         let boundary = UUID().uuidString
110 |         var request = URLRequest(url: url)
    |                       `- error: cannot find 'URLRequest' in scope
111 |         request.httpMethod = "POST"
112 |         request.setValue("application/json", forHTTPHeaderField: "accept")
/host/spi-builder-workspace/Sources/ElevenlabsSwift/ElevenlabsSwift.swift:138:31: error: type 'URLSession' (aka 'AnyObject') has no member 'shared'
136 |         request.httpBody = data
137 |
138 |         let task = URLSession.shared.dataTask(with: request) { (data, response, error) in
    |                               `- error: type 'URLSession' (aka 'AnyObject') has no member 'shared'
139 |             if let error = error {
140 |                 print("Error: \(error)")
/host/spi-builder-workspace/Sources/ElevenlabsSwift/ElevenlabsSwift.swift:171:34: error: type 'URLSession' (aka 'AnyObject') has no member 'shared'
169 |             throw WebAPIError.httpError(message: "incorrect url")
170 |         }
171 |         let session = URLSession.shared
    |                                  `- error: type 'URLSession' (aka 'AnyObject') has no member 'shared'
172 |
173 |         var request = URLRequest(url: url)
/host/spi-builder-workspace/Sources/ElevenlabsSwift/ElevenlabsSwift.swift:173:23: error: cannot find 'URLRequest' in scope
171 |         let session = URLSession.shared
172 |
173 |         var request = URLRequest(url: url)
    |                       `- error: cannot find 'URLRequest' in scope
174 |         request.httpMethod = "DELETE"
175 |         request.setValue("application/json", forHTTPHeaderField: "accept")
/host/spi-builder-workspace/Sources/ElevenlabsSwift/ElevenlabsSwift.swift:197:23: error: cannot find 'URLRequest' in scope
195 |
196 |         let boundary = UUID().uuidString
197 |         var request = URLRequest(url: url)
    |                       `- error: cannot find 'URLRequest' in scope
198 |         request.httpMethod = "POST"
199 |         request.setValue("application/json", forHTTPHeaderField: "accept")
/host/spi-builder-workspace/Sources/ElevenlabsSwift/ElevenlabsSwift.swift:225:31: error: type 'URLSession' (aka 'AnyObject') has no member 'shared'
223 |         request.httpBody = data
224 |
225 |         let task = URLSession.shared.dataTask(with: request) { (data, response, error) in
    |                               `- error: type 'URLSession' (aka 'AnyObject') has no member 'shared'
226 |             if let error = error {
227 |                 print("Error: \(error)")
Failed frontend command:
/root/.local/share/swiftly/toolchains/6.4.x-snapshot-2026-09-04/usr/bin/swift-frontend -frontend -c -primary-file /host/spi-builder-workspace/Sources/ElevenlabsSwift/ElevenlabsSwift.swift -emit-dependencies-path /host/spi-builder-workspace/.build/out/Intermediates.noindex/ElevenlabsSwift.build/Debug-android-aarch64/ElevenlabsSwift-t.build/Objects-normal/aarch64/ElevenlabsSwift.d -emit-const-values-path /host/spi-builder-workspace/.build/out/Intermediates.noindex/ElevenlabsSwift.build/Debug-android-aarch64/ElevenlabsSwift-t.build/Objects-normal/aarch64/ElevenlabsSwift.swiftconstvalues -emit-reference-dependencies-path /host/spi-builder-workspace/.build/out/Intermediates.noindex/ElevenlabsSwift.build/Debug-android-aarch64/ElevenlabsSwift-t.build/Objects-normal/aarch64/ElevenlabsSwift.swiftdeps -serialize-diagnostics-path /host/spi-builder-workspace/.build/out/Intermediates.noindex/ElevenlabsSwift.build/Debug-android-aarch64/ElevenlabsSwift-t.build/Objects-normal/aarch64/ElevenlabsSwift.dia -target aarch64-unknown-linux-android28 -Xllvm -aarch64-use-tbi -disable-objc-interop -sdk /android-ndk/android-ndk-r27d/toolchains/llvm/prebuilt/linux-x86_64/sysroot -sysroot /android-ndk/android-ndk-r27d/toolchains/llvm/prebuilt/linux-x86_64/sysroot -I /host/spi-builder-workspace/.build/out/Products/Debug-android-aarch64 -module-cache-path /host/spi-builder-workspace/.build/out/ModuleCache.noindex -color-diagnostics -Xcc -fcolor-diagnostics -enable-testing -g -debug-info-format\=dwarf -dwarf-version\=4 -swift-version 5 -Onone -D SWIFT_PACKAGE -D DEBUG -D SWIFT_MODULE_RESOURCE_BUNDLE_UNAVAILABLE -D Xcode -serialize-debugging-options -enable-experimental-feature DebugDescriptionMacro -empty-abi-descriptor -external-plugin-path /root/.local/share/swiftly/toolchains/6.4.x-snapshot-2026-09-04/usr/lib/swift/host/plugins/testing\#/root/.local/share/swiftly/toolchains/6.4.x-snapshot-2026-09-04/usr/bin/swift-plugin-server -validate-clang-modules-once -clang-build-session-file /host/spi-builder-workspace/.build/out/ModuleCache.noindex/Session.modulevalidation -Xcc -working-directory -Xcc /host -resource-dir /root/.swiftpm/swift-sdks/swift-6.4.x-DEVELOPMENT-SNAPSHOT-2026-09-04-a_android.artifactbundle/swift-android/swift-resources/usr/lib/swift-aarch64 -enable-anonymous-context-mangled-names -file-compilation-dir /host -Xcc -resource-dir -Xcc /android-ndk/android-ndk-r27d/toolchains/llvm/prebuilt/linux-x86_64/lib/clang/18 -Xcc -fno-omit-frame-pointer -Xcc -D_LIBCPP_HARDENING_MODE\=_LIBCPP_HARDENING_MODE_DEBUG -Xcc -fmodules-prune-interval\=86400 -Xcc -fmodules-prune-after\=345600 -Xcc -I/host/spi-builder-workspace/.build/out/Products/Debug-android-aarch64/include -Xcc -I/host/spi-builder-workspace/.build/out/Intermediates.noindex/ElevenlabsSwift.build/Debug-android-aarch64/ElevenlabsSwift-t.build/DerivedSources-normal/aarch64 -Xcc -I/host/spi-builder-workspace/.build/out/Intermediates.noindex/ElevenlabsSwift.build/Debug-android-aarch64/ElevenlabsSwift-t.build/DerivedSources/aarch64 -Xcc -I/host/spi-builder-workspace/.build/out/Intermediates.noindex/ElevenlabsSwift.build/Debug-android-aarch64/ElevenlabsSwift-t.build/DerivedSources -Xcc -DSWIFT_PACKAGE -Xcc -DDEBUG\=1 -no-auto-bridging-header-chaining -module-name ElevenlabsSwift -const-gather-protocols-file /host/spi-builder-workspace/.build/out/Intermediates.noindex/ElevenlabsSwift.build/Debug-android-aarch64/ElevenlabsSwift-t.build/Objects-normal/aarch64/ElevenlabsSwift_const_extract_protocols.json -in-process-plugin-server-path /root/.local/share/swiftly/toolchains/6.4.x-snapshot-2026-09-04/usr/lib/swift/host/libSwiftInProcPluginServer.so -plugin-path /root/.local/share/swiftly/toolchains/6.4.x-snapshot-2026-09-04/usr/lib/swift/host/plugins -plugin-path /root/.local/share/swiftly/toolchains/6.4.x-snapshot-2026-09-04/usr/local/lib/swift/host/plugins -parse-as-library -o /host/spi-builder-workspace/.build/out/Intermediates.noindex/ElevenlabsSwift.build/Debug-android-aarch64/ElevenlabsSwift-t.build/Objects-normal/aarch64/ElevenlabsSwift.o -index-unit-output-path /ElevenlabsSwift.build/Debug-android-aarch64/ElevenlabsSwift-t.build/Objects-normal/aarch64/ElevenlabsSwift.o -index-store-path /host/spi-builder-workspace/.build/out -index-system-modules
error: Build failed
BUILD FAILURE 6.4 android